{"id":98875,"date":"2026-04-17T13:05:18","date_gmt":"2026-04-17T11:05:18","guid":{"rendered":"https:\/\/www.dolomitiprealpi.it\/event\/sci-e-parole-ho-sfiorato-il-cielo\/"},"modified":"2026-04-23T17:52:33","modified_gmt":"2026-04-23T15:52:33","slug":"sci-e-parole-ho-sfiorato-il-cielo","status":"publish","type":"tribe_events","link":"https:\/\/www.dolomitiprealpi.it\/de\/event\/sci-e-parole-ho-sfiorato-il-cielo\/","title":{"rendered":"Sci (e) parole &#8211; Ho sfiorato il cielo"},"content":{"rendered":"<p>Montag, den 2. Februar um 18:00 Uhr, Konferenzraum der Villa Patt, ein Treffen organisiert vom Kultur- und Presseverein Bellunese mit dem Slalomfahrer und heute Fernsehexperten f\u00fcr Skiwettk\u00e4mpfe <b>Paolo De Chiesa<\/b>, der sein Buch \u201e<b>Ich ber\u00fchrte den Himmel<\/b>\u201c vorstellen wird, ein Einblick in ein intensiv gelebtes Leben, zusammen mit den gro\u00dfen Champions des Skiens, von denen er auch pers\u00f6nliche Anekdoten preisgibt.<\/p>\n<p>Das Buch erz\u00e4hlt die au\u00dfergew\u00f6hnliche Geschichte von Paolo De Chiesa, dem <b>Slalomfahrer<\/b>, der die Ski-Enthusiasten begeistert hat, in dem er von seinem Leben, seinen Beziehungen und seinen Anf\u00e4ngen im Schnee berichtet und ein dramatisches Ereignis offenbart, das bisher ungesagt blieb: \u201eIch war in voller Kraft, ich war 22 Jahre alt und fuhr unglaublich schnell. Ich entkam nur durch ein Wunder, erlitt aber schwere Folgen, und niemand hat sich jemals entschuldigt, obwohl ich immer die Verantwortlichen gedeckt habe. Noch heute qu\u00e4lt mich der Schmerz.\u201c <\/p>\n<p>Die unersch\u00fctterliche Entschlossenheit und der Wille, auf die Podien des <b>Weltcups<\/b> zur\u00fcckzukehren, haben ihn zum Protagonisten gemacht und ihm erm\u00f6glicht, erfolgreich gegen Rivalen wie Ingemar Stenmark oder Phil Mahre anzutreten.<\/p>\n<p>Der Abend wird von Elisa Calcamuggi pr\u00e4sentiert und findet im Konferenzraum der Villa Patt in Sedico statt. Er ist Teil des Projekts <b>#SCIVOLARE. Geschichten von Spuren, zwischen Tradition und Wettbewerb<\/b>, das im Rahmen des Aufrufs f\u00fcr die Olympischen Spiele 2026 von der Fondazione Cariverona finanziert wird, wobei die Provinz Belluno als Haupttr\u00e4ger und der Verein als Partner fungiert.<\/p>\n<p><u>Freier Eintritt \u2013 keine Reservierung<\/u><\/p>\n<p>Buchvorstellung von Paolo De Chiesa<\/p>\n","protected":false},"excerpt":{"rendered":"<p>Montag, den 2. Februar um 18:00 Uhr, Konferenzraum der Villa Patt, ein Treffen organisiert vom Kultur- und Presseverein Bellunese mit dem Slalomfahrer und heute Fernsehexperten f\u00fcr Skiwettk\u00e4mpfe Paolo De Chiesa,<\/p>\n","protected":false},"author":0,"featured_media":0,"template":"","meta":{"_acf_changed":false,"inline_featured_image":false,"_tribe_events_status":"","_tribe_events_status_reason":"","footnotes":""},"tags":[259],"tribe_events_cat":[],"class_list":["post-98875","tribe_events","type-tribe_events","status-publish","hentry","tag-eventi-feratel"],"acf":[],"yoast_head":"<!-- This site is optimized with the Yoast SEO plugin v25.7 - https:\/\/yoast.com\/wordpress\/plugins\/seo\/ -->\n<title>Sci (e) parole - Ho sfiorato il cielo - Dolomiti Prealpi<\/title>\n<meta name=\"robots\" content=\"index, follow, max-snippet:-1, max-image-preview:large, max-video-preview:-1\" \/>\n<link rel=\"canonical\" href=\"https:\/\/www.dolomitiprealpi.it\/de\/event\/sci-e-parole-ho-sfiorato-il-cielo\/\" \/>\n<meta property=\"og:locale\" content=\"de_DE\" \/>\n<meta property=\"og:type\" content=\"article\" \/>\n<meta property=\"og:title\" content=\"Sci (e) parole - Ho sfiorato il cielo - Dolomiti Prealpi\" \/>\n<meta property=\"og:description\" content=\"Montag, den 2. Februar um 18:00 Uhr, Konferenzraum der Villa Patt, ein Treffen organisiert vom Kultur- und Presseverein Bellunese mit dem Slalomfahrer und heute Fernsehexperten f\u00fcr Skiwettk\u00e4mpfe Paolo De Chiesa,\" \/>\n<meta property=\"og:url\" content=\"https:\/\/www.dolomitiprealpi.it\/de\/event\/sci-e-parole-ho-sfiorato-il-cielo\/\" \/>\n<meta property=\"og:site_name\" content=\"Dolomiti Prealpi\" \/>\n<meta property=\"article:publisher\" content=\"https:\/\/www.facebook.com\/dolomitiprealpi.it\/\" \/>\n<meta property=\"article:modified_time\" content=\"2026-04-23T15:52:33+00:00\" \/>\n<meta property=\"og:image\" content=\"https:\/\/www.dolomitiprealpi.it\/wp-content\/uploads\/2022\/11\/C.-Timpone-Foto-archivio-Consorzio-turistico-Dolomiti-Prealpi-Nevegal-Belluno-Bike-18-2.jpg\" \/>\n\t<meta property=\"og:image:width\" content=\"2048\" \/>\n\t<meta property=\"og:image:height\" content=\"1888\" \/>\n\t<meta property=\"og:image:type\" content=\"image\/jpeg\" \/>\n<meta name=\"twitter:card\" content=\"summary_large_image\" \/>\n<meta name=\"twitter:label1\" content=\"Est. reading time\" \/>\n\t<meta name=\"twitter:data1\" content=\"1 minute\" \/>\n<script type=\"application\/ld+json\" class=\"yoast-schema-graph\">{\"@context\":\"https:\/\/schema.org\",\"@graph\":[{\"@type\":\"WebPage\",\"@id\":\"https:\/\/www.dolomitiprealpi.it\/de\/event\/sci-e-parole-ho-sfiorato-il-cielo\/\",\"url\":\"https:\/\/www.dolomitiprealpi.it\/de\/event\/sci-e-parole-ho-sfiorato-il-cielo\/\",\"name\":\"Sci (e) parole - Ho sfiorato il cielo - Dolomiti Prealpi\",\"isPartOf\":{\"@id\":\"https:\/\/www.dolomitiprealpi.it\/de\/#website\"},\"datePublished\":\"2026-04-17T11:05:18+00:00\",\"dateModified\":\"2026-04-23T15:52:33+00:00\",\"breadcrumb\":{\"@id\":\"https:\/\/www.dolomitiprealpi.it\/de\/event\/sci-e-parole-ho-sfiorato-il-cielo\/#breadcrumb\"},\"inLanguage\":\"de-DE\",\"potentialAction\":[{\"@type\":\"ReadAction\",\"target\":[\"https:\/\/www.dolomitiprealpi.it\/de\/event\/sci-e-parole-ho-sfiorato-il-cielo\/\"]}]},{\"@type\":\"BreadcrumbList\",\"@id\":\"https:\/\/www.dolomitiprealpi.it\/de\/event\/sci-e-parole-ho-sfiorato-il-cielo\/#breadcrumb\",\"itemListElement\":[{\"@type\":\"ListItem\",\"position\":1,\"name\":\"Home\",\"item\":\"https:\/\/www.dolomitiprealpi.it\/de\/\"},{\"@type\":\"ListItem\",\"position\":2,\"name\":\"Veranstaltungen\",\"item\":\"https:\/\/www.dolomitiprealpi.it\/de\/events\/\"},{\"@type\":\"ListItem\",\"position\":3,\"name\":\"Sci (e) parole &#8211; Ho sfiorato il cielo\"}]},{\"@type\":\"WebSite\",\"@id\":\"https:\/\/www.dolomitiprealpi.it\/de\/#website\",\"url\":\"https:\/\/www.dolomitiprealpi.it\/de\/\",\"name\":\"Dolomiti Prealpi\",\"description\":\"\",\"publisher\":{\"@id\":\"https:\/\/www.dolomitiprealpi.it\/de\/#organization\"},\"potentialAction\":[{\"@type\":\"SearchAction\",\"target\":{\"@type\":\"EntryPoint\",\"urlTemplate\":\"https:\/\/www.dolomitiprealpi.it\/de\/?s={search_term_string}\"},\"query-input\":{\"@type\":\"PropertyValueSpecification\",\"valueRequired\":true,\"valueName\":\"search_term_string\"}}],\"inLanguage\":\"de-DE\"},{\"@type\":\"Organization\",\"@id\":\"https:\/\/www.dolomitiprealpi.it\/de\/#organization\",\"name\":\"Consorzio Dolomiti Prealpi\",\"url\":\"https:\/\/www.dolomitiprealpi.it\/de\/\",\"logo\":{\"@type\":\"ImageObject\",\"inLanguage\":\"de-DE\",\"@id\":\"https:\/\/www.dolomitiprealpi.it\/de\/#\/schema\/logo\/image\/\",\"url\":\"https:\/\/www.dolomitiprealpi.it\/wp-content\/uploads\/2023\/03\/dolomitiprealpi-favicon.jpg\",\"contentUrl\":\"https:\/\/www.dolomitiprealpi.it\/wp-content\/uploads\/2023\/03\/dolomitiprealpi-favicon.jpg\",\"width\":512,\"height\":512,\"caption\":\"Consorzio Dolomiti Prealpi\"},\"image\":{\"@id\":\"https:\/\/www.dolomitiprealpi.it\/de\/#\/schema\/logo\/image\/\"},\"sameAs\":[\"https:\/\/www.facebook.com\/dolomitiprealpi.it\/\",\"https:\/\/www.instagram.com\/dolomitiprealpi\/\"]}]}<\/script>\n<!-- \/ Yoast SEO plugin. -->","yoast_head_json":{"title":"Sci (e) parole - Ho sfiorato il cielo - Dolomiti Prealpi","robots":{"index":"index","follow":"follow","max-snippet":"max-snippet:-1","max-image-preview":"max-image-preview:large","max-video-preview":"max-video-preview:-1"},"canonical":"https:\/\/www.dolomitiprealpi.it\/de\/event\/sci-e-parole-ho-sfiorato-il-cielo\/","og_locale":"de_DE","og_type":"article","og_title":"Sci (e) parole - Ho sfiorato il cielo - Dolomiti Prealpi","og_description":"Montag, den 2. Februar um 18:00 Uhr, Konferenzraum der Villa Patt, ein Treffen organisiert vom Kultur- und Presseverein Bellunese mit dem Slalomfahrer und heute Fernsehexperten f\u00fcr Skiwettk\u00e4mpfe Paolo De Chiesa,","og_url":"https:\/\/www.dolomitiprealpi.it\/de\/event\/sci-e-parole-ho-sfiorato-il-cielo\/","og_site_name":"Dolomiti Prealpi","article_publisher":"https:\/\/www.facebook.com\/dolomitiprealpi.it\/","article_modified_time":"2026-04-23T15:52:33+00:00","og_image":[{"width":2048,"height":1888,"url":"https:\/\/www.dolomitiprealpi.it\/wp-content\/uploads\/2022\/11\/C.-Timpone-Foto-archivio-Consorzio-turistico-Dolomiti-Prealpi-Nevegal-Belluno-Bike-18-2.jpg","type":"image\/jpeg"}],"twitter_card":"summary_large_image","twitter_misc":{"Est. reading time":"1 minute"},"schema":{"@context":"https:\/\/schema.org","@graph":[{"@type":"WebPage","@id":"https:\/\/www.dolomitiprealpi.it\/de\/event\/sci-e-parole-ho-sfiorato-il-cielo\/","url":"https:\/\/www.dolomitiprealpi.it\/de\/event\/sci-e-parole-ho-sfiorato-il-cielo\/","name":"Sci (e) parole - Ho sfiorato il cielo - Dolomiti Prealpi","isPartOf":{"@id":"https:\/\/www.dolomitiprealpi.it\/de\/#website"},"datePublished":"2026-04-17T11:05:18+00:00","dateModified":"2026-04-23T15:52:33+00:00","breadcrumb":{"@id":"https:\/\/www.dolomitiprealpi.it\/de\/event\/sci-e-parole-ho-sfiorato-il-cielo\/#breadcrumb"},"inLanguage":"de-DE","potentialAction":[{"@type":"ReadAction","target":["https:\/\/www.dolomitiprealpi.it\/de\/event\/sci-e-parole-ho-sfiorato-il-cielo\/"]}]},{"@type":"BreadcrumbList","@id":"https:\/\/www.dolomitiprealpi.it\/de\/event\/sci-e-parole-ho-sfiorato-il-cielo\/#breadcrumb","itemListElement":[{"@type":"ListItem","position":1,"name":"Home","item":"https:\/\/www.dolomitiprealpi.it\/de\/"},{"@type":"ListItem","position":2,"name":"Veranstaltungen","item":"https:\/\/www.dolomitiprealpi.it\/de\/events\/"},{"@type":"ListItem","position":3,"name":"Sci (e) parole &#8211; Ho sfiorato il cielo"}]},{"@type":"WebSite","@id":"https:\/\/www.dolomitiprealpi.it\/de\/#website","url":"https:\/\/www.dolomitiprealpi.it\/de\/","name":"Dolomiti Prealpi","description":"","publisher":{"@id":"https:\/\/www.dolomitiprealpi.it\/de\/#organization"},"potentialAction":[{"@type":"SearchAction","target":{"@type":"EntryPoint","urlTemplate":"https:\/\/www.dolomitiprealpi.it\/de\/?s={search_term_string}"},"query-input":{"@type":"PropertyValueSpecification","valueRequired":true,"valueName":"search_term_string"}}],"inLanguage":"de-DE"},{"@type":"Organization","@id":"https:\/\/www.dolomitiprealpi.it\/de\/#organization","name":"Consorzio Dolomiti Prealpi","url":"https:\/\/www.dolomitiprealpi.it\/de\/","logo":{"@type":"ImageObject","inLanguage":"de-DE","@id":"https:\/\/www.dolomitiprealpi.it\/de\/#\/schema\/logo\/image\/","url":"https:\/\/www.dolomitiprealpi.it\/wp-content\/uploads\/2023\/03\/dolomitiprealpi-favicon.jpg","contentUrl":"https:\/\/www.dolomitiprealpi.it\/wp-content\/uploads\/2023\/03\/dolomitiprealpi-favicon.jpg","width":512,"height":512,"caption":"Consorzio Dolomiti Prealpi"},"image":{"@id":"https:\/\/www.dolomitiprealpi.it\/de\/#\/schema\/logo\/image\/"},"sameAs":["https:\/\/www.facebook.com\/dolomitiprealpi.it\/","https:\/\/www.instagram.com\/dolomitiprealpi\/"]}]}},"_links":{"self":[{"href":"https:\/\/www.dolomitiprealpi.it\/de\/wp-json\/wp\/v2\/tribe_events\/98875","targetHints":{"allow":["GET"]}}],"collection":[{"href":"https:\/\/www.dolomitiprealpi.it\/de\/wp-json\/wp\/v2\/tribe_events"}],"about":[{"href":"https:\/\/www.dolomitiprealpi.it\/de\/wp-json\/wp\/v2\/types\/tribe_events"}],"version-history":[{"count":1,"href":"https:\/\/www.dolomitiprealpi.it\/de\/wp-json\/wp\/v2\/tribe_events\/98875\/revisions"}],"predecessor-version":[{"id":99208,"href":"https:\/\/www.dolomitiprealpi.it\/de\/wp-json\/wp\/v2\/tribe_events\/98875\/revisions\/99208"}],"wp:attachment":[{"href":"https:\/\/www.dolomitiprealpi.it\/de\/wp-json\/wp\/v2\/media?parent=98875"}],"wp:term":[{"taxonomy":"post_tag","embeddable":true,"href":"https:\/\/www.dolomitiprealpi.it\/de\/wp-json\/wp\/v2\/tags?post=98875"},{"taxonomy":"tribe_events_cat","embeddable":true,"href":"https:\/\/www.dolomitiprealpi.it\/de\/wp-json\/wp\/v2\/tribe_events_cat?post=98875"}],"curies":[{"name":"wp","href":"https:\/\/api.w.org\/{rel}","templated":true}]}}

<p>Montag, den 2. Februar um 18:00 Uhr, Konferenzraum der Villa Patt, ein Treffen organisiert vom Kultur- und Presseverein Bellunese mit dem Slalomfahrer und heute Fernsehexperten für Skiwettkämpfe <b>Paolo De Chiesa</b>, der sein Buch „<b>Ich berührte den Himmel</b>“ vorstellen wird, ein Einblick in ein intensiv gelebtes Leben, zusammen mit den großen Champions des Skiens, von denen er auch persönliche Anekdoten preisgibt.</p>
<p>Das Buch erzählt die außergewöhnliche Geschichte von Paolo De Chiesa, dem <b>Slalomfahrer</b>, der die Ski-Enthusiasten begeistert hat, in dem er von seinem Leben, seinen Beziehungen und seinen Anfängen im Schnee berichtet und ein dramatisches Ereignis offenbart, das bisher ungesagt blieb: „Ich war in voller Kraft, ich war 22 Jahre alt und fuhr unglaublich schnell. Ich entkam nur durch ein Wunder, erlitt aber schwere Folgen, und niemand hat sich jemals entschuldigt, obwohl ich immer die Verantwortlichen gedeckt habe. Noch heute quält mich der Schmerz.“ </p>
<p>Die unerschütterliche Entschlossenheit und der Wille, auf die Podien des <b>Weltcups</b> zurückzukehren, haben ihn zum Protagonisten gemacht und ihm ermöglicht, erfolgreich gegen Rivalen wie Ingemar Stenmark oder Phil Mahre anzutreten.</p>
<p>Der Abend wird von Elisa Calcamuggi präsentiert und findet im Konferenzraum der Villa Patt in Sedico statt. Er ist Teil des Projekts <b>#SCIVOLARE. Geschichten von Spuren, zwischen Tradition und Wettbewerb</b>, das im Rahmen des Aufrufs für die Olympischen Spiele 2026 von der Fondazione Cariverona finanziert wird, wobei die Provinz Belluno als Hauptträger und der Verein als Partner fungiert.</p>
<p><u>Freier Eintritt – keine Reservierung</u></p>
<p>Buchvorstellung von Paolo De Chiesa</p>

<p>Montag, den 2. Februar um 18:00 Uhr, Konferenzraum der Villa Patt, ein Treffen organisiert vom Kultur- und Presseverein Bellunese mit dem Slalomfahrer und heute Fernsehexperten für Skiwettkämpfe Paolo De Chiesa,</p>

<!-- This site is optimized with the Yoast SEO plugin v25.7 - https://yoast.com/wordpress/plugins/seo/ -->
<title>Sci (e) parole - Ho sfiorato il cielo - Dolomiti Prealpi</title>
<meta name="robots" content="index, follow, max-snippet:-1, max-image-preview:large, max-video-preview:-1" />
<link rel="canonical" href="https://www.dolomitiprealpi.it/de/event/sci-e-parole-ho-sfiorato-il-cielo/" />
<meta property="og:locale" content="de_DE" />
<meta property="og:type" content="article" />
<meta property="og:title" content="Sci (e) parole - Ho sfiorato il cielo - Dolomiti Prealpi" />
<meta property="og:description" content="Montag, den 2. Februar um 18:00 Uhr, Konferenzraum der Villa Patt, ein Treffen organisiert vom Kultur- und Presseverein Bellunese mit dem Slalomfahrer und heute Fernsehexperten für Skiwettkämpfe Paolo De Chiesa," />
<meta property="og:url" content="https://www.dolomitiprealpi.it/de/event/sci-e-parole-ho-sfiorato-il-cielo/" />
<meta property="og:site_name" content="Dolomiti Prealpi" />
<meta property="article:publisher" content="https://www.facebook.com/dolomitiprealpi.it/" />
<meta property="article:modified_time" content="2026-04-23T15:52:33+00:00" />
<meta property="og:image" content="https://www.dolomitiprealpi.it/wp-content/uploads/2022/11/C.-Timpone-Foto-archivio-Consorzio-turistico-Dolomiti-Prealpi-Nevegal-Belluno-Bike-18-2.jpg" />
	<meta property="og:image:width" content="2048" />
	<meta property="og:image:height" content="1888" />
	<meta property="og:image:type" content="image/jpeg" />
<meta name="twitter:card" content="summary_large_image" />
<meta name="twitter:label1" content="Est. reading time" />
	<meta name="twitter:data1" content="1 minute" />
<script type="application/ld+json" class="yoast-schema-graph">{"@context":"https://schema.org","@graph":[{"@type":"WebPage","@id":"https://www.dolomitiprealpi.it/de/event/sci-e-parole-ho-sfiorato-il-cielo/","url":"https://www.dolomitiprealpi.it/de/event/sci-e-parole-ho-sfiorato-il-cielo/","name":"Sci (e) parole - Ho sfiorato il cielo - Dolomiti Prealpi","isPartOf":{"@id":"https://www.dolomitiprealpi.it/de/#website"},"datePublished":"2026-04-17T11:05:18+00:00","dateModified":"2026-04-23T15:52:33+00:00","breadcrumb":{"@id":"https://www.dolomitiprealpi.it/de/event/sci-e-parole-ho-sfiorato-il-cielo/#breadcrumb"},"inLanguage":"de-DE","potentialAction":[{"@type":"ReadAction","target":["https://www.dolomitiprealpi.it/de/event/sci-e-parole-ho-sfiorato-il-cielo/"]}]},{"@type":"BreadcrumbList","@id":"https://www.dolomitiprealpi.it/de/event/sci-e-parole-ho-sfiorato-il-cielo/#breadcrumb","itemListElement":[{"@type":"ListItem","position":1,"name":"Home","item":"https://www.dolomitiprealpi.it/de/"},{"@type":"ListItem","position":2,"name":"Veranstaltungen","item":"https://www.dolomitiprealpi.it/de/events/"},{"@type":"ListItem","position":3,"name":"Sci (e) parole &#8211; Ho sfiorato il cielo"}]},{"@type":"WebSite","@id":"https://www.dolomitiprealpi.it/de/#website","url":"https://www.dolomitiprealpi.it/de/","name":"Dolomiti Prealpi","description":"","publisher":{"@id":"https://www.dolomitiprealpi.it/de/#organization"},"potentialAction":[{"@type":"SearchAction","target":{"@type":"EntryPoint","urlTemplate":"https://www.dolomitiprealpi.it/de/?s={search_term_string}"},"query-input":{"@type":"PropertyValueSpecification","valueRequired":true,"valueName":"search_term_string"}}],"inLanguage":"de-DE"},{"@type":"Organization","@id":"https://www.dolomitiprealpi.it/de/#organization","name":"Consorzio Dolomiti Prealpi","url":"https://www.dolomitiprealpi.it/de/","logo":{"@type":"ImageObject","inLanguage":"de-DE","@id":"https://www.dolomitiprealpi.it/de/#/schema/logo/image/","url":"https://www.dolomitiprealpi.it/wp-content/uploads/2023/03/dolomitiprealpi-favicon.jpg","contentUrl":"https://www.dolomitiprealpi.it/wp-content/uploads/2023/03/dolomitiprealpi-favicon.jpg","width":512,"height":512,"caption":"Consorzio Dolomiti Prealpi"},"image":{"@id":"https://www.dolomitiprealpi.it/de/#/schema/logo/image/"},"sameAs":["https://www.facebook.com/dolomitiprealpi.it/","https://www.instagram.com/dolomitiprealpi/"]}]}</script>
<!-- / Yoast SEO plugin. -->

Montag, den 2. Februar um 18:00 Uhr, Konferenzraum der Villa Patt, ein Treffen organisiert vom Kultur- und Presseverein Bellunese mit dem Slalomfahrer und heute Fernsehexperten für Skiwettkämpfe Paolo De Chiesa,
