{"id":98449,"date":"2026-04-17T13:21:20","date_gmt":"2026-04-17T11:21:20","guid":{"rendered":"https:\/\/www.dolomitiprealpi.it\/event\/viaggio-nella-canzone-dell800-napoletano\/"},"modified":"2026-04-23T18:06:57","modified_gmt":"2026-04-23T16:06:57","slug":"viaggio-nella-canzone-dell800-napoletano","status":"publish","type":"tribe_events","link":"https:\/\/www.dolomitiprealpi.it\/de\/event\/viaggio-nella-canzone-dell800-napoletano\/","title":{"rendered":"Viaggio nella canzone dell&#8217;800 napoletano"},"content":{"rendered":"<p><b>Tickets:<\/b> <br \/>&#8211; Erwachsene \u20ac 25 <br \/>&#8211; Mitglieder \u20ac 15 <br \/>&#8211; Studenten (unter 26) \u20ac 5. <\/p>\n<p> Konzert der 73. Konzertaison &#8220;Perfekte Akkorde&#8221;<\/p>\n<p>Die <b>73. Saison &#8220;Perfekte Akkorde&#8221;<\/b>&nbsp;des Kulturkreises Bellunese setzt ihre Mission fort, Konzerte und kulturelle Veranstaltungen zu f\u00f6rdern und zu organisieren, und bringt die gro\u00dfe Musik nach Belluno mit den renommiertesten Namen des internationalen Konzertlebens und f\u00f6rdert gleichzeitig die aufstrebenden jungen Talente.<\/p>\n<p>Das Programm dieses Jahres umfasst <b>23 Konzerte<\/b>, darunter die Fr\u00fchjahrsausgabe der \u201c<b>Musikalischen Matin\u00e9es<\/b>\u201d und das Sommerereignis \u201c<b>Juli im Dorf!<\/b>\u201d.<\/p>\n<p>Am Mittwoch, den 4. M\u00e4rz um 20:30 Uhr im Teatro Comunale Dino Buzzati: eine zeitlose Reise, eine unverwechselbare und frische Neubearbeitung der bekanntesten neapolitanischen Lieder der Welt, die das <b>neapolitanische 19. Jahrhundert<\/b> heraufbeschw\u00f6rt. Auf der B\u00fchne werden <b>Vincenzo Capezzuto<\/b>, ein vielseitiger Interpret mit undefinierbarer Stimme, die voller barocker Nuancen und typischer neapolitanischer Eleganz ist, sowie das <b>Motus Mandolin Trio<\/b>, eine hochvirtuose und einzigartige Formation, zu sehen sein.<\/p>\n<p><b>Vincenzo Capezzuto<\/b>&nbsp;Stimme,<br \/><b>Motus Mandolin Trio:<\/b><br \/><b>Salvatore Della Vecchia<\/b>&nbsp;Mandoloncello und Orchesterbearbeitungen,<br \/><b>Raffaele La Ragione<\/b>&nbsp;Mandola,<br \/><b>Michele De Martino<\/b>&nbsp;Mandoline<\/p>\n<p>F\u00fcr Informationen <a href=\"https:\/\/belcircolo.org\/\">www.belcircolo.org<\/a>,&nbsp;+39 348 2684504, oder&nbsp;segreteriabelcircolo@gmail.com<\/p>\n","protected":false},"excerpt":{"rendered":"<p>Tickets: &#8211; Erwachsene \u20ac 25 &#8211; Mitglieder \u20ac 15 &#8211; Studenten (unter 26) \u20ac 5. Konzert der 73. Konzertaison &#8220;Perfekte Akkorde&#8221; Die 73. Saison &#8220;Perfekte Akkorde&#8221;&nbsp;des Kulturkreises Bellunese setzt ihre<\/p>\n","protected":false},"author":0,"featured_media":0,"template":"","meta":{"_acf_changed":false,"inline_featured_image":false,"_tribe_events_status":"","_tribe_events_status_reason":"","footnotes":""},"tags":[259],"tribe_events_cat":[],"class_list":["post-98449","tribe_events","type-tribe_events","status-publish","hentry","tag-eventi-feratel"],"acf":[],"yoast_head":"<!-- This site is optimized with the Yoast SEO plugin v25.7 - https:\/\/yoast.com\/wordpress\/plugins\/seo\/ -->\n<title>Viaggio nella canzone dell&#039;800 napoletano - Dolomiti Prealpi<\/title>\n<meta name=\"robots\" content=\"index, follow, max-snippet:-1, max-image-preview:large, max-video-preview:-1\" \/>\n<link rel=\"canonical\" href=\"https:\/\/www.dolomitiprealpi.it\/de\/event\/viaggio-nella-canzone-dell800-napoletano\/\" \/>\n<meta property=\"og:locale\" content=\"de_DE\" \/>\n<meta property=\"og:type\" content=\"article\" \/>\n<meta property=\"og:title\" content=\"Viaggio nella canzone dell&#039;800 napoletano - Dolomiti Prealpi\" \/>\n<meta property=\"og:description\" content=\"Tickets: &#8211; Erwachsene \u20ac 25 &#8211; Mitglieder \u20ac 15 &#8211; Studenten (unter 26) \u20ac 5. Konzert der 73. Konzertaison &#8220;Perfekte Akkorde&#8221; Die 73. Saison &#8220;Perfekte Akkorde&#8221;&nbsp;des Kulturkreises Bellunese setzt ihre\" \/>\n<meta property=\"og:url\" content=\"https:\/\/www.dolomitiprealpi.it\/de\/event\/viaggio-nella-canzone-dell800-napoletano\/\" \/>\n<meta property=\"og:site_name\" content=\"Dolomiti Prealpi\" \/>\n<meta property=\"article:publisher\" content=\"https:\/\/www.facebook.com\/dolomitiprealpi.it\/\" \/>\n<meta property=\"article:modified_time\" content=\"2026-04-23T16:06:57+00:00\" \/>\n<meta property=\"og:image\" content=\"https:\/\/www.dolomitiprealpi.it\/wp-content\/uploads\/2022\/11\/C.-Timpone-Foto-archivio-Consorzio-turistico-Dolomiti-Prealpi-Nevegal-Belluno-Bike-18-2.jpg\" \/>\n\t<meta property=\"og:image:width\" content=\"2048\" \/>\n\t<meta property=\"og:image:height\" content=\"1888\" \/>\n\t<meta property=\"og:image:type\" content=\"image\/jpeg\" \/>\n<meta name=\"twitter:card\" content=\"summary_large_image\" \/>\n<meta name=\"twitter:label1\" content=\"Est. reading time\" \/>\n\t<meta name=\"twitter:data1\" content=\"1 minute\" \/>\n<script type=\"application\/ld+json\" class=\"yoast-schema-graph\">{\"@context\":\"https:\/\/schema.org\",\"@graph\":[{\"@type\":\"WebPage\",\"@id\":\"https:\/\/www.dolomitiprealpi.it\/de\/event\/viaggio-nella-canzone-dell800-napoletano\/\",\"url\":\"https:\/\/www.dolomitiprealpi.it\/de\/event\/viaggio-nella-canzone-dell800-napoletano\/\",\"name\":\"Viaggio nella canzone dell'800 napoletano - Dolomiti Prealpi\",\"isPartOf\":{\"@id\":\"https:\/\/www.dolomitiprealpi.it\/de\/#website\"},\"datePublished\":\"2026-04-17T11:21:20+00:00\",\"dateModified\":\"2026-04-23T16:06:57+00:00\",\"breadcrumb\":{\"@id\":\"https:\/\/www.dolomitiprealpi.it\/de\/event\/viaggio-nella-canzone-dell800-napoletano\/#breadcrumb\"},\"inLanguage\":\"de-DE\",\"potentialAction\":[{\"@type\":\"ReadAction\",\"target\":[\"https:\/\/www.dolomitiprealpi.it\/de\/event\/viaggio-nella-canzone-dell800-napoletano\/\"]}]},{\"@type\":\"BreadcrumbList\",\"@id\":\"https:\/\/www.dolomitiprealpi.it\/de\/event\/viaggio-nella-canzone-dell800-napoletano\/#breadcrumb\",\"itemListElement\":[{\"@type\":\"ListItem\",\"position\":1,\"name\":\"Home\",\"item\":\"https:\/\/www.dolomitiprealpi.it\/de\/\"},{\"@type\":\"ListItem\",\"position\":2,\"name\":\"Veranstaltungen\",\"item\":\"https:\/\/www.dolomitiprealpi.it\/de\/events\/\"},{\"@type\":\"ListItem\",\"position\":3,\"name\":\"Viaggio nella canzone dell&#8217;800 napoletano\"}]},{\"@type\":\"WebSite\",\"@id\":\"https:\/\/www.dolomitiprealpi.it\/de\/#website\",\"url\":\"https:\/\/www.dolomitiprealpi.it\/de\/\",\"name\":\"Dolomiti Prealpi\",\"description\":\"\",\"publisher\":{\"@id\":\"https:\/\/www.dolomitiprealpi.it\/de\/#organization\"},\"potentialAction\":[{\"@type\":\"SearchAction\",\"target\":{\"@type\":\"EntryPoint\",\"urlTemplate\":\"https:\/\/www.dolomitiprealpi.it\/de\/?s={search_term_string}\"},\"query-input\":{\"@type\":\"PropertyValueSpecification\",\"valueRequired\":true,\"valueName\":\"search_term_string\"}}],\"inLanguage\":\"de-DE\"},{\"@type\":\"Organization\",\"@id\":\"https:\/\/www.dolomitiprealpi.it\/de\/#organization\",\"name\":\"Consorzio Dolomiti Prealpi\",\"url\":\"https:\/\/www.dolomitiprealpi.it\/de\/\",\"logo\":{\"@type\":\"ImageObject\",\"inLanguage\":\"de-DE\",\"@id\":\"https:\/\/www.dolomitiprealpi.it\/de\/#\/schema\/logo\/image\/\",\"url\":\"https:\/\/www.dolomitiprealpi.it\/wp-content\/uploads\/2023\/03\/dolomitiprealpi-favicon.jpg\",\"contentUrl\":\"https:\/\/www.dolomitiprealpi.it\/wp-content\/uploads\/2023\/03\/dolomitiprealpi-favicon.jpg\",\"width\":512,\"height\":512,\"caption\":\"Consorzio Dolomiti Prealpi\"},\"image\":{\"@id\":\"https:\/\/www.dolomitiprealpi.it\/de\/#\/schema\/logo\/image\/\"},\"sameAs\":[\"https:\/\/www.facebook.com\/dolomitiprealpi.it\/\",\"https:\/\/www.instagram.com\/dolomitiprealpi\/\"]}]}<\/script>\n<!-- \/ Yoast SEO plugin. -->","yoast_head_json":{"title":"Viaggio nella canzone dell'800 napoletano - Dolomiti Prealpi","robots":{"index":"index","follow":"follow","max-snippet":"max-snippet:-1","max-image-preview":"max-image-preview:large","max-video-preview":"max-video-preview:-1"},"canonical":"https:\/\/www.dolomitiprealpi.it\/de\/event\/viaggio-nella-canzone-dell800-napoletano\/","og_locale":"de_DE","og_type":"article","og_title":"Viaggio nella canzone dell'800 napoletano - Dolomiti Prealpi","og_description":"Tickets: &#8211; Erwachsene \u20ac 25 &#8211; Mitglieder \u20ac 15 &#8211; Studenten (unter 26) \u20ac 5. Konzert der 73. Konzertaison &#8220;Perfekte Akkorde&#8221; Die 73. Saison &#8220;Perfekte Akkorde&#8221;&nbsp;des Kulturkreises Bellunese setzt ihre","og_url":"https:\/\/www.dolomitiprealpi.it\/de\/event\/viaggio-nella-canzone-dell800-napoletano\/","og_site_name":"Dolomiti Prealpi","article_publisher":"https:\/\/www.facebook.com\/dolomitiprealpi.it\/","article_modified_time":"2026-04-23T16:06:57+00:00","og_image":[{"width":2048,"height":1888,"url":"https:\/\/www.dolomitiprealpi.it\/wp-content\/uploads\/2022\/11\/C.-Timpone-Foto-archivio-Consorzio-turistico-Dolomiti-Prealpi-Nevegal-Belluno-Bike-18-2.jpg","type":"image\/jpeg"}],"twitter_card":"summary_large_image","twitter_misc":{"Est. reading time":"1 minute"},"schema":{"@context":"https:\/\/schema.org","@graph":[{"@type":"WebPage","@id":"https:\/\/www.dolomitiprealpi.it\/de\/event\/viaggio-nella-canzone-dell800-napoletano\/","url":"https:\/\/www.dolomitiprealpi.it\/de\/event\/viaggio-nella-canzone-dell800-napoletano\/","name":"Viaggio nella canzone dell'800 napoletano - Dolomiti Prealpi","isPartOf":{"@id":"https:\/\/www.dolomitiprealpi.it\/de\/#website"},"datePublished":"2026-04-17T11:21:20+00:00","dateModified":"2026-04-23T16:06:57+00:00","breadcrumb":{"@id":"https:\/\/www.dolomitiprealpi.it\/de\/event\/viaggio-nella-canzone-dell800-napoletano\/#breadcrumb"},"inLanguage":"de-DE","potentialAction":[{"@type":"ReadAction","target":["https:\/\/www.dolomitiprealpi.it\/de\/event\/viaggio-nella-canzone-dell800-napoletano\/"]}]},{"@type":"BreadcrumbList","@id":"https:\/\/www.dolomitiprealpi.it\/de\/event\/viaggio-nella-canzone-dell800-napoletano\/#breadcrumb","itemListElement":[{"@type":"ListItem","position":1,"name":"Home","item":"https:\/\/www.dolomitiprealpi.it\/de\/"},{"@type":"ListItem","position":2,"name":"Veranstaltungen","item":"https:\/\/www.dolomitiprealpi.it\/de\/events\/"},{"@type":"ListItem","position":3,"name":"Viaggio nella canzone dell&#8217;800 napoletano"}]},{"@type":"WebSite","@id":"https:\/\/www.dolomitiprealpi.it\/de\/#website","url":"https:\/\/www.dolomitiprealpi.it\/de\/","name":"Dolomiti Prealpi","description":"","publisher":{"@id":"https:\/\/www.dolomitiprealpi.it\/de\/#organization"},"potentialAction":[{"@type":"SearchAction","target":{"@type":"EntryPoint","urlTemplate":"https:\/\/www.dolomitiprealpi.it\/de\/?s={search_term_string}"},"query-input":{"@type":"PropertyValueSpecification","valueRequired":true,"valueName":"search_term_string"}}],"inLanguage":"de-DE"},{"@type":"Organization","@id":"https:\/\/www.dolomitiprealpi.it\/de\/#organization","name":"Consorzio Dolomiti Prealpi","url":"https:\/\/www.dolomitiprealpi.it\/de\/","logo":{"@type":"ImageObject","inLanguage":"de-DE","@id":"https:\/\/www.dolomitiprealpi.it\/de\/#\/schema\/logo\/image\/","url":"https:\/\/www.dolomitiprealpi.it\/wp-content\/uploads\/2023\/03\/dolomitiprealpi-favicon.jpg","contentUrl":"https:\/\/www.dolomitiprealpi.it\/wp-content\/uploads\/2023\/03\/dolomitiprealpi-favicon.jpg","width":512,"height":512,"caption":"Consorzio Dolomiti Prealpi"},"image":{"@id":"https:\/\/www.dolomitiprealpi.it\/de\/#\/schema\/logo\/image\/"},"sameAs":["https:\/\/www.facebook.com\/dolomitiprealpi.it\/","https:\/\/www.instagram.com\/dolomitiprealpi\/"]}]}},"_links":{"self":[{"href":"https:\/\/www.dolomitiprealpi.it\/de\/wp-json\/wp\/v2\/tribe_events\/98449","targetHints":{"allow":["GET"]}}],"collection":[{"href":"https:\/\/www.dolomitiprealpi.it\/de\/wp-json\/wp\/v2\/tribe_events"}],"about":[{"href":"https:\/\/www.dolomitiprealpi.it\/de\/wp-json\/wp\/v2\/types\/tribe_events"}],"version-history":[{"count":1,"href":"https:\/\/www.dolomitiprealpi.it\/de\/wp-json\/wp\/v2\/tribe_events\/98449\/revisions"}],"predecessor-version":[{"id":98957,"href":"https:\/\/www.dolomitiprealpi.it\/de\/wp-json\/wp\/v2\/tribe_events\/98449\/revisions\/98957"}],"wp:attachment":[{"href":"https:\/\/www.dolomitiprealpi.it\/de\/wp-json\/wp\/v2\/media?parent=98449"}],"wp:term":[{"taxonomy":"post_tag","embeddable":true,"href":"https:\/\/www.dolomitiprealpi.it\/de\/wp-json\/wp\/v2\/tags?post=98449"},{"taxonomy":"tribe_events_cat","embeddable":true,"href":"https:\/\/www.dolomitiprealpi.it\/de\/wp-json\/wp\/v2\/tribe_events_cat?post=98449"}],"curies":[{"name":"wp","href":"https:\/\/api.w.org\/{rel}","templated":true}]}}

<p><b>Tickets:</b> <br />&#8211; Erwachsene € 25 <br />&#8211; Mitglieder € 15 <br />&#8211; Studenten (unter 26) € 5. </p>
<p> Konzert der 73. Konzertaison &#8220;Perfekte Akkorde&#8221;</p>
<p>Die <b>73. Saison &#8220;Perfekte Akkorde&#8221;</b>&nbsp;des Kulturkreises Bellunese setzt ihre Mission fort, Konzerte und kulturelle Veranstaltungen zu fördern und zu organisieren, und bringt die große Musik nach Belluno mit den renommiertesten Namen des internationalen Konzertlebens und fördert gleichzeitig die aufstrebenden jungen Talente.</p>
<p>Das Programm dieses Jahres umfasst <b>23 Konzerte</b>, darunter die Frühjahrsausgabe der “<b>Musikalischen Matinées</b>” und das Sommerereignis “<b>Juli im Dorf!</b>”.</p>
<p>Am Mittwoch, den 4. März um 20:30 Uhr im Teatro Comunale Dino Buzzati: eine zeitlose Reise, eine unverwechselbare und frische Neubearbeitung der bekanntesten neapolitanischen Lieder der Welt, die das <b>neapolitanische 19. Jahrhundert</b> heraufbeschwört. Auf der Bühne werden <b>Vincenzo Capezzuto</b>, ein vielseitiger Interpret mit undefinierbarer Stimme, die voller barocker Nuancen und typischer neapolitanischer Eleganz ist, sowie das <b>Motus Mandolin Trio</b>, eine hochvirtuose und einzigartige Formation, zu sehen sein.</p>
<p><b>Vincenzo Capezzuto</b>&nbsp;Stimme,<br /><b>Motus Mandolin Trio:</b><br /><b>Salvatore Della Vecchia</b>&nbsp;Mandoloncello und Orchesterbearbeitungen,<br /><b>Raffaele La Ragione</b>&nbsp;Mandola,<br /><b>Michele De Martino</b>&nbsp;Mandoline</p>
<p>Für Informationen <a href="https://belcircolo.org/">www.belcircolo.org</a>,&nbsp;+39 348 2684504, oder&nbsp;segreteriabelcircolo@gmail.com</p>
