{"id":98440,"date":"2026-04-17T13:19:36","date_gmt":"2026-04-17T11:19:36","guid":{"rendered":"https:\/\/www.dolomitiprealpi.it\/event\/film-dal-trento-film-festival-2025\/"},"modified":"2026-04-23T18:05:06","modified_gmt":"2026-04-23T16:05:06","slug":"film-dal-trento-film-festival-2025","status":"publish","type":"tribe_events","link":"https:\/\/www.dolomitiprealpi.it\/de\/event\/film-dal-trento-film-festival-2025\/","title":{"rendered":"Film dal Trento Film Festival 2025"},"content":{"rendered":"<p>Alle Veranstaltungen von Oltre Le Vette sind <b>kostenlos mit freiwilliger und bewusster Spende<\/b>.<br \/>Eine <b>Reservierung wird immer empfohlen<\/b> und in einigen F\u00e4llen ist sie verpflichtend, wo im Programm angegeben<br \/>Die Pl\u00e4tze k\u00f6nnen \u00fcber folgenden Link reserviert werden: <b>www.eventbrite.it<\/b><\/p>\n<p>Kehren Sie zu Oltre Le Vette zur\u00fcck, vom 9. bis 18. Januar 2026. Das Thema der 29. Ausgabe ist &#8220;Schnee?&#8221;. Ein reichhaltiges Veranstaltungsprogramm erwartet Sie!<\/p>\n<p>Am Donnerstag, den 15. Januar um 21:00 Uhr, im Cinema Italia, findet die Vorstellung der Filme &#8220;<b>Mario Manica &#8211; Klettern, um zu reisen<\/b>&#8220;, von Luca Rapetti, &#8220;<b>Des \u00e9quilibres<\/b>&#8220;, von Antoine Mesnage, und &#8220;<b>Painting the mountains<\/b>&#8220;, von Pierre Cadot, statt.<\/p>\n<p><i><b><b>Mario Manica &#8211; Klettern, um zu reisen,<\/b><\/b><\/i>&nbsp;von&nbsp;<b><b>Luca Rapetti<\/b><\/b>, Italien, 45\u2019<\/p>\n<p>Der Film erz\u00e4hlt das au\u00dfergew\u00f6hnliche Leben von Mario Manica, einem ehemaligen Bergsteiger aus Trentino, der zwischen den 80er Jahren und 2004 die Welt durch seine Expeditionen erkundet hat. Ein Unfall in Venezuela im Jahr 2004 beendet seine Bergsteigerkarriere, aber nicht seinen Abenteuergeist. Mario entdeckt im Fahrradfahren eine neue Art zu reisen und die Welt zu entdecken. Zwischen spektakul\u00e4ren Landschaften und ber\u00fchrenden Geschichten feiert die Dokumentation Resilienz, Neugier und die F\u00e4higkeit, sich auch vor den gr\u00f6\u00dften Herausforderungen neu zu erfinden. Mario Manica war 1999 zu Gast bei Oltre le Vette, inmitten seiner beeindruckenden Bergsteigeraktivit\u00e4ten.<\/p>\n<p><i><b><b>Des \u00e9quilibres,<\/b><\/b><\/i>&nbsp;von&nbsp;<b><b>Antoine Mesnage<\/b><\/b>, Frankreich, 26\u2019<\/p>\n<p>Die Highliner begleiten uns in ihre spektakul\u00e4re, visuell beeindruckende Aktivit\u00e4t. In den Alpen oder in der W\u00fcste, am Meer oder \u00fcber Fl\u00fcsse hinweg, entdecken wir den inneren Weg derjenigen, die diesen Sport aus\u00fcben, eine Reise, die sicherlich wichtiger ist als die blo\u00dfe sichtbare sportliche Leistung.<\/p>\n<p><i><b><b>Painting the mountains,<\/b><\/b><\/i>&nbsp;von&nbsp;<b><b>Pierre Cadot<\/b><\/b>, Argentinien &#8211; Chile, 59\u2019<\/p>\n<p>Der Film zeigt uns die Aktivit\u00e4ten einer Gruppe von Skifahrern, begleitet von den \u00dcberlegungen des Fotografen Matthew Tufts, die in den Bergen Patagoniens im Fitz Roy-Massiv unterwegs sind. Gipfel und W\u00e4nde, die f\u00fcr ihre Kletterrouten bekannt sind, werden nun zu einem Gel\u00e4nde f\u00fcr extreme Abfahrten, die hochklassigen Skifahrern vorbehalten sind. Spektakul\u00e4re Bilder und hohe emotionale Spannung in einem Film \u00fcber Bergsteigen und Freundschaft.<\/p>\n<p>Empfohlene Reservierung unter folgendem Link: <a href=\"https:\/\/www.eventbrite.it\/e\/olv-proiezione-dei-film-dal-trento-film-festival-2025-tickets-1978000826719?aff=ebdsoporgprofile&amp;_gl=1*xdq5mk*_up*MQ..*_ga*MjA5MjQxMjE2MC4xNzY3NjIzODIy*_ga_TQVES5V6SH*czE3Njc2MjM4MjIkbzEkZzAkdDE3Njc2MjM4MjIkajYwJGwwJGgw\">www.eventbrite.com<\/a><\/p>\n<p>Filmvorf\u00fchrungen<\/p>\n","protected":false},"excerpt":{"rendered":"<p>Alle Veranstaltungen von Oltre Le Vette sind kostenlos mit freiwilliger und bewusster Spende.Eine Reservierung wird immer empfohlen und in einigen F\u00e4llen ist sie verpflichtend, wo im Programm angegebenDie Pl\u00e4tze k\u00f6nnen<\/p>\n","protected":false},"author":0,"featured_media":0,"template":"","meta":{"_acf_changed":false,"inline_featured_image":false,"_tribe_events_status":"","_tribe_events_status_reason":"","footnotes":""},"tags":[259],"tribe_events_cat":[],"class_list":["post-98440","tribe_events","type-tribe_events","status-publish","hentry","tag-eventi-feratel"],"acf":[],"yoast_head":"<!-- This site is optimized with the Yoast SEO plugin v25.7 - https:\/\/yoast.com\/wordpress\/plugins\/seo\/ -->\n<title>Film dal Trento Film Festival 2025 - Dolomiti Prealpi<\/title>\n<meta name=\"robots\" content=\"index, follow, max-snippet:-1, max-image-preview:large, max-video-preview:-1\" \/>\n<link rel=\"canonical\" href=\"https:\/\/www.dolomitiprealpi.it\/de\/event\/film-dal-trento-film-festival-2025\/\" \/>\n<meta property=\"og:locale\" content=\"de_DE\" \/>\n<meta property=\"og:type\" content=\"article\" \/>\n<meta property=\"og:title\" content=\"Film dal Trento Film Festival 2025 - Dolomiti Prealpi\" \/>\n<meta property=\"og:description\" content=\"Alle Veranstaltungen von Oltre Le Vette sind kostenlos mit freiwilliger und bewusster Spende.Eine Reservierung wird immer empfohlen und in einigen F\u00e4llen ist sie verpflichtend, wo im Programm angegebenDie Pl\u00e4tze k\u00f6nnen\" \/>\n<meta property=\"og:url\" content=\"https:\/\/www.dolomitiprealpi.it\/de\/event\/film-dal-trento-film-festival-2025\/\" \/>\n<meta property=\"og:site_name\" content=\"Dolomiti Prealpi\" \/>\n<meta property=\"article:publisher\" content=\"https:\/\/www.facebook.com\/dolomitiprealpi.it\/\" \/>\n<meta property=\"article:modified_time\" content=\"2026-04-23T16:05:06+00:00\" \/>\n<meta property=\"og:image\" content=\"https:\/\/www.dolomitiprealpi.it\/wp-content\/uploads\/2022\/11\/C.-Timpone-Foto-archivio-Consorzio-turistico-Dolomiti-Prealpi-Nevegal-Belluno-Bike-18-2.jpg\" \/>\n\t<meta property=\"og:image:width\" content=\"2048\" \/>\n\t<meta property=\"og:image:height\" content=\"1888\" \/>\n\t<meta property=\"og:image:type\" content=\"image\/jpeg\" \/>\n<meta name=\"twitter:card\" content=\"summary_large_image\" \/>\n<meta name=\"twitter:label1\" content=\"Est. reading time\" \/>\n\t<meta name=\"twitter:data1\" content=\"2 minutes\" \/>\n<script type=\"application\/ld+json\" class=\"yoast-schema-graph\">{\"@context\":\"https:\/\/schema.org\",\"@graph\":[{\"@type\":\"WebPage\",\"@id\":\"https:\/\/www.dolomitiprealpi.it\/de\/event\/film-dal-trento-film-festival-2025\/\",\"url\":\"https:\/\/www.dolomitiprealpi.it\/de\/event\/film-dal-trento-film-festival-2025\/\",\"name\":\"Film dal Trento Film Festival 2025 - Dolomiti Prealpi\",\"isPartOf\":{\"@id\":\"https:\/\/www.dolomitiprealpi.it\/de\/#website\"},\"datePublished\":\"2026-04-17T11:19:36+00:00\",\"dateModified\":\"2026-04-23T16:05:06+00:00\",\"breadcrumb\":{\"@id\":\"https:\/\/www.dolomitiprealpi.it\/de\/event\/film-dal-trento-film-festival-2025\/#breadcrumb\"},\"inLanguage\":\"de-DE\",\"potentialAction\":[{\"@type\":\"ReadAction\",\"target\":[\"https:\/\/www.dolomitiprealpi.it\/de\/event\/film-dal-trento-film-festival-2025\/\"]}]},{\"@type\":\"BreadcrumbList\",\"@id\":\"https:\/\/www.dolomitiprealpi.it\/de\/event\/film-dal-trento-film-festival-2025\/#breadcrumb\",\"itemListElement\":[{\"@type\":\"ListItem\",\"position\":1,\"name\":\"Home\",\"item\":\"https:\/\/www.dolomitiprealpi.it\/de\/\"},{\"@type\":\"ListItem\",\"position\":2,\"name\":\"Veranstaltungen\",\"item\":\"https:\/\/www.dolomitiprealpi.it\/de\/events\/\"},{\"@type\":\"ListItem\",\"position\":3,\"name\":\"Film dal Trento Film Festival 2025\"}]},{\"@type\":\"WebSite\",\"@id\":\"https:\/\/www.dolomitiprealpi.it\/de\/#website\",\"url\":\"https:\/\/www.dolomitiprealpi.it\/de\/\",\"name\":\"Dolomiti Prealpi\",\"description\":\"\",\"publisher\":{\"@id\":\"https:\/\/www.dolomitiprealpi.it\/de\/#organization\"},\"potentialAction\":[{\"@type\":\"SearchAction\",\"target\":{\"@type\":\"EntryPoint\",\"urlTemplate\":\"https:\/\/www.dolomitiprealpi.it\/de\/?s={search_term_string}\"},\"query-input\":{\"@type\":\"PropertyValueSpecification\",\"valueRequired\":true,\"valueName\":\"search_term_string\"}}],\"inLanguage\":\"de-DE\"},{\"@type\":\"Organization\",\"@id\":\"https:\/\/www.dolomitiprealpi.it\/de\/#organization\",\"name\":\"Consorzio Dolomiti Prealpi\",\"url\":\"https:\/\/www.dolomitiprealpi.it\/de\/\",\"logo\":{\"@type\":\"ImageObject\",\"inLanguage\":\"de-DE\",\"@id\":\"https:\/\/www.dolomitiprealpi.it\/de\/#\/schema\/logo\/image\/\",\"url\":\"https:\/\/www.dolomitiprealpi.it\/wp-content\/uploads\/2023\/03\/dolomitiprealpi-favicon.jpg\",\"contentUrl\":\"https:\/\/www.dolomitiprealpi.it\/wp-content\/uploads\/2023\/03\/dolomitiprealpi-favicon.jpg\",\"width\":512,\"height\":512,\"caption\":\"Consorzio Dolomiti Prealpi\"},\"image\":{\"@id\":\"https:\/\/www.dolomitiprealpi.it\/de\/#\/schema\/logo\/image\/\"},\"sameAs\":[\"https:\/\/www.facebook.com\/dolomitiprealpi.it\/\",\"https:\/\/www.instagram.com\/dolomitiprealpi\/\"]}]}<\/script>\n<!-- \/ Yoast SEO plugin. -->","yoast_head_json":{"title":"Film dal Trento Film Festival 2025 - Dolomiti Prealpi","robots":{"index":"index","follow":"follow","max-snippet":"max-snippet:-1","max-image-preview":"max-image-preview:large","max-video-preview":"max-video-preview:-1"},"canonical":"https:\/\/www.dolomitiprealpi.it\/de\/event\/film-dal-trento-film-festival-2025\/","og_locale":"de_DE","og_type":"article","og_title":"Film dal Trento Film Festival 2025 - Dolomiti Prealpi","og_description":"Alle Veranstaltungen von Oltre Le Vette sind kostenlos mit freiwilliger und bewusster Spende.Eine Reservierung wird immer empfohlen und in einigen F\u00e4llen ist sie verpflichtend, wo im Programm angegebenDie Pl\u00e4tze k\u00f6nnen","og_url":"https:\/\/www.dolomitiprealpi.it\/de\/event\/film-dal-trento-film-festival-2025\/","og_site_name":"Dolomiti Prealpi","article_publisher":"https:\/\/www.facebook.com\/dolomitiprealpi.it\/","article_modified_time":"2026-04-23T16:05:06+00:00","og_image":[{"width":2048,"height":1888,"url":"https:\/\/www.dolomitiprealpi.it\/wp-content\/uploads\/2022\/11\/C.-Timpone-Foto-archivio-Consorzio-turistico-Dolomiti-Prealpi-Nevegal-Belluno-Bike-18-2.jpg","type":"image\/jpeg"}],"twitter_card":"summary_large_image","twitter_misc":{"Est. reading time":"2 minutes"},"schema":{"@context":"https:\/\/schema.org","@graph":[{"@type":"WebPage","@id":"https:\/\/www.dolomitiprealpi.it\/de\/event\/film-dal-trento-film-festival-2025\/","url":"https:\/\/www.dolomitiprealpi.it\/de\/event\/film-dal-trento-film-festival-2025\/","name":"Film dal Trento Film Festival 2025 - Dolomiti Prealpi","isPartOf":{"@id":"https:\/\/www.dolomitiprealpi.it\/de\/#website"},"datePublished":"2026-04-17T11:19:36+00:00","dateModified":"2026-04-23T16:05:06+00:00","breadcrumb":{"@id":"https:\/\/www.dolomitiprealpi.it\/de\/event\/film-dal-trento-film-festival-2025\/#breadcrumb"},"inLanguage":"de-DE","potentialAction":[{"@type":"ReadAction","target":["https:\/\/www.dolomitiprealpi.it\/de\/event\/film-dal-trento-film-festival-2025\/"]}]},{"@type":"BreadcrumbList","@id":"https:\/\/www.dolomitiprealpi.it\/de\/event\/film-dal-trento-film-festival-2025\/#breadcrumb","itemListElement":[{"@type":"ListItem","position":1,"name":"Home","item":"https:\/\/www.dolomitiprealpi.it\/de\/"},{"@type":"ListItem","position":2,"name":"Veranstaltungen","item":"https:\/\/www.dolomitiprealpi.it\/de\/events\/"},{"@type":"ListItem","position":3,"name":"Film dal Trento Film Festival 2025"}]},{"@type":"WebSite","@id":"https:\/\/www.dolomitiprealpi.it\/de\/#website","url":"https:\/\/www.dolomitiprealpi.it\/de\/","name":"Dolomiti Prealpi","description":"","publisher":{"@id":"https:\/\/www.dolomitiprealpi.it\/de\/#organization"},"potentialAction":[{"@type":"SearchAction","target":{"@type":"EntryPoint","urlTemplate":"https:\/\/www.dolomitiprealpi.it\/de\/?s={search_term_string}"},"query-input":{"@type":"PropertyValueSpecification","valueRequired":true,"valueName":"search_term_string"}}],"inLanguage":"de-DE"},{"@type":"Organization","@id":"https:\/\/www.dolomitiprealpi.it\/de\/#organization","name":"Consorzio Dolomiti Prealpi","url":"https:\/\/www.dolomitiprealpi.it\/de\/","logo":{"@type":"ImageObject","inLanguage":"de-DE","@id":"https:\/\/www.dolomitiprealpi.it\/de\/#\/schema\/logo\/image\/","url":"https:\/\/www.dolomitiprealpi.it\/wp-content\/uploads\/2023\/03\/dolomitiprealpi-favicon.jpg","contentUrl":"https:\/\/www.dolomitiprealpi.it\/wp-content\/uploads\/2023\/03\/dolomitiprealpi-favicon.jpg","width":512,"height":512,"caption":"Consorzio Dolomiti Prealpi"},"image":{"@id":"https:\/\/www.dolomitiprealpi.it\/de\/#\/schema\/logo\/image\/"},"sameAs":["https:\/\/www.facebook.com\/dolomitiprealpi.it\/","https:\/\/www.instagram.com\/dolomitiprealpi\/"]}]}},"_links":{"self":[{"href":"https:\/\/www.dolomitiprealpi.it\/de\/wp-json\/wp\/v2\/tribe_events\/98440","targetHints":{"allow":["GET"]}}],"collection":[{"href":"https:\/\/www.dolomitiprealpi.it\/de\/wp-json\/wp\/v2\/tribe_events"}],"about":[{"href":"https:\/\/www.dolomitiprealpi.it\/de\/wp-json\/wp\/v2\/types\/tribe_events"}],"version-history":[{"count":1,"href":"https:\/\/www.dolomitiprealpi.it\/de\/wp-json\/wp\/v2\/tribe_events\/98440\/revisions"}],"predecessor-version":[{"id":98951,"href":"https:\/\/www.dolomitiprealpi.it\/de\/wp-json\/wp\/v2\/tribe_events\/98440\/revisions\/98951"}],"wp:attachment":[{"href":"https:\/\/www.dolomitiprealpi.it\/de\/wp-json\/wp\/v2\/media?parent=98440"}],"wp:term":[{"taxonomy":"post_tag","embeddable":true,"href":"https:\/\/www.dolomitiprealpi.it\/de\/wp-json\/wp\/v2\/tags?post=98440"},{"taxonomy":"tribe_events_cat","embeddable":true,"href":"https:\/\/www.dolomitiprealpi.it\/de\/wp-json\/wp\/v2\/tribe_events_cat?post=98440"}],"curies":[{"name":"wp","href":"https:\/\/api.w.org\/{rel}","templated":true}]}}

<p>Alle Veranstaltungen von Oltre Le Vette sind <b>kostenlos mit freiwilliger und bewusster Spende</b>.<br />Eine <b>Reservierung wird immer empfohlen</b> und in einigen Fällen ist sie verpflichtend, wo im Programm angegeben<br />Die Plätze können über folgenden Link reserviert werden: <b>www.eventbrite.it</b></p>
<p>Kehren Sie zu Oltre Le Vette zurück, vom 9. bis 18. Januar 2026. Das Thema der 29. Ausgabe ist &#8220;Schnee?&#8221;. Ein reichhaltiges Veranstaltungsprogramm erwartet Sie!</p>
<p>Am Donnerstag, den 15. Januar um 21:00 Uhr, im Cinema Italia, findet die Vorstellung der Filme &#8220;<b>Mario Manica &#8211; Klettern, um zu reisen</b>&#8220;, von Luca Rapetti, &#8220;<b>Des équilibres</b>&#8220;, von Antoine Mesnage, und &#8220;<b>Painting the mountains</b>&#8220;, von Pierre Cadot, statt.</p>
<p><i><b><b>Mario Manica &#8211; Klettern, um zu reisen,</b></b></i>&nbsp;von&nbsp;<b><b>Luca Rapetti</b></b>, Italien, 45’</p>
<p>Der Film erzählt das außergewöhnliche Leben von Mario Manica, einem ehemaligen Bergsteiger aus Trentino, der zwischen den 80er Jahren und 2004 die Welt durch seine Expeditionen erkundet hat. Ein Unfall in Venezuela im Jahr 2004 beendet seine Bergsteigerkarriere, aber nicht seinen Abenteuergeist. Mario entdeckt im Fahrradfahren eine neue Art zu reisen und die Welt zu entdecken. Zwischen spektakulären Landschaften und berührenden Geschichten feiert die Dokumentation Resilienz, Neugier und die Fähigkeit, sich auch vor den größten Herausforderungen neu zu erfinden. Mario Manica war 1999 zu Gast bei Oltre le Vette, inmitten seiner beeindruckenden Bergsteigeraktivitäten.</p>
<p><i><b><b>Des équilibres,</b></b></i>&nbsp;von&nbsp;<b><b>Antoine Mesnage</b></b>, Frankreich, 26’</p>
<p>Die Highliner begleiten uns in ihre spektakuläre, visuell beeindruckende Aktivität. In den Alpen oder in der Wüste, am Meer oder über Flüsse hinweg, entdecken wir den inneren Weg derjenigen, die diesen Sport ausüben, eine Reise, die sicherlich wichtiger ist als die bloße sichtbare sportliche Leistung.</p>
<p><i><b><b>Painting the mountains,</b></b></i>&nbsp;von&nbsp;<b><b>Pierre Cadot</b></b>, Argentinien &#8211; Chile, 59’</p>
<p>Der Film zeigt uns die Aktivitäten einer Gruppe von Skifahrern, begleitet von den Überlegungen des Fotografen Matthew Tufts, die in den Bergen Patagoniens im Fitz Roy-Massiv unterwegs sind. Gipfel und Wände, die für ihre Kletterrouten bekannt sind, werden nun zu einem Gelände für extreme Abfahrten, die hochklassigen Skifahrern vorbehalten sind. Spektakuläre Bilder und hohe emotionale Spannung in einem Film über Bergsteigen und Freundschaft.</p>
<p>Empfohlene Reservierung unter folgendem Link: <a href="https://www.eventbrite.it/e/olv-proiezione-dei-film-dal-trento-film-festival-2025-tickets-1978000826719?aff=ebdsoporgprofile&amp;_gl=1*xdq5mk*_up*MQ..*_ga*MjA5MjQxMjE2MC4xNzY3NjIzODIy*_ga_TQVES5V6SH*czE3Njc2MjM4MjIkbzEkZzAkdDE3Njc2MjM4MjIkajYwJGwwJGgw">www.eventbrite.com</a></p>
<p>Filmvorführungen</p>

<p>Alle Veranstaltungen von Oltre Le Vette sind kostenlos mit freiwilliger und bewusster Spende.Eine Reservierung wird immer empfohlen und in einigen Fällen ist sie verpflichtend, wo im Programm angegebenDie Plätze können</p>

<!-- This site is optimized with the Yoast SEO plugin v25.7 - https://yoast.com/wordpress/plugins/seo/ -->
<title>Film dal Trento Film Festival 2025 - Dolomiti Prealpi</title>
<meta name="robots" content="index, follow, max-snippet:-1, max-image-preview:large, max-video-preview:-1" />
<link rel="canonical" href="https://www.dolomitiprealpi.it/de/event/film-dal-trento-film-festival-2025/" />
<meta property="og:locale" content="de_DE" />
<meta property="og:type" content="article" />
<meta property="og:title" content="Film dal Trento Film Festival 2025 - Dolomiti Prealpi" />
<meta property="og:description" content="Alle Veranstaltungen von Oltre Le Vette sind kostenlos mit freiwilliger und bewusster Spende.Eine Reservierung wird immer empfohlen und in einigen Fällen ist sie verpflichtend, wo im Programm angegebenDie Plätze können" />
<meta property="og:url" content="https://www.dolomitiprealpi.it/de/event/film-dal-trento-film-festival-2025/" />
<meta property="og:site_name" content="Dolomiti Prealpi" />
<meta property="article:publisher" content="https://www.facebook.com/dolomitiprealpi.it/" />
<meta property="article:modified_time" content="2026-04-23T16:05:06+00:00" />
<meta property="og:image" content="https://www.dolomitiprealpi.it/wp-content/uploads/2022/11/C.-Timpone-Foto-archivio-Consorzio-turistico-Dolomiti-Prealpi-Nevegal-Belluno-Bike-18-2.jpg" />
	<meta property="og:image:width" content="2048" />
	<meta property="og:image:height" content="1888" />
	<meta property="og:image:type" content="image/jpeg" />
<meta name="twitter:card" content="summary_large_image" />
<meta name="twitter:label1" content="Est. reading time" />
	<meta name="twitter:data1" content="2 minutes" />
<script type="application/ld+json" class="yoast-schema-graph">{"@context":"https://schema.org","@graph":[{"@type":"WebPage","@id":"https://www.dolomitiprealpi.it/de/event/film-dal-trento-film-festival-2025/","url":"https://www.dolomitiprealpi.it/de/event/film-dal-trento-film-festival-2025/","name":"Film dal Trento Film Festival 2025 - Dolomiti Prealpi","isPartOf":{"@id":"https://www.dolomitiprealpi.it/de/#website"},"datePublished":"2026-04-17T11:19:36+00:00","dateModified":"2026-04-23T16:05:06+00:00","breadcrumb":{"@id":"https://www.dolomitiprealpi.it/de/event/film-dal-trento-film-festival-2025/#breadcrumb"},"inLanguage":"de-DE","potentialAction":[{"@type":"ReadAction","target":["https://www.dolomitiprealpi.it/de/event/film-dal-trento-film-festival-2025/"]}]},{"@type":"BreadcrumbList","@id":"https://www.dolomitiprealpi.it/de/event/film-dal-trento-film-festival-2025/#breadcrumb","itemListElement":[{"@type":"ListItem","position":1,"name":"Home","item":"https://www.dolomitiprealpi.it/de/"},{"@type":"ListItem","position":2,"name":"Veranstaltungen","item":"https://www.dolomitiprealpi.it/de/events/"},{"@type":"ListItem","position":3,"name":"Film dal Trento Film Festival 2025"}]},{"@type":"WebSite","@id":"https://www.dolomitiprealpi.it/de/#website","url":"https://www.dolomitiprealpi.it/de/","name":"Dolomiti Prealpi","description":"","publisher":{"@id":"https://www.dolomitiprealpi.it/de/#organization"},"potentialAction":[{"@type":"SearchAction","target":{"@type":"EntryPoint","urlTemplate":"https://www.dolomitiprealpi.it/de/?s={search_term_string}"},"query-input":{"@type":"PropertyValueSpecification","valueRequired":true,"valueName":"search_term_string"}}],"inLanguage":"de-DE"},{"@type":"Organization","@id":"https://www.dolomitiprealpi.it/de/#organization","name":"Consorzio Dolomiti Prealpi","url":"https://www.dolomitiprealpi.it/de/","logo":{"@type":"ImageObject","inLanguage":"de-DE","@id":"https://www.dolomitiprealpi.it/de/#/schema/logo/image/","url":"https://www.dolomitiprealpi.it/wp-content/uploads/2023/03/dolomitiprealpi-favicon.jpg","contentUrl":"https://www.dolomitiprealpi.it/wp-content/uploads/2023/03/dolomitiprealpi-favicon.jpg","width":512,"height":512,"caption":"Consorzio Dolomiti Prealpi"},"image":{"@id":"https://www.dolomitiprealpi.it/de/#/schema/logo/image/"},"sameAs":["https://www.facebook.com/dolomitiprealpi.it/","https://www.instagram.com/dolomitiprealpi/"]}]}</script>
<!-- / Yoast SEO plugin. -->

Alle Veranstaltungen von Oltre Le Vette sind kostenlos mit freiwilliger und bewusster Spende.Eine Reservierung wird immer empfohlen und in einigen Fällen ist sie verpflichtend, wo im Programm angegebenDie Plätze können
