{"id":98359,"date":"2026-04-17T13:02:59","date_gmt":"2026-04-17T11:02:59","guid":{"rendered":"https:\/\/www.dolomitiprealpi.it\/event\/gli-archivi-di-montagna-raccontano-il-parco\/"},"modified":"2026-04-23T17:49:26","modified_gmt":"2026-04-23T15:49:26","slug":"gli-archivi-di-montagna-raccontano-il-parco","status":"publish","type":"tribe_events","link":"https:\/\/www.dolomitiprealpi.it\/de\/event\/gli-archivi-di-montagna-raccontano-il-parco\/","title":{"rendered":"Gli archivi di montagna raccontano il Parco"},"content":{"rendered":"<p>Alle Veranstaltungen von Oltre Le Vette sind <b>kostenlos mit freiwilliger und bewusster Spende<\/b>.<br \/>Eine <b>Reservierung wird immer empfohlen<\/b> und in einigen F\u00e4llen ist sie verpflichtend, wo im Programm angegeben<br \/>Die Pl\u00e4tze k\u00f6nnen \u00fcber folgenden Link reserviert werden: <b>www.eventbrite.it<\/b><\/p>\n<p>Pr\u00e4sentation des Projekts Fondazione G. Angelini und PNDB<\/p>\n<p>Zur\u00fcck \u00dcber Die Gipfel, vom 9. bis 18. Januar 2026. Das Thema der 29. Auflage lautet &#8220;Schnee?&#8221;. Ein reichhaltiges Programm von Veranstaltungen erwartet Sie!<\/p>\n<p>Am Sonntag, den 18. Januar um 10:30 Uhr, im Palazzo Fulcis, findet die Pr\u00e4sentation des Projekts der Fondazione G. Angelini und PNDB &#8220;<b>Die Archive der Berge erz\u00e4hlen den Park<\/b>&#8221; statt.<\/p>\n<p>Das Projekt entwickelt sich aus der Dokumentation der Archive der Berge, die in der Fondazione G. Angelini aufbewahrt werden, um die Beziehung der Menschen zum Gebiet des Nationalparks der Dolomiten von Belluno zu erz\u00e4hlen, in einem interaktiven Ansatz, der die historische und aktuelle Realit\u00e4t des gesch\u00fctzten Gebiets ins Licht r\u00fcckt. Der historische und dokumentarische Teil, der aus den Erfahrungen vergangener Zeiten hervorgeht, ist mit der Wahrnehmung derjenigen verbunden, die das Gebiet des Parks heute bewohnen und erleben: Bergsteiger, H\u00fcttenwirte, Betreiber, Experten und Bergliebhaber erz\u00e4hlen von ihrem Park, wie sie ihn erleben und wie sie ihn erleben m\u00f6chten. Wie in einem Kulturstaffellauf \u00fcbergeben die Gro\u00dfen der Vergangenheit (Toni Sanmarchi, Giovanni Angelini, Piero Rossi, Severino Casara, &#8230;) den Staffelstab an die Protagonisten der Gegenwart und schaffen ein historisches Kontinuum, um verschiedene Aspekte zu vertiefen und an deren Wert f\u00fcr das Gebiet und die Gemeinschaften zu erinnern.<\/p>\n<p>Veranstaltung organisiert in Zusammenarbeit mit der&nbsp;<b><b>Fondazione Giovanni Angelini &#8211; Zentrum f\u00fcr Studien \u00fcber die Berge<\/b><\/b>&nbsp;und dem&nbsp;<b><b>Nationalpark Dolomiten von Belluno.<\/b><\/b><\/p>\n<p>Reservierung erforderlich, Pl\u00e4tze begrenzt, unter folgendem Link: <a href=\"https:\/\/www.eventbrite.it\/e\/olv-presentazione-progetto-gli-archivi-di-montagna-raccontano-il-parco-tickets-1978094545033?aff=ebdsoporgprofile\">www.eventbrite.com<\/a><\/p>\n","protected":false},"excerpt":{"rendered":"<p>Alle Veranstaltungen von Oltre Le Vette sind kostenlos mit freiwilliger und bewusster Spende.Eine Reservierung wird immer empfohlen und in einigen F\u00e4llen ist sie verpflichtend, wo im Programm angegebenDie Pl\u00e4tze k\u00f6nnen<\/p>\n","protected":false},"author":0,"featured_media":0,"template":"","meta":{"_acf_changed":false,"inline_featured_image":false,"_tribe_events_status":"","_tribe_events_status_reason":"","footnotes":""},"tags":[259],"tribe_events_cat":[],"class_list":["post-98359","tribe_events","type-tribe_events","status-publish","hentry","tag-eventi-feratel"],"acf":[],"yoast_head":"<!-- This site is optimized with the Yoast SEO plugin v25.7 - https:\/\/yoast.com\/wordpress\/plugins\/seo\/ -->\n<title>Gli archivi di montagna raccontano il Parco - Dolomiti Prealpi<\/title>\n<meta name=\"robots\" content=\"index, follow, max-snippet:-1, max-image-preview:large, max-video-preview:-1\" \/>\n<link rel=\"canonical\" href=\"https:\/\/www.dolomitiprealpi.it\/de\/event\/gli-archivi-di-montagna-raccontano-il-parco\/\" \/>\n<meta property=\"og:locale\" content=\"de_DE\" \/>\n<meta property=\"og:type\" content=\"article\" \/>\n<meta property=\"og:title\" content=\"Gli archivi di montagna raccontano il Parco - Dolomiti Prealpi\" \/>\n<meta property=\"og:description\" content=\"Alle Veranstaltungen von Oltre Le Vette sind kostenlos mit freiwilliger und bewusster Spende.Eine Reservierung wird immer empfohlen und in einigen F\u00e4llen ist sie verpflichtend, wo im Programm angegebenDie Pl\u00e4tze k\u00f6nnen\" \/>\n<meta property=\"og:url\" content=\"https:\/\/www.dolomitiprealpi.it\/de\/event\/gli-archivi-di-montagna-raccontano-il-parco\/\" \/>\n<meta property=\"og:site_name\" content=\"Dolomiti Prealpi\" \/>\n<meta property=\"article:publisher\" content=\"https:\/\/www.facebook.com\/dolomitiprealpi.it\/\" \/>\n<meta property=\"article:modified_time\" content=\"2026-04-23T15:49:26+00:00\" \/>\n<meta property=\"og:image\" content=\"https:\/\/www.dolomitiprealpi.it\/wp-content\/uploads\/2022\/11\/C.-Timpone-Foto-archivio-Consorzio-turistico-Dolomiti-Prealpi-Nevegal-Belluno-Bike-18-2.jpg\" \/>\n\t<meta property=\"og:image:width\" content=\"2048\" \/>\n\t<meta property=\"og:image:height\" content=\"1888\" \/>\n\t<meta property=\"og:image:type\" content=\"image\/jpeg\" \/>\n<meta name=\"twitter:card\" content=\"summary_large_image\" \/>\n<meta name=\"twitter:label1\" content=\"Est. reading time\" \/>\n\t<meta name=\"twitter:data1\" content=\"1 minute\" \/>\n<script type=\"application\/ld+json\" class=\"yoast-schema-graph\">{\"@context\":\"https:\/\/schema.org\",\"@graph\":[{\"@type\":\"WebPage\",\"@id\":\"https:\/\/www.dolomitiprealpi.it\/de\/event\/gli-archivi-di-montagna-raccontano-il-parco\/\",\"url\":\"https:\/\/www.dolomitiprealpi.it\/de\/event\/gli-archivi-di-montagna-raccontano-il-parco\/\",\"name\":\"Gli archivi di montagna raccontano il Parco - Dolomiti Prealpi\",\"isPartOf\":{\"@id\":\"https:\/\/www.dolomitiprealpi.it\/de\/#website\"},\"datePublished\":\"2026-04-17T11:02:59+00:00\",\"dateModified\":\"2026-04-23T15:49:26+00:00\",\"breadcrumb\":{\"@id\":\"https:\/\/www.dolomitiprealpi.it\/de\/event\/gli-archivi-di-montagna-raccontano-il-parco\/#breadcrumb\"},\"inLanguage\":\"de-DE\",\"potentialAction\":[{\"@type\":\"ReadAction\",\"target\":[\"https:\/\/www.dolomitiprealpi.it\/de\/event\/gli-archivi-di-montagna-raccontano-il-parco\/\"]}]},{\"@type\":\"BreadcrumbList\",\"@id\":\"https:\/\/www.dolomitiprealpi.it\/de\/event\/gli-archivi-di-montagna-raccontano-il-parco\/#breadcrumb\",\"itemListElement\":[{\"@type\":\"ListItem\",\"position\":1,\"name\":\"Home\",\"item\":\"https:\/\/www.dolomitiprealpi.it\/de\/\"},{\"@type\":\"ListItem\",\"position\":2,\"name\":\"Veranstaltungen\",\"item\":\"https:\/\/www.dolomitiprealpi.it\/de\/events\/\"},{\"@type\":\"ListItem\",\"position\":3,\"name\":\"Gli archivi di montagna raccontano il Parco\"}]},{\"@type\":\"WebSite\",\"@id\":\"https:\/\/www.dolomitiprealpi.it\/de\/#website\",\"url\":\"https:\/\/www.dolomitiprealpi.it\/de\/\",\"name\":\"Dolomiti Prealpi\",\"description\":\"\",\"publisher\":{\"@id\":\"https:\/\/www.dolomitiprealpi.it\/de\/#organization\"},\"potentialAction\":[{\"@type\":\"SearchAction\",\"target\":{\"@type\":\"EntryPoint\",\"urlTemplate\":\"https:\/\/www.dolomitiprealpi.it\/de\/?s={search_term_string}\"},\"query-input\":{\"@type\":\"PropertyValueSpecification\",\"valueRequired\":true,\"valueName\":\"search_term_string\"}}],\"inLanguage\":\"de-DE\"},{\"@type\":\"Organization\",\"@id\":\"https:\/\/www.dolomitiprealpi.it\/de\/#organization\",\"name\":\"Consorzio Dolomiti Prealpi\",\"url\":\"https:\/\/www.dolomitiprealpi.it\/de\/\",\"logo\":{\"@type\":\"ImageObject\",\"inLanguage\":\"de-DE\",\"@id\":\"https:\/\/www.dolomitiprealpi.it\/de\/#\/schema\/logo\/image\/\",\"url\":\"https:\/\/www.dolomitiprealpi.it\/wp-content\/uploads\/2023\/03\/dolomitiprealpi-favicon.jpg\",\"contentUrl\":\"https:\/\/www.dolomitiprealpi.it\/wp-content\/uploads\/2023\/03\/dolomitiprealpi-favicon.jpg\",\"width\":512,\"height\":512,\"caption\":\"Consorzio Dolomiti Prealpi\"},\"image\":{\"@id\":\"https:\/\/www.dolomitiprealpi.it\/de\/#\/schema\/logo\/image\/\"},\"sameAs\":[\"https:\/\/www.facebook.com\/dolomitiprealpi.it\/\",\"https:\/\/www.instagram.com\/dolomitiprealpi\/\"]}]}<\/script>\n<!-- \/ Yoast SEO plugin. -->","yoast_head_json":{"title":"Gli archivi di montagna raccontano il Parco - Dolomiti Prealpi","robots":{"index":"index","follow":"follow","max-snippet":"max-snippet:-1","max-image-preview":"max-image-preview:large","max-video-preview":"max-video-preview:-1"},"canonical":"https:\/\/www.dolomitiprealpi.it\/de\/event\/gli-archivi-di-montagna-raccontano-il-parco\/","og_locale":"de_DE","og_type":"article","og_title":"Gli archivi di montagna raccontano il Parco - Dolomiti Prealpi","og_description":"Alle Veranstaltungen von Oltre Le Vette sind kostenlos mit freiwilliger und bewusster Spende.Eine Reservierung wird immer empfohlen und in einigen F\u00e4llen ist sie verpflichtend, wo im Programm angegebenDie Pl\u00e4tze k\u00f6nnen","og_url":"https:\/\/www.dolomitiprealpi.it\/de\/event\/gli-archivi-di-montagna-raccontano-il-parco\/","og_site_name":"Dolomiti Prealpi","article_publisher":"https:\/\/www.facebook.com\/dolomitiprealpi.it\/","article_modified_time":"2026-04-23T15:49:26+00:00","og_image":[{"width":2048,"height":1888,"url":"https:\/\/www.dolomitiprealpi.it\/wp-content\/uploads\/2022\/11\/C.-Timpone-Foto-archivio-Consorzio-turistico-Dolomiti-Prealpi-Nevegal-Belluno-Bike-18-2.jpg","type":"image\/jpeg"}],"twitter_card":"summary_large_image","twitter_misc":{"Est. reading time":"1 minute"},"schema":{"@context":"https:\/\/schema.org","@graph":[{"@type":"WebPage","@id":"https:\/\/www.dolomitiprealpi.it\/de\/event\/gli-archivi-di-montagna-raccontano-il-parco\/","url":"https:\/\/www.dolomitiprealpi.it\/de\/event\/gli-archivi-di-montagna-raccontano-il-parco\/","name":"Gli archivi di montagna raccontano il Parco - Dolomiti Prealpi","isPartOf":{"@id":"https:\/\/www.dolomitiprealpi.it\/de\/#website"},"datePublished":"2026-04-17T11:02:59+00:00","dateModified":"2026-04-23T15:49:26+00:00","breadcrumb":{"@id":"https:\/\/www.dolomitiprealpi.it\/de\/event\/gli-archivi-di-montagna-raccontano-il-parco\/#breadcrumb"},"inLanguage":"de-DE","potentialAction":[{"@type":"ReadAction","target":["https:\/\/www.dolomitiprealpi.it\/de\/event\/gli-archivi-di-montagna-raccontano-il-parco\/"]}]},{"@type":"BreadcrumbList","@id":"https:\/\/www.dolomitiprealpi.it\/de\/event\/gli-archivi-di-montagna-raccontano-il-parco\/#breadcrumb","itemListElement":[{"@type":"ListItem","position":1,"name":"Home","item":"https:\/\/www.dolomitiprealpi.it\/de\/"},{"@type":"ListItem","position":2,"name":"Veranstaltungen","item":"https:\/\/www.dolomitiprealpi.it\/de\/events\/"},{"@type":"ListItem","position":3,"name":"Gli archivi di montagna raccontano il Parco"}]},{"@type":"WebSite","@id":"https:\/\/www.dolomitiprealpi.it\/de\/#website","url":"https:\/\/www.dolomitiprealpi.it\/de\/","name":"Dolomiti Prealpi","description":"","publisher":{"@id":"https:\/\/www.dolomitiprealpi.it\/de\/#organization"},"potentialAction":[{"@type":"SearchAction","target":{"@type":"EntryPoint","urlTemplate":"https:\/\/www.dolomitiprealpi.it\/de\/?s={search_term_string}"},"query-input":{"@type":"PropertyValueSpecification","valueRequired":true,"valueName":"search_term_string"}}],"inLanguage":"de-DE"},{"@type":"Organization","@id":"https:\/\/www.dolomitiprealpi.it\/de\/#organization","name":"Consorzio Dolomiti Prealpi","url":"https:\/\/www.dolomitiprealpi.it\/de\/","logo":{"@type":"ImageObject","inLanguage":"de-DE","@id":"https:\/\/www.dolomitiprealpi.it\/de\/#\/schema\/logo\/image\/","url":"https:\/\/www.dolomitiprealpi.it\/wp-content\/uploads\/2023\/03\/dolomitiprealpi-favicon.jpg","contentUrl":"https:\/\/www.dolomitiprealpi.it\/wp-content\/uploads\/2023\/03\/dolomitiprealpi-favicon.jpg","width":512,"height":512,"caption":"Consorzio Dolomiti Prealpi"},"image":{"@id":"https:\/\/www.dolomitiprealpi.it\/de\/#\/schema\/logo\/image\/"},"sameAs":["https:\/\/www.facebook.com\/dolomitiprealpi.it\/","https:\/\/www.instagram.com\/dolomitiprealpi\/"]}]}},"_links":{"self":[{"href":"https:\/\/www.dolomitiprealpi.it\/de\/wp-json\/wp\/v2\/tribe_events\/98359","targetHints":{"allow":["GET"]}}],"collection":[{"href":"https:\/\/www.dolomitiprealpi.it\/de\/wp-json\/wp\/v2\/tribe_events"}],"about":[{"href":"https:\/\/www.dolomitiprealpi.it\/de\/wp-json\/wp\/v2\/types\/tribe_events"}],"version-history":[{"count":1,"href":"https:\/\/www.dolomitiprealpi.it\/de\/wp-json\/wp\/v2\/tribe_events\/98359\/revisions"}],"predecessor-version":[{"id":98849,"href":"https:\/\/www.dolomitiprealpi.it\/de\/wp-json\/wp\/v2\/tribe_events\/98359\/revisions\/98849"}],"wp:attachment":[{"href":"https:\/\/www.dolomitiprealpi.it\/de\/wp-json\/wp\/v2\/media?parent=98359"}],"wp:term":[{"taxonomy":"post_tag","embeddable":true,"href":"https:\/\/www.dolomitiprealpi.it\/de\/wp-json\/wp\/v2\/tags?post=98359"},{"taxonomy":"tribe_events_cat","embeddable":true,"href":"https:\/\/www.dolomitiprealpi.it\/de\/wp-json\/wp\/v2\/tribe_events_cat?post=98359"}],"curies":[{"name":"wp","href":"https:\/\/api.w.org\/{rel}","templated":true}]}}

<p>Alle Veranstaltungen von Oltre Le Vette sind <b>kostenlos mit freiwilliger und bewusster Spende</b>.<br />Eine <b>Reservierung wird immer empfohlen</b> und in einigen Fällen ist sie verpflichtend, wo im Programm angegeben<br />Die Plätze können über folgenden Link reserviert werden: <b>www.eventbrite.it</b></p>
<p>Präsentation des Projekts Fondazione G. Angelini und PNDB</p>
<p>Zurück Über Die Gipfel, vom 9. bis 18. Januar 2026. Das Thema der 29. Auflage lautet &#8220;Schnee?&#8221;. Ein reichhaltiges Programm von Veranstaltungen erwartet Sie!</p>
<p>Am Sonntag, den 18. Januar um 10:30 Uhr, im Palazzo Fulcis, findet die Präsentation des Projekts der Fondazione G. Angelini und PNDB &#8220;<b>Die Archive der Berge erzählen den Park</b>&#8221; statt.</p>
<p>Das Projekt entwickelt sich aus der Dokumentation der Archive der Berge, die in der Fondazione G. Angelini aufbewahrt werden, um die Beziehung der Menschen zum Gebiet des Nationalparks der Dolomiten von Belluno zu erzählen, in einem interaktiven Ansatz, der die historische und aktuelle Realität des geschützten Gebiets ins Licht rückt. Der historische und dokumentarische Teil, der aus den Erfahrungen vergangener Zeiten hervorgeht, ist mit der Wahrnehmung derjenigen verbunden, die das Gebiet des Parks heute bewohnen und erleben: Bergsteiger, Hüttenwirte, Betreiber, Experten und Bergliebhaber erzählen von ihrem Park, wie sie ihn erleben und wie sie ihn erleben möchten. Wie in einem Kulturstaffellauf übergeben die Großen der Vergangenheit (Toni Sanmarchi, Giovanni Angelini, Piero Rossi, Severino Casara, &#8230;) den Staffelstab an die Protagonisten der Gegenwart und schaffen ein historisches Kontinuum, um verschiedene Aspekte zu vertiefen und an deren Wert für das Gebiet und die Gemeinschaften zu erinnern.</p>
<p>Veranstaltung organisiert in Zusammenarbeit mit der&nbsp;<b><b>Fondazione Giovanni Angelini &#8211; Zentrum für Studien über die Berge</b></b>&nbsp;und dem&nbsp;<b><b>Nationalpark Dolomiten von Belluno.</b></b></p>
<p>Reservierung erforderlich, Plätze begrenzt, unter folgendem Link: <a href="https://www.eventbrite.it/e/olv-presentazione-progetto-gli-archivi-di-montagna-raccontano-il-parco-tickets-1978094545033?aff=ebdsoporgprofile">www.eventbrite.com</a></p>

<p>Alle Veranstaltungen von Oltre Le Vette sind kostenlos mit freiwilliger und bewusster Spende.Eine Reservierung wird immer empfohlen und in einigen Fällen ist sie verpflichtend, wo im Programm angegebenDie Plätze können</p>

<!-- This site is optimized with the Yoast SEO plugin v25.7 - https://yoast.com/wordpress/plugins/seo/ -->
<title>Gli archivi di montagna raccontano il Parco - Dolomiti Prealpi</title>
<meta name="robots" content="index, follow, max-snippet:-1, max-image-preview:large, max-video-preview:-1" />
<link rel="canonical" href="https://www.dolomitiprealpi.it/de/event/gli-archivi-di-montagna-raccontano-il-parco/" />
<meta property="og:locale" content="de_DE" />
<meta property="og:type" content="article" />
<meta property="og:title" content="Gli archivi di montagna raccontano il Parco - Dolomiti Prealpi" />
<meta property="og:description" content="Alle Veranstaltungen von Oltre Le Vette sind kostenlos mit freiwilliger und bewusster Spende.Eine Reservierung wird immer empfohlen und in einigen Fällen ist sie verpflichtend, wo im Programm angegebenDie Plätze können" />
<meta property="og:url" content="https://www.dolomitiprealpi.it/de/event/gli-archivi-di-montagna-raccontano-il-parco/" />
<meta property="og:site_name" content="Dolomiti Prealpi" />
<meta property="article:publisher" content="https://www.facebook.com/dolomitiprealpi.it/" />
<meta property="article:modified_time" content="2026-04-23T15:49:26+00:00" />
<meta property="og:image" content="https://www.dolomitiprealpi.it/wp-content/uploads/2022/11/C.-Timpone-Foto-archivio-Consorzio-turistico-Dolomiti-Prealpi-Nevegal-Belluno-Bike-18-2.jpg" />
	<meta property="og:image:width" content="2048" />
	<meta property="og:image:height" content="1888" />
	<meta property="og:image:type" content="image/jpeg" />
<meta name="twitter:card" content="summary_large_image" />
<meta name="twitter:label1" content="Est. reading time" />
	<meta name="twitter:data1" content="1 minute" />
<script type="application/ld+json" class="yoast-schema-graph">{"@context":"https://schema.org","@graph":[{"@type":"WebPage","@id":"https://www.dolomitiprealpi.it/de/event/gli-archivi-di-montagna-raccontano-il-parco/","url":"https://www.dolomitiprealpi.it/de/event/gli-archivi-di-montagna-raccontano-il-parco/","name":"Gli archivi di montagna raccontano il Parco - Dolomiti Prealpi","isPartOf":{"@id":"https://www.dolomitiprealpi.it/de/#website"},"datePublished":"2026-04-17T11:02:59+00:00","dateModified":"2026-04-23T15:49:26+00:00","breadcrumb":{"@id":"https://www.dolomitiprealpi.it/de/event/gli-archivi-di-montagna-raccontano-il-parco/#breadcrumb"},"inLanguage":"de-DE","potentialAction":[{"@type":"ReadAction","target":["https://www.dolomitiprealpi.it/de/event/gli-archivi-di-montagna-raccontano-il-parco/"]}]},{"@type":"BreadcrumbList","@id":"https://www.dolomitiprealpi.it/de/event/gli-archivi-di-montagna-raccontano-il-parco/#breadcrumb","itemListElement":[{"@type":"ListItem","position":1,"name":"Home","item":"https://www.dolomitiprealpi.it/de/"},{"@type":"ListItem","position":2,"name":"Veranstaltungen","item":"https://www.dolomitiprealpi.it/de/events/"},{"@type":"ListItem","position":3,"name":"Gli archivi di montagna raccontano il Parco"}]},{"@type":"WebSite","@id":"https://www.dolomitiprealpi.it/de/#website","url":"https://www.dolomitiprealpi.it/de/","name":"Dolomiti Prealpi","description":"","publisher":{"@id":"https://www.dolomitiprealpi.it/de/#organization"},"potentialAction":[{"@type":"SearchAction","target":{"@type":"EntryPoint","urlTemplate":"https://www.dolomitiprealpi.it/de/?s={search_term_string}"},"query-input":{"@type":"PropertyValueSpecification","valueRequired":true,"valueName":"search_term_string"}}],"inLanguage":"de-DE"},{"@type":"Organization","@id":"https://www.dolomitiprealpi.it/de/#organization","name":"Consorzio Dolomiti Prealpi","url":"https://www.dolomitiprealpi.it/de/","logo":{"@type":"ImageObject","inLanguage":"de-DE","@id":"https://www.dolomitiprealpi.it/de/#/schema/logo/image/","url":"https://www.dolomitiprealpi.it/wp-content/uploads/2023/03/dolomitiprealpi-favicon.jpg","contentUrl":"https://www.dolomitiprealpi.it/wp-content/uploads/2023/03/dolomitiprealpi-favicon.jpg","width":512,"height":512,"caption":"Consorzio Dolomiti Prealpi"},"image":{"@id":"https://www.dolomitiprealpi.it/de/#/schema/logo/image/"},"sameAs":["https://www.facebook.com/dolomitiprealpi.it/","https://www.instagram.com/dolomitiprealpi/"]}]}</script>
<!-- / Yoast SEO plugin. -->

Alle Veranstaltungen von Oltre Le Vette sind kostenlos mit freiwilliger und bewusster Spende.Eine Reservierung wird immer empfohlen und in einigen Fällen ist sie verpflichtend, wo im Programm angegebenDie Plätze können
