{"id":98295,"date":"2026-04-17T12:54:27","date_gmt":"2026-04-17T10:54:27","guid":{"rendered":"https:\/\/www.dolomitiprealpi.it\/event\/ti-guido-verso-un-parco-accessibile-a-tutti\/"},"modified":"2026-04-23T17:41:29","modified_gmt":"2026-04-23T15:41:29","slug":"ti-guido-verso-un-parco-accessibile-a-tutti","status":"publish","type":"tribe_events","link":"https:\/\/www.dolomitiprealpi.it\/de\/event\/ti-guido-verso-un-parco-accessibile-a-tutti\/","title":{"rendered":"Ti guido &#8211; verso un Parco accessibile a tutti"},"content":{"rendered":"<p>Alle Veranstaltungen von Oltre Le Vette sind <b>kostenlos mit freiwilliger und bewusster Spende<\/b>.<br \/>Eine <b>Reservierung wird immer empfohlen<\/b> und in einigen F\u00e4llen ist sie verpflichtend, wo im Programm angegeben<br \/>Die Pl\u00e4tze k\u00f6nnen \u00fcber folgenden Link reserviert werden: <b>www.eventbrite.it<\/b><\/p>\n<p>Kommen Sie zu &#8220;Oltre Le Vette&#8221; vom 9. bis 18. Januar 2026. Das Thema der 29. Auflage lautet &#8220;Schnee?&#8221;. Ein reichhaltiges Veranstaltungsprogramm erwartet Sie!<\/p>\n<p>Am Montag, den 12. Januar um 18:00 Uhr, findet im Palazzo Crepadona die Pr\u00e4sentation des AIDP- und PNDB-Projekts &#8220;<b>Ich begleite dich &#8211; zu einem f\u00fcr alle zug\u00e4nglichen Park<\/b>&#8221; statt.<\/p>\n<p>Das Projekt wurde von der Sektion Belluno der AIPD (<b><b>Italienische Vereinigung f\u00fcr Menschen mit Down-Syndrom<\/b><\/b>) in Zusammenarbeit mit dem <b><b>Nationalpark Dolomiten von Belluno<\/b><\/b> im Rahmen der <b><b>Europ\u00e4ische Charta f\u00fcr nachhaltigen Tourismus<\/b><\/b> konzipiert. Nachdem die zug\u00e4nglichen Wege im Gebiet kartiert wurden (beschrieben in einem gedruckten F\u00fchrer auf Italienisch und Englisch), hat die AIPD Belluno in den letzten vier Jahren junge Menschen mit Down-Syndrom aus ganz Italien empfangen und sie auf Entdeckungsreise durch die Dolomiten von Belluno begleitet.<\/p>\n<p>Was ist neu? Es ist der \u00dcbergang vom einfachen Anpassung bestehender touristischer Angebote f\u00fcr Menschen mit intellektuellen Behinderungen zur direkten Einbeziehung dieser Personen in die Organisation und Durchf\u00fchrung touristischer Aktivit\u00e4ten: nicht mehr einfache Nutzer, sondern aktive Protagonisten.<\/p>\n<p>Die Reservierung wird \u00fcber den folgenden Link empfohlen: <a href=\"https:\/\/www.eventbrite.it\/e\/olv-presentazione-progetto-ti-guido-verso-un-parco-accessibile-a-tutti-tickets-1977987689425?aff=ebdsoporgprofile&amp;_gl=1*128yq03*_up*MQ..*_ga*MjA4NzUzNjIwOS4xNzY3NDUzMDI0*_ga_TQVES5V6SH*czE3Njc0NTMwMjQkbzEkZzAkdDE3Njc0NTMwMjQkajYwJGwwJGgw\">www.eventbrite.com<\/a><\/p>\n<p>Pr\u00e4sentation des Projekts AIPD und PNDB<\/p>\n","protected":false},"excerpt":{"rendered":"<p>Alle Veranstaltungen von Oltre Le Vette sind kostenlos mit freiwilliger und bewusster Spende.Eine Reservierung wird immer empfohlen und in einigen F\u00e4llen ist sie verpflichtend, wo im Programm angegebenDie Pl\u00e4tze k\u00f6nnen<\/p>\n","protected":false},"author":0,"featured_media":0,"template":"","meta":{"_acf_changed":false,"inline_featured_image":false,"_tribe_events_status":"","_tribe_events_status_reason":"","footnotes":""},"tags":[259],"tribe_events_cat":[],"class_list":["post-98295","tribe_events","type-tribe_events","status-publish","hentry","tag-eventi-feratel"],"acf":[],"yoast_head":"<!-- This site is optimized with the Yoast SEO plugin v25.7 - https:\/\/yoast.com\/wordpress\/plugins\/seo\/ -->\n<title>Ti guido - verso un Parco accessibile a tutti - Dolomiti Prealpi<\/title>\n<meta name=\"robots\" content=\"index, follow, max-snippet:-1, max-image-preview:large, max-video-preview:-1\" \/>\n<link rel=\"canonical\" href=\"https:\/\/www.dolomitiprealpi.it\/de\/event\/ti-guido-verso-un-parco-accessibile-a-tutti\/\" \/>\n<meta property=\"og:locale\" content=\"de_DE\" \/>\n<meta property=\"og:type\" content=\"article\" \/>\n<meta property=\"og:title\" content=\"Ti guido - verso un Parco accessibile a tutti - Dolomiti Prealpi\" \/>\n<meta property=\"og:description\" content=\"Alle Veranstaltungen von Oltre Le Vette sind kostenlos mit freiwilliger und bewusster Spende.Eine Reservierung wird immer empfohlen und in einigen F\u00e4llen ist sie verpflichtend, wo im Programm angegebenDie Pl\u00e4tze k\u00f6nnen\" \/>\n<meta property=\"og:url\" content=\"https:\/\/www.dolomitiprealpi.it\/de\/event\/ti-guido-verso-un-parco-accessibile-a-tutti\/\" \/>\n<meta property=\"og:site_name\" content=\"Dolomiti Prealpi\" \/>\n<meta property=\"article:publisher\" content=\"https:\/\/www.facebook.com\/dolomitiprealpi.it\/\" \/>\n<meta property=\"article:modified_time\" content=\"2026-04-23T15:41:29+00:00\" \/>\n<meta property=\"og:image\" content=\"https:\/\/www.dolomitiprealpi.it\/wp-content\/uploads\/2022\/11\/C.-Timpone-Foto-archivio-Consorzio-turistico-Dolomiti-Prealpi-Nevegal-Belluno-Bike-18-2.jpg\" \/>\n\t<meta property=\"og:image:width\" content=\"2048\" \/>\n\t<meta property=\"og:image:height\" content=\"1888\" \/>\n\t<meta property=\"og:image:type\" content=\"image\/jpeg\" \/>\n<meta name=\"twitter:card\" content=\"summary_large_image\" \/>\n<meta name=\"twitter:label1\" content=\"Est. reading time\" \/>\n\t<meta name=\"twitter:data1\" content=\"1 minute\" \/>\n<script type=\"application\/ld+json\" class=\"yoast-schema-graph\">{\"@context\":\"https:\/\/schema.org\",\"@graph\":[{\"@type\":\"WebPage\",\"@id\":\"https:\/\/www.dolomitiprealpi.it\/de\/event\/ti-guido-verso-un-parco-accessibile-a-tutti\/\",\"url\":\"https:\/\/www.dolomitiprealpi.it\/de\/event\/ti-guido-verso-un-parco-accessibile-a-tutti\/\",\"name\":\"Ti guido - verso un Parco accessibile a tutti - Dolomiti Prealpi\",\"isPartOf\":{\"@id\":\"https:\/\/www.dolomitiprealpi.it\/de\/#website\"},\"datePublished\":\"2026-04-17T10:54:27+00:00\",\"dateModified\":\"2026-04-23T15:41:29+00:00\",\"breadcrumb\":{\"@id\":\"https:\/\/www.dolomitiprealpi.it\/de\/event\/ti-guido-verso-un-parco-accessibile-a-tutti\/#breadcrumb\"},\"inLanguage\":\"de-DE\",\"potentialAction\":[{\"@type\":\"ReadAction\",\"target\":[\"https:\/\/www.dolomitiprealpi.it\/de\/event\/ti-guido-verso-un-parco-accessibile-a-tutti\/\"]}]},{\"@type\":\"BreadcrumbList\",\"@id\":\"https:\/\/www.dolomitiprealpi.it\/de\/event\/ti-guido-verso-un-parco-accessibile-a-tutti\/#breadcrumb\",\"itemListElement\":[{\"@type\":\"ListItem\",\"position\":1,\"name\":\"Home\",\"item\":\"https:\/\/www.dolomitiprealpi.it\/de\/\"},{\"@type\":\"ListItem\",\"position\":2,\"name\":\"Veranstaltungen\",\"item\":\"https:\/\/www.dolomitiprealpi.it\/de\/events\/\"},{\"@type\":\"ListItem\",\"position\":3,\"name\":\"Ti guido &#8211; verso un Parco accessibile a tutti\"}]},{\"@type\":\"WebSite\",\"@id\":\"https:\/\/www.dolomitiprealpi.it\/de\/#website\",\"url\":\"https:\/\/www.dolomitiprealpi.it\/de\/\",\"name\":\"Dolomiti Prealpi\",\"description\":\"\",\"publisher\":{\"@id\":\"https:\/\/www.dolomitiprealpi.it\/de\/#organization\"},\"potentialAction\":[{\"@type\":\"SearchAction\",\"target\":{\"@type\":\"EntryPoint\",\"urlTemplate\":\"https:\/\/www.dolomitiprealpi.it\/de\/?s={search_term_string}\"},\"query-input\":{\"@type\":\"PropertyValueSpecification\",\"valueRequired\":true,\"valueName\":\"search_term_string\"}}],\"inLanguage\":\"de-DE\"},{\"@type\":\"Organization\",\"@id\":\"https:\/\/www.dolomitiprealpi.it\/de\/#organization\",\"name\":\"Consorzio Dolomiti Prealpi\",\"url\":\"https:\/\/www.dolomitiprealpi.it\/de\/\",\"logo\":{\"@type\":\"ImageObject\",\"inLanguage\":\"de-DE\",\"@id\":\"https:\/\/www.dolomitiprealpi.it\/de\/#\/schema\/logo\/image\/\",\"url\":\"https:\/\/www.dolomitiprealpi.it\/wp-content\/uploads\/2023\/03\/dolomitiprealpi-favicon.jpg\",\"contentUrl\":\"https:\/\/www.dolomitiprealpi.it\/wp-content\/uploads\/2023\/03\/dolomitiprealpi-favicon.jpg\",\"width\":512,\"height\":512,\"caption\":\"Consorzio Dolomiti Prealpi\"},\"image\":{\"@id\":\"https:\/\/www.dolomitiprealpi.it\/de\/#\/schema\/logo\/image\/\"},\"sameAs\":[\"https:\/\/www.facebook.com\/dolomitiprealpi.it\/\",\"https:\/\/www.instagram.com\/dolomitiprealpi\/\"]}]}<\/script>\n<!-- \/ Yoast SEO plugin. -->","yoast_head_json":{"title":"Ti guido - verso un Parco accessibile a tutti - Dolomiti Prealpi","robots":{"index":"index","follow":"follow","max-snippet":"max-snippet:-1","max-image-preview":"max-image-preview:large","max-video-preview":"max-video-preview:-1"},"canonical":"https:\/\/www.dolomitiprealpi.it\/de\/event\/ti-guido-verso-un-parco-accessibile-a-tutti\/","og_locale":"de_DE","og_type":"article","og_title":"Ti guido - verso un Parco accessibile a tutti - Dolomiti Prealpi","og_description":"Alle Veranstaltungen von Oltre Le Vette sind kostenlos mit freiwilliger und bewusster Spende.Eine Reservierung wird immer empfohlen und in einigen F\u00e4llen ist sie verpflichtend, wo im Programm angegebenDie Pl\u00e4tze k\u00f6nnen","og_url":"https:\/\/www.dolomitiprealpi.it\/de\/event\/ti-guido-verso-un-parco-accessibile-a-tutti\/","og_site_name":"Dolomiti Prealpi","article_publisher":"https:\/\/www.facebook.com\/dolomitiprealpi.it\/","article_modified_time":"2026-04-23T15:41:29+00:00","og_image":[{"width":2048,"height":1888,"url":"https:\/\/www.dolomitiprealpi.it\/wp-content\/uploads\/2022\/11\/C.-Timpone-Foto-archivio-Consorzio-turistico-Dolomiti-Prealpi-Nevegal-Belluno-Bike-18-2.jpg","type":"image\/jpeg"}],"twitter_card":"summary_large_image","twitter_misc":{"Est. reading time":"1 minute"},"schema":{"@context":"https:\/\/schema.org","@graph":[{"@type":"WebPage","@id":"https:\/\/www.dolomitiprealpi.it\/de\/event\/ti-guido-verso-un-parco-accessibile-a-tutti\/","url":"https:\/\/www.dolomitiprealpi.it\/de\/event\/ti-guido-verso-un-parco-accessibile-a-tutti\/","name":"Ti guido - verso un Parco accessibile a tutti - Dolomiti Prealpi","isPartOf":{"@id":"https:\/\/www.dolomitiprealpi.it\/de\/#website"},"datePublished":"2026-04-17T10:54:27+00:00","dateModified":"2026-04-23T15:41:29+00:00","breadcrumb":{"@id":"https:\/\/www.dolomitiprealpi.it\/de\/event\/ti-guido-verso-un-parco-accessibile-a-tutti\/#breadcrumb"},"inLanguage":"de-DE","potentialAction":[{"@type":"ReadAction","target":["https:\/\/www.dolomitiprealpi.it\/de\/event\/ti-guido-verso-un-parco-accessibile-a-tutti\/"]}]},{"@type":"BreadcrumbList","@id":"https:\/\/www.dolomitiprealpi.it\/de\/event\/ti-guido-verso-un-parco-accessibile-a-tutti\/#breadcrumb","itemListElement":[{"@type":"ListItem","position":1,"name":"Home","item":"https:\/\/www.dolomitiprealpi.it\/de\/"},{"@type":"ListItem","position":2,"name":"Veranstaltungen","item":"https:\/\/www.dolomitiprealpi.it\/de\/events\/"},{"@type":"ListItem","position":3,"name":"Ti guido &#8211; verso un Parco accessibile a tutti"}]},{"@type":"WebSite","@id":"https:\/\/www.dolomitiprealpi.it\/de\/#website","url":"https:\/\/www.dolomitiprealpi.it\/de\/","name":"Dolomiti Prealpi","description":"","publisher":{"@id":"https:\/\/www.dolomitiprealpi.it\/de\/#organization"},"potentialAction":[{"@type":"SearchAction","target":{"@type":"EntryPoint","urlTemplate":"https:\/\/www.dolomitiprealpi.it\/de\/?s={search_term_string}"},"query-input":{"@type":"PropertyValueSpecification","valueRequired":true,"valueName":"search_term_string"}}],"inLanguage":"de-DE"},{"@type":"Organization","@id":"https:\/\/www.dolomitiprealpi.it\/de\/#organization","name":"Consorzio Dolomiti Prealpi","url":"https:\/\/www.dolomitiprealpi.it\/de\/","logo":{"@type":"ImageObject","inLanguage":"de-DE","@id":"https:\/\/www.dolomitiprealpi.it\/de\/#\/schema\/logo\/image\/","url":"https:\/\/www.dolomitiprealpi.it\/wp-content\/uploads\/2023\/03\/dolomitiprealpi-favicon.jpg","contentUrl":"https:\/\/www.dolomitiprealpi.it\/wp-content\/uploads\/2023\/03\/dolomitiprealpi-favicon.jpg","width":512,"height":512,"caption":"Consorzio Dolomiti Prealpi"},"image":{"@id":"https:\/\/www.dolomitiprealpi.it\/de\/#\/schema\/logo\/image\/"},"sameAs":["https:\/\/www.facebook.com\/dolomitiprealpi.it\/","https:\/\/www.instagram.com\/dolomitiprealpi\/"]}]}},"_links":{"self":[{"href":"https:\/\/www.dolomitiprealpi.it\/de\/wp-json\/wp\/v2\/tribe_events\/98295","targetHints":{"allow":["GET"]}}],"collection":[{"href":"https:\/\/www.dolomitiprealpi.it\/de\/wp-json\/wp\/v2\/tribe_events"}],"about":[{"href":"https:\/\/www.dolomitiprealpi.it\/de\/wp-json\/wp\/v2\/types\/tribe_events"}],"version-history":[{"count":1,"href":"https:\/\/www.dolomitiprealpi.it\/de\/wp-json\/wp\/v2\/tribe_events\/98295\/revisions"}],"predecessor-version":[{"id":98764,"href":"https:\/\/www.dolomitiprealpi.it\/de\/wp-json\/wp\/v2\/tribe_events\/98295\/revisions\/98764"}],"wp:attachment":[{"href":"https:\/\/www.dolomitiprealpi.it\/de\/wp-json\/wp\/v2\/media?parent=98295"}],"wp:term":[{"taxonomy":"post_tag","embeddable":true,"href":"https:\/\/www.dolomitiprealpi.it\/de\/wp-json\/wp\/v2\/tags?post=98295"},{"taxonomy":"tribe_events_cat","embeddable":true,"href":"https:\/\/www.dolomitiprealpi.it\/de\/wp-json\/wp\/v2\/tribe_events_cat?post=98295"}],"curies":[{"name":"wp","href":"https:\/\/api.w.org\/{rel}","templated":true}]}}

<p>Alle Veranstaltungen von Oltre Le Vette sind <b>kostenlos mit freiwilliger und bewusster Spende</b>.<br />Eine <b>Reservierung wird immer empfohlen</b> und in einigen Fällen ist sie verpflichtend, wo im Programm angegeben<br />Die Plätze können über folgenden Link reserviert werden: <b>www.eventbrite.it</b></p>
<p>Kommen Sie zu &#8220;Oltre Le Vette&#8221; vom 9. bis 18. Januar 2026. Das Thema der 29. Auflage lautet &#8220;Schnee?&#8221;. Ein reichhaltiges Veranstaltungsprogramm erwartet Sie!</p>
<p>Am Montag, den 12. Januar um 18:00 Uhr, findet im Palazzo Crepadona die Präsentation des AIDP- und PNDB-Projekts &#8220;<b>Ich begleite dich &#8211; zu einem für alle zugänglichen Park</b>&#8221; statt.</p>
<p>Das Projekt wurde von der Sektion Belluno der AIPD (<b><b>Italienische Vereinigung für Menschen mit Down-Syndrom</b></b>) in Zusammenarbeit mit dem <b><b>Nationalpark Dolomiten von Belluno</b></b> im Rahmen der <b><b>Europäische Charta für nachhaltigen Tourismus</b></b> konzipiert. Nachdem die zugänglichen Wege im Gebiet kartiert wurden (beschrieben in einem gedruckten Führer auf Italienisch und Englisch), hat die AIPD Belluno in den letzten vier Jahren junge Menschen mit Down-Syndrom aus ganz Italien empfangen und sie auf Entdeckungsreise durch die Dolomiten von Belluno begleitet.</p>
<p>Was ist neu? Es ist der Übergang vom einfachen Anpassung bestehender touristischer Angebote für Menschen mit intellektuellen Behinderungen zur direkten Einbeziehung dieser Personen in die Organisation und Durchführung touristischer Aktivitäten: nicht mehr einfache Nutzer, sondern aktive Protagonisten.</p>
<p>Die Reservierung wird über den folgenden Link empfohlen: <a href="https://www.eventbrite.it/e/olv-presentazione-progetto-ti-guido-verso-un-parco-accessibile-a-tutti-tickets-1977987689425?aff=ebdsoporgprofile&amp;_gl=1*128yq03*_up*MQ..*_ga*MjA4NzUzNjIwOS4xNzY3NDUzMDI0*_ga_TQVES5V6SH*czE3Njc0NTMwMjQkbzEkZzAkdDE3Njc0NTMwMjQkajYwJGwwJGgw">www.eventbrite.com</a></p>
<p>Präsentation des Projekts AIPD und PNDB</p>

<p>Alle Veranstaltungen von Oltre Le Vette sind kostenlos mit freiwilliger und bewusster Spende.Eine Reservierung wird immer empfohlen und in einigen Fällen ist sie verpflichtend, wo im Programm angegebenDie Plätze können</p>

<!-- This site is optimized with the Yoast SEO plugin v25.7 - https://yoast.com/wordpress/plugins/seo/ -->
<title>Ti guido - verso un Parco accessibile a tutti - Dolomiti Prealpi</title>
<meta name="robots" content="index, follow, max-snippet:-1, max-image-preview:large, max-video-preview:-1" />
<link rel="canonical" href="https://www.dolomitiprealpi.it/de/event/ti-guido-verso-un-parco-accessibile-a-tutti/" />
<meta property="og:locale" content="de_DE" />
<meta property="og:type" content="article" />
<meta property="og:title" content="Ti guido - verso un Parco accessibile a tutti - Dolomiti Prealpi" />
<meta property="og:description" content="Alle Veranstaltungen von Oltre Le Vette sind kostenlos mit freiwilliger und bewusster Spende.Eine Reservierung wird immer empfohlen und in einigen Fällen ist sie verpflichtend, wo im Programm angegebenDie Plätze können" />
<meta property="og:url" content="https://www.dolomitiprealpi.it/de/event/ti-guido-verso-un-parco-accessibile-a-tutti/" />
<meta property="og:site_name" content="Dolomiti Prealpi" />
<meta property="article:publisher" content="https://www.facebook.com/dolomitiprealpi.it/" />
<meta property="article:modified_time" content="2026-04-23T15:41:29+00:00" />
<meta property="og:image" content="https://www.dolomitiprealpi.it/wp-content/uploads/2022/11/C.-Timpone-Foto-archivio-Consorzio-turistico-Dolomiti-Prealpi-Nevegal-Belluno-Bike-18-2.jpg" />
	<meta property="og:image:width" content="2048" />
	<meta property="og:image:height" content="1888" />
	<meta property="og:image:type" content="image/jpeg" />
<meta name="twitter:card" content="summary_large_image" />
<meta name="twitter:label1" content="Est. reading time" />
	<meta name="twitter:data1" content="1 minute" />
<script type="application/ld+json" class="yoast-schema-graph">{"@context":"https://schema.org","@graph":[{"@type":"WebPage","@id":"https://www.dolomitiprealpi.it/de/event/ti-guido-verso-un-parco-accessibile-a-tutti/","url":"https://www.dolomitiprealpi.it/de/event/ti-guido-verso-un-parco-accessibile-a-tutti/","name":"Ti guido - verso un Parco accessibile a tutti - Dolomiti Prealpi","isPartOf":{"@id":"https://www.dolomitiprealpi.it/de/#website"},"datePublished":"2026-04-17T10:54:27+00:00","dateModified":"2026-04-23T15:41:29+00:00","breadcrumb":{"@id":"https://www.dolomitiprealpi.it/de/event/ti-guido-verso-un-parco-accessibile-a-tutti/#breadcrumb"},"inLanguage":"de-DE","potentialAction":[{"@type":"ReadAction","target":["https://www.dolomitiprealpi.it/de/event/ti-guido-verso-un-parco-accessibile-a-tutti/"]}]},{"@type":"BreadcrumbList","@id":"https://www.dolomitiprealpi.it/de/event/ti-guido-verso-un-parco-accessibile-a-tutti/#breadcrumb","itemListElement":[{"@type":"ListItem","position":1,"name":"Home","item":"https://www.dolomitiprealpi.it/de/"},{"@type":"ListItem","position":2,"name":"Veranstaltungen","item":"https://www.dolomitiprealpi.it/de/events/"},{"@type":"ListItem","position":3,"name":"Ti guido &#8211; verso un Parco accessibile a tutti"}]},{"@type":"WebSite","@id":"https://www.dolomitiprealpi.it/de/#website","url":"https://www.dolomitiprealpi.it/de/","name":"Dolomiti Prealpi","description":"","publisher":{"@id":"https://www.dolomitiprealpi.it/de/#organization"},"potentialAction":[{"@type":"SearchAction","target":{"@type":"EntryPoint","urlTemplate":"https://www.dolomitiprealpi.it/de/?s={search_term_string}"},"query-input":{"@type":"PropertyValueSpecification","valueRequired":true,"valueName":"search_term_string"}}],"inLanguage":"de-DE"},{"@type":"Organization","@id":"https://www.dolomitiprealpi.it/de/#organization","name":"Consorzio Dolomiti Prealpi","url":"https://www.dolomitiprealpi.it/de/","logo":{"@type":"ImageObject","inLanguage":"de-DE","@id":"https://www.dolomitiprealpi.it/de/#/schema/logo/image/","url":"https://www.dolomitiprealpi.it/wp-content/uploads/2023/03/dolomitiprealpi-favicon.jpg","contentUrl":"https://www.dolomitiprealpi.it/wp-content/uploads/2023/03/dolomitiprealpi-favicon.jpg","width":512,"height":512,"caption":"Consorzio Dolomiti Prealpi"},"image":{"@id":"https://www.dolomitiprealpi.it/de/#/schema/logo/image/"},"sameAs":["https://www.facebook.com/dolomitiprealpi.it/","https://www.instagram.com/dolomitiprealpi/"]}]}</script>
<!-- / Yoast SEO plugin. -->

Alle Veranstaltungen von Oltre Le Vette sind kostenlos mit freiwilliger und bewusster Spende.Eine Reservierung wird immer empfohlen und in einigen Fällen ist sie verpflichtend, wo im Programm angegebenDie Plätze können
