{"id":98184,"date":"2026-04-17T12:42:35","date_gmt":"2026-04-17T10:42:35","guid":{"rendered":"https:\/\/www.dolomitiprealpi.it\/event\/nevario-le-forme-della-neve\/"},"modified":"2026-04-23T17:30:38","modified_gmt":"2026-04-23T15:30:38","slug":"nevario-le-forme-della-neve","status":"publish","type":"tribe_events","link":"https:\/\/www.dolomitiprealpi.it\/de\/event\/nevario-le-forme-della-neve\/","title":{"rendered":"Nevario &#8211; Le forme della neve"},"content":{"rendered":"<p>Alle Veranstaltungen von Oltre Le Vette sind <b>kostenlos mit freiwilliger und bewusster Spende<\/b>.<br \/>Eine <b>Reservierung wird immer empfohlen<\/b> und in einigen F\u00e4llen ist sie verpflichtend, wo im Programm angegeben<br \/>Die Pl\u00e4tze k\u00f6nnen \u00fcber folgenden Link reserviert werden: <b>www.eventbrite.it<\/b><\/p>\n<p>Kehre zur\u00fcck \u00fcber die Gipfel, vom 9. bis 18. Januar 2026. Das Thema der 29. Ausgabe ist &#8220;Schnee?&#8221;. Ein reichhaltiges Veranstaltungsprogramm erwartet Sie!<\/p>\n<p>Am Dienstag, den 13. Januar um 18:00 Uhr, findet im Palazzo Crepadona die Buchvorstellung von S. Zambello und S. Zanella &#8220;<b>Nevario &#8211; Die Formen des Schnees<\/b>&#8221; statt.<\/p>\n<p>Pulverig und weich oder nass und schwer: Der Schnee erz\u00e4hlt seine Geschichten durch die Mikrostruktur und die Dichte seiner Flocken. Dies sind die unverzichtbaren Faktoren f\u00fcr die Bildung der Schneedecke, das nat\u00fcrliche Ph\u00e4nomen, das verbergen und offenbaren, bedecken und einen Landschaft so verwandeln kann, dass sie zum Kunstwerk wird. <\/p>\n<p>Von Calder bis Andersen, von Turner bis Herdeg, \u00fcber Debussy, Der Schneemann und vieles mehr: um leicht im perfekten Gleichgewicht von Wissenschaft und Poesie zu gleiten, zwischen der schwerelosen Leichtigkeit der Flocken, der Kraft von Lawinen und St\u00fcrmen und der absoluten Unbeweglichkeit von dem, was die Schneedecke ewig macht.<\/p>\n<p>Realisiert in Zusammenarbeit mit dem Lawinenzentrum von Arabba.<\/p>\n<p>Einf\u00fchrung&nbsp;<b><b>Valeria Benni.<\/b><\/b><\/p>\n<p>Reservierung wird unter folgendem Link empfohlen: <a href=\"https:\/\/www.eventbrite.it\/e\/olv-presentazione-del-libro-nevario-le-forme-della-neve-tickets-1977992412552?aff=ebdsoporgprofile&amp;_gl=1*xneagq*_up*MQ..*_ga*MjA4NzUzNjIwOS4xNzY3NDUzMDI0*_ga_TQVES5V6SH*czE3Njc0NTMwMjQkbzEkZzAkdDE3Njc0NTMwMjQkajYwJGwwJGgw\">www.eventbrite.com<\/a><\/p>\n<p>Pr\u00e4sentation des Buches von D. Zambello und S. Zanella<\/p>\n","protected":false},"excerpt":{"rendered":"<p>Alle Veranstaltungen von Oltre Le Vette sind kostenlos mit freiwilliger und bewusster Spende.Eine Reservierung wird immer empfohlen und in einigen F\u00e4llen ist sie verpflichtend, wo im Programm angegebenDie Pl\u00e4tze k\u00f6nnen<\/p>\n","protected":false},"author":0,"featured_media":0,"template":"","meta":{"_acf_changed":false,"inline_featured_image":false,"_tribe_events_status":"","_tribe_events_status_reason":"","footnotes":""},"tags":[259],"tribe_events_cat":[],"class_list":["post-98184","tribe_events","type-tribe_events","status-publish","hentry","tag-eventi-feratel"],"acf":[],"yoast_head":"<!-- This site is optimized with the Yoast SEO plugin v25.7 - https:\/\/yoast.com\/wordpress\/plugins\/seo\/ -->\n<title>Nevario - Le forme della neve - Dolomiti Prealpi<\/title>\n<meta name=\"robots\" content=\"index, follow, max-snippet:-1, max-image-preview:large, max-video-preview:-1\" \/>\n<link rel=\"canonical\" href=\"https:\/\/www.dolomitiprealpi.it\/de\/event\/nevario-le-forme-della-neve\/\" \/>\n<meta property=\"og:locale\" content=\"de_DE\" \/>\n<meta property=\"og:type\" content=\"article\" \/>\n<meta property=\"og:title\" content=\"Nevario - Le forme della neve - Dolomiti Prealpi\" \/>\n<meta property=\"og:description\" content=\"Alle Veranstaltungen von Oltre Le Vette sind kostenlos mit freiwilliger und bewusster Spende.Eine Reservierung wird immer empfohlen und in einigen F\u00e4llen ist sie verpflichtend, wo im Programm angegebenDie Pl\u00e4tze k\u00f6nnen\" \/>\n<meta property=\"og:url\" content=\"https:\/\/www.dolomitiprealpi.it\/de\/event\/nevario-le-forme-della-neve\/\" \/>\n<meta property=\"og:site_name\" content=\"Dolomiti Prealpi\" \/>\n<meta property=\"article:publisher\" content=\"https:\/\/www.facebook.com\/dolomitiprealpi.it\/\" \/>\n<meta property=\"article:modified_time\" content=\"2026-04-23T15:30:38+00:00\" \/>\n<meta property=\"og:image\" content=\"https:\/\/www.dolomitiprealpi.it\/wp-content\/uploads\/2022\/11\/C.-Timpone-Foto-archivio-Consorzio-turistico-Dolomiti-Prealpi-Nevegal-Belluno-Bike-18-2.jpg\" \/>\n\t<meta property=\"og:image:width\" content=\"2048\" \/>\n\t<meta property=\"og:image:height\" content=\"1888\" \/>\n\t<meta property=\"og:image:type\" content=\"image\/jpeg\" \/>\n<meta name=\"twitter:card\" content=\"summary_large_image\" \/>\n<meta name=\"twitter:label1\" content=\"Est. reading time\" \/>\n\t<meta name=\"twitter:data1\" content=\"1 minute\" \/>\n<script type=\"application\/ld+json\" class=\"yoast-schema-graph\">{\"@context\":\"https:\/\/schema.org\",\"@graph\":[{\"@type\":\"WebPage\",\"@id\":\"https:\/\/www.dolomitiprealpi.it\/de\/event\/nevario-le-forme-della-neve\/\",\"url\":\"https:\/\/www.dolomitiprealpi.it\/de\/event\/nevario-le-forme-della-neve\/\",\"name\":\"Nevario - Le forme della neve - Dolomiti Prealpi\",\"isPartOf\":{\"@id\":\"https:\/\/www.dolomitiprealpi.it\/de\/#website\"},\"datePublished\":\"2026-04-17T10:42:35+00:00\",\"dateModified\":\"2026-04-23T15:30:38+00:00\",\"breadcrumb\":{\"@id\":\"https:\/\/www.dolomitiprealpi.it\/de\/event\/nevario-le-forme-della-neve\/#breadcrumb\"},\"inLanguage\":\"de-DE\",\"potentialAction\":[{\"@type\":\"ReadAction\",\"target\":[\"https:\/\/www.dolomitiprealpi.it\/de\/event\/nevario-le-forme-della-neve\/\"]}]},{\"@type\":\"BreadcrumbList\",\"@id\":\"https:\/\/www.dolomitiprealpi.it\/de\/event\/nevario-le-forme-della-neve\/#breadcrumb\",\"itemListElement\":[{\"@type\":\"ListItem\",\"position\":1,\"name\":\"Home\",\"item\":\"https:\/\/www.dolomitiprealpi.it\/de\/\"},{\"@type\":\"ListItem\",\"position\":2,\"name\":\"Veranstaltungen\",\"item\":\"https:\/\/www.dolomitiprealpi.it\/de\/events\/\"},{\"@type\":\"ListItem\",\"position\":3,\"name\":\"Nevario &#8211; Le forme della neve\"}]},{\"@type\":\"WebSite\",\"@id\":\"https:\/\/www.dolomitiprealpi.it\/de\/#website\",\"url\":\"https:\/\/www.dolomitiprealpi.it\/de\/\",\"name\":\"Dolomiti Prealpi\",\"description\":\"\",\"publisher\":{\"@id\":\"https:\/\/www.dolomitiprealpi.it\/de\/#organization\"},\"potentialAction\":[{\"@type\":\"SearchAction\",\"target\":{\"@type\":\"EntryPoint\",\"urlTemplate\":\"https:\/\/www.dolomitiprealpi.it\/de\/?s={search_term_string}\"},\"query-input\":{\"@type\":\"PropertyValueSpecification\",\"valueRequired\":true,\"valueName\":\"search_term_string\"}}],\"inLanguage\":\"de-DE\"},{\"@type\":\"Organization\",\"@id\":\"https:\/\/www.dolomitiprealpi.it\/de\/#organization\",\"name\":\"Consorzio Dolomiti Prealpi\",\"url\":\"https:\/\/www.dolomitiprealpi.it\/de\/\",\"logo\":{\"@type\":\"ImageObject\",\"inLanguage\":\"de-DE\",\"@id\":\"https:\/\/www.dolomitiprealpi.it\/de\/#\/schema\/logo\/image\/\",\"url\":\"https:\/\/www.dolomitiprealpi.it\/wp-content\/uploads\/2023\/03\/dolomitiprealpi-favicon.jpg\",\"contentUrl\":\"https:\/\/www.dolomitiprealpi.it\/wp-content\/uploads\/2023\/03\/dolomitiprealpi-favicon.jpg\",\"width\":512,\"height\":512,\"caption\":\"Consorzio Dolomiti Prealpi\"},\"image\":{\"@id\":\"https:\/\/www.dolomitiprealpi.it\/de\/#\/schema\/logo\/image\/\"},\"sameAs\":[\"https:\/\/www.facebook.com\/dolomitiprealpi.it\/\",\"https:\/\/www.instagram.com\/dolomitiprealpi\/\"]}]}<\/script>\n<!-- \/ Yoast SEO plugin. -->","yoast_head_json":{"title":"Nevario - Le forme della neve - Dolomiti Prealpi","robots":{"index":"index","follow":"follow","max-snippet":"max-snippet:-1","max-image-preview":"max-image-preview:large","max-video-preview":"max-video-preview:-1"},"canonical":"https:\/\/www.dolomitiprealpi.it\/de\/event\/nevario-le-forme-della-neve\/","og_locale":"de_DE","og_type":"article","og_title":"Nevario - Le forme della neve - Dolomiti Prealpi","og_description":"Alle Veranstaltungen von Oltre Le Vette sind kostenlos mit freiwilliger und bewusster Spende.Eine Reservierung wird immer empfohlen und in einigen F\u00e4llen ist sie verpflichtend, wo im Programm angegebenDie Pl\u00e4tze k\u00f6nnen","og_url":"https:\/\/www.dolomitiprealpi.it\/de\/event\/nevario-le-forme-della-neve\/","og_site_name":"Dolomiti Prealpi","article_publisher":"https:\/\/www.facebook.com\/dolomitiprealpi.it\/","article_modified_time":"2026-04-23T15:30:38+00:00","og_image":[{"width":2048,"height":1888,"url":"https:\/\/www.dolomitiprealpi.it\/wp-content\/uploads\/2022\/11\/C.-Timpone-Foto-archivio-Consorzio-turistico-Dolomiti-Prealpi-Nevegal-Belluno-Bike-18-2.jpg","type":"image\/jpeg"}],"twitter_card":"summary_large_image","twitter_misc":{"Est. reading time":"1 minute"},"schema":{"@context":"https:\/\/schema.org","@graph":[{"@type":"WebPage","@id":"https:\/\/www.dolomitiprealpi.it\/de\/event\/nevario-le-forme-della-neve\/","url":"https:\/\/www.dolomitiprealpi.it\/de\/event\/nevario-le-forme-della-neve\/","name":"Nevario - Le forme della neve - Dolomiti Prealpi","isPartOf":{"@id":"https:\/\/www.dolomitiprealpi.it\/de\/#website"},"datePublished":"2026-04-17T10:42:35+00:00","dateModified":"2026-04-23T15:30:38+00:00","breadcrumb":{"@id":"https:\/\/www.dolomitiprealpi.it\/de\/event\/nevario-le-forme-della-neve\/#breadcrumb"},"inLanguage":"de-DE","potentialAction":[{"@type":"ReadAction","target":["https:\/\/www.dolomitiprealpi.it\/de\/event\/nevario-le-forme-della-neve\/"]}]},{"@type":"BreadcrumbList","@id":"https:\/\/www.dolomitiprealpi.it\/de\/event\/nevario-le-forme-della-neve\/#breadcrumb","itemListElement":[{"@type":"ListItem","position":1,"name":"Home","item":"https:\/\/www.dolomitiprealpi.it\/de\/"},{"@type":"ListItem","position":2,"name":"Veranstaltungen","item":"https:\/\/www.dolomitiprealpi.it\/de\/events\/"},{"@type":"ListItem","position":3,"name":"Nevario &#8211; Le forme della neve"}]},{"@type":"WebSite","@id":"https:\/\/www.dolomitiprealpi.it\/de\/#website","url":"https:\/\/www.dolomitiprealpi.it\/de\/","name":"Dolomiti Prealpi","description":"","publisher":{"@id":"https:\/\/www.dolomitiprealpi.it\/de\/#organization"},"potentialAction":[{"@type":"SearchAction","target":{"@type":"EntryPoint","urlTemplate":"https:\/\/www.dolomitiprealpi.it\/de\/?s={search_term_string}"},"query-input":{"@type":"PropertyValueSpecification","valueRequired":true,"valueName":"search_term_string"}}],"inLanguage":"de-DE"},{"@type":"Organization","@id":"https:\/\/www.dolomitiprealpi.it\/de\/#organization","name":"Consorzio Dolomiti Prealpi","url":"https:\/\/www.dolomitiprealpi.it\/de\/","logo":{"@type":"ImageObject","inLanguage":"de-DE","@id":"https:\/\/www.dolomitiprealpi.it\/de\/#\/schema\/logo\/image\/","url":"https:\/\/www.dolomitiprealpi.it\/wp-content\/uploads\/2023\/03\/dolomitiprealpi-favicon.jpg","contentUrl":"https:\/\/www.dolomitiprealpi.it\/wp-content\/uploads\/2023\/03\/dolomitiprealpi-favicon.jpg","width":512,"height":512,"caption":"Consorzio Dolomiti Prealpi"},"image":{"@id":"https:\/\/www.dolomitiprealpi.it\/de\/#\/schema\/logo\/image\/"},"sameAs":["https:\/\/www.facebook.com\/dolomitiprealpi.it\/","https:\/\/www.instagram.com\/dolomitiprealpi\/"]}]}},"_links":{"self":[{"href":"https:\/\/www.dolomitiprealpi.it\/de\/wp-json\/wp\/v2\/tribe_events\/98184","targetHints":{"allow":["GET"]}}],"collection":[{"href":"https:\/\/www.dolomitiprealpi.it\/de\/wp-json\/wp\/v2\/tribe_events"}],"about":[{"href":"https:\/\/www.dolomitiprealpi.it\/de\/wp-json\/wp\/v2\/types\/tribe_events"}],"version-history":[{"count":1,"href":"https:\/\/www.dolomitiprealpi.it\/de\/wp-json\/wp\/v2\/tribe_events\/98184\/revisions"}],"predecessor-version":[{"id":98633,"href":"https:\/\/www.dolomitiprealpi.it\/de\/wp-json\/wp\/v2\/tribe_events\/98184\/revisions\/98633"}],"wp:attachment":[{"href":"https:\/\/www.dolomitiprealpi.it\/de\/wp-json\/wp\/v2\/media?parent=98184"}],"wp:term":[{"taxonomy":"post_tag","embeddable":true,"href":"https:\/\/www.dolomitiprealpi.it\/de\/wp-json\/wp\/v2\/tags?post=98184"},{"taxonomy":"tribe_events_cat","embeddable":true,"href":"https:\/\/www.dolomitiprealpi.it\/de\/wp-json\/wp\/v2\/tribe_events_cat?post=98184"}],"curies":[{"name":"wp","href":"https:\/\/api.w.org\/{rel}","templated":true}]}}

<p>Alle Veranstaltungen von Oltre Le Vette sind <b>kostenlos mit freiwilliger und bewusster Spende</b>.<br />Eine <b>Reservierung wird immer empfohlen</b> und in einigen Fällen ist sie verpflichtend, wo im Programm angegeben<br />Die Plätze können über folgenden Link reserviert werden: <b>www.eventbrite.it</b></p>
<p>Kehre zurück über die Gipfel, vom 9. bis 18. Januar 2026. Das Thema der 29. Ausgabe ist &#8220;Schnee?&#8221;. Ein reichhaltiges Veranstaltungsprogramm erwartet Sie!</p>
<p>Am Dienstag, den 13. Januar um 18:00 Uhr, findet im Palazzo Crepadona die Buchvorstellung von S. Zambello und S. Zanella &#8220;<b>Nevario &#8211; Die Formen des Schnees</b>&#8221; statt.</p>
<p>Pulverig und weich oder nass und schwer: Der Schnee erzählt seine Geschichten durch die Mikrostruktur und die Dichte seiner Flocken. Dies sind die unverzichtbaren Faktoren für die Bildung der Schneedecke, das natürliche Phänomen, das verbergen und offenbaren, bedecken und einen Landschaft so verwandeln kann, dass sie zum Kunstwerk wird. </p>
<p>Von Calder bis Andersen, von Turner bis Herdeg, über Debussy, Der Schneemann und vieles mehr: um leicht im perfekten Gleichgewicht von Wissenschaft und Poesie zu gleiten, zwischen der schwerelosen Leichtigkeit der Flocken, der Kraft von Lawinen und Stürmen und der absoluten Unbeweglichkeit von dem, was die Schneedecke ewig macht.</p>
<p>Realisiert in Zusammenarbeit mit dem Lawinenzentrum von Arabba.</p>
<p>Einführung&nbsp;<b><b>Valeria Benni.</b></b></p>
<p>Reservierung wird unter folgendem Link empfohlen: <a href="https://www.eventbrite.it/e/olv-presentazione-del-libro-nevario-le-forme-della-neve-tickets-1977992412552?aff=ebdsoporgprofile&amp;_gl=1*xneagq*_up*MQ..*_ga*MjA4NzUzNjIwOS4xNzY3NDUzMDI0*_ga_TQVES5V6SH*czE3Njc0NTMwMjQkbzEkZzAkdDE3Njc0NTMwMjQkajYwJGwwJGgw">www.eventbrite.com</a></p>
<p>Präsentation des Buches von D. Zambello und S. Zanella</p>

<p>Alle Veranstaltungen von Oltre Le Vette sind kostenlos mit freiwilliger und bewusster Spende.Eine Reservierung wird immer empfohlen und in einigen Fällen ist sie verpflichtend, wo im Programm angegebenDie Plätze können</p>

<!-- This site is optimized with the Yoast SEO plugin v25.7 - https://yoast.com/wordpress/plugins/seo/ -->
<title>Nevario - Le forme della neve - Dolomiti Prealpi</title>
<meta name="robots" content="index, follow, max-snippet:-1, max-image-preview:large, max-video-preview:-1" />
<link rel="canonical" href="https://www.dolomitiprealpi.it/de/event/nevario-le-forme-della-neve/" />
<meta property="og:locale" content="de_DE" />
<meta property="og:type" content="article" />
<meta property="og:title" content="Nevario - Le forme della neve - Dolomiti Prealpi" />
<meta property="og:description" content="Alle Veranstaltungen von Oltre Le Vette sind kostenlos mit freiwilliger und bewusster Spende.Eine Reservierung wird immer empfohlen und in einigen Fällen ist sie verpflichtend, wo im Programm angegebenDie Plätze können" />
<meta property="og:url" content="https://www.dolomitiprealpi.it/de/event/nevario-le-forme-della-neve/" />
<meta property="og:site_name" content="Dolomiti Prealpi" />
<meta property="article:publisher" content="https://www.facebook.com/dolomitiprealpi.it/" />
<meta property="article:modified_time" content="2026-04-23T15:30:38+00:00" />
<meta property="og:image" content="https://www.dolomitiprealpi.it/wp-content/uploads/2022/11/C.-Timpone-Foto-archivio-Consorzio-turistico-Dolomiti-Prealpi-Nevegal-Belluno-Bike-18-2.jpg" />
	<meta property="og:image:width" content="2048" />
	<meta property="og:image:height" content="1888" />
	<meta property="og:image:type" content="image/jpeg" />
<meta name="twitter:card" content="summary_large_image" />
<meta name="twitter:label1" content="Est. reading time" />
	<meta name="twitter:data1" content="1 minute" />
<script type="application/ld+json" class="yoast-schema-graph">{"@context":"https://schema.org","@graph":[{"@type":"WebPage","@id":"https://www.dolomitiprealpi.it/de/event/nevario-le-forme-della-neve/","url":"https://www.dolomitiprealpi.it/de/event/nevario-le-forme-della-neve/","name":"Nevario - Le forme della neve - Dolomiti Prealpi","isPartOf":{"@id":"https://www.dolomitiprealpi.it/de/#website"},"datePublished":"2026-04-17T10:42:35+00:00","dateModified":"2026-04-23T15:30:38+00:00","breadcrumb":{"@id":"https://www.dolomitiprealpi.it/de/event/nevario-le-forme-della-neve/#breadcrumb"},"inLanguage":"de-DE","potentialAction":[{"@type":"ReadAction","target":["https://www.dolomitiprealpi.it/de/event/nevario-le-forme-della-neve/"]}]},{"@type":"BreadcrumbList","@id":"https://www.dolomitiprealpi.it/de/event/nevario-le-forme-della-neve/#breadcrumb","itemListElement":[{"@type":"ListItem","position":1,"name":"Home","item":"https://www.dolomitiprealpi.it/de/"},{"@type":"ListItem","position":2,"name":"Veranstaltungen","item":"https://www.dolomitiprealpi.it/de/events/"},{"@type":"ListItem","position":3,"name":"Nevario &#8211; Le forme della neve"}]},{"@type":"WebSite","@id":"https://www.dolomitiprealpi.it/de/#website","url":"https://www.dolomitiprealpi.it/de/","name":"Dolomiti Prealpi","description":"","publisher":{"@id":"https://www.dolomitiprealpi.it/de/#organization"},"potentialAction":[{"@type":"SearchAction","target":{"@type":"EntryPoint","urlTemplate":"https://www.dolomitiprealpi.it/de/?s={search_term_string}"},"query-input":{"@type":"PropertyValueSpecification","valueRequired":true,"valueName":"search_term_string"}}],"inLanguage":"de-DE"},{"@type":"Organization","@id":"https://www.dolomitiprealpi.it/de/#organization","name":"Consorzio Dolomiti Prealpi","url":"https://www.dolomitiprealpi.it/de/","logo":{"@type":"ImageObject","inLanguage":"de-DE","@id":"https://www.dolomitiprealpi.it/de/#/schema/logo/image/","url":"https://www.dolomitiprealpi.it/wp-content/uploads/2023/03/dolomitiprealpi-favicon.jpg","contentUrl":"https://www.dolomitiprealpi.it/wp-content/uploads/2023/03/dolomitiprealpi-favicon.jpg","width":512,"height":512,"caption":"Consorzio Dolomiti Prealpi"},"image":{"@id":"https://www.dolomitiprealpi.it/de/#/schema/logo/image/"},"sameAs":["https://www.facebook.com/dolomitiprealpi.it/","https://www.instagram.com/dolomitiprealpi/"]}]}</script>
<!-- / Yoast SEO plugin. -->

Alle Veranstaltungen von Oltre Le Vette sind kostenlos mit freiwilliger und bewusster Spende.Eine Reservierung wird immer empfohlen und in einigen Fällen ist sie verpflichtend, wo im Programm angegebenDie Plätze können
