{"id":95820,"date":"2026-04-17T13:29:59","date_gmt":"2026-04-17T11:29:59","guid":{"rendered":"https:\/\/www.dolomitiprealpi.it\/event\/passeggiata-con-la-befana-mazarol\/"},"modified":"2026-04-23T18:14:20","modified_gmt":"2026-04-23T16:14:20","slug":"passeggiata-con-la-befana-mazarol","status":"publish","type":"tribe_events","link":"https:\/\/www.dolomitiprealpi.it\/de\/event\/passeggiata-con-la-befana-mazarol\/","title":{"rendered":"Passeggiata con la Befana Mazarol!"},"content":{"rendered":"<p>Sch\u00f6ner Spaziergang f\u00fcr alle, gro\u00df und klein, zwischen W\u00e4ldern und dem Ufer der PiaveWANDERUNG MIT DER BEFANA MAZAROL! \u2013 Morgenexkursion \u2013 GUIDA FL\u00d2 Sch\u00f6ne Wanderung f\u00fcr alle, gro\u00df und klein, durch W\u00e4lder und das Ufer der Piave, entlang der magischen Pfade von Praloran unter Limana, auf der Suche nach Wasser, Steinen und Felsen, Tierspuren und vielen Geschichten \u00fcber Befane und Redoseghe, die man h\u00f6ren kann! Treffpunkt: 9.30 Uhr auf dem Platz in Limana \u2013 Abschluss bis max. 13 Uhr &#8211; H\u00f6henunterschied: nicht vorhanden \u2013 Schwierigkeit:  einfach &#8211; Kosten: 25 Euro \u2013 Minderj\u00e4hrige kostenlos \u2013 Maximal 25 Teilnehmer zugelassen. Infos und Anmeldungen: 3290040808 &#8211;  guide.pndb@gmail.com Dienstag<\/p>\n","protected":false},"excerpt":{"rendered":"<p>Sch\u00f6ner Spaziergang f\u00fcr alle, gro\u00df und klein, zwischen W\u00e4ldern und dem Ufer der PiaveWANDERUNG MIT DER BEFANA MAZAROL! \u2013 Morgenexkursion \u2013 GUIDA FL\u00d2 Sch\u00f6ne Wanderung f\u00fcr alle, gro\u00df und klein,<\/p>\n","protected":false},"author":0,"featured_media":0,"template":"","meta":{"_acf_changed":false,"inline_featured_image":false,"_tribe_events_status":"","_tribe_events_status_reason":"","footnotes":""},"tags":[259],"tribe_events_cat":[],"class_list":["post-95820","tribe_events","type-tribe_events","status-publish","hentry","tag-eventi-feratel"],"acf":[],"yoast_head":"<!-- This site is optimized with the Yoast SEO plugin v25.7 - https:\/\/yoast.com\/wordpress\/plugins\/seo\/ -->\n<title>Passeggiata con la Befana Mazarol! - Dolomiti Prealpi<\/title>\n<meta name=\"robots\" content=\"index, follow, max-snippet:-1, max-image-preview:large, max-video-preview:-1\" \/>\n<link rel=\"canonical\" href=\"https:\/\/www.dolomitiprealpi.it\/de\/event\/passeggiata-con-la-befana-mazarol\/\" \/>\n<meta property=\"og:locale\" content=\"de_DE\" \/>\n<meta property=\"og:type\" content=\"article\" \/>\n<meta property=\"og:title\" content=\"Passeggiata con la Befana Mazarol! - Dolomiti Prealpi\" \/>\n<meta property=\"og:description\" content=\"Sch\u00f6ner Spaziergang f\u00fcr alle, gro\u00df und klein, zwischen W\u00e4ldern und dem Ufer der PiaveWANDERUNG MIT DER BEFANA MAZAROL! \u2013 Morgenexkursion \u2013 GUIDA FL\u00d2 Sch\u00f6ne Wanderung f\u00fcr alle, gro\u00df und klein,\" \/>\n<meta property=\"og:url\" content=\"https:\/\/www.dolomitiprealpi.it\/de\/event\/passeggiata-con-la-befana-mazarol\/\" \/>\n<meta property=\"og:site_name\" content=\"Dolomiti Prealpi\" \/>\n<meta property=\"article:publisher\" content=\"https:\/\/www.facebook.com\/dolomitiprealpi.it\/\" \/>\n<meta property=\"article:modified_time\" content=\"2026-04-23T16:14:20+00:00\" \/>\n<meta property=\"og:image\" content=\"https:\/\/www.dolomitiprealpi.it\/wp-content\/uploads\/2022\/11\/C.-Timpone-Foto-archivio-Consorzio-turistico-Dolomiti-Prealpi-Nevegal-Belluno-Bike-18-2.jpg\" \/>\n\t<meta property=\"og:image:width\" content=\"2048\" \/>\n\t<meta property=\"og:image:height\" content=\"1888\" \/>\n\t<meta property=\"og:image:type\" content=\"image\/jpeg\" \/>\n<meta name=\"twitter:card\" content=\"summary_large_image\" \/>\n<meta name=\"twitter:label1\" content=\"Est. reading time\" \/>\n\t<meta name=\"twitter:data1\" content=\"1 minute\" \/>\n<script type=\"application\/ld+json\" class=\"yoast-schema-graph\">{\"@context\":\"https:\/\/schema.org\",\"@graph\":[{\"@type\":\"WebPage\",\"@id\":\"https:\/\/www.dolomitiprealpi.it\/de\/event\/passeggiata-con-la-befana-mazarol\/\",\"url\":\"https:\/\/www.dolomitiprealpi.it\/de\/event\/passeggiata-con-la-befana-mazarol\/\",\"name\":\"Passeggiata con la Befana Mazarol! - Dolomiti Prealpi\",\"isPartOf\":{\"@id\":\"https:\/\/www.dolomitiprealpi.it\/de\/#website\"},\"datePublished\":\"2026-04-17T11:29:59+00:00\",\"dateModified\":\"2026-04-23T16:14:20+00:00\",\"breadcrumb\":{\"@id\":\"https:\/\/www.dolomitiprealpi.it\/de\/event\/passeggiata-con-la-befana-mazarol\/#breadcrumb\"},\"inLanguage\":\"de-DE\",\"potentialAction\":[{\"@type\":\"ReadAction\",\"target\":[\"https:\/\/www.dolomitiprealpi.it\/de\/event\/passeggiata-con-la-befana-mazarol\/\"]}]},{\"@type\":\"BreadcrumbList\",\"@id\":\"https:\/\/www.dolomitiprealpi.it\/de\/event\/passeggiata-con-la-befana-mazarol\/#breadcrumb\",\"itemListElement\":[{\"@type\":\"ListItem\",\"position\":1,\"name\":\"Home\",\"item\":\"https:\/\/www.dolomitiprealpi.it\/de\/\"},{\"@type\":\"ListItem\",\"position\":2,\"name\":\"Veranstaltungen\",\"item\":\"https:\/\/www.dolomitiprealpi.it\/de\/events\/\"},{\"@type\":\"ListItem\",\"position\":3,\"name\":\"Passeggiata con la Befana Mazarol!\"}]},{\"@type\":\"WebSite\",\"@id\":\"https:\/\/www.dolomitiprealpi.it\/de\/#website\",\"url\":\"https:\/\/www.dolomitiprealpi.it\/de\/\",\"name\":\"Dolomiti Prealpi\",\"description\":\"\",\"publisher\":{\"@id\":\"https:\/\/www.dolomitiprealpi.it\/de\/#organization\"},\"potentialAction\":[{\"@type\":\"SearchAction\",\"target\":{\"@type\":\"EntryPoint\",\"urlTemplate\":\"https:\/\/www.dolomitiprealpi.it\/de\/?s={search_term_string}\"},\"query-input\":{\"@type\":\"PropertyValueSpecification\",\"valueRequired\":true,\"valueName\":\"search_term_string\"}}],\"inLanguage\":\"de-DE\"},{\"@type\":\"Organization\",\"@id\":\"https:\/\/www.dolomitiprealpi.it\/de\/#organization\",\"name\":\"Consorzio Dolomiti Prealpi\",\"url\":\"https:\/\/www.dolomitiprealpi.it\/de\/\",\"logo\":{\"@type\":\"ImageObject\",\"inLanguage\":\"de-DE\",\"@id\":\"https:\/\/www.dolomitiprealpi.it\/de\/#\/schema\/logo\/image\/\",\"url\":\"https:\/\/www.dolomitiprealpi.it\/wp-content\/uploads\/2023\/03\/dolomitiprealpi-favicon.jpg\",\"contentUrl\":\"https:\/\/www.dolomitiprealpi.it\/wp-content\/uploads\/2023\/03\/dolomitiprealpi-favicon.jpg\",\"width\":512,\"height\":512,\"caption\":\"Consorzio Dolomiti Prealpi\"},\"image\":{\"@id\":\"https:\/\/www.dolomitiprealpi.it\/de\/#\/schema\/logo\/image\/\"},\"sameAs\":[\"https:\/\/www.facebook.com\/dolomitiprealpi.it\/\",\"https:\/\/www.instagram.com\/dolomitiprealpi\/\"]}]}<\/script>\n<!-- \/ Yoast SEO plugin. -->","yoast_head_json":{"title":"Passeggiata con la Befana Mazarol! - Dolomiti Prealpi","robots":{"index":"index","follow":"follow","max-snippet":"max-snippet:-1","max-image-preview":"max-image-preview:large","max-video-preview":"max-video-preview:-1"},"canonical":"https:\/\/www.dolomitiprealpi.it\/de\/event\/passeggiata-con-la-befana-mazarol\/","og_locale":"de_DE","og_type":"article","og_title":"Passeggiata con la Befana Mazarol! - Dolomiti Prealpi","og_description":"Sch\u00f6ner Spaziergang f\u00fcr alle, gro\u00df und klein, zwischen W\u00e4ldern und dem Ufer der PiaveWANDERUNG MIT DER BEFANA MAZAROL! \u2013 Morgenexkursion \u2013 GUIDA FL\u00d2 Sch\u00f6ne Wanderung f\u00fcr alle, gro\u00df und klein,","og_url":"https:\/\/www.dolomitiprealpi.it\/de\/event\/passeggiata-con-la-befana-mazarol\/","og_site_name":"Dolomiti Prealpi","article_publisher":"https:\/\/www.facebook.com\/dolomitiprealpi.it\/","article_modified_time":"2026-04-23T16:14:20+00:00","og_image":[{"width":2048,"height":1888,"url":"https:\/\/www.dolomitiprealpi.it\/wp-content\/uploads\/2022\/11\/C.-Timpone-Foto-archivio-Consorzio-turistico-Dolomiti-Prealpi-Nevegal-Belluno-Bike-18-2.jpg","type":"image\/jpeg"}],"twitter_card":"summary_large_image","twitter_misc":{"Est. reading time":"1 minute"},"schema":{"@context":"https:\/\/schema.org","@graph":[{"@type":"WebPage","@id":"https:\/\/www.dolomitiprealpi.it\/de\/event\/passeggiata-con-la-befana-mazarol\/","url":"https:\/\/www.dolomitiprealpi.it\/de\/event\/passeggiata-con-la-befana-mazarol\/","name":"Passeggiata con la Befana Mazarol! - Dolomiti Prealpi","isPartOf":{"@id":"https:\/\/www.dolomitiprealpi.it\/de\/#website"},"datePublished":"2026-04-17T11:29:59+00:00","dateModified":"2026-04-23T16:14:20+00:00","breadcrumb":{"@id":"https:\/\/www.dolomitiprealpi.it\/de\/event\/passeggiata-con-la-befana-mazarol\/#breadcrumb"},"inLanguage":"de-DE","potentialAction":[{"@type":"ReadAction","target":["https:\/\/www.dolomitiprealpi.it\/de\/event\/passeggiata-con-la-befana-mazarol\/"]}]},{"@type":"BreadcrumbList","@id":"https:\/\/www.dolomitiprealpi.it\/de\/event\/passeggiata-con-la-befana-mazarol\/#breadcrumb","itemListElement":[{"@type":"ListItem","position":1,"name":"Home","item":"https:\/\/www.dolomitiprealpi.it\/de\/"},{"@type":"ListItem","position":2,"name":"Veranstaltungen","item":"https:\/\/www.dolomitiprealpi.it\/de\/events\/"},{"@type":"ListItem","position":3,"name":"Passeggiata con la Befana Mazarol!"}]},{"@type":"WebSite","@id":"https:\/\/www.dolomitiprealpi.it\/de\/#website","url":"https:\/\/www.dolomitiprealpi.it\/de\/","name":"Dolomiti Prealpi","description":"","publisher":{"@id":"https:\/\/www.dolomitiprealpi.it\/de\/#organization"},"potentialAction":[{"@type":"SearchAction","target":{"@type":"EntryPoint","urlTemplate":"https:\/\/www.dolomitiprealpi.it\/de\/?s={search_term_string}"},"query-input":{"@type":"PropertyValueSpecification","valueRequired":true,"valueName":"search_term_string"}}],"inLanguage":"de-DE"},{"@type":"Organization","@id":"https:\/\/www.dolomitiprealpi.it\/de\/#organization","name":"Consorzio Dolomiti Prealpi","url":"https:\/\/www.dolomitiprealpi.it\/de\/","logo":{"@type":"ImageObject","inLanguage":"de-DE","@id":"https:\/\/www.dolomitiprealpi.it\/de\/#\/schema\/logo\/image\/","url":"https:\/\/www.dolomitiprealpi.it\/wp-content\/uploads\/2023\/03\/dolomitiprealpi-favicon.jpg","contentUrl":"https:\/\/www.dolomitiprealpi.it\/wp-content\/uploads\/2023\/03\/dolomitiprealpi-favicon.jpg","width":512,"height":512,"caption":"Consorzio Dolomiti Prealpi"},"image":{"@id":"https:\/\/www.dolomitiprealpi.it\/de\/#\/schema\/logo\/image\/"},"sameAs":["https:\/\/www.facebook.com\/dolomitiprealpi.it\/","https:\/\/www.instagram.com\/dolomitiprealpi\/"]}]}},"_links":{"self":[{"href":"https:\/\/www.dolomitiprealpi.it\/de\/wp-json\/wp\/v2\/tribe_events\/95820","targetHints":{"allow":["GET"]}}],"collection":[{"href":"https:\/\/www.dolomitiprealpi.it\/de\/wp-json\/wp\/v2\/tribe_events"}],"about":[{"href":"https:\/\/www.dolomitiprealpi.it\/de\/wp-json\/wp\/v2\/types\/tribe_events"}],"version-history":[{"count":1,"href":"https:\/\/www.dolomitiprealpi.it\/de\/wp-json\/wp\/v2\/tribe_events\/95820\/revisions"}],"predecessor-version":[{"id":97834,"href":"https:\/\/www.dolomitiprealpi.it\/de\/wp-json\/wp\/v2\/tribe_events\/95820\/revisions\/97834"}],"wp:attachment":[{"href":"https:\/\/www.dolomitiprealpi.it\/de\/wp-json\/wp\/v2\/media?parent=95820"}],"wp:term":[{"taxonomy":"post_tag","embeddable":true,"href":"https:\/\/www.dolomitiprealpi.it\/de\/wp-json\/wp\/v2\/tags?post=95820"},{"taxonomy":"tribe_events_cat","embeddable":true,"href":"https:\/\/www.dolomitiprealpi.it\/de\/wp-json\/wp\/v2\/tribe_events_cat?post=95820"}],"curies":[{"name":"wp","href":"https:\/\/api.w.org\/{rel}","templated":true}]}}

<p>Schöner Spaziergang für alle, groß und klein, zwischen Wäldern und dem Ufer der PiaveWANDERUNG MIT DER BEFANA MAZAROL! – Morgenexkursion – GUIDA FLÒ Schöne Wanderung für alle, groß und klein, durch Wälder und das Ufer der Piave, entlang der magischen Pfade von Praloran unter Limana, auf der Suche nach Wasser, Steinen und Felsen, Tierspuren und vielen Geschichten über Befane und Redoseghe, die man hören kann! Treffpunkt: 9.30 Uhr auf dem Platz in Limana – Abschluss bis max. 13 Uhr &#8211; Höhenunterschied: nicht vorhanden – Schwierigkeit:  einfach &#8211; Kosten: 25 Euro – Minderjährige kostenlos – Maximal 25 Teilnehmer zugelassen. Infos und Anmeldungen: 3290040808 &#8211;  guide.pndb@gmail.com Dienstag</p>

<p>Schöner Spaziergang für alle, groß und klein, zwischen Wäldern und dem Ufer der PiaveWANDERUNG MIT DER BEFANA MAZAROL! – Morgenexkursion – GUIDA FLÒ Schöne Wanderung für alle, groß und klein,</p>

<!-- This site is optimized with the Yoast SEO plugin v25.7 - https://yoast.com/wordpress/plugins/seo/ -->
<title>Passeggiata con la Befana Mazarol! - Dolomiti Prealpi</title>
<meta name="robots" content="index, follow, max-snippet:-1, max-image-preview:large, max-video-preview:-1" />
<link rel="canonical" href="https://www.dolomitiprealpi.it/de/event/passeggiata-con-la-befana-mazarol/" />
<meta property="og:locale" content="de_DE" />
<meta property="og:type" content="article" />
<meta property="og:title" content="Passeggiata con la Befana Mazarol! - Dolomiti Prealpi" />
<meta property="og:description" content="Schöner Spaziergang für alle, groß und klein, zwischen Wäldern und dem Ufer der PiaveWANDERUNG MIT DER BEFANA MAZAROL! – Morgenexkursion – GUIDA FLÒ Schöne Wanderung für alle, groß und klein," />
<meta property="og:url" content="https://www.dolomitiprealpi.it/de/event/passeggiata-con-la-befana-mazarol/" />
<meta property="og:site_name" content="Dolomiti Prealpi" />
<meta property="article:publisher" content="https://www.facebook.com/dolomitiprealpi.it/" />
<meta property="article:modified_time" content="2026-04-23T16:14:20+00:00" />
<meta property="og:image" content="https://www.dolomitiprealpi.it/wp-content/uploads/2022/11/C.-Timpone-Foto-archivio-Consorzio-turistico-Dolomiti-Prealpi-Nevegal-Belluno-Bike-18-2.jpg" />
	<meta property="og:image:width" content="2048" />
	<meta property="og:image:height" content="1888" />
	<meta property="og:image:type" content="image/jpeg" />
<meta name="twitter:card" content="summary_large_image" />
<meta name="twitter:label1" content="Est. reading time" />
	<meta name="twitter:data1" content="1 minute" />
<script type="application/ld+json" class="yoast-schema-graph">{"@context":"https://schema.org","@graph":[{"@type":"WebPage","@id":"https://www.dolomitiprealpi.it/de/event/passeggiata-con-la-befana-mazarol/","url":"https://www.dolomitiprealpi.it/de/event/passeggiata-con-la-befana-mazarol/","name":"Passeggiata con la Befana Mazarol! - Dolomiti Prealpi","isPartOf":{"@id":"https://www.dolomitiprealpi.it/de/#website"},"datePublished":"2026-04-17T11:29:59+00:00","dateModified":"2026-04-23T16:14:20+00:00","breadcrumb":{"@id":"https://www.dolomitiprealpi.it/de/event/passeggiata-con-la-befana-mazarol/#breadcrumb"},"inLanguage":"de-DE","potentialAction":[{"@type":"ReadAction","target":["https://www.dolomitiprealpi.it/de/event/passeggiata-con-la-befana-mazarol/"]}]},{"@type":"BreadcrumbList","@id":"https://www.dolomitiprealpi.it/de/event/passeggiata-con-la-befana-mazarol/#breadcrumb","itemListElement":[{"@type":"ListItem","position":1,"name":"Home","item":"https://www.dolomitiprealpi.it/de/"},{"@type":"ListItem","position":2,"name":"Veranstaltungen","item":"https://www.dolomitiprealpi.it/de/events/"},{"@type":"ListItem","position":3,"name":"Passeggiata con la Befana Mazarol!"}]},{"@type":"WebSite","@id":"https://www.dolomitiprealpi.it/de/#website","url":"https://www.dolomitiprealpi.it/de/","name":"Dolomiti Prealpi","description":"","publisher":{"@id":"https://www.dolomitiprealpi.it/de/#organization"},"potentialAction":[{"@type":"SearchAction","target":{"@type":"EntryPoint","urlTemplate":"https://www.dolomitiprealpi.it/de/?s={search_term_string}"},"query-input":{"@type":"PropertyValueSpecification","valueRequired":true,"valueName":"search_term_string"}}],"inLanguage":"de-DE"},{"@type":"Organization","@id":"https://www.dolomitiprealpi.it/de/#organization","name":"Consorzio Dolomiti Prealpi","url":"https://www.dolomitiprealpi.it/de/","logo":{"@type":"ImageObject","inLanguage":"de-DE","@id":"https://www.dolomitiprealpi.it/de/#/schema/logo/image/","url":"https://www.dolomitiprealpi.it/wp-content/uploads/2023/03/dolomitiprealpi-favicon.jpg","contentUrl":"https://www.dolomitiprealpi.it/wp-content/uploads/2023/03/dolomitiprealpi-favicon.jpg","width":512,"height":512,"caption":"Consorzio Dolomiti Prealpi"},"image":{"@id":"https://www.dolomitiprealpi.it/de/#/schema/logo/image/"},"sameAs":["https://www.facebook.com/dolomitiprealpi.it/","https://www.instagram.com/dolomitiprealpi/"]}]}</script>
<!-- / Yoast SEO plugin. -->

Schöner Spaziergang für alle, groß und klein, zwischen Wäldern und dem Ufer der PiaveWANDERUNG MIT DER BEFANA MAZAROL! – Morgenexkursion – GUIDA FLÒ Schöne Wanderung für alle, groß und klein,
