{"id":91105,"date":"2026-04-17T12:54:10","date_gmt":"2026-04-17T10:54:10","guid":{"rendered":"https:\/\/www.dolomitiprealpi.it\/event\/vico-calabro-paesaggi-feltrini-reali-e-fantastici\/"},"modified":"2026-04-23T17:41:12","modified_gmt":"2026-04-23T15:41:12","slug":"vico-calabro-paesaggi-feltrini-reali-e-fantastici","status":"publish","type":"tribe_events","link":"https:\/\/www.dolomitiprealpi.it\/de\/event\/vico-calabro-paesaggi-feltrini-reali-e-fantastici\/","title":{"rendered":"Vico Calabr\u00f2 \u2013 Paesaggi feltrini reali e fantastici"},"content":{"rendered":"<p>Eintritt gegen Zahlung des Tickets zu den geltenden Tarifen der Galleria d&#8217;Arte Moderna &#8220;Carlo Rizzarda&#8221;. <\/p>\n<p><b>Vico Calabr\u00f2 <\/b>ist ein Maler, der seine unersch\u00f6pfliche Lebensfreude, seine Dankbarkeit f\u00fcr den Beruf, den er gew\u00e4hlt hat und den er aus einer echten Berufung heraus aus\u00fcbt, durch seine unverwechselbare Handschrift vermittelt, mittels seiner grotesken, verspielten, \u00e4therischen und romantischen Figuren sowie den von Lyrik durchtr\u00e4nkten Landschaften, die in traumhaften Atmosph\u00e4ren eingebettet sind.<\/p>\n<p>Geboren 1938 in Agordo und wohnhaft in Caldogno (VI), begann Vico Calabr\u00f2 1971 seine Verbindung zur Stadt Feltre, als er von dem Galeristen Gino Possiedi eingeladen wurde, die Serie von <b>Litographien von Feltre<\/b> zu kreieren, inspiriert von Geschichten und Ereignissen aus Feltre, die aus unterschiedlichen Quellen stammen. <\/p>\n<p>Diese enge Bindung an die Stadt setzte sich im Laufe der Jahre mit den im Jahr 1975 realisierten <b>Fresken <\/b>im Heiligtum der Heiligen M\u00e4rtyrer Vittore und Corona fort und mit unz\u00e4hligen <b>Werken mit feltriner Motiven und Wandmalereien <\/b>, die er in und an den Geb\u00e4uden im Gebiet verteilt hat. <\/p>\n<p>Der Agordiner Maler hat auch <b>Kapitele von sakralen Motiven und Fragmente von Mauern<\/b> gemalt. <\/p>\n<p>In der <b>Technik des Guten Fresko <\/b>ist Calabr\u00f2 ein anerkannter Meister: Er hat eine Schar von Sch\u00fclern in verschiedenen Kursen ausgebildet, war Mitglied von Studienkommissionen zu diesem Thema und ist eine Schl\u00fcsselperson im Rahmen des Studienzentrums \u201eCasa degli affreschi\u201c in Facen di Pedavena sowie in der Internationalen Schule f\u00fcr Freskotechnik in Feltre.<\/p>\n<p>In den S\u00e4len der Galleria Rizzarda werden \u00fcber 160 Werke dieses vielseitigen K\u00fcnstlers zu bewundern sein.<\/p>\n<p>Von Wachszeichnungen auf Tisch bis zu feinen Radierungen: eine Reise durch filzige Landschaften und chagallianische Figuren<\/p>\n","protected":false},"excerpt":{"rendered":"<p>Eintritt gegen Zahlung des Tickets zu den geltenden Tarifen der Galleria d&#8217;Arte Moderna &#8220;Carlo Rizzarda&#8221;. Vico Calabr\u00f2 ist ein Maler, der seine unersch\u00f6pfliche Lebensfreude, seine Dankbarkeit f\u00fcr den Beruf, den<\/p>\n","protected":false},"author":0,"featured_media":0,"template":"","meta":{"_acf_changed":false,"inline_featured_image":false,"_tribe_events_status":"","_tribe_events_status_reason":"","footnotes":""},"tags":[259],"tribe_events_cat":[],"class_list":["post-91105","tribe_events","type-tribe_events","status-publish","hentry","tag-eventi-feratel"],"acf":[],"yoast_head":"<!-- This site is optimized with the Yoast SEO plugin v25.7 - https:\/\/yoast.com\/wordpress\/plugins\/seo\/ -->\n<title>Vico Calabr\u00f2 \u2013 Paesaggi feltrini reali e fantastici - Dolomiti Prealpi<\/title>\n<meta name=\"robots\" content=\"index, follow, max-snippet:-1, max-image-preview:large, max-video-preview:-1\" \/>\n<link rel=\"canonical\" href=\"https:\/\/www.dolomitiprealpi.it\/de\/event\/vico-calabro-paesaggi-feltrini-reali-e-fantastici\/\" \/>\n<meta property=\"og:locale\" content=\"de_DE\" \/>\n<meta property=\"og:type\" content=\"article\" \/>\n<meta property=\"og:title\" content=\"Vico Calabr\u00f2 \u2013 Paesaggi feltrini reali e fantastici - Dolomiti Prealpi\" \/>\n<meta property=\"og:description\" content=\"Eintritt gegen Zahlung des Tickets zu den geltenden Tarifen der Galleria d&#8217;Arte Moderna &#8220;Carlo Rizzarda&#8221;. Vico Calabr\u00f2 ist ein Maler, der seine unersch\u00f6pfliche Lebensfreude, seine Dankbarkeit f\u00fcr den Beruf, den\" \/>\n<meta property=\"og:url\" content=\"https:\/\/www.dolomitiprealpi.it\/de\/event\/vico-calabro-paesaggi-feltrini-reali-e-fantastici\/\" \/>\n<meta property=\"og:site_name\" content=\"Dolomiti Prealpi\" \/>\n<meta property=\"article:publisher\" content=\"https:\/\/www.facebook.com\/dolomitiprealpi.it\/\" \/>\n<meta property=\"article:modified_time\" content=\"2026-04-23T15:41:12+00:00\" \/>\n<meta property=\"og:image\" content=\"https:\/\/www.dolomitiprealpi.it\/wp-content\/uploads\/2022\/11\/C.-Timpone-Foto-archivio-Consorzio-turistico-Dolomiti-Prealpi-Nevegal-Belluno-Bike-18-2.jpg\" \/>\n\t<meta property=\"og:image:width\" content=\"2048\" \/>\n\t<meta property=\"og:image:height\" content=\"1888\" \/>\n\t<meta property=\"og:image:type\" content=\"image\/jpeg\" \/>\n<meta name=\"twitter:card\" content=\"summary_large_image\" \/>\n<meta name=\"twitter:label1\" content=\"Est. reading time\" \/>\n\t<meta name=\"twitter:data1\" content=\"1 minute\" \/>\n<script type=\"application\/ld+json\" class=\"yoast-schema-graph\">{\"@context\":\"https:\/\/schema.org\",\"@graph\":[{\"@type\":\"WebPage\",\"@id\":\"https:\/\/www.dolomitiprealpi.it\/de\/event\/vico-calabro-paesaggi-feltrini-reali-e-fantastici\/\",\"url\":\"https:\/\/www.dolomitiprealpi.it\/de\/event\/vico-calabro-paesaggi-feltrini-reali-e-fantastici\/\",\"name\":\"Vico Calabr\u00f2 \u2013 Paesaggi feltrini reali e fantastici - Dolomiti Prealpi\",\"isPartOf\":{\"@id\":\"https:\/\/www.dolomitiprealpi.it\/de\/#website\"},\"datePublished\":\"2026-04-17T10:54:10+00:00\",\"dateModified\":\"2026-04-23T15:41:12+00:00\",\"breadcrumb\":{\"@id\":\"https:\/\/www.dolomitiprealpi.it\/de\/event\/vico-calabro-paesaggi-feltrini-reali-e-fantastici\/#breadcrumb\"},\"inLanguage\":\"de-DE\",\"potentialAction\":[{\"@type\":\"ReadAction\",\"target\":[\"https:\/\/www.dolomitiprealpi.it\/de\/event\/vico-calabro-paesaggi-feltrini-reali-e-fantastici\/\"]}]},{\"@type\":\"BreadcrumbList\",\"@id\":\"https:\/\/www.dolomitiprealpi.it\/de\/event\/vico-calabro-paesaggi-feltrini-reali-e-fantastici\/#breadcrumb\",\"itemListElement\":[{\"@type\":\"ListItem\",\"position\":1,\"name\":\"Home\",\"item\":\"https:\/\/www.dolomitiprealpi.it\/de\/\"},{\"@type\":\"ListItem\",\"position\":2,\"name\":\"Veranstaltungen\",\"item\":\"https:\/\/www.dolomitiprealpi.it\/de\/events\/\"},{\"@type\":\"ListItem\",\"position\":3,\"name\":\"Vico Calabr\u00f2 \u2013 Paesaggi feltrini reali e fantastici\"}]},{\"@type\":\"WebSite\",\"@id\":\"https:\/\/www.dolomitiprealpi.it\/de\/#website\",\"url\":\"https:\/\/www.dolomitiprealpi.it\/de\/\",\"name\":\"Dolomiti Prealpi\",\"description\":\"\",\"publisher\":{\"@id\":\"https:\/\/www.dolomitiprealpi.it\/de\/#organization\"},\"potentialAction\":[{\"@type\":\"SearchAction\",\"target\":{\"@type\":\"EntryPoint\",\"urlTemplate\":\"https:\/\/www.dolomitiprealpi.it\/de\/?s={search_term_string}\"},\"query-input\":{\"@type\":\"PropertyValueSpecification\",\"valueRequired\":true,\"valueName\":\"search_term_string\"}}],\"inLanguage\":\"de-DE\"},{\"@type\":\"Organization\",\"@id\":\"https:\/\/www.dolomitiprealpi.it\/de\/#organization\",\"name\":\"Consorzio Dolomiti Prealpi\",\"url\":\"https:\/\/www.dolomitiprealpi.it\/de\/\",\"logo\":{\"@type\":\"ImageObject\",\"inLanguage\":\"de-DE\",\"@id\":\"https:\/\/www.dolomitiprealpi.it\/de\/#\/schema\/logo\/image\/\",\"url\":\"https:\/\/www.dolomitiprealpi.it\/wp-content\/uploads\/2023\/03\/dolomitiprealpi-favicon.jpg\",\"contentUrl\":\"https:\/\/www.dolomitiprealpi.it\/wp-content\/uploads\/2023\/03\/dolomitiprealpi-favicon.jpg\",\"width\":512,\"height\":512,\"caption\":\"Consorzio Dolomiti Prealpi\"},\"image\":{\"@id\":\"https:\/\/www.dolomitiprealpi.it\/de\/#\/schema\/logo\/image\/\"},\"sameAs\":[\"https:\/\/www.facebook.com\/dolomitiprealpi.it\/\",\"https:\/\/www.instagram.com\/dolomitiprealpi\/\"]}]}<\/script>\n<!-- \/ Yoast SEO plugin. -->","yoast_head_json":{"title":"Vico Calabr\u00f2 \u2013 Paesaggi feltrini reali e fantastici - Dolomiti Prealpi","robots":{"index":"index","follow":"follow","max-snippet":"max-snippet:-1","max-image-preview":"max-image-preview:large","max-video-preview":"max-video-preview:-1"},"canonical":"https:\/\/www.dolomitiprealpi.it\/de\/event\/vico-calabro-paesaggi-feltrini-reali-e-fantastici\/","og_locale":"de_DE","og_type":"article","og_title":"Vico Calabr\u00f2 \u2013 Paesaggi feltrini reali e fantastici - Dolomiti Prealpi","og_description":"Eintritt gegen Zahlung des Tickets zu den geltenden Tarifen der Galleria d&#8217;Arte Moderna &#8220;Carlo Rizzarda&#8221;. Vico Calabr\u00f2 ist ein Maler, der seine unersch\u00f6pfliche Lebensfreude, seine Dankbarkeit f\u00fcr den Beruf, den","og_url":"https:\/\/www.dolomitiprealpi.it\/de\/event\/vico-calabro-paesaggi-feltrini-reali-e-fantastici\/","og_site_name":"Dolomiti Prealpi","article_publisher":"https:\/\/www.facebook.com\/dolomitiprealpi.it\/","article_modified_time":"2026-04-23T15:41:12+00:00","og_image":[{"width":2048,"height":1888,"url":"https:\/\/www.dolomitiprealpi.it\/wp-content\/uploads\/2022\/11\/C.-Timpone-Foto-archivio-Consorzio-turistico-Dolomiti-Prealpi-Nevegal-Belluno-Bike-18-2.jpg","type":"image\/jpeg"}],"twitter_card":"summary_large_image","twitter_misc":{"Est. reading time":"1 minute"},"schema":{"@context":"https:\/\/schema.org","@graph":[{"@type":"WebPage","@id":"https:\/\/www.dolomitiprealpi.it\/de\/event\/vico-calabro-paesaggi-feltrini-reali-e-fantastici\/","url":"https:\/\/www.dolomitiprealpi.it\/de\/event\/vico-calabro-paesaggi-feltrini-reali-e-fantastici\/","name":"Vico Calabr\u00f2 \u2013 Paesaggi feltrini reali e fantastici - Dolomiti Prealpi","isPartOf":{"@id":"https:\/\/www.dolomitiprealpi.it\/de\/#website"},"datePublished":"2026-04-17T10:54:10+00:00","dateModified":"2026-04-23T15:41:12+00:00","breadcrumb":{"@id":"https:\/\/www.dolomitiprealpi.it\/de\/event\/vico-calabro-paesaggi-feltrini-reali-e-fantastici\/#breadcrumb"},"inLanguage":"de-DE","potentialAction":[{"@type":"ReadAction","target":["https:\/\/www.dolomitiprealpi.it\/de\/event\/vico-calabro-paesaggi-feltrini-reali-e-fantastici\/"]}]},{"@type":"BreadcrumbList","@id":"https:\/\/www.dolomitiprealpi.it\/de\/event\/vico-calabro-paesaggi-feltrini-reali-e-fantastici\/#breadcrumb","itemListElement":[{"@type":"ListItem","position":1,"name":"Home","item":"https:\/\/www.dolomitiprealpi.it\/de\/"},{"@type":"ListItem","position":2,"name":"Veranstaltungen","item":"https:\/\/www.dolomitiprealpi.it\/de\/events\/"},{"@type":"ListItem","position":3,"name":"Vico Calabr\u00f2 \u2013 Paesaggi feltrini reali e fantastici"}]},{"@type":"WebSite","@id":"https:\/\/www.dolomitiprealpi.it\/de\/#website","url":"https:\/\/www.dolomitiprealpi.it\/de\/","name":"Dolomiti Prealpi","description":"","publisher":{"@id":"https:\/\/www.dolomitiprealpi.it\/de\/#organization"},"potentialAction":[{"@type":"SearchAction","target":{"@type":"EntryPoint","urlTemplate":"https:\/\/www.dolomitiprealpi.it\/de\/?s={search_term_string}"},"query-input":{"@type":"PropertyValueSpecification","valueRequired":true,"valueName":"search_term_string"}}],"inLanguage":"de-DE"},{"@type":"Organization","@id":"https:\/\/www.dolomitiprealpi.it\/de\/#organization","name":"Consorzio Dolomiti Prealpi","url":"https:\/\/www.dolomitiprealpi.it\/de\/","logo":{"@type":"ImageObject","inLanguage":"de-DE","@id":"https:\/\/www.dolomitiprealpi.it\/de\/#\/schema\/logo\/image\/","url":"https:\/\/www.dolomitiprealpi.it\/wp-content\/uploads\/2023\/03\/dolomitiprealpi-favicon.jpg","contentUrl":"https:\/\/www.dolomitiprealpi.it\/wp-content\/uploads\/2023\/03\/dolomitiprealpi-favicon.jpg","width":512,"height":512,"caption":"Consorzio Dolomiti Prealpi"},"image":{"@id":"https:\/\/www.dolomitiprealpi.it\/de\/#\/schema\/logo\/image\/"},"sameAs":["https:\/\/www.facebook.com\/dolomitiprealpi.it\/","https:\/\/www.instagram.com\/dolomitiprealpi\/"]}]}},"_links":{"self":[{"href":"https:\/\/www.dolomitiprealpi.it\/de\/wp-json\/wp\/v2\/tribe_events\/91105","targetHints":{"allow":["GET"]}}],"collection":[{"href":"https:\/\/www.dolomitiprealpi.it\/de\/wp-json\/wp\/v2\/tribe_events"}],"about":[{"href":"https:\/\/www.dolomitiprealpi.it\/de\/wp-json\/wp\/v2\/types\/tribe_events"}],"version-history":[{"count":1,"href":"https:\/\/www.dolomitiprealpi.it\/de\/wp-json\/wp\/v2\/tribe_events\/91105\/revisions"}],"predecessor-version":[{"id":91108,"href":"https:\/\/www.dolomitiprealpi.it\/de\/wp-json\/wp\/v2\/tribe_events\/91105\/revisions\/91108"}],"wp:attachment":[{"href":"https:\/\/www.dolomitiprealpi.it\/de\/wp-json\/wp\/v2\/media?parent=91105"}],"wp:term":[{"taxonomy":"post_tag","embeddable":true,"href":"https:\/\/www.dolomitiprealpi.it\/de\/wp-json\/wp\/v2\/tags?post=91105"},{"taxonomy":"tribe_events_cat","embeddable":true,"href":"https:\/\/www.dolomitiprealpi.it\/de\/wp-json\/wp\/v2\/tribe_events_cat?post=91105"}],"curies":[{"name":"wp","href":"https:\/\/api.w.org\/{rel}","templated":true}]}}

Vico Calabrò – Paesaggi feltrini reali e fantastici

<p>Eintritt gegen Zahlung des Tickets zu den geltenden Tarifen der Galleria d&#8217;Arte Moderna &#8220;Carlo Rizzarda&#8221;. </p>
<p><b>Vico Calabrò </b>ist ein Maler, der seine unerschöpfliche Lebensfreude, seine Dankbarkeit für den Beruf, den er gewählt hat und den er aus einer echten Berufung heraus ausübt, durch seine unverwechselbare Handschrift vermittelt, mittels seiner grotesken, verspielten, ätherischen und romantischen Figuren sowie den von Lyrik durchtränkten Landschaften, die in traumhaften Atmosphären eingebettet sind.</p>
<p>Geboren 1938 in Agordo und wohnhaft in Caldogno (VI), begann Vico Calabrò 1971 seine Verbindung zur Stadt Feltre, als er von dem Galeristen Gino Possiedi eingeladen wurde, die Serie von <b>Litographien von Feltre</b> zu kreieren, inspiriert von Geschichten und Ereignissen aus Feltre, die aus unterschiedlichen Quellen stammen. </p>
<p>Diese enge Bindung an die Stadt setzte sich im Laufe der Jahre mit den im Jahr 1975 realisierten <b>Fresken </b>im Heiligtum der Heiligen Märtyrer Vittore und Corona fort und mit unzähligen <b>Werken mit feltriner Motiven und Wandmalereien </b>, die er in und an den Gebäuden im Gebiet verteilt hat. </p>
<p>Der Agordiner Maler hat auch <b>Kapitele von sakralen Motiven und Fragmente von Mauern</b> gemalt. </p>
<p>In der <b>Technik des Guten Fresko </b>ist Calabrò ein anerkannter Meister: Er hat eine Schar von Schülern in verschiedenen Kursen ausgebildet, war Mitglied von Studienkommissionen zu diesem Thema und ist eine Schlüsselperson im Rahmen des Studienzentrums „Casa degli affreschi“ in Facen di Pedavena sowie in der Internationalen Schule für Freskotechnik in Feltre.</p>
<p>In den Sälen der Galleria Rizzarda werden über 160 Werke dieses vielseitigen Künstlers zu bewundern sein.</p>
<p>Von Wachszeichnungen auf Tisch bis zu feinen Radierungen: eine Reise durch filzige Landschaften und chagallianische Figuren</p>

<p>Eintritt gegen Zahlung des Tickets zu den geltenden Tarifen der Galleria d&#8217;Arte Moderna &#8220;Carlo Rizzarda&#8221;. Vico Calabrò ist ein Maler, der seine unerschöpfliche Lebensfreude, seine Dankbarkeit für den Beruf, den</p>

<!-- This site is optimized with the Yoast SEO plugin v25.7 - https://yoast.com/wordpress/plugins/seo/ -->
<title>Vico Calabrò – Paesaggi feltrini reali e fantastici - Dolomiti Prealpi</title>
<meta name="robots" content="index, follow, max-snippet:-1, max-image-preview:large, max-video-preview:-1" />
<link rel="canonical" href="https://www.dolomitiprealpi.it/de/event/vico-calabro-paesaggi-feltrini-reali-e-fantastici/" />
<meta property="og:locale" content="de_DE" />
<meta property="og:type" content="article" />
<meta property="og:title" content="Vico Calabrò – Paesaggi feltrini reali e fantastici - Dolomiti Prealpi" />
<meta property="og:description" content="Eintritt gegen Zahlung des Tickets zu den geltenden Tarifen der Galleria d&#8217;Arte Moderna &#8220;Carlo Rizzarda&#8221;. Vico Calabrò ist ein Maler, der seine unerschöpfliche Lebensfreude, seine Dankbarkeit für den Beruf, den" />
<meta property="og:url" content="https://www.dolomitiprealpi.it/de/event/vico-calabro-paesaggi-feltrini-reali-e-fantastici/" />
<meta property="og:site_name" content="Dolomiti Prealpi" />
<meta property="article:publisher" content="https://www.facebook.com/dolomitiprealpi.it/" />
<meta property="article:modified_time" content="2026-04-23T15:41:12+00:00" />
<meta property="og:image" content="https://www.dolomitiprealpi.it/wp-content/uploads/2022/11/C.-Timpone-Foto-archivio-Consorzio-turistico-Dolomiti-Prealpi-Nevegal-Belluno-Bike-18-2.jpg" />
	<meta property="og:image:width" content="2048" />
	<meta property="og:image:height" content="1888" />
	<meta property="og:image:type" content="image/jpeg" />
<meta name="twitter:card" content="summary_large_image" />
<meta name="twitter:label1" content="Est. reading time" />
	<meta name="twitter:data1" content="1 minute" />
<script type="application/ld+json" class="yoast-schema-graph">{"@context":"https://schema.org","@graph":[{"@type":"WebPage","@id":"https://www.dolomitiprealpi.it/de/event/vico-calabro-paesaggi-feltrini-reali-e-fantastici/","url":"https://www.dolomitiprealpi.it/de/event/vico-calabro-paesaggi-feltrini-reali-e-fantastici/","name":"Vico Calabrò – Paesaggi feltrini reali e fantastici - Dolomiti Prealpi","isPartOf":{"@id":"https://www.dolomitiprealpi.it/de/#website"},"datePublished":"2026-04-17T10:54:10+00:00","dateModified":"2026-04-23T15:41:12+00:00","breadcrumb":{"@id":"https://www.dolomitiprealpi.it/de/event/vico-calabro-paesaggi-feltrini-reali-e-fantastici/#breadcrumb"},"inLanguage":"de-DE","potentialAction":[{"@type":"ReadAction","target":["https://www.dolomitiprealpi.it/de/event/vico-calabro-paesaggi-feltrini-reali-e-fantastici/"]}]},{"@type":"BreadcrumbList","@id":"https://www.dolomitiprealpi.it/de/event/vico-calabro-paesaggi-feltrini-reali-e-fantastici/#breadcrumb","itemListElement":[{"@type":"ListItem","position":1,"name":"Home","item":"https://www.dolomitiprealpi.it/de/"},{"@type":"ListItem","position":2,"name":"Veranstaltungen","item":"https://www.dolomitiprealpi.it/de/events/"},{"@type":"ListItem","position":3,"name":"Vico Calabrò – Paesaggi feltrini reali e fantastici"}]},{"@type":"WebSite","@id":"https://www.dolomitiprealpi.it/de/#website","url":"https://www.dolomitiprealpi.it/de/","name":"Dolomiti Prealpi","description":"","publisher":{"@id":"https://www.dolomitiprealpi.it/de/#organization"},"potentialAction":[{"@type":"SearchAction","target":{"@type":"EntryPoint","urlTemplate":"https://www.dolomitiprealpi.it/de/?s={search_term_string}"},"query-input":{"@type":"PropertyValueSpecification","valueRequired":true,"valueName":"search_term_string"}}],"inLanguage":"de-DE"},{"@type":"Organization","@id":"https://www.dolomitiprealpi.it/de/#organization","name":"Consorzio Dolomiti Prealpi","url":"https://www.dolomitiprealpi.it/de/","logo":{"@type":"ImageObject","inLanguage":"de-DE","@id":"https://www.dolomitiprealpi.it/de/#/schema/logo/image/","url":"https://www.dolomitiprealpi.it/wp-content/uploads/2023/03/dolomitiprealpi-favicon.jpg","contentUrl":"https://www.dolomitiprealpi.it/wp-content/uploads/2023/03/dolomitiprealpi-favicon.jpg","width":512,"height":512,"caption":"Consorzio Dolomiti Prealpi"},"image":{"@id":"https://www.dolomitiprealpi.it/de/#/schema/logo/image/"},"sameAs":["https://www.facebook.com/dolomitiprealpi.it/","https://www.instagram.com/dolomitiprealpi/"]}]}</script>
<!-- / Yoast SEO plugin. -->

Vico Calabrò – Paesaggi feltrini reali e fantastici - Dolomiti Prealpi

Eintritt gegen Zahlung des Tickets zu den geltenden Tarifen der Galleria d&#8217;Arte Moderna &#8220;Carlo Rizzarda&#8221;. Vico Calabrò ist ein Maler, der seine unerschöpfliche Lebensfreude, seine Dankbarkeit für den Beruf, den
