{"id":90423,"date":"2026-04-17T13:22:55","date_gmt":"2026-04-17T11:22:55","guid":{"rendered":"https:\/\/www.dolomitiprealpi.it\/event\/ex-tempore-di-scultura-su-legno\/"},"modified":"2026-04-23T18:08:15","modified_gmt":"2026-04-23T16:08:15","slug":"ex-tempore-di-scultura-su-legno","status":"publish","type":"tribe_events","link":"https:\/\/www.dolomitiprealpi.it\/de\/event\/ex-tempore-di-scultura-su-legno\/","title":{"rendered":"Ex Tempore di Scultura su Legno"},"content":{"rendered":"<p>39. Symposium f\u00fcr Bildhauerei<\/p>\n<p>Die <b>Ex Tempore Holzskulptur<\/b>&nbsp;ist ein Wettbewerb, organisiert vom&nbsp;<b>Consorzio Belluno Centro Storico<\/b>, der seit Jahren die am meisten erwartete Veranstaltung des bellunesischen Herbstes darstellt, in der Zeit, die dem geliebten Fest des Patrons San Martino (11. November) vorausgeht.<\/p>\n<p>Vom Dienstag, den 4. bis Sonntag, den 9. November verwandeln sich im Herzen der historischen Altstadt von Belluno die Stra\u00dfen und Pl\u00e4tze in ein gro\u00dfes Freiluftlabor w\u00e4hrend des <b>Skulpturen-Symposiums<\/b>, eine der am meisten erwarteten Veranstaltungen der <b>Ex Tempore<\/b>. F\u00fcr einige Tage hallt das rhythmische Ger\u00e4usch von Kettens\u00e4gen und Mei\u00dfeln zwischen den alten Mauern wider, w\u00e4hrend die K\u00fcnstler, die an verschiedenen Stationen arbeiten, mit Geschick und Leidenschaft einzigartige Werke aus Holz erschaffen.<\/p>\n<p>Die Luft f\u00fcllt sich mit dem unverwechselbaren <b>Duft von Zirbelkiefer<\/b>, harzig und intensiv, der sich mit den Stimmen der Neugierigen und dem Murmeln der Stadt vermischt. Beim Bummeln zwischen den St\u00e4nden kann man beobachten, wie die Skulpturen vor den Augen des Publikums Gestalt annehmen: Figuren, inspiriert von der Natur, Gesichter, Symbole und Geschichten, die aus dem Holz entstehen und Kunst werden.<\/p>\n<p>Das Thema in diesem Jahr lautet &#8220;<b>Jenseits der Geste: Energie, Sport, Harmonie<\/b>&#8221; und die anwesenden Bildhauer, die aus verschiedenen Teilen Italiens und der Welt kommen, sind:<br \/>Sara Andrich, Raul Barattin, Ivan Boneccher, Alberto Boschetti, Nicola Cozzio, Gianfranco Dalla Costa, Gianluca De Nard, Arianna Gasperina, Armin Grunt, Giar Lunghi, Marco Pangrazio, Francesco Rizzardi, Manuel Rossi, Matthias Sieff, Kurt Wierer.<\/p>\n","protected":false},"excerpt":{"rendered":"<p>39. Symposium f\u00fcr Bildhauerei Die Ex Tempore Holzskulptur&nbsp;ist ein Wettbewerb, organisiert vom&nbsp;Consorzio Belluno Centro Storico, der seit Jahren die am meisten erwartete Veranstaltung des bellunesischen Herbstes darstellt, in der Zeit,<\/p>\n","protected":false},"author":0,"featured_media":0,"template":"","meta":{"_acf_changed":false,"inline_featured_image":false,"_tribe_events_status":"","_tribe_events_status_reason":"","footnotes":""},"tags":[259],"tribe_events_cat":[],"class_list":["post-90423","tribe_events","type-tribe_events","status-publish","hentry","tag-eventi-feratel"],"acf":[],"yoast_head":"<!-- This site is optimized with the Yoast SEO plugin v25.7 - https:\/\/yoast.com\/wordpress\/plugins\/seo\/ -->\n<title>Ex Tempore di Scultura su Legno - Dolomiti Prealpi<\/title>\n<meta name=\"robots\" content=\"index, follow, max-snippet:-1, max-image-preview:large, max-video-preview:-1\" \/>\n<link rel=\"canonical\" href=\"https:\/\/www.dolomitiprealpi.it\/de\/event\/ex-tempore-di-scultura-su-legno\/\" \/>\n<meta property=\"og:locale\" content=\"de_DE\" \/>\n<meta property=\"og:type\" content=\"article\" \/>\n<meta property=\"og:title\" content=\"Ex Tempore di Scultura su Legno - Dolomiti Prealpi\" \/>\n<meta property=\"og:description\" content=\"39. Symposium f\u00fcr Bildhauerei Die Ex Tempore Holzskulptur&nbsp;ist ein Wettbewerb, organisiert vom&nbsp;Consorzio Belluno Centro Storico, der seit Jahren die am meisten erwartete Veranstaltung des bellunesischen Herbstes darstellt, in der Zeit,\" \/>\n<meta property=\"og:url\" content=\"https:\/\/www.dolomitiprealpi.it\/de\/event\/ex-tempore-di-scultura-su-legno\/\" \/>\n<meta property=\"og:site_name\" content=\"Dolomiti Prealpi\" \/>\n<meta property=\"article:publisher\" content=\"https:\/\/www.facebook.com\/dolomitiprealpi.it\/\" \/>\n<meta property=\"article:modified_time\" content=\"2026-04-23T16:08:15+00:00\" \/>\n<meta property=\"og:image\" content=\"https:\/\/www.dolomitiprealpi.it\/wp-content\/uploads\/2022\/11\/C.-Timpone-Foto-archivio-Consorzio-turistico-Dolomiti-Prealpi-Nevegal-Belluno-Bike-18-2.jpg\" \/>\n\t<meta property=\"og:image:width\" content=\"2048\" \/>\n\t<meta property=\"og:image:height\" content=\"1888\" \/>\n\t<meta property=\"og:image:type\" content=\"image\/jpeg\" \/>\n<meta name=\"twitter:card\" content=\"summary_large_image\" \/>\n<meta name=\"twitter:label1\" content=\"Est. reading time\" \/>\n\t<meta name=\"twitter:data1\" content=\"1 minute\" \/>\n<script type=\"application\/ld+json\" class=\"yoast-schema-graph\">{\"@context\":\"https:\/\/schema.org\",\"@graph\":[{\"@type\":\"WebPage\",\"@id\":\"https:\/\/www.dolomitiprealpi.it\/de\/event\/ex-tempore-di-scultura-su-legno\/\",\"url\":\"https:\/\/www.dolomitiprealpi.it\/de\/event\/ex-tempore-di-scultura-su-legno\/\",\"name\":\"Ex Tempore di Scultura su Legno - Dolomiti Prealpi\",\"isPartOf\":{\"@id\":\"https:\/\/www.dolomitiprealpi.it\/de\/#website\"},\"datePublished\":\"2026-04-17T11:22:55+00:00\",\"dateModified\":\"2026-04-23T16:08:15+00:00\",\"breadcrumb\":{\"@id\":\"https:\/\/www.dolomitiprealpi.it\/de\/event\/ex-tempore-di-scultura-su-legno\/#breadcrumb\"},\"inLanguage\":\"de-DE\",\"potentialAction\":[{\"@type\":\"ReadAction\",\"target\":[\"https:\/\/www.dolomitiprealpi.it\/de\/event\/ex-tempore-di-scultura-su-legno\/\"]}]},{\"@type\":\"BreadcrumbList\",\"@id\":\"https:\/\/www.dolomitiprealpi.it\/de\/event\/ex-tempore-di-scultura-su-legno\/#breadcrumb\",\"itemListElement\":[{\"@type\":\"ListItem\",\"position\":1,\"name\":\"Home\",\"item\":\"https:\/\/www.dolomitiprealpi.it\/de\/\"},{\"@type\":\"ListItem\",\"position\":2,\"name\":\"Veranstaltungen\",\"item\":\"https:\/\/www.dolomitiprealpi.it\/de\/events\/\"},{\"@type\":\"ListItem\",\"position\":3,\"name\":\"Ex Tempore di Scultura su Legno\"}]},{\"@type\":\"WebSite\",\"@id\":\"https:\/\/www.dolomitiprealpi.it\/de\/#website\",\"url\":\"https:\/\/www.dolomitiprealpi.it\/de\/\",\"name\":\"Dolomiti Prealpi\",\"description\":\"\",\"publisher\":{\"@id\":\"https:\/\/www.dolomitiprealpi.it\/de\/#organization\"},\"potentialAction\":[{\"@type\":\"SearchAction\",\"target\":{\"@type\":\"EntryPoint\",\"urlTemplate\":\"https:\/\/www.dolomitiprealpi.it\/de\/?s={search_term_string}\"},\"query-input\":{\"@type\":\"PropertyValueSpecification\",\"valueRequired\":true,\"valueName\":\"search_term_string\"}}],\"inLanguage\":\"de-DE\"},{\"@type\":\"Organization\",\"@id\":\"https:\/\/www.dolomitiprealpi.it\/de\/#organization\",\"name\":\"Consorzio Dolomiti Prealpi\",\"url\":\"https:\/\/www.dolomitiprealpi.it\/de\/\",\"logo\":{\"@type\":\"ImageObject\",\"inLanguage\":\"de-DE\",\"@id\":\"https:\/\/www.dolomitiprealpi.it\/de\/#\/schema\/logo\/image\/\",\"url\":\"https:\/\/www.dolomitiprealpi.it\/wp-content\/uploads\/2023\/03\/dolomitiprealpi-favicon.jpg\",\"contentUrl\":\"https:\/\/www.dolomitiprealpi.it\/wp-content\/uploads\/2023\/03\/dolomitiprealpi-favicon.jpg\",\"width\":512,\"height\":512,\"caption\":\"Consorzio Dolomiti Prealpi\"},\"image\":{\"@id\":\"https:\/\/www.dolomitiprealpi.it\/de\/#\/schema\/logo\/image\/\"},\"sameAs\":[\"https:\/\/www.facebook.com\/dolomitiprealpi.it\/\",\"https:\/\/www.instagram.com\/dolomitiprealpi\/\"]}]}<\/script>\n<!-- \/ Yoast SEO plugin. -->","yoast_head_json":{"title":"Ex Tempore di Scultura su Legno - Dolomiti Prealpi","robots":{"index":"index","follow":"follow","max-snippet":"max-snippet:-1","max-image-preview":"max-image-preview:large","max-video-preview":"max-video-preview:-1"},"canonical":"https:\/\/www.dolomitiprealpi.it\/de\/event\/ex-tempore-di-scultura-su-legno\/","og_locale":"de_DE","og_type":"article","og_title":"Ex Tempore di Scultura su Legno - Dolomiti Prealpi","og_description":"39. Symposium f\u00fcr Bildhauerei Die Ex Tempore Holzskulptur&nbsp;ist ein Wettbewerb, organisiert vom&nbsp;Consorzio Belluno Centro Storico, der seit Jahren die am meisten erwartete Veranstaltung des bellunesischen Herbstes darstellt, in der Zeit,","og_url":"https:\/\/www.dolomitiprealpi.it\/de\/event\/ex-tempore-di-scultura-su-legno\/","og_site_name":"Dolomiti Prealpi","article_publisher":"https:\/\/www.facebook.com\/dolomitiprealpi.it\/","article_modified_time":"2026-04-23T16:08:15+00:00","og_image":[{"width":2048,"height":1888,"url":"https:\/\/www.dolomitiprealpi.it\/wp-content\/uploads\/2022\/11\/C.-Timpone-Foto-archivio-Consorzio-turistico-Dolomiti-Prealpi-Nevegal-Belluno-Bike-18-2.jpg","type":"image\/jpeg"}],"twitter_card":"summary_large_image","twitter_misc":{"Est. reading time":"1 minute"},"schema":{"@context":"https:\/\/schema.org","@graph":[{"@type":"WebPage","@id":"https:\/\/www.dolomitiprealpi.it\/de\/event\/ex-tempore-di-scultura-su-legno\/","url":"https:\/\/www.dolomitiprealpi.it\/de\/event\/ex-tempore-di-scultura-su-legno\/","name":"Ex Tempore di Scultura su Legno - Dolomiti Prealpi","isPartOf":{"@id":"https:\/\/www.dolomitiprealpi.it\/de\/#website"},"datePublished":"2026-04-17T11:22:55+00:00","dateModified":"2026-04-23T16:08:15+00:00","breadcrumb":{"@id":"https:\/\/www.dolomitiprealpi.it\/de\/event\/ex-tempore-di-scultura-su-legno\/#breadcrumb"},"inLanguage":"de-DE","potentialAction":[{"@type":"ReadAction","target":["https:\/\/www.dolomitiprealpi.it\/de\/event\/ex-tempore-di-scultura-su-legno\/"]}]},{"@type":"BreadcrumbList","@id":"https:\/\/www.dolomitiprealpi.it\/de\/event\/ex-tempore-di-scultura-su-legno\/#breadcrumb","itemListElement":[{"@type":"ListItem","position":1,"name":"Home","item":"https:\/\/www.dolomitiprealpi.it\/de\/"},{"@type":"ListItem","position":2,"name":"Veranstaltungen","item":"https:\/\/www.dolomitiprealpi.it\/de\/events\/"},{"@type":"ListItem","position":3,"name":"Ex Tempore di Scultura su Legno"}]},{"@type":"WebSite","@id":"https:\/\/www.dolomitiprealpi.it\/de\/#website","url":"https:\/\/www.dolomitiprealpi.it\/de\/","name":"Dolomiti Prealpi","description":"","publisher":{"@id":"https:\/\/www.dolomitiprealpi.it\/de\/#organization"},"potentialAction":[{"@type":"SearchAction","target":{"@type":"EntryPoint","urlTemplate":"https:\/\/www.dolomitiprealpi.it\/de\/?s={search_term_string}"},"query-input":{"@type":"PropertyValueSpecification","valueRequired":true,"valueName":"search_term_string"}}],"inLanguage":"de-DE"},{"@type":"Organization","@id":"https:\/\/www.dolomitiprealpi.it\/de\/#organization","name":"Consorzio Dolomiti Prealpi","url":"https:\/\/www.dolomitiprealpi.it\/de\/","logo":{"@type":"ImageObject","inLanguage":"de-DE","@id":"https:\/\/www.dolomitiprealpi.it\/de\/#\/schema\/logo\/image\/","url":"https:\/\/www.dolomitiprealpi.it\/wp-content\/uploads\/2023\/03\/dolomitiprealpi-favicon.jpg","contentUrl":"https:\/\/www.dolomitiprealpi.it\/wp-content\/uploads\/2023\/03\/dolomitiprealpi-favicon.jpg","width":512,"height":512,"caption":"Consorzio Dolomiti Prealpi"},"image":{"@id":"https:\/\/www.dolomitiprealpi.it\/de\/#\/schema\/logo\/image\/"},"sameAs":["https:\/\/www.facebook.com\/dolomitiprealpi.it\/","https:\/\/www.instagram.com\/dolomitiprealpi\/"]}]}},"_links":{"self":[{"href":"https:\/\/www.dolomitiprealpi.it\/de\/wp-json\/wp\/v2\/tribe_events\/90423","targetHints":{"allow":["GET"]}}],"collection":[{"href":"https:\/\/www.dolomitiprealpi.it\/de\/wp-json\/wp\/v2\/tribe_events"}],"about":[{"href":"https:\/\/www.dolomitiprealpi.it\/de\/wp-json\/wp\/v2\/types\/tribe_events"}],"version-history":[{"count":1,"href":"https:\/\/www.dolomitiprealpi.it\/de\/wp-json\/wp\/v2\/tribe_events\/90423\/revisions"}],"predecessor-version":[{"id":91719,"href":"https:\/\/www.dolomitiprealpi.it\/de\/wp-json\/wp\/v2\/tribe_events\/90423\/revisions\/91719"}],"wp:attachment":[{"href":"https:\/\/www.dolomitiprealpi.it\/de\/wp-json\/wp\/v2\/media?parent=90423"}],"wp:term":[{"taxonomy":"post_tag","embeddable":true,"href":"https:\/\/www.dolomitiprealpi.it\/de\/wp-json\/wp\/v2\/tags?post=90423"},{"taxonomy":"tribe_events_cat","embeddable":true,"href":"https:\/\/www.dolomitiprealpi.it\/de\/wp-json\/wp\/v2\/tribe_events_cat?post=90423"}],"curies":[{"name":"wp","href":"https:\/\/api.w.org\/{rel}","templated":true}]}}

<p>39. Symposium für Bildhauerei</p>
<p>Die <b>Ex Tempore Holzskulptur</b>&nbsp;ist ein Wettbewerb, organisiert vom&nbsp;<b>Consorzio Belluno Centro Storico</b>, der seit Jahren die am meisten erwartete Veranstaltung des bellunesischen Herbstes darstellt, in der Zeit, die dem geliebten Fest des Patrons San Martino (11. November) vorausgeht.</p>
<p>Vom Dienstag, den 4. bis Sonntag, den 9. November verwandeln sich im Herzen der historischen Altstadt von Belluno die Straßen und Plätze in ein großes Freiluftlabor während des <b>Skulpturen-Symposiums</b>, eine der am meisten erwarteten Veranstaltungen der <b>Ex Tempore</b>. Für einige Tage hallt das rhythmische Geräusch von Kettensägen und Meißeln zwischen den alten Mauern wider, während die Künstler, die an verschiedenen Stationen arbeiten, mit Geschick und Leidenschaft einzigartige Werke aus Holz erschaffen.</p>
<p>Die Luft füllt sich mit dem unverwechselbaren <b>Duft von Zirbelkiefer</b>, harzig und intensiv, der sich mit den Stimmen der Neugierigen und dem Murmeln der Stadt vermischt. Beim Bummeln zwischen den Ständen kann man beobachten, wie die Skulpturen vor den Augen des Publikums Gestalt annehmen: Figuren, inspiriert von der Natur, Gesichter, Symbole und Geschichten, die aus dem Holz entstehen und Kunst werden.</p>
<p>Das Thema in diesem Jahr lautet &#8220;<b>Jenseits der Geste: Energie, Sport, Harmonie</b>&#8221; und die anwesenden Bildhauer, die aus verschiedenen Teilen Italiens und der Welt kommen, sind:<br />Sara Andrich, Raul Barattin, Ivan Boneccher, Alberto Boschetti, Nicola Cozzio, Gianfranco Dalla Costa, Gianluca De Nard, Arianna Gasperina, Armin Grunt, Giar Lunghi, Marco Pangrazio, Francesco Rizzardi, Manuel Rossi, Matthias Sieff, Kurt Wierer.</p>

<p>39. Symposium für Bildhauerei Die Ex Tempore Holzskulptur&nbsp;ist ein Wettbewerb, organisiert vom&nbsp;Consorzio Belluno Centro Storico, der seit Jahren die am meisten erwartete Veranstaltung des bellunesischen Herbstes darstellt, in der Zeit,</p>

<!-- This site is optimized with the Yoast SEO plugin v25.7 - https://yoast.com/wordpress/plugins/seo/ -->
<title>Ex Tempore di Scultura su Legno - Dolomiti Prealpi</title>
<meta name="robots" content="index, follow, max-snippet:-1, max-image-preview:large, max-video-preview:-1" />
<link rel="canonical" href="https://www.dolomitiprealpi.it/de/event/ex-tempore-di-scultura-su-legno/" />
<meta property="og:locale" content="de_DE" />
<meta property="og:type" content="article" />
<meta property="og:title" content="Ex Tempore di Scultura su Legno - Dolomiti Prealpi" />
<meta property="og:description" content="39. Symposium für Bildhauerei Die Ex Tempore Holzskulptur&nbsp;ist ein Wettbewerb, organisiert vom&nbsp;Consorzio Belluno Centro Storico, der seit Jahren die am meisten erwartete Veranstaltung des bellunesischen Herbstes darstellt, in der Zeit," />
<meta property="og:url" content="https://www.dolomitiprealpi.it/de/event/ex-tempore-di-scultura-su-legno/" />
<meta property="og:site_name" content="Dolomiti Prealpi" />
<meta property="article:publisher" content="https://www.facebook.com/dolomitiprealpi.it/" />
<meta property="article:modified_time" content="2026-04-23T16:08:15+00:00" />
<meta property="og:image" content="https://www.dolomitiprealpi.it/wp-content/uploads/2022/11/C.-Timpone-Foto-archivio-Consorzio-turistico-Dolomiti-Prealpi-Nevegal-Belluno-Bike-18-2.jpg" />
	<meta property="og:image:width" content="2048" />
	<meta property="og:image:height" content="1888" />
	<meta property="og:image:type" content="image/jpeg" />
<meta name="twitter:card" content="summary_large_image" />
<meta name="twitter:label1" content="Est. reading time" />
	<meta name="twitter:data1" content="1 minute" />
<script type="application/ld+json" class="yoast-schema-graph">{"@context":"https://schema.org","@graph":[{"@type":"WebPage","@id":"https://www.dolomitiprealpi.it/de/event/ex-tempore-di-scultura-su-legno/","url":"https://www.dolomitiprealpi.it/de/event/ex-tempore-di-scultura-su-legno/","name":"Ex Tempore di Scultura su Legno - Dolomiti Prealpi","isPartOf":{"@id":"https://www.dolomitiprealpi.it/de/#website"},"datePublished":"2026-04-17T11:22:55+00:00","dateModified":"2026-04-23T16:08:15+00:00","breadcrumb":{"@id":"https://www.dolomitiprealpi.it/de/event/ex-tempore-di-scultura-su-legno/#breadcrumb"},"inLanguage":"de-DE","potentialAction":[{"@type":"ReadAction","target":["https://www.dolomitiprealpi.it/de/event/ex-tempore-di-scultura-su-legno/"]}]},{"@type":"BreadcrumbList","@id":"https://www.dolomitiprealpi.it/de/event/ex-tempore-di-scultura-su-legno/#breadcrumb","itemListElement":[{"@type":"ListItem","position":1,"name":"Home","item":"https://www.dolomitiprealpi.it/de/"},{"@type":"ListItem","position":2,"name":"Veranstaltungen","item":"https://www.dolomitiprealpi.it/de/events/"},{"@type":"ListItem","position":3,"name":"Ex Tempore di Scultura su Legno"}]},{"@type":"WebSite","@id":"https://www.dolomitiprealpi.it/de/#website","url":"https://www.dolomitiprealpi.it/de/","name":"Dolomiti Prealpi","description":"","publisher":{"@id":"https://www.dolomitiprealpi.it/de/#organization"},"potentialAction":[{"@type":"SearchAction","target":{"@type":"EntryPoint","urlTemplate":"https://www.dolomitiprealpi.it/de/?s={search_term_string}"},"query-input":{"@type":"PropertyValueSpecification","valueRequired":true,"valueName":"search_term_string"}}],"inLanguage":"de-DE"},{"@type":"Organization","@id":"https://www.dolomitiprealpi.it/de/#organization","name":"Consorzio Dolomiti Prealpi","url":"https://www.dolomitiprealpi.it/de/","logo":{"@type":"ImageObject","inLanguage":"de-DE","@id":"https://www.dolomitiprealpi.it/de/#/schema/logo/image/","url":"https://www.dolomitiprealpi.it/wp-content/uploads/2023/03/dolomitiprealpi-favicon.jpg","contentUrl":"https://www.dolomitiprealpi.it/wp-content/uploads/2023/03/dolomitiprealpi-favicon.jpg","width":512,"height":512,"caption":"Consorzio Dolomiti Prealpi"},"image":{"@id":"https://www.dolomitiprealpi.it/de/#/schema/logo/image/"},"sameAs":["https://www.facebook.com/dolomitiprealpi.it/","https://www.instagram.com/dolomitiprealpi/"]}]}</script>
<!-- / Yoast SEO plugin. -->

39. Symposium für Bildhauerei Die Ex Tempore Holzskulptur&nbsp;ist ein Wettbewerb, organisiert vom&nbsp;Consorzio Belluno Centro Storico, der seit Jahren die am meisten erwartete Veranstaltung des bellunesischen Herbstes darstellt, in der Zeit,
