{"id":90355,"date":"2026-04-17T13:18:06","date_gmt":"2026-04-17T11:18:06","guid":{"rendered":"https:\/\/www.dolomitiprealpi.it\/event\/tour-dei-segreti-e-dei-misteri-di-belluno\/"},"modified":"2026-04-23T18:03:45","modified_gmt":"2026-04-23T16:03:45","slug":"tour-dei-segreti-e-dei-misteri-di-belluno","status":"publish","type":"tribe_events","link":"https:\/\/www.dolomitiprealpi.it\/de\/event\/tour-dei-segreti-e-dei-misteri-di-belluno\/","title":{"rendered":"Tour dei segreti e dei misteri di Belluno"},"content":{"rendered":"<p><b>BEITRAG<br \/><\/b>&#8211; 15\u20ac ERWACHSENE<br \/>&#8211; 6\u20ac Erm\u00e4\u00dfigung f\u00fcr KINDER von 6 bis 13 Jahren<br \/>&#8211; 0\u20ac Erm\u00e4\u00dfigung f\u00fcr KINDER bis 6 Jahren<\/p>\n<\/p>\n<p>Am Sonntag, den 2. November findet die &#8220;<b>Tour der Geheimnisse und Mysterien von Belluno<\/b>&#8221; statt, eine gef\u00fchrte Besichtigung im historischen Zentrum der &#8220;Stadt des Lichts&#8221;, organisiert von Veneto Segreto und geleitet von der Reiseleiterin Marta Azzalini.<\/p>\n<p>W\u00e4hrend dieser gef\u00fchrten Tour haben Sie die Gelegenheit, die Geheimnisse, Anekdoten und Legenden zu entdecken, die sich zwischen den Stra\u00dfen und Pal\u00e4sten von Belluno verbergen. Begleitet von einem erfahrenen F\u00fchrer erkunden Sie die Stadt aus einer einzigartigen Perspektive und enth\u00fcllen faszinierende Geschichten, geheimnisvolle Pers\u00f6nlichkeiten und versteckte Winkel. <br \/>Eine unvergessliche Gelegenheit, Belluno in einem neuen Licht zu sehen und verborgene Sch\u00e4tze zu entdecken, die diese Stadt noch spezieller machen. Wir erwarten Sie zu einer unvergesslichen Reise in das Herz ihrer Geschichte und Kultur!<\/p>\n<p><b>Treffpunkt<\/b>: auf der Piazza Duomo, am Ausgang der Rolltreppen.<br \/><b>Dauer<\/b>: ca. 1h 30min<\/p>\n<p><b>Reservierungen<\/b>: auf der Website <a href=\"https:\/\/venetosegreto.com\/evento\/tour-dei-segreti-e-dei-misteri-di-belluno\/?fbclid=IwY2xjawNoE_JleHRuA2FlbQIxMQBicmlkETBmcVNqbFhjWUNtcFpESkN0AR5YfmgWv_l89G8L0ve5wGf-JDjYUjUpShXD-5vVDWJz4F5Rjhcp-lA_D--l7Q_aem_-rPmykPX96Jgy8p-zAA5Pg\">www.venetosegreto.com<\/a><\/p>\n<p>Stadtrundgang<\/p>\n","protected":false},"excerpt":{"rendered":"<p>BEITRAG&#8211; 15\u20ac ERWACHSENE&#8211; 6\u20ac Erm\u00e4\u00dfigung f\u00fcr KINDER von 6 bis 13 Jahren&#8211; 0\u20ac Erm\u00e4\u00dfigung f\u00fcr KINDER bis 6 Jahren Am Sonntag, den 2. November findet die &#8220;Tour der Geheimnisse und<\/p>\n","protected":false},"author":0,"featured_media":0,"template":"","meta":{"_acf_changed":false,"inline_featured_image":false,"_tribe_events_status":"","_tribe_events_status_reason":"","footnotes":""},"tags":[259],"tribe_events_cat":[],"class_list":["post-90355","tribe_events","type-tribe_events","status-publish","hentry","tag-eventi-feratel"],"acf":[],"yoast_head":"<!-- This site is optimized with the Yoast SEO plugin v25.7 - https:\/\/yoast.com\/wordpress\/plugins\/seo\/ -->\n<title>Tour dei segreti e dei misteri di Belluno - Dolomiti Prealpi<\/title>\n<meta name=\"robots\" content=\"index, follow, max-snippet:-1, max-image-preview:large, max-video-preview:-1\" \/>\n<link rel=\"canonical\" href=\"https:\/\/www.dolomitiprealpi.it\/de\/event\/tour-dei-segreti-e-dei-misteri-di-belluno\/\" \/>\n<meta property=\"og:locale\" content=\"de_DE\" \/>\n<meta property=\"og:type\" content=\"article\" \/>\n<meta property=\"og:title\" content=\"Tour dei segreti e dei misteri di Belluno - Dolomiti Prealpi\" \/>\n<meta property=\"og:description\" content=\"BEITRAG&#8211; 15\u20ac ERWACHSENE&#8211; 6\u20ac Erm\u00e4\u00dfigung f\u00fcr KINDER von 6 bis 13 Jahren&#8211; 0\u20ac Erm\u00e4\u00dfigung f\u00fcr KINDER bis 6 Jahren Am Sonntag, den 2. November findet die &#8220;Tour der Geheimnisse und\" \/>\n<meta property=\"og:url\" content=\"https:\/\/www.dolomitiprealpi.it\/de\/event\/tour-dei-segreti-e-dei-misteri-di-belluno\/\" \/>\n<meta property=\"og:site_name\" content=\"Dolomiti Prealpi\" \/>\n<meta property=\"article:publisher\" content=\"https:\/\/www.facebook.com\/dolomitiprealpi.it\/\" \/>\n<meta property=\"article:modified_time\" content=\"2026-04-23T16:03:45+00:00\" \/>\n<meta property=\"og:image\" content=\"https:\/\/www.dolomitiprealpi.it\/wp-content\/uploads\/2022\/11\/C.-Timpone-Foto-archivio-Consorzio-turistico-Dolomiti-Prealpi-Nevegal-Belluno-Bike-18-2.jpg\" \/>\n\t<meta property=\"og:image:width\" content=\"2048\" \/>\n\t<meta property=\"og:image:height\" content=\"1888\" \/>\n\t<meta property=\"og:image:type\" content=\"image\/jpeg\" \/>\n<meta name=\"twitter:card\" content=\"summary_large_image\" \/>\n<meta name=\"twitter:label1\" content=\"Est. reading time\" \/>\n\t<meta name=\"twitter:data1\" content=\"1 minute\" \/>\n<script type=\"application\/ld+json\" class=\"yoast-schema-graph\">{\"@context\":\"https:\/\/schema.org\",\"@graph\":[{\"@type\":\"WebPage\",\"@id\":\"https:\/\/www.dolomitiprealpi.it\/de\/event\/tour-dei-segreti-e-dei-misteri-di-belluno\/\",\"url\":\"https:\/\/www.dolomitiprealpi.it\/de\/event\/tour-dei-segreti-e-dei-misteri-di-belluno\/\",\"name\":\"Tour dei segreti e dei misteri di Belluno - Dolomiti Prealpi\",\"isPartOf\":{\"@id\":\"https:\/\/www.dolomitiprealpi.it\/de\/#website\"},\"datePublished\":\"2026-04-17T11:18:06+00:00\",\"dateModified\":\"2026-04-23T16:03:45+00:00\",\"breadcrumb\":{\"@id\":\"https:\/\/www.dolomitiprealpi.it\/de\/event\/tour-dei-segreti-e-dei-misteri-di-belluno\/#breadcrumb\"},\"inLanguage\":\"de-DE\",\"potentialAction\":[{\"@type\":\"ReadAction\",\"target\":[\"https:\/\/www.dolomitiprealpi.it\/de\/event\/tour-dei-segreti-e-dei-misteri-di-belluno\/\"]}]},{\"@type\":\"BreadcrumbList\",\"@id\":\"https:\/\/www.dolomitiprealpi.it\/de\/event\/tour-dei-segreti-e-dei-misteri-di-belluno\/#breadcrumb\",\"itemListElement\":[{\"@type\":\"ListItem\",\"position\":1,\"name\":\"Home\",\"item\":\"https:\/\/www.dolomitiprealpi.it\/de\/\"},{\"@type\":\"ListItem\",\"position\":2,\"name\":\"Veranstaltungen\",\"item\":\"https:\/\/www.dolomitiprealpi.it\/de\/events\/\"},{\"@type\":\"ListItem\",\"position\":3,\"name\":\"Tour dei segreti e dei misteri di Belluno\"}]},{\"@type\":\"WebSite\",\"@id\":\"https:\/\/www.dolomitiprealpi.it\/de\/#website\",\"url\":\"https:\/\/www.dolomitiprealpi.it\/de\/\",\"name\":\"Dolomiti Prealpi\",\"description\":\"\",\"publisher\":{\"@id\":\"https:\/\/www.dolomitiprealpi.it\/de\/#organization\"},\"potentialAction\":[{\"@type\":\"SearchAction\",\"target\":{\"@type\":\"EntryPoint\",\"urlTemplate\":\"https:\/\/www.dolomitiprealpi.it\/de\/?s={search_term_string}\"},\"query-input\":{\"@type\":\"PropertyValueSpecification\",\"valueRequired\":true,\"valueName\":\"search_term_string\"}}],\"inLanguage\":\"de-DE\"},{\"@type\":\"Organization\",\"@id\":\"https:\/\/www.dolomitiprealpi.it\/de\/#organization\",\"name\":\"Consorzio Dolomiti Prealpi\",\"url\":\"https:\/\/www.dolomitiprealpi.it\/de\/\",\"logo\":{\"@type\":\"ImageObject\",\"inLanguage\":\"de-DE\",\"@id\":\"https:\/\/www.dolomitiprealpi.it\/de\/#\/schema\/logo\/image\/\",\"url\":\"https:\/\/www.dolomitiprealpi.it\/wp-content\/uploads\/2023\/03\/dolomitiprealpi-favicon.jpg\",\"contentUrl\":\"https:\/\/www.dolomitiprealpi.it\/wp-content\/uploads\/2023\/03\/dolomitiprealpi-favicon.jpg\",\"width\":512,\"height\":512,\"caption\":\"Consorzio Dolomiti Prealpi\"},\"image\":{\"@id\":\"https:\/\/www.dolomitiprealpi.it\/de\/#\/schema\/logo\/image\/\"},\"sameAs\":[\"https:\/\/www.facebook.com\/dolomitiprealpi.it\/\",\"https:\/\/www.instagram.com\/dolomitiprealpi\/\"]}]}<\/script>\n<!-- \/ Yoast SEO plugin. -->","yoast_head_json":{"title":"Tour dei segreti e dei misteri di Belluno - Dolomiti Prealpi","robots":{"index":"index","follow":"follow","max-snippet":"max-snippet:-1","max-image-preview":"max-image-preview:large","max-video-preview":"max-video-preview:-1"},"canonical":"https:\/\/www.dolomitiprealpi.it\/de\/event\/tour-dei-segreti-e-dei-misteri-di-belluno\/","og_locale":"de_DE","og_type":"article","og_title":"Tour dei segreti e dei misteri di Belluno - Dolomiti Prealpi","og_description":"BEITRAG&#8211; 15\u20ac ERWACHSENE&#8211; 6\u20ac Erm\u00e4\u00dfigung f\u00fcr KINDER von 6 bis 13 Jahren&#8211; 0\u20ac Erm\u00e4\u00dfigung f\u00fcr KINDER bis 6 Jahren Am Sonntag, den 2. November findet die &#8220;Tour der Geheimnisse und","og_url":"https:\/\/www.dolomitiprealpi.it\/de\/event\/tour-dei-segreti-e-dei-misteri-di-belluno\/","og_site_name":"Dolomiti Prealpi","article_publisher":"https:\/\/www.facebook.com\/dolomitiprealpi.it\/","article_modified_time":"2026-04-23T16:03:45+00:00","og_image":[{"width":2048,"height":1888,"url":"https:\/\/www.dolomitiprealpi.it\/wp-content\/uploads\/2022\/11\/C.-Timpone-Foto-archivio-Consorzio-turistico-Dolomiti-Prealpi-Nevegal-Belluno-Bike-18-2.jpg","type":"image\/jpeg"}],"twitter_card":"summary_large_image","twitter_misc":{"Est. reading time":"1 minute"},"schema":{"@context":"https:\/\/schema.org","@graph":[{"@type":"WebPage","@id":"https:\/\/www.dolomitiprealpi.it\/de\/event\/tour-dei-segreti-e-dei-misteri-di-belluno\/","url":"https:\/\/www.dolomitiprealpi.it\/de\/event\/tour-dei-segreti-e-dei-misteri-di-belluno\/","name":"Tour dei segreti e dei misteri di Belluno - Dolomiti Prealpi","isPartOf":{"@id":"https:\/\/www.dolomitiprealpi.it\/de\/#website"},"datePublished":"2026-04-17T11:18:06+00:00","dateModified":"2026-04-23T16:03:45+00:00","breadcrumb":{"@id":"https:\/\/www.dolomitiprealpi.it\/de\/event\/tour-dei-segreti-e-dei-misteri-di-belluno\/#breadcrumb"},"inLanguage":"de-DE","potentialAction":[{"@type":"ReadAction","target":["https:\/\/www.dolomitiprealpi.it\/de\/event\/tour-dei-segreti-e-dei-misteri-di-belluno\/"]}]},{"@type":"BreadcrumbList","@id":"https:\/\/www.dolomitiprealpi.it\/de\/event\/tour-dei-segreti-e-dei-misteri-di-belluno\/#breadcrumb","itemListElement":[{"@type":"ListItem","position":1,"name":"Home","item":"https:\/\/www.dolomitiprealpi.it\/de\/"},{"@type":"ListItem","position":2,"name":"Veranstaltungen","item":"https:\/\/www.dolomitiprealpi.it\/de\/events\/"},{"@type":"ListItem","position":3,"name":"Tour dei segreti e dei misteri di Belluno"}]},{"@type":"WebSite","@id":"https:\/\/www.dolomitiprealpi.it\/de\/#website","url":"https:\/\/www.dolomitiprealpi.it\/de\/","name":"Dolomiti Prealpi","description":"","publisher":{"@id":"https:\/\/www.dolomitiprealpi.it\/de\/#organization"},"potentialAction":[{"@type":"SearchAction","target":{"@type":"EntryPoint","urlTemplate":"https:\/\/www.dolomitiprealpi.it\/de\/?s={search_term_string}"},"query-input":{"@type":"PropertyValueSpecification","valueRequired":true,"valueName":"search_term_string"}}],"inLanguage":"de-DE"},{"@type":"Organization","@id":"https:\/\/www.dolomitiprealpi.it\/de\/#organization","name":"Consorzio Dolomiti Prealpi","url":"https:\/\/www.dolomitiprealpi.it\/de\/","logo":{"@type":"ImageObject","inLanguage":"de-DE","@id":"https:\/\/www.dolomitiprealpi.it\/de\/#\/schema\/logo\/image\/","url":"https:\/\/www.dolomitiprealpi.it\/wp-content\/uploads\/2023\/03\/dolomitiprealpi-favicon.jpg","contentUrl":"https:\/\/www.dolomitiprealpi.it\/wp-content\/uploads\/2023\/03\/dolomitiprealpi-favicon.jpg","width":512,"height":512,"caption":"Consorzio Dolomiti Prealpi"},"image":{"@id":"https:\/\/www.dolomitiprealpi.it\/de\/#\/schema\/logo\/image\/"},"sameAs":["https:\/\/www.facebook.com\/dolomitiprealpi.it\/","https:\/\/www.instagram.com\/dolomitiprealpi\/"]}]}},"_links":{"self":[{"href":"https:\/\/www.dolomitiprealpi.it\/de\/wp-json\/wp\/v2\/tribe_events\/90355","targetHints":{"allow":["GET"]}}],"collection":[{"href":"https:\/\/www.dolomitiprealpi.it\/de\/wp-json\/wp\/v2\/tribe_events"}],"about":[{"href":"https:\/\/www.dolomitiprealpi.it\/de\/wp-json\/wp\/v2\/types\/tribe_events"}],"version-history":[{"count":1,"href":"https:\/\/www.dolomitiprealpi.it\/de\/wp-json\/wp\/v2\/tribe_events\/90355\/revisions"}],"predecessor-version":[{"id":91645,"href":"https:\/\/www.dolomitiprealpi.it\/de\/wp-json\/wp\/v2\/tribe_events\/90355\/revisions\/91645"}],"wp:attachment":[{"href":"https:\/\/www.dolomitiprealpi.it\/de\/wp-json\/wp\/v2\/media?parent=90355"}],"wp:term":[{"taxonomy":"post_tag","embeddable":true,"href":"https:\/\/www.dolomitiprealpi.it\/de\/wp-json\/wp\/v2\/tags?post=90355"},{"taxonomy":"tribe_events_cat","embeddable":true,"href":"https:\/\/www.dolomitiprealpi.it\/de\/wp-json\/wp\/v2\/tribe_events_cat?post=90355"}],"curies":[{"name":"wp","href":"https:\/\/api.w.org\/{rel}","templated":true}]}}

<p><b>BEITRAG<br /></b>&#8211; 15€ ERWACHSENE<br />&#8211; 6€ Ermäßigung für KINDER von 6 bis 13 Jahren<br />&#8211; 0€ Ermäßigung für KINDER bis 6 Jahren</p>
</p>
<p>Am Sonntag, den 2. November findet die &#8220;<b>Tour der Geheimnisse und Mysterien von Belluno</b>&#8221; statt, eine geführte Besichtigung im historischen Zentrum der &#8220;Stadt des Lichts&#8221;, organisiert von Veneto Segreto und geleitet von der Reiseleiterin Marta Azzalini.</p>
<p>Während dieser geführten Tour haben Sie die Gelegenheit, die Geheimnisse, Anekdoten und Legenden zu entdecken, die sich zwischen den Straßen und Palästen von Belluno verbergen. Begleitet von einem erfahrenen Führer erkunden Sie die Stadt aus einer einzigartigen Perspektive und enthüllen faszinierende Geschichten, geheimnisvolle Persönlichkeiten und versteckte Winkel. <br />Eine unvergessliche Gelegenheit, Belluno in einem neuen Licht zu sehen und verborgene Schätze zu entdecken, die diese Stadt noch spezieller machen. Wir erwarten Sie zu einer unvergesslichen Reise in das Herz ihrer Geschichte und Kultur!</p>
<p><b>Treffpunkt</b>: auf der Piazza Duomo, am Ausgang der Rolltreppen.<br /><b>Dauer</b>: ca. 1h 30min</p>
<p><b>Reservierungen</b>: auf der Website <a href="https://venetosegreto.com/evento/tour-dei-segreti-e-dei-misteri-di-belluno/?fbclid=IwY2xjawNoE_JleHRuA2FlbQIxMQBicmlkETBmcVNqbFhjWUNtcFpESkN0AR5YfmgWv_l89G8L0ve5wGf-JDjYUjUpShXD-5vVDWJz4F5Rjhcp-lA_D--l7Q_aem_-rPmykPX96Jgy8p-zAA5Pg">www.venetosegreto.com</a></p>
<p>Stadtrundgang</p>

<p>BEITRAG&#8211; 15€ ERWACHSENE&#8211; 6€ Ermäßigung für KINDER von 6 bis 13 Jahren&#8211; 0€ Ermäßigung für KINDER bis 6 Jahren Am Sonntag, den 2. November findet die &#8220;Tour der Geheimnisse und</p>

<!-- This site is optimized with the Yoast SEO plugin v25.7 - https://yoast.com/wordpress/plugins/seo/ -->
<title>Tour dei segreti e dei misteri di Belluno - Dolomiti Prealpi</title>
<meta name="robots" content="index, follow, max-snippet:-1, max-image-preview:large, max-video-preview:-1" />
<link rel="canonical" href="https://www.dolomitiprealpi.it/de/event/tour-dei-segreti-e-dei-misteri-di-belluno/" />
<meta property="og:locale" content="de_DE" />
<meta property="og:type" content="article" />
<meta property="og:title" content="Tour dei segreti e dei misteri di Belluno - Dolomiti Prealpi" />
<meta property="og:description" content="BEITRAG&#8211; 15€ ERWACHSENE&#8211; 6€ Ermäßigung für KINDER von 6 bis 13 Jahren&#8211; 0€ Ermäßigung für KINDER bis 6 Jahren Am Sonntag, den 2. November findet die &#8220;Tour der Geheimnisse und" />
<meta property="og:url" content="https://www.dolomitiprealpi.it/de/event/tour-dei-segreti-e-dei-misteri-di-belluno/" />
<meta property="og:site_name" content="Dolomiti Prealpi" />
<meta property="article:publisher" content="https://www.facebook.com/dolomitiprealpi.it/" />
<meta property="article:modified_time" content="2026-04-23T16:03:45+00:00" />
<meta property="og:image" content="https://www.dolomitiprealpi.it/wp-content/uploads/2022/11/C.-Timpone-Foto-archivio-Consorzio-turistico-Dolomiti-Prealpi-Nevegal-Belluno-Bike-18-2.jpg" />
	<meta property="og:image:width" content="2048" />
	<meta property="og:image:height" content="1888" />
	<meta property="og:image:type" content="image/jpeg" />
<meta name="twitter:card" content="summary_large_image" />
<meta name="twitter:label1" content="Est. reading time" />
	<meta name="twitter:data1" content="1 minute" />
<script type="application/ld+json" class="yoast-schema-graph">{"@context":"https://schema.org","@graph":[{"@type":"WebPage","@id":"https://www.dolomitiprealpi.it/de/event/tour-dei-segreti-e-dei-misteri-di-belluno/","url":"https://www.dolomitiprealpi.it/de/event/tour-dei-segreti-e-dei-misteri-di-belluno/","name":"Tour dei segreti e dei misteri di Belluno - Dolomiti Prealpi","isPartOf":{"@id":"https://www.dolomitiprealpi.it/de/#website"},"datePublished":"2026-04-17T11:18:06+00:00","dateModified":"2026-04-23T16:03:45+00:00","breadcrumb":{"@id":"https://www.dolomitiprealpi.it/de/event/tour-dei-segreti-e-dei-misteri-di-belluno/#breadcrumb"},"inLanguage":"de-DE","potentialAction":[{"@type":"ReadAction","target":["https://www.dolomitiprealpi.it/de/event/tour-dei-segreti-e-dei-misteri-di-belluno/"]}]},{"@type":"BreadcrumbList","@id":"https://www.dolomitiprealpi.it/de/event/tour-dei-segreti-e-dei-misteri-di-belluno/#breadcrumb","itemListElement":[{"@type":"ListItem","position":1,"name":"Home","item":"https://www.dolomitiprealpi.it/de/"},{"@type":"ListItem","position":2,"name":"Veranstaltungen","item":"https://www.dolomitiprealpi.it/de/events/"},{"@type":"ListItem","position":3,"name":"Tour dei segreti e dei misteri di Belluno"}]},{"@type":"WebSite","@id":"https://www.dolomitiprealpi.it/de/#website","url":"https://www.dolomitiprealpi.it/de/","name":"Dolomiti Prealpi","description":"","publisher":{"@id":"https://www.dolomitiprealpi.it/de/#organization"},"potentialAction":[{"@type":"SearchAction","target":{"@type":"EntryPoint","urlTemplate":"https://www.dolomitiprealpi.it/de/?s={search_term_string}"},"query-input":{"@type":"PropertyValueSpecification","valueRequired":true,"valueName":"search_term_string"}}],"inLanguage":"de-DE"},{"@type":"Organization","@id":"https://www.dolomitiprealpi.it/de/#organization","name":"Consorzio Dolomiti Prealpi","url":"https://www.dolomitiprealpi.it/de/","logo":{"@type":"ImageObject","inLanguage":"de-DE","@id":"https://www.dolomitiprealpi.it/de/#/schema/logo/image/","url":"https://www.dolomitiprealpi.it/wp-content/uploads/2023/03/dolomitiprealpi-favicon.jpg","contentUrl":"https://www.dolomitiprealpi.it/wp-content/uploads/2023/03/dolomitiprealpi-favicon.jpg","width":512,"height":512,"caption":"Consorzio Dolomiti Prealpi"},"image":{"@id":"https://www.dolomitiprealpi.it/de/#/schema/logo/image/"},"sameAs":["https://www.facebook.com/dolomitiprealpi.it/","https://www.instagram.com/dolomitiprealpi/"]}]}</script>
<!-- / Yoast SEO plugin. -->

BEITRAG&#8211; 15€ ERWACHSENE&#8211; 6€ Ermäßigung für KINDER von 6 bis 13 Jahren&#8211; 0€ Ermäßigung für KINDER bis 6 Jahren Am Sonntag, den 2. November findet die &#8220;Tour der Geheimnisse und
