{"id":90338,"date":"2026-04-17T13:16:01","date_gmt":"2026-04-17T11:16:01","guid":{"rendered":"https:\/\/www.dolomitiprealpi.it\/event\/2030-the-day-after\/"},"modified":"2026-04-23T18:01:54","modified_gmt":"2026-04-23T16:01:54","slug":"2030-the-day-after","status":"publish","type":"tribe_events","link":"https:\/\/www.dolomitiprealpi.it\/de\/event\/2030-the-day-after\/","title":{"rendered":"2030 the day after"},"content":{"rendered":"<p>Der Pfad ist empfohlen mit einer Reservierung und jede Sitzung startet alle 15 Minuten mit begrenzten Gruppen. <\/p>\n<p>Veranstaltungszeiten: <\/p>\n<ul>\n<li>Sonntag, 30. Oktober: 10:00 &#8211; 19:00 <\/li>\n<li>Montag, 31. Oktober: 15:00 &#8211; 24:00 <\/li>\n<li>Dienstag, 1. November: 10:00 &#8211; 19:00 <\/li>\n<\/ul>\n<p>Halloween 2025 im Schloss Zumelle: Alcatraz \u00f6ffnet wieder. <\/p>\n<p>Wie jedes Jahr wird unser Halloween sich nicht den \u00fcblichen Klischees von Schreien und Pappmach\u00e9-Monstern beugen. Wir haben bereits die K\u00e4lte der Irrenanstalten und den Wahnsinn des Horror-Zirkus durchlebt&#8230; aber dieses Mal wird der Eingang, den wir \u00f6ffnen, dunkler, n\u00e4her, unvermeidlicher sein. Wir f\u00fchren euch hinein in eine Dystopie, die nicht der fernen Zukunft angeh\u00f6rt, sondern der Gegenwart, die direkt an euch atmet. <\/p>\n<p>Ihr werdet keine Zombies oder blutgierigen Clowns finden: Ihr werdet euch selbst finden, reflektiert in einem Albtraum, den ihr nicht abschalten k\u00f6nnt. Es wird eine Reise zwischen Psychologie und Angst sein, zwischen k\u00fcnstlerischen Auff\u00fchrungen und Visionen, die euch zwingen werden, dort hinzusehen, wo ihr nie gewagt habt. Ein immersives Erlebnis, das nicht am Ende der Vorstellung endet: Es wird euch folgen, euch bewohnen, die Art und Weise ver\u00e4ndern, wie ihr den Puls der Welt h\u00f6rt. Halloween wird nicht mehr eine Zwischenablage der Angst sein. Es wird ein sanftes Urteil, ein Brandmal, eine Erinnerung, die ihr nicht wegrei\u00dfen k\u00f6nnt. Die Luft riecht nach Rost und trockenem Blut. Die W\u00e4nde ersticken und erwarten euch. Ein Urteil f\u00e4llen&#8230; euer eigenes, denn unvermeidlich seid ihr schuldig. <\/p>\n<p>Ihr werdet keine G\u00e4ste sein, geschweige denn Zuschauer. Ihr seid registriertes Fleisch, Zahlen in Ketten, bereits verurteilte Stimmen. Der Richter wird keine Erkl\u00e4rungen verlangen: Er wird eure Schuld wie ein Brandmal auf der Haut lesen. In diesem Erlebnis werdet ihr euren Fehlern begegnen und die Konsequenzen hinunter schlucken. Jeder Schritt, den ihr hier drinnen macht, wird das Grab in eurer Seele graben&#8230; Jeder Atemzug ist eine Schuld, die ihr nicht bezahlen k\u00f6nnt. Drau\u00dfen hat euch die Welt verblendet und vergessen. Zwischen diesen W\u00e4nden werdet ihr gerichtet und werdet die Zerst\u00f6rung eures verborgensten Ichs hautnah erleben. Ein Treffen mit euren zerst\u00f6rerischen Gewohnheiten auf einem Weg, der eure Existenz ersch\u00fcttern wird\u2026 wenn ihr ehrlich zu euch selbst seid.<\/p>\n<p>Der Parcours ist nur mit vorheriger Reservierung verf\u00fcgbar und jede Sitzung beginnt alle 30 Minuten mit begrenzten Gruppen, der Parcours dauert 2 Stunden.<br \/><b>Der Parcours ist f\u00fcr Personen unter 14 Jahren verboten, empfohlen ab 16 Jahren<\/b><\/p>\n<p>Kosten pro Person 25\u20ac. Reservierung mit Anzahlung von 5 \u20ac pro Person per Bank\u00fcberweisung. <\/p>\n<p>31. Oktober \u2192 von 18:00 bis 00:00 Uhr (letzte Sitzung)<br \/>1. November \u2192 von 18:00 bis 23:00 Uhr (letzte Sitzung)<br \/>2. November \u2192 von 18:00 bis 23:00 Uhr (letzte Sitzung)<\/p>\n<p>Praktische Ratschl\u00e4ge: \u2022 Bequeme und sportliche Kleidung \u2022 Wanderschuhe (ein Teil des Parcours ist im Freien) \u2022 Die Benutzung von Handys, Taschen und Ger\u00e4tschaften jeglicher Art ist untersagt<\/p>\n<p>&nbsp;Die Veranstaltung findet auch bei schlechtem Wetter statt. Nur in Ausnahmef\u00e4llen h\u00f6herer Gewalt kann sie abgesagt werden. <\/p>\n<p>Reservierungen: eventi@castellodizumelle.it<\/p>\n<p>Das gruseligste Event des Jahres auf Schloss Zumelle!!!<\/p>\n","protected":false},"excerpt":{"rendered":"<p>Der Pfad ist empfohlen mit einer Reservierung und jede Sitzung startet alle 15 Minuten mit begrenzten Gruppen. Veranstaltungszeiten: Sonntag, 30. Oktober: 10:00 &#8211; 19:00 Montag, 31. Oktober: 15:00 &#8211; 24:00<\/p>\n","protected":false},"author":0,"featured_media":0,"template":"","meta":{"_acf_changed":false,"inline_featured_image":false,"_tribe_events_status":"","_tribe_events_status_reason":"","footnotes":""},"tags":[259],"tribe_events_cat":[],"class_list":["post-90338","tribe_events","type-tribe_events","status-publish","hentry","tag-eventi-feratel"],"acf":[],"yoast_head":"<!-- This site is optimized with the Yoast SEO plugin v25.7 - https:\/\/yoast.com\/wordpress\/plugins\/seo\/ -->\n<title>2030 the day after - Dolomiti Prealpi<\/title>\n<meta name=\"robots\" content=\"index, follow, max-snippet:-1, max-image-preview:large, max-video-preview:-1\" \/>\n<link rel=\"canonical\" href=\"https:\/\/www.dolomitiprealpi.it\/de\/event\/2030-the-day-after\/\" \/>\n<meta property=\"og:locale\" content=\"de_DE\" \/>\n<meta property=\"og:type\" content=\"article\" \/>\n<meta property=\"og:title\" content=\"2030 the day after - Dolomiti Prealpi\" \/>\n<meta property=\"og:description\" content=\"Der Pfad ist empfohlen mit einer Reservierung und jede Sitzung startet alle 15 Minuten mit begrenzten Gruppen. Veranstaltungszeiten: Sonntag, 30. Oktober: 10:00 &#8211; 19:00 Montag, 31. Oktober: 15:00 &#8211; 24:00\" \/>\n<meta property=\"og:url\" content=\"https:\/\/www.dolomitiprealpi.it\/de\/event\/2030-the-day-after\/\" \/>\n<meta property=\"og:site_name\" content=\"Dolomiti Prealpi\" \/>\n<meta property=\"article:publisher\" content=\"https:\/\/www.facebook.com\/dolomitiprealpi.it\/\" \/>\n<meta property=\"article:modified_time\" content=\"2026-04-23T16:01:54+00:00\" \/>\n<meta property=\"og:image\" content=\"https:\/\/www.dolomitiprealpi.it\/wp-content\/uploads\/2022\/11\/C.-Timpone-Foto-archivio-Consorzio-turistico-Dolomiti-Prealpi-Nevegal-Belluno-Bike-18-2.jpg\" \/>\n\t<meta property=\"og:image:width\" content=\"2048\" \/>\n\t<meta property=\"og:image:height\" content=\"1888\" \/>\n\t<meta property=\"og:image:type\" content=\"image\/jpeg\" \/>\n<meta name=\"twitter:card\" content=\"summary_large_image\" \/>\n<meta name=\"twitter:label1\" content=\"Est. reading time\" \/>\n\t<meta name=\"twitter:data1\" content=\"2 minutes\" \/>\n<script type=\"application\/ld+json\" class=\"yoast-schema-graph\">{\"@context\":\"https:\/\/schema.org\",\"@graph\":[{\"@type\":\"WebPage\",\"@id\":\"https:\/\/www.dolomitiprealpi.it\/de\/event\/2030-the-day-after\/\",\"url\":\"https:\/\/www.dolomitiprealpi.it\/de\/event\/2030-the-day-after\/\",\"name\":\"2030 the day after - Dolomiti Prealpi\",\"isPartOf\":{\"@id\":\"https:\/\/www.dolomitiprealpi.it\/de\/#website\"},\"datePublished\":\"2026-04-17T11:16:01+00:00\",\"dateModified\":\"2026-04-23T16:01:54+00:00\",\"breadcrumb\":{\"@id\":\"https:\/\/www.dolomitiprealpi.it\/de\/event\/2030-the-day-after\/#breadcrumb\"},\"inLanguage\":\"de-DE\",\"potentialAction\":[{\"@type\":\"ReadAction\",\"target\":[\"https:\/\/www.dolomitiprealpi.it\/de\/event\/2030-the-day-after\/\"]}]},{\"@type\":\"BreadcrumbList\",\"@id\":\"https:\/\/www.dolomitiprealpi.it\/de\/event\/2030-the-day-after\/#breadcrumb\",\"itemListElement\":[{\"@type\":\"ListItem\",\"position\":1,\"name\":\"Home\",\"item\":\"https:\/\/www.dolomitiprealpi.it\/de\/\"},{\"@type\":\"ListItem\",\"position\":2,\"name\":\"Veranstaltungen\",\"item\":\"https:\/\/www.dolomitiprealpi.it\/de\/events\/\"},{\"@type\":\"ListItem\",\"position\":3,\"name\":\"2030 the day after\"}]},{\"@type\":\"WebSite\",\"@id\":\"https:\/\/www.dolomitiprealpi.it\/de\/#website\",\"url\":\"https:\/\/www.dolomitiprealpi.it\/de\/\",\"name\":\"Dolomiti Prealpi\",\"description\":\"\",\"publisher\":{\"@id\":\"https:\/\/www.dolomitiprealpi.it\/de\/#organization\"},\"potentialAction\":[{\"@type\":\"SearchAction\",\"target\":{\"@type\":\"EntryPoint\",\"urlTemplate\":\"https:\/\/www.dolomitiprealpi.it\/de\/?s={search_term_string}\"},\"query-input\":{\"@type\":\"PropertyValueSpecification\",\"valueRequired\":true,\"valueName\":\"search_term_string\"}}],\"inLanguage\":\"de-DE\"},{\"@type\":\"Organization\",\"@id\":\"https:\/\/www.dolomitiprealpi.it\/de\/#organization\",\"name\":\"Consorzio Dolomiti Prealpi\",\"url\":\"https:\/\/www.dolomitiprealpi.it\/de\/\",\"logo\":{\"@type\":\"ImageObject\",\"inLanguage\":\"de-DE\",\"@id\":\"https:\/\/www.dolomitiprealpi.it\/de\/#\/schema\/logo\/image\/\",\"url\":\"https:\/\/www.dolomitiprealpi.it\/wp-content\/uploads\/2023\/03\/dolomitiprealpi-favicon.jpg\",\"contentUrl\":\"https:\/\/www.dolomitiprealpi.it\/wp-content\/uploads\/2023\/03\/dolomitiprealpi-favicon.jpg\",\"width\":512,\"height\":512,\"caption\":\"Consorzio Dolomiti Prealpi\"},\"image\":{\"@id\":\"https:\/\/www.dolomitiprealpi.it\/de\/#\/schema\/logo\/image\/\"},\"sameAs\":[\"https:\/\/www.facebook.com\/dolomitiprealpi.it\/\",\"https:\/\/www.instagram.com\/dolomitiprealpi\/\"]}]}<\/script>\n<!-- \/ Yoast SEO plugin. -->","yoast_head_json":{"title":"2030 the day after - Dolomiti Prealpi","robots":{"index":"index","follow":"follow","max-snippet":"max-snippet:-1","max-image-preview":"max-image-preview:large","max-video-preview":"max-video-preview:-1"},"canonical":"https:\/\/www.dolomitiprealpi.it\/de\/event\/2030-the-day-after\/","og_locale":"de_DE","og_type":"article","og_title":"2030 the day after - Dolomiti Prealpi","og_description":"Der Pfad ist empfohlen mit einer Reservierung und jede Sitzung startet alle 15 Minuten mit begrenzten Gruppen. Veranstaltungszeiten: Sonntag, 30. Oktober: 10:00 &#8211; 19:00 Montag, 31. Oktober: 15:00 &#8211; 24:00","og_url":"https:\/\/www.dolomitiprealpi.it\/de\/event\/2030-the-day-after\/","og_site_name":"Dolomiti Prealpi","article_publisher":"https:\/\/www.facebook.com\/dolomitiprealpi.it\/","article_modified_time":"2026-04-23T16:01:54+00:00","og_image":[{"width":2048,"height":1888,"url":"https:\/\/www.dolomitiprealpi.it\/wp-content\/uploads\/2022\/11\/C.-Timpone-Foto-archivio-Consorzio-turistico-Dolomiti-Prealpi-Nevegal-Belluno-Bike-18-2.jpg","type":"image\/jpeg"}],"twitter_card":"summary_large_image","twitter_misc":{"Est. reading time":"2 minutes"},"schema":{"@context":"https:\/\/schema.org","@graph":[{"@type":"WebPage","@id":"https:\/\/www.dolomitiprealpi.it\/de\/event\/2030-the-day-after\/","url":"https:\/\/www.dolomitiprealpi.it\/de\/event\/2030-the-day-after\/","name":"2030 the day after - Dolomiti Prealpi","isPartOf":{"@id":"https:\/\/www.dolomitiprealpi.it\/de\/#website"},"datePublished":"2026-04-17T11:16:01+00:00","dateModified":"2026-04-23T16:01:54+00:00","breadcrumb":{"@id":"https:\/\/www.dolomitiprealpi.it\/de\/event\/2030-the-day-after\/#breadcrumb"},"inLanguage":"de-DE","potentialAction":[{"@type":"ReadAction","target":["https:\/\/www.dolomitiprealpi.it\/de\/event\/2030-the-day-after\/"]}]},{"@type":"BreadcrumbList","@id":"https:\/\/www.dolomitiprealpi.it\/de\/event\/2030-the-day-after\/#breadcrumb","itemListElement":[{"@type":"ListItem","position":1,"name":"Home","item":"https:\/\/www.dolomitiprealpi.it\/de\/"},{"@type":"ListItem","position":2,"name":"Veranstaltungen","item":"https:\/\/www.dolomitiprealpi.it\/de\/events\/"},{"@type":"ListItem","position":3,"name":"2030 the day after"}]},{"@type":"WebSite","@id":"https:\/\/www.dolomitiprealpi.it\/de\/#website","url":"https:\/\/www.dolomitiprealpi.it\/de\/","name":"Dolomiti Prealpi","description":"","publisher":{"@id":"https:\/\/www.dolomitiprealpi.it\/de\/#organization"},"potentialAction":[{"@type":"SearchAction","target":{"@type":"EntryPoint","urlTemplate":"https:\/\/www.dolomitiprealpi.it\/de\/?s={search_term_string}"},"query-input":{"@type":"PropertyValueSpecification","valueRequired":true,"valueName":"search_term_string"}}],"inLanguage":"de-DE"},{"@type":"Organization","@id":"https:\/\/www.dolomitiprealpi.it\/de\/#organization","name":"Consorzio Dolomiti Prealpi","url":"https:\/\/www.dolomitiprealpi.it\/de\/","logo":{"@type":"ImageObject","inLanguage":"de-DE","@id":"https:\/\/www.dolomitiprealpi.it\/de\/#\/schema\/logo\/image\/","url":"https:\/\/www.dolomitiprealpi.it\/wp-content\/uploads\/2023\/03\/dolomitiprealpi-favicon.jpg","contentUrl":"https:\/\/www.dolomitiprealpi.it\/wp-content\/uploads\/2023\/03\/dolomitiprealpi-favicon.jpg","width":512,"height":512,"caption":"Consorzio Dolomiti Prealpi"},"image":{"@id":"https:\/\/www.dolomitiprealpi.it\/de\/#\/schema\/logo\/image\/"},"sameAs":["https:\/\/www.facebook.com\/dolomitiprealpi.it\/","https:\/\/www.instagram.com\/dolomitiprealpi\/"]}]}},"_links":{"self":[{"href":"https:\/\/www.dolomitiprealpi.it\/de\/wp-json\/wp\/v2\/tribe_events\/90338","targetHints":{"allow":["GET"]}}],"collection":[{"href":"https:\/\/www.dolomitiprealpi.it\/de\/wp-json\/wp\/v2\/tribe_events"}],"about":[{"href":"https:\/\/www.dolomitiprealpi.it\/de\/wp-json\/wp\/v2\/types\/tribe_events"}],"version-history":[{"count":1,"href":"https:\/\/www.dolomitiprealpi.it\/de\/wp-json\/wp\/v2\/tribe_events\/90338\/revisions"}],"predecessor-version":[{"id":91589,"href":"https:\/\/www.dolomitiprealpi.it\/de\/wp-json\/wp\/v2\/tribe_events\/90338\/revisions\/91589"}],"wp:attachment":[{"href":"https:\/\/www.dolomitiprealpi.it\/de\/wp-json\/wp\/v2\/media?parent=90338"}],"wp:term":[{"taxonomy":"post_tag","embeddable":true,"href":"https:\/\/www.dolomitiprealpi.it\/de\/wp-json\/wp\/v2\/tags?post=90338"},{"taxonomy":"tribe_events_cat","embeddable":true,"href":"https:\/\/www.dolomitiprealpi.it\/de\/wp-json\/wp\/v2\/tribe_events_cat?post=90338"}],"curies":[{"name":"wp","href":"https:\/\/api.w.org\/{rel}","templated":true}]}}

<p>Der Pfad ist empfohlen mit einer Reservierung und jede Sitzung startet alle 15 Minuten mit begrenzten Gruppen. </p>
<p>Veranstaltungszeiten: </p>
<ul>
<li>Sonntag, 30. Oktober: 10:00 &#8211; 19:00 </li>
<li>Montag, 31. Oktober: 15:00 &#8211; 24:00 </li>
<li>Dienstag, 1. November: 10:00 &#8211; 19:00 </li>
</ul>
<p>Halloween 2025 im Schloss Zumelle: Alcatraz öffnet wieder. </p>
<p>Wie jedes Jahr wird unser Halloween sich nicht den üblichen Klischees von Schreien und Pappmaché-Monstern beugen. Wir haben bereits die Kälte der Irrenanstalten und den Wahnsinn des Horror-Zirkus durchlebt&#8230; aber dieses Mal wird der Eingang, den wir öffnen, dunkler, näher, unvermeidlicher sein. Wir führen euch hinein in eine Dystopie, die nicht der fernen Zukunft angehört, sondern der Gegenwart, die direkt an euch atmet. </p>
<p>Ihr werdet keine Zombies oder blutgierigen Clowns finden: Ihr werdet euch selbst finden, reflektiert in einem Albtraum, den ihr nicht abschalten könnt. Es wird eine Reise zwischen Psychologie und Angst sein, zwischen künstlerischen Aufführungen und Visionen, die euch zwingen werden, dort hinzusehen, wo ihr nie gewagt habt. Ein immersives Erlebnis, das nicht am Ende der Vorstellung endet: Es wird euch folgen, euch bewohnen, die Art und Weise verändern, wie ihr den Puls der Welt hört. Halloween wird nicht mehr eine Zwischenablage der Angst sein. Es wird ein sanftes Urteil, ein Brandmal, eine Erinnerung, die ihr nicht wegreißen könnt. Die Luft riecht nach Rost und trockenem Blut. Die Wände ersticken und erwarten euch. Ein Urteil fällen&#8230; euer eigenes, denn unvermeidlich seid ihr schuldig. </p>
<p>Ihr werdet keine Gäste sein, geschweige denn Zuschauer. Ihr seid registriertes Fleisch, Zahlen in Ketten, bereits verurteilte Stimmen. Der Richter wird keine Erklärungen verlangen: Er wird eure Schuld wie ein Brandmal auf der Haut lesen. In diesem Erlebnis werdet ihr euren Fehlern begegnen und die Konsequenzen hinunter schlucken. Jeder Schritt, den ihr hier drinnen macht, wird das Grab in eurer Seele graben&#8230; Jeder Atemzug ist eine Schuld, die ihr nicht bezahlen könnt. Draußen hat euch die Welt verblendet und vergessen. Zwischen diesen Wänden werdet ihr gerichtet und werdet die Zerstörung eures verborgensten Ichs hautnah erleben. Ein Treffen mit euren zerstörerischen Gewohnheiten auf einem Weg, der eure Existenz erschüttern wird… wenn ihr ehrlich zu euch selbst seid.</p>
<p>Der Parcours ist nur mit vorheriger Reservierung verfügbar und jede Sitzung beginnt alle 30 Minuten mit begrenzten Gruppen, der Parcours dauert 2 Stunden.<br /><b>Der Parcours ist für Personen unter 14 Jahren verboten, empfohlen ab 16 Jahren</b></p>
<p>Kosten pro Person 25€. Reservierung mit Anzahlung von 5 € pro Person per Banküberweisung. </p>
<p>31. Oktober → von 18:00 bis 00:00 Uhr (letzte Sitzung)<br />1. November → von 18:00 bis 23:00 Uhr (letzte Sitzung)<br />2. November → von 18:00 bis 23:00 Uhr (letzte Sitzung)</p>
<p>Praktische Ratschläge: • Bequeme und sportliche Kleidung • Wanderschuhe (ein Teil des Parcours ist im Freien) • Die Benutzung von Handys, Taschen und Gerätschaften jeglicher Art ist untersagt</p>
<p>&nbsp;Die Veranstaltung findet auch bei schlechtem Wetter statt. Nur in Ausnahmefällen höherer Gewalt kann sie abgesagt werden. </p>
<p>Reservierungen: eventi@castellodizumelle.it</p>
<p>Das gruseligste Event des Jahres auf Schloss Zumelle!!!</p>
