{"id":90333,"date":"2026-04-17T13:15:58","date_gmt":"2026-04-17T11:15:58","guid":{"rendered":"https:\/\/www.dolomitiprealpi.it\/event\/finche-ce-prosecco\/"},"modified":"2026-04-23T18:01:50","modified_gmt":"2026-04-23T16:01:50","slug":"finche-ce-prosecco-2","status":"publish","type":"tribe_events","link":"https:\/\/www.dolomitiprealpi.it\/de\/event\/finche-ce-prosecco-2\/","title":{"rendered":"Finch\u00e9 c&#8217;\u00e8 Prosecco&#8230;"},"content":{"rendered":"<p><b>Verkauf von Abonnements:&nbsp;<\/b>vom 29. September bis 13. Oktober, von Montag bis Freitag von 10.00 bis 13.00 Uhr, in der Zentrale des Circolo Cultura e Stampa Bellunese.<br \/><b>Einzelkartenverkauf f\u00fcr Vorstellungen:<\/b>&nbsp;ab 15. Oktober, von Montag bis Freitag von 10.00 bis 13.00 Uhr, in der Zentrale des Circolo Cultura e Stampa Bellunese und online auf unserer Website.<\/p>\n<p><b>Kosten des Abonnements:<\/b>&nbsp;\u20ac 100<br \/><b>Kartenpreis f\u00fcr die Vorstellung:<\/b>&nbsp;\u20ac 20<\/p>\n<p>Online-Verkauf auf der Website <a href=\"https:\/\/www.webtic.it\/index.htm#\/home?action=loadLocal&amp;localId=5377\">www.webtic.it<\/a><\/p>\n<p>Am Freitag, den 7. November, findet <b>Solange es Prosecco gibt&#8230;<\/b> statt, eine Vorstellung der 3. Theatersaison des Piccolo Teatro G. Pierobon in Paiane.<\/p>\n<p>Was macht ein Verr\u00fcckter auf dem Friedhof zwischen den H\u00fcgeln des Prosecco?<\/p>\n<p>Es erz\u00e4hlt das Leben eines gro\u00dfen Winzers, Graf Desiderio Ancillotto. Denn vielleicht kann nur ein Verr\u00fcckter wie Isacco Pitusso, der mit den Toten spricht, den Fluss der Zeit, die Dinge, die sich ver\u00e4ndert haben, aber auch die Werte, die gro\u00dfe M\u00e4nner mit sich tragen und als fruchtbare Samen hinterlassen, erfassen.<\/p>\n<p>Eine Theatergeschichte, in der man nachdenkt, erinnert, lacht und sich bewegt, denn <b>die Liebe zur Erde<\/b> ist die Liebe zum Leben, denn guter Wein verlangt Kunst und die Kunst verleiht den Gedanken Sprudel.<\/p>\n<p><i>Von Gigi Mardegan<\/i><\/p>\n<p>Auff\u00fchrung der 3. Theatersaison<\/p>\n","protected":false},"excerpt":{"rendered":"<p>Verkauf von Abonnements:&nbsp;vom 29. September bis 13. Oktober, von Montag bis Freitag von 10.00 bis 13.00 Uhr, in der Zentrale des Circolo Cultura e Stampa Bellunese.Einzelkartenverkauf f\u00fcr Vorstellungen:&nbsp;ab 15. Oktober,<\/p>\n","protected":false},"author":0,"featured_media":0,"template":"","meta":{"_acf_changed":false,"inline_featured_image":false,"_tribe_events_status":"","_tribe_events_status_reason":"","footnotes":""},"tags":[259],"tribe_events_cat":[],"class_list":["post-90333","tribe_events","type-tribe_events","status-publish","hentry","tag-eventi-feratel"],"acf":[],"yoast_head":"<!-- This site is optimized with the Yoast SEO plugin v25.7 - https:\/\/yoast.com\/wordpress\/plugins\/seo\/ -->\n<title>Finch\u00e9 c&#039;\u00e8 Prosecco... - Dolomiti Prealpi<\/title>\n<meta name=\"robots\" content=\"index, follow, max-snippet:-1, max-image-preview:large, max-video-preview:-1\" \/>\n<link rel=\"canonical\" href=\"https:\/\/www.dolomitiprealpi.it\/de\/event\/finche-ce-prosecco-2\/\" \/>\n<meta property=\"og:locale\" content=\"de_DE\" \/>\n<meta property=\"og:type\" content=\"article\" \/>\n<meta property=\"og:title\" content=\"Finch\u00e9 c&#039;\u00e8 Prosecco... - Dolomiti Prealpi\" \/>\n<meta property=\"og:description\" content=\"Verkauf von Abonnements:&nbsp;vom 29. September bis 13. Oktober, von Montag bis Freitag von 10.00 bis 13.00 Uhr, in der Zentrale des Circolo Cultura e Stampa Bellunese.Einzelkartenverkauf f\u00fcr Vorstellungen:&nbsp;ab 15. Oktober,\" \/>\n<meta property=\"og:url\" content=\"https:\/\/www.dolomitiprealpi.it\/de\/event\/finche-ce-prosecco-2\/\" \/>\n<meta property=\"og:site_name\" content=\"Dolomiti Prealpi\" \/>\n<meta property=\"article:publisher\" content=\"https:\/\/www.facebook.com\/dolomitiprealpi.it\/\" \/>\n<meta property=\"article:modified_time\" content=\"2026-04-23T16:01:50+00:00\" \/>\n<meta property=\"og:image\" content=\"https:\/\/www.dolomitiprealpi.it\/wp-content\/uploads\/2022\/11\/C.-Timpone-Foto-archivio-Consorzio-turistico-Dolomiti-Prealpi-Nevegal-Belluno-Bike-18-2.jpg\" \/>\n\t<meta property=\"og:image:width\" content=\"2048\" \/>\n\t<meta property=\"og:image:height\" content=\"1888\" \/>\n\t<meta property=\"og:image:type\" content=\"image\/jpeg\" \/>\n<meta name=\"twitter:card\" content=\"summary_large_image\" \/>\n<meta name=\"twitter:label1\" content=\"Est. reading time\" \/>\n\t<meta name=\"twitter:data1\" content=\"1 minute\" \/>\n<script type=\"application\/ld+json\" class=\"yoast-schema-graph\">{\"@context\":\"https:\/\/schema.org\",\"@graph\":[{\"@type\":\"WebPage\",\"@id\":\"https:\/\/www.dolomitiprealpi.it\/de\/event\/finche-ce-prosecco-2\/\",\"url\":\"https:\/\/www.dolomitiprealpi.it\/de\/event\/finche-ce-prosecco-2\/\",\"name\":\"Finch\u00e9 c'\u00e8 Prosecco... - Dolomiti Prealpi\",\"isPartOf\":{\"@id\":\"https:\/\/www.dolomitiprealpi.it\/de\/#website\"},\"datePublished\":\"2026-04-17T11:15:58+00:00\",\"dateModified\":\"2026-04-23T16:01:50+00:00\",\"breadcrumb\":{\"@id\":\"https:\/\/www.dolomitiprealpi.it\/de\/event\/finche-ce-prosecco-2\/#breadcrumb\"},\"inLanguage\":\"de-DE\",\"potentialAction\":[{\"@type\":\"ReadAction\",\"target\":[\"https:\/\/www.dolomitiprealpi.it\/de\/event\/finche-ce-prosecco-2\/\"]}]},{\"@type\":\"BreadcrumbList\",\"@id\":\"https:\/\/www.dolomitiprealpi.it\/de\/event\/finche-ce-prosecco-2\/#breadcrumb\",\"itemListElement\":[{\"@type\":\"ListItem\",\"position\":1,\"name\":\"Home\",\"item\":\"https:\/\/www.dolomitiprealpi.it\/de\/\"},{\"@type\":\"ListItem\",\"position\":2,\"name\":\"Veranstaltungen\",\"item\":\"https:\/\/www.dolomitiprealpi.it\/de\/events\/\"},{\"@type\":\"ListItem\",\"position\":3,\"name\":\"Finch\u00e9 c&#8217;\u00e8 Prosecco&#8230;\"}]},{\"@type\":\"WebSite\",\"@id\":\"https:\/\/www.dolomitiprealpi.it\/de\/#website\",\"url\":\"https:\/\/www.dolomitiprealpi.it\/de\/\",\"name\":\"Dolomiti Prealpi\",\"description\":\"\",\"publisher\":{\"@id\":\"https:\/\/www.dolomitiprealpi.it\/de\/#organization\"},\"potentialAction\":[{\"@type\":\"SearchAction\",\"target\":{\"@type\":\"EntryPoint\",\"urlTemplate\":\"https:\/\/www.dolomitiprealpi.it\/de\/?s={search_term_string}\"},\"query-input\":{\"@type\":\"PropertyValueSpecification\",\"valueRequired\":true,\"valueName\":\"search_term_string\"}}],\"inLanguage\":\"de-DE\"},{\"@type\":\"Organization\",\"@id\":\"https:\/\/www.dolomitiprealpi.it\/de\/#organization\",\"name\":\"Consorzio Dolomiti Prealpi\",\"url\":\"https:\/\/www.dolomitiprealpi.it\/de\/\",\"logo\":{\"@type\":\"ImageObject\",\"inLanguage\":\"de-DE\",\"@id\":\"https:\/\/www.dolomitiprealpi.it\/de\/#\/schema\/logo\/image\/\",\"url\":\"https:\/\/www.dolomitiprealpi.it\/wp-content\/uploads\/2023\/03\/dolomitiprealpi-favicon.jpg\",\"contentUrl\":\"https:\/\/www.dolomitiprealpi.it\/wp-content\/uploads\/2023\/03\/dolomitiprealpi-favicon.jpg\",\"width\":512,\"height\":512,\"caption\":\"Consorzio Dolomiti Prealpi\"},\"image\":{\"@id\":\"https:\/\/www.dolomitiprealpi.it\/de\/#\/schema\/logo\/image\/\"},\"sameAs\":[\"https:\/\/www.facebook.com\/dolomitiprealpi.it\/\",\"https:\/\/www.instagram.com\/dolomitiprealpi\/\"]}]}<\/script>\n<!-- \/ Yoast SEO plugin. -->","yoast_head_json":{"title":"Finch\u00e9 c'\u00e8 Prosecco... - Dolomiti Prealpi","robots":{"index":"index","follow":"follow","max-snippet":"max-snippet:-1","max-image-preview":"max-image-preview:large","max-video-preview":"max-video-preview:-1"},"canonical":"https:\/\/www.dolomitiprealpi.it\/de\/event\/finche-ce-prosecco-2\/","og_locale":"de_DE","og_type":"article","og_title":"Finch\u00e9 c'\u00e8 Prosecco... - Dolomiti Prealpi","og_description":"Verkauf von Abonnements:&nbsp;vom 29. September bis 13. Oktober, von Montag bis Freitag von 10.00 bis 13.00 Uhr, in der Zentrale des Circolo Cultura e Stampa Bellunese.Einzelkartenverkauf f\u00fcr Vorstellungen:&nbsp;ab 15. Oktober,","og_url":"https:\/\/www.dolomitiprealpi.it\/de\/event\/finche-ce-prosecco-2\/","og_site_name":"Dolomiti Prealpi","article_publisher":"https:\/\/www.facebook.com\/dolomitiprealpi.it\/","article_modified_time":"2026-04-23T16:01:50+00:00","og_image":[{"width":2048,"height":1888,"url":"https:\/\/www.dolomitiprealpi.it\/wp-content\/uploads\/2022\/11\/C.-Timpone-Foto-archivio-Consorzio-turistico-Dolomiti-Prealpi-Nevegal-Belluno-Bike-18-2.jpg","type":"image\/jpeg"}],"twitter_card":"summary_large_image","twitter_misc":{"Est. reading time":"1 minute"},"schema":{"@context":"https:\/\/schema.org","@graph":[{"@type":"WebPage","@id":"https:\/\/www.dolomitiprealpi.it\/de\/event\/finche-ce-prosecco-2\/","url":"https:\/\/www.dolomitiprealpi.it\/de\/event\/finche-ce-prosecco-2\/","name":"Finch\u00e9 c'\u00e8 Prosecco... - Dolomiti Prealpi","isPartOf":{"@id":"https:\/\/www.dolomitiprealpi.it\/de\/#website"},"datePublished":"2026-04-17T11:15:58+00:00","dateModified":"2026-04-23T16:01:50+00:00","breadcrumb":{"@id":"https:\/\/www.dolomitiprealpi.it\/de\/event\/finche-ce-prosecco-2\/#breadcrumb"},"inLanguage":"de-DE","potentialAction":[{"@type":"ReadAction","target":["https:\/\/www.dolomitiprealpi.it\/de\/event\/finche-ce-prosecco-2\/"]}]},{"@type":"BreadcrumbList","@id":"https:\/\/www.dolomitiprealpi.it\/de\/event\/finche-ce-prosecco-2\/#breadcrumb","itemListElement":[{"@type":"ListItem","position":1,"name":"Home","item":"https:\/\/www.dolomitiprealpi.it\/de\/"},{"@type":"ListItem","position":2,"name":"Veranstaltungen","item":"https:\/\/www.dolomitiprealpi.it\/de\/events\/"},{"@type":"ListItem","position":3,"name":"Finch\u00e9 c&#8217;\u00e8 Prosecco&#8230;"}]},{"@type":"WebSite","@id":"https:\/\/www.dolomitiprealpi.it\/de\/#website","url":"https:\/\/www.dolomitiprealpi.it\/de\/","name":"Dolomiti Prealpi","description":"","publisher":{"@id":"https:\/\/www.dolomitiprealpi.it\/de\/#organization"},"potentialAction":[{"@type":"SearchAction","target":{"@type":"EntryPoint","urlTemplate":"https:\/\/www.dolomitiprealpi.it\/de\/?s={search_term_string}"},"query-input":{"@type":"PropertyValueSpecification","valueRequired":true,"valueName":"search_term_string"}}],"inLanguage":"de-DE"},{"@type":"Organization","@id":"https:\/\/www.dolomitiprealpi.it\/de\/#organization","name":"Consorzio Dolomiti Prealpi","url":"https:\/\/www.dolomitiprealpi.it\/de\/","logo":{"@type":"ImageObject","inLanguage":"de-DE","@id":"https:\/\/www.dolomitiprealpi.it\/de\/#\/schema\/logo\/image\/","url":"https:\/\/www.dolomitiprealpi.it\/wp-content\/uploads\/2023\/03\/dolomitiprealpi-favicon.jpg","contentUrl":"https:\/\/www.dolomitiprealpi.it\/wp-content\/uploads\/2023\/03\/dolomitiprealpi-favicon.jpg","width":512,"height":512,"caption":"Consorzio Dolomiti Prealpi"},"image":{"@id":"https:\/\/www.dolomitiprealpi.it\/de\/#\/schema\/logo\/image\/"},"sameAs":["https:\/\/www.facebook.com\/dolomitiprealpi.it\/","https:\/\/www.instagram.com\/dolomitiprealpi\/"]}]}},"_links":{"self":[{"href":"https:\/\/www.dolomitiprealpi.it\/de\/wp-json\/wp\/v2\/tribe_events\/90333","targetHints":{"allow":["GET"]}}],"collection":[{"href":"https:\/\/www.dolomitiprealpi.it\/de\/wp-json\/wp\/v2\/tribe_events"}],"about":[{"href":"https:\/\/www.dolomitiprealpi.it\/de\/wp-json\/wp\/v2\/types\/tribe_events"}],"version-history":[{"count":1,"href":"https:\/\/www.dolomitiprealpi.it\/de\/wp-json\/wp\/v2\/tribe_events\/90333\/revisions"}],"predecessor-version":[{"id":91584,"href":"https:\/\/www.dolomitiprealpi.it\/de\/wp-json\/wp\/v2\/tribe_events\/90333\/revisions\/91584"}],"wp:attachment":[{"href":"https:\/\/www.dolomitiprealpi.it\/de\/wp-json\/wp\/v2\/media?parent=90333"}],"wp:term":[{"taxonomy":"post_tag","embeddable":true,"href":"https:\/\/www.dolomitiprealpi.it\/de\/wp-json\/wp\/v2\/tags?post=90333"},{"taxonomy":"tribe_events_cat","embeddable":true,"href":"https:\/\/www.dolomitiprealpi.it\/de\/wp-json\/wp\/v2\/tribe_events_cat?post=90333"}],"curies":[{"name":"wp","href":"https:\/\/api.w.org\/{rel}","templated":true}]}}

Finché c&#8217;è Prosecco&#8230;

<p><b>Verkauf von Abonnements:&nbsp;</b>vom 29. September bis 13. Oktober, von Montag bis Freitag von 10.00 bis 13.00 Uhr, in der Zentrale des Circolo Cultura e Stampa Bellunese.<br /><b>Einzelkartenverkauf für Vorstellungen:</b>&nbsp;ab 15. Oktober, von Montag bis Freitag von 10.00 bis 13.00 Uhr, in der Zentrale des Circolo Cultura e Stampa Bellunese und online auf unserer Website.</p>
<p><b>Kosten des Abonnements:</b>&nbsp;€ 100<br /><b>Kartenpreis für die Vorstellung:</b>&nbsp;€ 20</p>
<p>Online-Verkauf auf der Website <a href="https://www.webtic.it/index.htm#/home?action=loadLocal&amp;localId=5377">www.webtic.it</a></p>
<p>Am Freitag, den 7. November, findet <b>Solange es Prosecco gibt&#8230;</b> statt, eine Vorstellung der 3. Theatersaison des Piccolo Teatro G. Pierobon in Paiane.</p>
<p>Was macht ein Verrückter auf dem Friedhof zwischen den Hügeln des Prosecco?</p>
<p>Es erzählt das Leben eines großen Winzers, Graf Desiderio Ancillotto. Denn vielleicht kann nur ein Verrückter wie Isacco Pitusso, der mit den Toten spricht, den Fluss der Zeit, die Dinge, die sich verändert haben, aber auch die Werte, die große Männer mit sich tragen und als fruchtbare Samen hinterlassen, erfassen.</p>
<p>Eine Theatergeschichte, in der man nachdenkt, erinnert, lacht und sich bewegt, denn <b>die Liebe zur Erde</b> ist die Liebe zum Leben, denn guter Wein verlangt Kunst und die Kunst verleiht den Gedanken Sprudel.</p>
<p><i>Von Gigi Mardegan</i></p>
<p>Aufführung der 3. Theatersaison</p>

<p>Verkauf von Abonnements:&nbsp;vom 29. September bis 13. Oktober, von Montag bis Freitag von 10.00 bis 13.00 Uhr, in der Zentrale des Circolo Cultura e Stampa Bellunese.Einzelkartenverkauf für Vorstellungen:&nbsp;ab 15. Oktober,</p>

<!-- This site is optimized with the Yoast SEO plugin v25.7 - https://yoast.com/wordpress/plugins/seo/ -->
<title>Finché c&#039;è Prosecco... - Dolomiti Prealpi</title>
<meta name="robots" content="index, follow, max-snippet:-1, max-image-preview:large, max-video-preview:-1" />
<link rel="canonical" href="https://www.dolomitiprealpi.it/de/event/finche-ce-prosecco-2/" />
<meta property="og:locale" content="de_DE" />
<meta property="og:type" content="article" />
<meta property="og:title" content="Finché c&#039;è Prosecco... - Dolomiti Prealpi" />
<meta property="og:description" content="Verkauf von Abonnements:&nbsp;vom 29. September bis 13. Oktober, von Montag bis Freitag von 10.00 bis 13.00 Uhr, in der Zentrale des Circolo Cultura e Stampa Bellunese.Einzelkartenverkauf für Vorstellungen:&nbsp;ab 15. Oktober," />
<meta property="og:url" content="https://www.dolomitiprealpi.it/de/event/finche-ce-prosecco-2/" />
<meta property="og:site_name" content="Dolomiti Prealpi" />
<meta property="article:publisher" content="https://www.facebook.com/dolomitiprealpi.it/" />
<meta property="article:modified_time" content="2026-04-23T16:01:50+00:00" />
<meta property="og:image" content="https://www.dolomitiprealpi.it/wp-content/uploads/2022/11/C.-Timpone-Foto-archivio-Consorzio-turistico-Dolomiti-Prealpi-Nevegal-Belluno-Bike-18-2.jpg" />
	<meta property="og:image:width" content="2048" />
	<meta property="og:image:height" content="1888" />
	<meta property="og:image:type" content="image/jpeg" />
<meta name="twitter:card" content="summary_large_image" />
<meta name="twitter:label1" content="Est. reading time" />
	<meta name="twitter:data1" content="1 minute" />
<script type="application/ld+json" class="yoast-schema-graph">{"@context":"https://schema.org","@graph":[{"@type":"WebPage","@id":"https://www.dolomitiprealpi.it/de/event/finche-ce-prosecco-2/","url":"https://www.dolomitiprealpi.it/de/event/finche-ce-prosecco-2/","name":"Finché c'è Prosecco... - Dolomiti Prealpi","isPartOf":{"@id":"https://www.dolomitiprealpi.it/de/#website"},"datePublished":"2026-04-17T11:15:58+00:00","dateModified":"2026-04-23T16:01:50+00:00","breadcrumb":{"@id":"https://www.dolomitiprealpi.it/de/event/finche-ce-prosecco-2/#breadcrumb"},"inLanguage":"de-DE","potentialAction":[{"@type":"ReadAction","target":["https://www.dolomitiprealpi.it/de/event/finche-ce-prosecco-2/"]}]},{"@type":"BreadcrumbList","@id":"https://www.dolomitiprealpi.it/de/event/finche-ce-prosecco-2/#breadcrumb","itemListElement":[{"@type":"ListItem","position":1,"name":"Home","item":"https://www.dolomitiprealpi.it/de/"},{"@type":"ListItem","position":2,"name":"Veranstaltungen","item":"https://www.dolomitiprealpi.it/de/events/"},{"@type":"ListItem","position":3,"name":"Finché c&#8217;è Prosecco&#8230;"}]},{"@type":"WebSite","@id":"https://www.dolomitiprealpi.it/de/#website","url":"https://www.dolomitiprealpi.it/de/","name":"Dolomiti Prealpi","description":"","publisher":{"@id":"https://www.dolomitiprealpi.it/de/#organization"},"potentialAction":[{"@type":"SearchAction","target":{"@type":"EntryPoint","urlTemplate":"https://www.dolomitiprealpi.it/de/?s={search_term_string}"},"query-input":{"@type":"PropertyValueSpecification","valueRequired":true,"valueName":"search_term_string"}}],"inLanguage":"de-DE"},{"@type":"Organization","@id":"https://www.dolomitiprealpi.it/de/#organization","name":"Consorzio Dolomiti Prealpi","url":"https://www.dolomitiprealpi.it/de/","logo":{"@type":"ImageObject","inLanguage":"de-DE","@id":"https://www.dolomitiprealpi.it/de/#/schema/logo/image/","url":"https://www.dolomitiprealpi.it/wp-content/uploads/2023/03/dolomitiprealpi-favicon.jpg","contentUrl":"https://www.dolomitiprealpi.it/wp-content/uploads/2023/03/dolomitiprealpi-favicon.jpg","width":512,"height":512,"caption":"Consorzio Dolomiti Prealpi"},"image":{"@id":"https://www.dolomitiprealpi.it/de/#/schema/logo/image/"},"sameAs":["https://www.facebook.com/dolomitiprealpi.it/","https://www.instagram.com/dolomitiprealpi/"]}]}</script>
<!-- / Yoast SEO plugin. -->

Finché c'è Prosecco... - Dolomiti Prealpi

Verkauf von Abonnements:&nbsp;vom 29. September bis 13. Oktober, von Montag bis Freitag von 10.00 bis 13.00 Uhr, in der Zentrale des Circolo Cultura e Stampa Bellunese.Einzelkartenverkauf für Vorstellungen:&nbsp;ab 15. Oktober,
