{"id":90286,"date":"2026-04-17T13:11:50","date_gmt":"2026-04-17T11:11:50","guid":{"rendered":"https:\/\/www.dolomitiprealpi.it\/event\/informazione-e-guerra-notizie-dal-fronte\/"},"modified":"2026-04-23T17:58:23","modified_gmt":"2026-04-23T15:58:23","slug":"informazione-e-guerra-notizie-dal-fronte","status":"publish","type":"tribe_events","link":"https:\/\/www.dolomitiprealpi.it\/de\/event\/informazione-e-guerra-notizie-dal-fronte\/","title":{"rendered":"Informazione e guerra: notizie dal fronte"},"content":{"rendered":"<p>Im Audimax des Liceo Lollino findet das Treffen&nbsp;<b>Information und Krieg: Nachrichten von der Front&nbsp;mit Luca Steinmann<\/b>: um 11:15 Uhr f\u00fcr Schulen und um 20:30 Uhr f\u00fcr die B\u00fcrgerschaft statt.<\/p>\n<p>Journalist, Reporter und Hochschuldozent italo-schweizerischer Herkunft. Nach dem Abschluss in Internationalen Wissenschaften und Europ\u00e4ischen Institutionen sowie Journalismus und einer Zeit der Arbeit im schweizerischen Au\u00dfenministerium, Geopolitikanalyst bei Limes, war Steinmann Kriegsreporter f\u00fcr den TGLa7 von Enrico Mentana und hat in Deutschland mit Ard, Die Welt und Deutsche Welle, in der Schweiz mit RSI Radiotelevisione svizzera und Corriere del Ticino, Repubblica und anderen zusammengearbeitet.<\/p>\n<p>Er hat den renommiertesten Journalistenpreis (Premiolino) und andere Auszeichnungen gewonnen.<\/p>\n<p>In &#8220;Die russische Front&#8221; hat er den Krieg im Donbass erz\u00e4hlt, den er als einziger westlicher Journalist ein Jahr lang in den Reihen der Soldaten Putins miterlebt hat.&nbsp;Heute ist er de facto der einzige westliche Journalist, der den ukrainischen Konflikt aus der Perspektive der Russen mit eigenen Erfahrungen berichten kann.<\/p>\n<p>Steinmann hat langj\u00e4hrige Erfahrung als Reporter in den am meisten gebeutelten Regionen der Erde, von Afghanistan \u00fcber Syrien, Ecuador bis Armenien, Libanon und Aserbaidschan.<\/p>\n<p>Der Eintritt ist frei, eine Reservierung ist \u00fcber die folgende Webseite erforderlich: <a href=\"https:\/\/www.eventbrite.it\/e\/informazione-e-guerra-notizie-dal-fronte-tickets-1788123959899?aff=oddtdtcreator\">www.eventbrite.com<\/a><\/p>\n<p>Treffen mit dem Journalisten Luca Steinmann<\/p>\n","protected":false},"excerpt":{"rendered":"<p>Im Audimax des Liceo Lollino findet das Treffen&nbsp;Information und Krieg: Nachrichten von der Front&nbsp;mit Luca Steinmann: um 11:15 Uhr f\u00fcr Schulen und um 20:30 Uhr f\u00fcr die B\u00fcrgerschaft statt. Journalist,<\/p>\n","protected":false},"author":0,"featured_media":0,"template":"","meta":{"_acf_changed":false,"inline_featured_image":false,"_tribe_events_status":"","_tribe_events_status_reason":"","footnotes":""},"tags":[259],"tribe_events_cat":[],"class_list":["post-90286","tribe_events","type-tribe_events","status-publish","hentry","tag-eventi-feratel"],"acf":[],"yoast_head":"<!-- This site is optimized with the Yoast SEO plugin v25.7 - https:\/\/yoast.com\/wordpress\/plugins\/seo\/ -->\n<title>Informazione e guerra: notizie dal fronte - Dolomiti Prealpi<\/title>\n<meta name=\"robots\" content=\"index, follow, max-snippet:-1, max-image-preview:large, max-video-preview:-1\" \/>\n<link rel=\"canonical\" href=\"https:\/\/www.dolomitiprealpi.it\/de\/event\/informazione-e-guerra-notizie-dal-fronte\/\" \/>\n<meta property=\"og:locale\" content=\"de_DE\" \/>\n<meta property=\"og:type\" content=\"article\" \/>\n<meta property=\"og:title\" content=\"Informazione e guerra: notizie dal fronte - Dolomiti Prealpi\" \/>\n<meta property=\"og:description\" content=\"Im Audimax des Liceo Lollino findet das Treffen&nbsp;Information und Krieg: Nachrichten von der Front&nbsp;mit Luca Steinmann: um 11:15 Uhr f\u00fcr Schulen und um 20:30 Uhr f\u00fcr die B\u00fcrgerschaft statt. Journalist,\" \/>\n<meta property=\"og:url\" content=\"https:\/\/www.dolomitiprealpi.it\/de\/event\/informazione-e-guerra-notizie-dal-fronte\/\" \/>\n<meta property=\"og:site_name\" content=\"Dolomiti Prealpi\" \/>\n<meta property=\"article:publisher\" content=\"https:\/\/www.facebook.com\/dolomitiprealpi.it\/\" \/>\n<meta property=\"article:modified_time\" content=\"2026-04-23T15:58:23+00:00\" \/>\n<meta property=\"og:image\" content=\"https:\/\/www.dolomitiprealpi.it\/wp-content\/uploads\/2022\/11\/C.-Timpone-Foto-archivio-Consorzio-turistico-Dolomiti-Prealpi-Nevegal-Belluno-Bike-18-2.jpg\" \/>\n\t<meta property=\"og:image:width\" content=\"2048\" \/>\n\t<meta property=\"og:image:height\" content=\"1888\" \/>\n\t<meta property=\"og:image:type\" content=\"image\/jpeg\" \/>\n<meta name=\"twitter:card\" content=\"summary_large_image\" \/>\n<meta name=\"twitter:label1\" content=\"Est. reading time\" \/>\n\t<meta name=\"twitter:data1\" content=\"1 minute\" \/>\n<script type=\"application\/ld+json\" class=\"yoast-schema-graph\">{\"@context\":\"https:\/\/schema.org\",\"@graph\":[{\"@type\":\"WebPage\",\"@id\":\"https:\/\/www.dolomitiprealpi.it\/de\/event\/informazione-e-guerra-notizie-dal-fronte\/\",\"url\":\"https:\/\/www.dolomitiprealpi.it\/de\/event\/informazione-e-guerra-notizie-dal-fronte\/\",\"name\":\"Informazione e guerra: notizie dal fronte - Dolomiti Prealpi\",\"isPartOf\":{\"@id\":\"https:\/\/www.dolomitiprealpi.it\/de\/#website\"},\"datePublished\":\"2026-04-17T11:11:50+00:00\",\"dateModified\":\"2026-04-23T15:58:23+00:00\",\"breadcrumb\":{\"@id\":\"https:\/\/www.dolomitiprealpi.it\/de\/event\/informazione-e-guerra-notizie-dal-fronte\/#breadcrumb\"},\"inLanguage\":\"de-DE\",\"potentialAction\":[{\"@type\":\"ReadAction\",\"target\":[\"https:\/\/www.dolomitiprealpi.it\/de\/event\/informazione-e-guerra-notizie-dal-fronte\/\"]}]},{\"@type\":\"BreadcrumbList\",\"@id\":\"https:\/\/www.dolomitiprealpi.it\/de\/event\/informazione-e-guerra-notizie-dal-fronte\/#breadcrumb\",\"itemListElement\":[{\"@type\":\"ListItem\",\"position\":1,\"name\":\"Home\",\"item\":\"https:\/\/www.dolomitiprealpi.it\/de\/\"},{\"@type\":\"ListItem\",\"position\":2,\"name\":\"Veranstaltungen\",\"item\":\"https:\/\/www.dolomitiprealpi.it\/de\/events\/\"},{\"@type\":\"ListItem\",\"position\":3,\"name\":\"Informazione e guerra: notizie dal fronte\"}]},{\"@type\":\"WebSite\",\"@id\":\"https:\/\/www.dolomitiprealpi.it\/de\/#website\",\"url\":\"https:\/\/www.dolomitiprealpi.it\/de\/\",\"name\":\"Dolomiti Prealpi\",\"description\":\"\",\"publisher\":{\"@id\":\"https:\/\/www.dolomitiprealpi.it\/de\/#organization\"},\"potentialAction\":[{\"@type\":\"SearchAction\",\"target\":{\"@type\":\"EntryPoint\",\"urlTemplate\":\"https:\/\/www.dolomitiprealpi.it\/de\/?s={search_term_string}\"},\"query-input\":{\"@type\":\"PropertyValueSpecification\",\"valueRequired\":true,\"valueName\":\"search_term_string\"}}],\"inLanguage\":\"de-DE\"},{\"@type\":\"Organization\",\"@id\":\"https:\/\/www.dolomitiprealpi.it\/de\/#organization\",\"name\":\"Consorzio Dolomiti Prealpi\",\"url\":\"https:\/\/www.dolomitiprealpi.it\/de\/\",\"logo\":{\"@type\":\"ImageObject\",\"inLanguage\":\"de-DE\",\"@id\":\"https:\/\/www.dolomitiprealpi.it\/de\/#\/schema\/logo\/image\/\",\"url\":\"https:\/\/www.dolomitiprealpi.it\/wp-content\/uploads\/2023\/03\/dolomitiprealpi-favicon.jpg\",\"contentUrl\":\"https:\/\/www.dolomitiprealpi.it\/wp-content\/uploads\/2023\/03\/dolomitiprealpi-favicon.jpg\",\"width\":512,\"height\":512,\"caption\":\"Consorzio Dolomiti Prealpi\"},\"image\":{\"@id\":\"https:\/\/www.dolomitiprealpi.it\/de\/#\/schema\/logo\/image\/\"},\"sameAs\":[\"https:\/\/www.facebook.com\/dolomitiprealpi.it\/\",\"https:\/\/www.instagram.com\/dolomitiprealpi\/\"]}]}<\/script>\n<!-- \/ Yoast SEO plugin. -->","yoast_head_json":{"title":"Informazione e guerra: notizie dal fronte - Dolomiti Prealpi","robots":{"index":"index","follow":"follow","max-snippet":"max-snippet:-1","max-image-preview":"max-image-preview:large","max-video-preview":"max-video-preview:-1"},"canonical":"https:\/\/www.dolomitiprealpi.it\/de\/event\/informazione-e-guerra-notizie-dal-fronte\/","og_locale":"de_DE","og_type":"article","og_title":"Informazione e guerra: notizie dal fronte - Dolomiti Prealpi","og_description":"Im Audimax des Liceo Lollino findet das Treffen&nbsp;Information und Krieg: Nachrichten von der Front&nbsp;mit Luca Steinmann: um 11:15 Uhr f\u00fcr Schulen und um 20:30 Uhr f\u00fcr die B\u00fcrgerschaft statt. Journalist,","og_url":"https:\/\/www.dolomitiprealpi.it\/de\/event\/informazione-e-guerra-notizie-dal-fronte\/","og_site_name":"Dolomiti Prealpi","article_publisher":"https:\/\/www.facebook.com\/dolomitiprealpi.it\/","article_modified_time":"2026-04-23T15:58:23+00:00","og_image":[{"width":2048,"height":1888,"url":"https:\/\/www.dolomitiprealpi.it\/wp-content\/uploads\/2022\/11\/C.-Timpone-Foto-archivio-Consorzio-turistico-Dolomiti-Prealpi-Nevegal-Belluno-Bike-18-2.jpg","type":"image\/jpeg"}],"twitter_card":"summary_large_image","twitter_misc":{"Est. reading time":"1 minute"},"schema":{"@context":"https:\/\/schema.org","@graph":[{"@type":"WebPage","@id":"https:\/\/www.dolomitiprealpi.it\/de\/event\/informazione-e-guerra-notizie-dal-fronte\/","url":"https:\/\/www.dolomitiprealpi.it\/de\/event\/informazione-e-guerra-notizie-dal-fronte\/","name":"Informazione e guerra: notizie dal fronte - Dolomiti Prealpi","isPartOf":{"@id":"https:\/\/www.dolomitiprealpi.it\/de\/#website"},"datePublished":"2026-04-17T11:11:50+00:00","dateModified":"2026-04-23T15:58:23+00:00","breadcrumb":{"@id":"https:\/\/www.dolomitiprealpi.it\/de\/event\/informazione-e-guerra-notizie-dal-fronte\/#breadcrumb"},"inLanguage":"de-DE","potentialAction":[{"@type":"ReadAction","target":["https:\/\/www.dolomitiprealpi.it\/de\/event\/informazione-e-guerra-notizie-dal-fronte\/"]}]},{"@type":"BreadcrumbList","@id":"https:\/\/www.dolomitiprealpi.it\/de\/event\/informazione-e-guerra-notizie-dal-fronte\/#breadcrumb","itemListElement":[{"@type":"ListItem","position":1,"name":"Home","item":"https:\/\/www.dolomitiprealpi.it\/de\/"},{"@type":"ListItem","position":2,"name":"Veranstaltungen","item":"https:\/\/www.dolomitiprealpi.it\/de\/events\/"},{"@type":"ListItem","position":3,"name":"Informazione e guerra: notizie dal fronte"}]},{"@type":"WebSite","@id":"https:\/\/www.dolomitiprealpi.it\/de\/#website","url":"https:\/\/www.dolomitiprealpi.it\/de\/","name":"Dolomiti Prealpi","description":"","publisher":{"@id":"https:\/\/www.dolomitiprealpi.it\/de\/#organization"},"potentialAction":[{"@type":"SearchAction","target":{"@type":"EntryPoint","urlTemplate":"https:\/\/www.dolomitiprealpi.it\/de\/?s={search_term_string}"},"query-input":{"@type":"PropertyValueSpecification","valueRequired":true,"valueName":"search_term_string"}}],"inLanguage":"de-DE"},{"@type":"Organization","@id":"https:\/\/www.dolomitiprealpi.it\/de\/#organization","name":"Consorzio Dolomiti Prealpi","url":"https:\/\/www.dolomitiprealpi.it\/de\/","logo":{"@type":"ImageObject","inLanguage":"de-DE","@id":"https:\/\/www.dolomitiprealpi.it\/de\/#\/schema\/logo\/image\/","url":"https:\/\/www.dolomitiprealpi.it\/wp-content\/uploads\/2023\/03\/dolomitiprealpi-favicon.jpg","contentUrl":"https:\/\/www.dolomitiprealpi.it\/wp-content\/uploads\/2023\/03\/dolomitiprealpi-favicon.jpg","width":512,"height":512,"caption":"Consorzio Dolomiti Prealpi"},"image":{"@id":"https:\/\/www.dolomitiprealpi.it\/de\/#\/schema\/logo\/image\/"},"sameAs":["https:\/\/www.facebook.com\/dolomitiprealpi.it\/","https:\/\/www.instagram.com\/dolomitiprealpi\/"]}]}},"_links":{"self":[{"href":"https:\/\/www.dolomitiprealpi.it\/de\/wp-json\/wp\/v2\/tribe_events\/90286","targetHints":{"allow":["GET"]}}],"collection":[{"href":"https:\/\/www.dolomitiprealpi.it\/de\/wp-json\/wp\/v2\/tribe_events"}],"about":[{"href":"https:\/\/www.dolomitiprealpi.it\/de\/wp-json\/wp\/v2\/types\/tribe_events"}],"version-history":[{"count":1,"href":"https:\/\/www.dolomitiprealpi.it\/de\/wp-json\/wp\/v2\/tribe_events\/90286\/revisions"}],"predecessor-version":[{"id":91516,"href":"https:\/\/www.dolomitiprealpi.it\/de\/wp-json\/wp\/v2\/tribe_events\/90286\/revisions\/91516"}],"wp:attachment":[{"href":"https:\/\/www.dolomitiprealpi.it\/de\/wp-json\/wp\/v2\/media?parent=90286"}],"wp:term":[{"taxonomy":"post_tag","embeddable":true,"href":"https:\/\/www.dolomitiprealpi.it\/de\/wp-json\/wp\/v2\/tags?post=90286"},{"taxonomy":"tribe_events_cat","embeddable":true,"href":"https:\/\/www.dolomitiprealpi.it\/de\/wp-json\/wp\/v2\/tribe_events_cat?post=90286"}],"curies":[{"name":"wp","href":"https:\/\/api.w.org\/{rel}","templated":true}]}}

<p>Im Audimax des Liceo Lollino findet das Treffen&nbsp;<b>Information und Krieg: Nachrichten von der Front&nbsp;mit Luca Steinmann</b>: um 11:15 Uhr für Schulen und um 20:30 Uhr für die Bürgerschaft statt.</p>
<p>Journalist, Reporter und Hochschuldozent italo-schweizerischer Herkunft. Nach dem Abschluss in Internationalen Wissenschaften und Europäischen Institutionen sowie Journalismus und einer Zeit der Arbeit im schweizerischen Außenministerium, Geopolitikanalyst bei Limes, war Steinmann Kriegsreporter für den TGLa7 von Enrico Mentana und hat in Deutschland mit Ard, Die Welt und Deutsche Welle, in der Schweiz mit RSI Radiotelevisione svizzera und Corriere del Ticino, Repubblica und anderen zusammengearbeitet.</p>
<p>Er hat den renommiertesten Journalistenpreis (Premiolino) und andere Auszeichnungen gewonnen.</p>
<p>In &#8220;Die russische Front&#8221; hat er den Krieg im Donbass erzählt, den er als einziger westlicher Journalist ein Jahr lang in den Reihen der Soldaten Putins miterlebt hat.&nbsp;Heute ist er de facto der einzige westliche Journalist, der den ukrainischen Konflikt aus der Perspektive der Russen mit eigenen Erfahrungen berichten kann.</p>
<p>Steinmann hat langjährige Erfahrung als Reporter in den am meisten gebeutelten Regionen der Erde, von Afghanistan über Syrien, Ecuador bis Armenien, Libanon und Aserbaidschan.</p>
<p>Der Eintritt ist frei, eine Reservierung ist über die folgende Webseite erforderlich: <a href="https://www.eventbrite.it/e/informazione-e-guerra-notizie-dal-fronte-tickets-1788123959899?aff=oddtdtcreator">www.eventbrite.com</a></p>
<p>Treffen mit dem Journalisten Luca Steinmann</p>

<p>Im Audimax des Liceo Lollino findet das Treffen&nbsp;Information und Krieg: Nachrichten von der Front&nbsp;mit Luca Steinmann: um 11:15 Uhr für Schulen und um 20:30 Uhr für die Bürgerschaft statt. Journalist,</p>

<!-- This site is optimized with the Yoast SEO plugin v25.7 - https://yoast.com/wordpress/plugins/seo/ -->
<title>Informazione e guerra: notizie dal fronte - Dolomiti Prealpi</title>
<meta name="robots" content="index, follow, max-snippet:-1, max-image-preview:large, max-video-preview:-1" />
<link rel="canonical" href="https://www.dolomitiprealpi.it/de/event/informazione-e-guerra-notizie-dal-fronte/" />
<meta property="og:locale" content="de_DE" />
<meta property="og:type" content="article" />
<meta property="og:title" content="Informazione e guerra: notizie dal fronte - Dolomiti Prealpi" />
<meta property="og:description" content="Im Audimax des Liceo Lollino findet das Treffen&nbsp;Information und Krieg: Nachrichten von der Front&nbsp;mit Luca Steinmann: um 11:15 Uhr für Schulen und um 20:30 Uhr für die Bürgerschaft statt. Journalist," />
<meta property="og:url" content="https://www.dolomitiprealpi.it/de/event/informazione-e-guerra-notizie-dal-fronte/" />
<meta property="og:site_name" content="Dolomiti Prealpi" />
<meta property="article:publisher" content="https://www.facebook.com/dolomitiprealpi.it/" />
<meta property="article:modified_time" content="2026-04-23T15:58:23+00:00" />
<meta property="og:image" content="https://www.dolomitiprealpi.it/wp-content/uploads/2022/11/C.-Timpone-Foto-archivio-Consorzio-turistico-Dolomiti-Prealpi-Nevegal-Belluno-Bike-18-2.jpg" />
	<meta property="og:image:width" content="2048" />
	<meta property="og:image:height" content="1888" />
	<meta property="og:image:type" content="image/jpeg" />
<meta name="twitter:card" content="summary_large_image" />
<meta name="twitter:label1" content="Est. reading time" />
	<meta name="twitter:data1" content="1 minute" />
<script type="application/ld+json" class="yoast-schema-graph">{"@context":"https://schema.org","@graph":[{"@type":"WebPage","@id":"https://www.dolomitiprealpi.it/de/event/informazione-e-guerra-notizie-dal-fronte/","url":"https://www.dolomitiprealpi.it/de/event/informazione-e-guerra-notizie-dal-fronte/","name":"Informazione e guerra: notizie dal fronte - Dolomiti Prealpi","isPartOf":{"@id":"https://www.dolomitiprealpi.it/de/#website"},"datePublished":"2026-04-17T11:11:50+00:00","dateModified":"2026-04-23T15:58:23+00:00","breadcrumb":{"@id":"https://www.dolomitiprealpi.it/de/event/informazione-e-guerra-notizie-dal-fronte/#breadcrumb"},"inLanguage":"de-DE","potentialAction":[{"@type":"ReadAction","target":["https://www.dolomitiprealpi.it/de/event/informazione-e-guerra-notizie-dal-fronte/"]}]},{"@type":"BreadcrumbList","@id":"https://www.dolomitiprealpi.it/de/event/informazione-e-guerra-notizie-dal-fronte/#breadcrumb","itemListElement":[{"@type":"ListItem","position":1,"name":"Home","item":"https://www.dolomitiprealpi.it/de/"},{"@type":"ListItem","position":2,"name":"Veranstaltungen","item":"https://www.dolomitiprealpi.it/de/events/"},{"@type":"ListItem","position":3,"name":"Informazione e guerra: notizie dal fronte"}]},{"@type":"WebSite","@id":"https://www.dolomitiprealpi.it/de/#website","url":"https://www.dolomitiprealpi.it/de/","name":"Dolomiti Prealpi","description":"","publisher":{"@id":"https://www.dolomitiprealpi.it/de/#organization"},"potentialAction":[{"@type":"SearchAction","target":{"@type":"EntryPoint","urlTemplate":"https://www.dolomitiprealpi.it/de/?s={search_term_string}"},"query-input":{"@type":"PropertyValueSpecification","valueRequired":true,"valueName":"search_term_string"}}],"inLanguage":"de-DE"},{"@type":"Organization","@id":"https://www.dolomitiprealpi.it/de/#organization","name":"Consorzio Dolomiti Prealpi","url":"https://www.dolomitiprealpi.it/de/","logo":{"@type":"ImageObject","inLanguage":"de-DE","@id":"https://www.dolomitiprealpi.it/de/#/schema/logo/image/","url":"https://www.dolomitiprealpi.it/wp-content/uploads/2023/03/dolomitiprealpi-favicon.jpg","contentUrl":"https://www.dolomitiprealpi.it/wp-content/uploads/2023/03/dolomitiprealpi-favicon.jpg","width":512,"height":512,"caption":"Consorzio Dolomiti Prealpi"},"image":{"@id":"https://www.dolomitiprealpi.it/de/#/schema/logo/image/"},"sameAs":["https://www.facebook.com/dolomitiprealpi.it/","https://www.instagram.com/dolomitiprealpi/"]}]}</script>
<!-- / Yoast SEO plugin. -->

Im Audimax des Liceo Lollino findet das Treffen&nbsp;Information und Krieg: Nachrichten von der Front&nbsp;mit Luca Steinmann: um 11:15 Uhr für Schulen und um 20:30 Uhr für die Bürgerschaft statt. Journalist,
