{"id":90138,"date":"2026-04-17T13:04:39","date_gmt":"2026-04-17T11:04:39","guid":{"rendered":"https:\/\/www.dolomitiprealpi.it\/event\/novembre-2025-al-centro-astronomico-di-arson\/"},"modified":"2026-04-23T17:51:39","modified_gmt":"2026-04-23T15:51:39","slug":"novembre-2025-al-centro-astronomico-di-arson-4","status":"publish","type":"tribe_events","link":"https:\/\/www.dolomitiprealpi.it\/de\/event\/novembre-2025-al-centro-astronomico-di-arson-4\/","title":{"rendered":"Novembre 2025 al centro astronomico di Arson"},"content":{"rendered":"<p>Die Kampagne f\u00fcr die Plejaden: Referent Gabriele Vanin<\/p>\n<p>Ohne Zweifel sind die Plejaden eines der sch\u00f6nsten Himmelsobjekte, vielleicht das sch\u00f6nste und eindrucksvollste am gesamten Himmel. Ihre charakteristische Form, ihre ungew\u00f6hnliche Zusammensetzung, ihr dezenter und doch ganz offensichtlicher Glanz beeindrucken selbst diejenigen, die zum ersten Mal den Himmel betrachten, und sogar jene, die zuf\u00e4llig den Blick gen Firmament richten.<\/p>\n<p>Dar\u00fcber hinaus kommen auch einige faszinierende und geheimnisvolle Merkmale dazu, die alle verschiedenen Aspekte umfassen, einschlie\u00dflich der betreffenden Namen. Eines der faszinierendsten Geheimnisse betrifft die Tatsache, dass alle antiken Quellen sagen, dass manchmal sechs Plejaden mit blo\u00dfem Auge sichtbar sind, manchmal sieben. Das hat die sogenannte Legende der verlorenen Plejade gen\u00e4hrt, die in vielen Kulturen weltweit vorhanden ist.<\/p>\n<p>&nbsp;Um die Grundlagen dieses Mythos zu verstehen, werden die Besucher w\u00e4hrend des Herbstes und Winters eingeladen, auf ein Blatt Papier alle Plejaden zu zeichnen, die sie mit blo\u00dfem Auge sehen k\u00f6nnen, und zwar in ihren korrekten Positionen. Nat\u00fcrlich werden die Sterne auch durch ein Teleskop beobachtet, wo sie noch spektakul\u00e4rer erscheinen werden. Es werden auch andere tiefen Himmel Objekte wie der Doppelsternhaufen im Perseus, die Andromedagalaxie und au\u00dferdem der Planet Saturn gezeigt.<\/p>\n<p>Im Planetarium wird ebenfalls \u00fcber die Plejaden gesprochen, wobei viele Informationen \u00fcber die Mythologie und Astronomie dieses wunderbaren Objekts gegeben werden.<\/p>\n","protected":false},"excerpt":{"rendered":"<p>Die Kampagne f\u00fcr die Plejaden: Referent Gabriele Vanin Ohne Zweifel sind die Plejaden eines der sch\u00f6nsten Himmelsobjekte, vielleicht das sch\u00f6nste und eindrucksvollste am gesamten Himmel. Ihre charakteristische Form, ihre ungew\u00f6hnliche<\/p>\n","protected":false},"author":0,"featured_media":0,"template":"","meta":{"_acf_changed":false,"inline_featured_image":false,"_tribe_events_status":"","_tribe_events_status_reason":"","footnotes":""},"tags":[259],"tribe_events_cat":[],"class_list":["post-90138","tribe_events","type-tribe_events","status-publish","hentry","tag-eventi-feratel"],"acf":[],"yoast_head":"<!-- This site is optimized with the Yoast SEO plugin v25.7 - https:\/\/yoast.com\/wordpress\/plugins\/seo\/ -->\n<title>Novembre 2025 al centro astronomico di Arson - Dolomiti Prealpi<\/title>\n<meta name=\"robots\" content=\"index, follow, max-snippet:-1, max-image-preview:large, max-video-preview:-1\" \/>\n<link rel=\"canonical\" href=\"https:\/\/www.dolomitiprealpi.it\/de\/event\/novembre-2025-al-centro-astronomico-di-arson-4\/\" \/>\n<meta property=\"og:locale\" content=\"de_DE\" \/>\n<meta property=\"og:type\" content=\"article\" \/>\n<meta property=\"og:title\" content=\"Novembre 2025 al centro astronomico di Arson - Dolomiti Prealpi\" \/>\n<meta property=\"og:description\" content=\"Die Kampagne f\u00fcr die Plejaden: Referent Gabriele Vanin Ohne Zweifel sind die Plejaden eines der sch\u00f6nsten Himmelsobjekte, vielleicht das sch\u00f6nste und eindrucksvollste am gesamten Himmel. Ihre charakteristische Form, ihre ungew\u00f6hnliche\" \/>\n<meta property=\"og:url\" content=\"https:\/\/www.dolomitiprealpi.it\/de\/event\/novembre-2025-al-centro-astronomico-di-arson-4\/\" \/>\n<meta property=\"og:site_name\" content=\"Dolomiti Prealpi\" \/>\n<meta property=\"article:publisher\" content=\"https:\/\/www.facebook.com\/dolomitiprealpi.it\/\" \/>\n<meta property=\"article:modified_time\" content=\"2026-04-23T15:51:39+00:00\" \/>\n<meta property=\"og:image\" content=\"https:\/\/www.dolomitiprealpi.it\/wp-content\/uploads\/2022\/11\/C.-Timpone-Foto-archivio-Consorzio-turistico-Dolomiti-Prealpi-Nevegal-Belluno-Bike-18-2.jpg\" \/>\n\t<meta property=\"og:image:width\" content=\"2048\" \/>\n\t<meta property=\"og:image:height\" content=\"1888\" \/>\n\t<meta property=\"og:image:type\" content=\"image\/jpeg\" \/>\n<meta name=\"twitter:card\" content=\"summary_large_image\" \/>\n<meta name=\"twitter:label1\" content=\"Est. reading time\" \/>\n\t<meta name=\"twitter:data1\" content=\"1 minute\" \/>\n<script type=\"application\/ld+json\" class=\"yoast-schema-graph\">{\"@context\":\"https:\/\/schema.org\",\"@graph\":[{\"@type\":\"WebPage\",\"@id\":\"https:\/\/www.dolomitiprealpi.it\/de\/event\/novembre-2025-al-centro-astronomico-di-arson-4\/\",\"url\":\"https:\/\/www.dolomitiprealpi.it\/de\/event\/novembre-2025-al-centro-astronomico-di-arson-4\/\",\"name\":\"Novembre 2025 al centro astronomico di Arson - Dolomiti Prealpi\",\"isPartOf\":{\"@id\":\"https:\/\/www.dolomitiprealpi.it\/de\/#website\"},\"datePublished\":\"2026-04-17T11:04:39+00:00\",\"dateModified\":\"2026-04-23T15:51:39+00:00\",\"breadcrumb\":{\"@id\":\"https:\/\/www.dolomitiprealpi.it\/de\/event\/novembre-2025-al-centro-astronomico-di-arson-4\/#breadcrumb\"},\"inLanguage\":\"de-DE\",\"potentialAction\":[{\"@type\":\"ReadAction\",\"target\":[\"https:\/\/www.dolomitiprealpi.it\/de\/event\/novembre-2025-al-centro-astronomico-di-arson-4\/\"]}]},{\"@type\":\"BreadcrumbList\",\"@id\":\"https:\/\/www.dolomitiprealpi.it\/de\/event\/novembre-2025-al-centro-astronomico-di-arson-4\/#breadcrumb\",\"itemListElement\":[{\"@type\":\"ListItem\",\"position\":1,\"name\":\"Home\",\"item\":\"https:\/\/www.dolomitiprealpi.it\/de\/\"},{\"@type\":\"ListItem\",\"position\":2,\"name\":\"Veranstaltungen\",\"item\":\"https:\/\/www.dolomitiprealpi.it\/de\/events\/\"},{\"@type\":\"ListItem\",\"position\":3,\"name\":\"Novembre 2025 al centro astronomico di Arson\"}]},{\"@type\":\"WebSite\",\"@id\":\"https:\/\/www.dolomitiprealpi.it\/de\/#website\",\"url\":\"https:\/\/www.dolomitiprealpi.it\/de\/\",\"name\":\"Dolomiti Prealpi\",\"description\":\"\",\"publisher\":{\"@id\":\"https:\/\/www.dolomitiprealpi.it\/de\/#organization\"},\"potentialAction\":[{\"@type\":\"SearchAction\",\"target\":{\"@type\":\"EntryPoint\",\"urlTemplate\":\"https:\/\/www.dolomitiprealpi.it\/de\/?s={search_term_string}\"},\"query-input\":{\"@type\":\"PropertyValueSpecification\",\"valueRequired\":true,\"valueName\":\"search_term_string\"}}],\"inLanguage\":\"de-DE\"},{\"@type\":\"Organization\",\"@id\":\"https:\/\/www.dolomitiprealpi.it\/de\/#organization\",\"name\":\"Consorzio Dolomiti Prealpi\",\"url\":\"https:\/\/www.dolomitiprealpi.it\/de\/\",\"logo\":{\"@type\":\"ImageObject\",\"inLanguage\":\"de-DE\",\"@id\":\"https:\/\/www.dolomitiprealpi.it\/de\/#\/schema\/logo\/image\/\",\"url\":\"https:\/\/www.dolomitiprealpi.it\/wp-content\/uploads\/2023\/03\/dolomitiprealpi-favicon.jpg\",\"contentUrl\":\"https:\/\/www.dolomitiprealpi.it\/wp-content\/uploads\/2023\/03\/dolomitiprealpi-favicon.jpg\",\"width\":512,\"height\":512,\"caption\":\"Consorzio Dolomiti Prealpi\"},\"image\":{\"@id\":\"https:\/\/www.dolomitiprealpi.it\/de\/#\/schema\/logo\/image\/\"},\"sameAs\":[\"https:\/\/www.facebook.com\/dolomitiprealpi.it\/\",\"https:\/\/www.instagram.com\/dolomitiprealpi\/\"]}]}<\/script>\n<!-- \/ Yoast SEO plugin. -->","yoast_head_json":{"title":"Novembre 2025 al centro astronomico di Arson - Dolomiti Prealpi","robots":{"index":"index","follow":"follow","max-snippet":"max-snippet:-1","max-image-preview":"max-image-preview:large","max-video-preview":"max-video-preview:-1"},"canonical":"https:\/\/www.dolomitiprealpi.it\/de\/event\/novembre-2025-al-centro-astronomico-di-arson-4\/","og_locale":"de_DE","og_type":"article","og_title":"Novembre 2025 al centro astronomico di Arson - Dolomiti Prealpi","og_description":"Die Kampagne f\u00fcr die Plejaden: Referent Gabriele Vanin Ohne Zweifel sind die Plejaden eines der sch\u00f6nsten Himmelsobjekte, vielleicht das sch\u00f6nste und eindrucksvollste am gesamten Himmel. Ihre charakteristische Form, ihre ungew\u00f6hnliche","og_url":"https:\/\/www.dolomitiprealpi.it\/de\/event\/novembre-2025-al-centro-astronomico-di-arson-4\/","og_site_name":"Dolomiti Prealpi","article_publisher":"https:\/\/www.facebook.com\/dolomitiprealpi.it\/","article_modified_time":"2026-04-23T15:51:39+00:00","og_image":[{"width":2048,"height":1888,"url":"https:\/\/www.dolomitiprealpi.it\/wp-content\/uploads\/2022\/11\/C.-Timpone-Foto-archivio-Consorzio-turistico-Dolomiti-Prealpi-Nevegal-Belluno-Bike-18-2.jpg","type":"image\/jpeg"}],"twitter_card":"summary_large_image","twitter_misc":{"Est. reading time":"1 minute"},"schema":{"@context":"https:\/\/schema.org","@graph":[{"@type":"WebPage","@id":"https:\/\/www.dolomitiprealpi.it\/de\/event\/novembre-2025-al-centro-astronomico-di-arson-4\/","url":"https:\/\/www.dolomitiprealpi.it\/de\/event\/novembre-2025-al-centro-astronomico-di-arson-4\/","name":"Novembre 2025 al centro astronomico di Arson - Dolomiti Prealpi","isPartOf":{"@id":"https:\/\/www.dolomitiprealpi.it\/de\/#website"},"datePublished":"2026-04-17T11:04:39+00:00","dateModified":"2026-04-23T15:51:39+00:00","breadcrumb":{"@id":"https:\/\/www.dolomitiprealpi.it\/de\/event\/novembre-2025-al-centro-astronomico-di-arson-4\/#breadcrumb"},"inLanguage":"de-DE","potentialAction":[{"@type":"ReadAction","target":["https:\/\/www.dolomitiprealpi.it\/de\/event\/novembre-2025-al-centro-astronomico-di-arson-4\/"]}]},{"@type":"BreadcrumbList","@id":"https:\/\/www.dolomitiprealpi.it\/de\/event\/novembre-2025-al-centro-astronomico-di-arson-4\/#breadcrumb","itemListElement":[{"@type":"ListItem","position":1,"name":"Home","item":"https:\/\/www.dolomitiprealpi.it\/de\/"},{"@type":"ListItem","position":2,"name":"Veranstaltungen","item":"https:\/\/www.dolomitiprealpi.it\/de\/events\/"},{"@type":"ListItem","position":3,"name":"Novembre 2025 al centro astronomico di Arson"}]},{"@type":"WebSite","@id":"https:\/\/www.dolomitiprealpi.it\/de\/#website","url":"https:\/\/www.dolomitiprealpi.it\/de\/","name":"Dolomiti Prealpi","description":"","publisher":{"@id":"https:\/\/www.dolomitiprealpi.it\/de\/#organization"},"potentialAction":[{"@type":"SearchAction","target":{"@type":"EntryPoint","urlTemplate":"https:\/\/www.dolomitiprealpi.it\/de\/?s={search_term_string}"},"query-input":{"@type":"PropertyValueSpecification","valueRequired":true,"valueName":"search_term_string"}}],"inLanguage":"de-DE"},{"@type":"Organization","@id":"https:\/\/www.dolomitiprealpi.it\/de\/#organization","name":"Consorzio Dolomiti Prealpi","url":"https:\/\/www.dolomitiprealpi.it\/de\/","logo":{"@type":"ImageObject","inLanguage":"de-DE","@id":"https:\/\/www.dolomitiprealpi.it\/de\/#\/schema\/logo\/image\/","url":"https:\/\/www.dolomitiprealpi.it\/wp-content\/uploads\/2023\/03\/dolomitiprealpi-favicon.jpg","contentUrl":"https:\/\/www.dolomitiprealpi.it\/wp-content\/uploads\/2023\/03\/dolomitiprealpi-favicon.jpg","width":512,"height":512,"caption":"Consorzio Dolomiti Prealpi"},"image":{"@id":"https:\/\/www.dolomitiprealpi.it\/de\/#\/schema\/logo\/image\/"},"sameAs":["https:\/\/www.facebook.com\/dolomitiprealpi.it\/","https:\/\/www.instagram.com\/dolomitiprealpi\/"]}]}},"_links":{"self":[{"href":"https:\/\/www.dolomitiprealpi.it\/de\/wp-json\/wp\/v2\/tribe_events\/90138","targetHints":{"allow":["GET"]}}],"collection":[{"href":"https:\/\/www.dolomitiprealpi.it\/de\/wp-json\/wp\/v2\/tribe_events"}],"about":[{"href":"https:\/\/www.dolomitiprealpi.it\/de\/wp-json\/wp\/v2\/types\/tribe_events"}],"version-history":[{"count":1,"href":"https:\/\/www.dolomitiprealpi.it\/de\/wp-json\/wp\/v2\/tribe_events\/90138\/revisions"}],"predecessor-version":[{"id":91374,"href":"https:\/\/www.dolomitiprealpi.it\/de\/wp-json\/wp\/v2\/tribe_events\/90138\/revisions\/91374"}],"wp:attachment":[{"href":"https:\/\/www.dolomitiprealpi.it\/de\/wp-json\/wp\/v2\/media?parent=90138"}],"wp:term":[{"taxonomy":"post_tag","embeddable":true,"href":"https:\/\/www.dolomitiprealpi.it\/de\/wp-json\/wp\/v2\/tags?post=90138"},{"taxonomy":"tribe_events_cat","embeddable":true,"href":"https:\/\/www.dolomitiprealpi.it\/de\/wp-json\/wp\/v2\/tribe_events_cat?post=90138"}],"curies":[{"name":"wp","href":"https:\/\/api.w.org\/{rel}","templated":true}]}}

<p>Die Kampagne für die Plejaden: Referent Gabriele Vanin</p>
<p>Ohne Zweifel sind die Plejaden eines der schönsten Himmelsobjekte, vielleicht das schönste und eindrucksvollste am gesamten Himmel. Ihre charakteristische Form, ihre ungewöhnliche Zusammensetzung, ihr dezenter und doch ganz offensichtlicher Glanz beeindrucken selbst diejenigen, die zum ersten Mal den Himmel betrachten, und sogar jene, die zufällig den Blick gen Firmament richten.</p>
<p>Darüber hinaus kommen auch einige faszinierende und geheimnisvolle Merkmale dazu, die alle verschiedenen Aspekte umfassen, einschließlich der betreffenden Namen. Eines der faszinierendsten Geheimnisse betrifft die Tatsache, dass alle antiken Quellen sagen, dass manchmal sechs Plejaden mit bloßem Auge sichtbar sind, manchmal sieben. Das hat die sogenannte Legende der verlorenen Plejade genährt, die in vielen Kulturen weltweit vorhanden ist.</p>
<p>&nbsp;Um die Grundlagen dieses Mythos zu verstehen, werden die Besucher während des Herbstes und Winters eingeladen, auf ein Blatt Papier alle Plejaden zu zeichnen, die sie mit bloßem Auge sehen können, und zwar in ihren korrekten Positionen. Natürlich werden die Sterne auch durch ein Teleskop beobachtet, wo sie noch spektakulärer erscheinen werden. Es werden auch andere tiefen Himmel Objekte wie der Doppelsternhaufen im Perseus, die Andromedagalaxie und außerdem der Planet Saturn gezeigt.</p>
<p>Im Planetarium wird ebenfalls über die Plejaden gesprochen, wobei viele Informationen über die Mythologie und Astronomie dieses wunderbaren Objekts gegeben werden.</p>

<p>Die Kampagne für die Plejaden: Referent Gabriele Vanin Ohne Zweifel sind die Plejaden eines der schönsten Himmelsobjekte, vielleicht das schönste und eindrucksvollste am gesamten Himmel. Ihre charakteristische Form, ihre ungewöhnliche</p>

<!-- This site is optimized with the Yoast SEO plugin v25.7 - https://yoast.com/wordpress/plugins/seo/ -->
<title>Novembre 2025 al centro astronomico di Arson - Dolomiti Prealpi</title>
<meta name="robots" content="index, follow, max-snippet:-1, max-image-preview:large, max-video-preview:-1" />
<link rel="canonical" href="https://www.dolomitiprealpi.it/de/event/novembre-2025-al-centro-astronomico-di-arson-4/" />
<meta property="og:locale" content="de_DE" />
<meta property="og:type" content="article" />
<meta property="og:title" content="Novembre 2025 al centro astronomico di Arson - Dolomiti Prealpi" />
<meta property="og:description" content="Die Kampagne für die Plejaden: Referent Gabriele Vanin Ohne Zweifel sind die Plejaden eines der schönsten Himmelsobjekte, vielleicht das schönste und eindrucksvollste am gesamten Himmel. Ihre charakteristische Form, ihre ungewöhnliche" />
<meta property="og:url" content="https://www.dolomitiprealpi.it/de/event/novembre-2025-al-centro-astronomico-di-arson-4/" />
<meta property="og:site_name" content="Dolomiti Prealpi" />
<meta property="article:publisher" content="https://www.facebook.com/dolomitiprealpi.it/" />
<meta property="article:modified_time" content="2026-04-23T15:51:39+00:00" />
<meta property="og:image" content="https://www.dolomitiprealpi.it/wp-content/uploads/2022/11/C.-Timpone-Foto-archivio-Consorzio-turistico-Dolomiti-Prealpi-Nevegal-Belluno-Bike-18-2.jpg" />
	<meta property="og:image:width" content="2048" />
	<meta property="og:image:height" content="1888" />
	<meta property="og:image:type" content="image/jpeg" />
<meta name="twitter:card" content="summary_large_image" />
<meta name="twitter:label1" content="Est. reading time" />
	<meta name="twitter:data1" content="1 minute" />
<script type="application/ld+json" class="yoast-schema-graph">{"@context":"https://schema.org","@graph":[{"@type":"WebPage","@id":"https://www.dolomitiprealpi.it/de/event/novembre-2025-al-centro-astronomico-di-arson-4/","url":"https://www.dolomitiprealpi.it/de/event/novembre-2025-al-centro-astronomico-di-arson-4/","name":"Novembre 2025 al centro astronomico di Arson - Dolomiti Prealpi","isPartOf":{"@id":"https://www.dolomitiprealpi.it/de/#website"},"datePublished":"2026-04-17T11:04:39+00:00","dateModified":"2026-04-23T15:51:39+00:00","breadcrumb":{"@id":"https://www.dolomitiprealpi.it/de/event/novembre-2025-al-centro-astronomico-di-arson-4/#breadcrumb"},"inLanguage":"de-DE","potentialAction":[{"@type":"ReadAction","target":["https://www.dolomitiprealpi.it/de/event/novembre-2025-al-centro-astronomico-di-arson-4/"]}]},{"@type":"BreadcrumbList","@id":"https://www.dolomitiprealpi.it/de/event/novembre-2025-al-centro-astronomico-di-arson-4/#breadcrumb","itemListElement":[{"@type":"ListItem","position":1,"name":"Home","item":"https://www.dolomitiprealpi.it/de/"},{"@type":"ListItem","position":2,"name":"Veranstaltungen","item":"https://www.dolomitiprealpi.it/de/events/"},{"@type":"ListItem","position":3,"name":"Novembre 2025 al centro astronomico di Arson"}]},{"@type":"WebSite","@id":"https://www.dolomitiprealpi.it/de/#website","url":"https://www.dolomitiprealpi.it/de/","name":"Dolomiti Prealpi","description":"","publisher":{"@id":"https://www.dolomitiprealpi.it/de/#organization"},"potentialAction":[{"@type":"SearchAction","target":{"@type":"EntryPoint","urlTemplate":"https://www.dolomitiprealpi.it/de/?s={search_term_string}"},"query-input":{"@type":"PropertyValueSpecification","valueRequired":true,"valueName":"search_term_string"}}],"inLanguage":"de-DE"},{"@type":"Organization","@id":"https://www.dolomitiprealpi.it/de/#organization","name":"Consorzio Dolomiti Prealpi","url":"https://www.dolomitiprealpi.it/de/","logo":{"@type":"ImageObject","inLanguage":"de-DE","@id":"https://www.dolomitiprealpi.it/de/#/schema/logo/image/","url":"https://www.dolomitiprealpi.it/wp-content/uploads/2023/03/dolomitiprealpi-favicon.jpg","contentUrl":"https://www.dolomitiprealpi.it/wp-content/uploads/2023/03/dolomitiprealpi-favicon.jpg","width":512,"height":512,"caption":"Consorzio Dolomiti Prealpi"},"image":{"@id":"https://www.dolomitiprealpi.it/de/#/schema/logo/image/"},"sameAs":["https://www.facebook.com/dolomitiprealpi.it/","https://www.instagram.com/dolomitiprealpi/"]}]}</script>
<!-- / Yoast SEO plugin. -->

Die Kampagne für die Plejaden: Referent Gabriele Vanin Ohne Zweifel sind die Plejaden eines der schönsten Himmelsobjekte, vielleicht das schönste und eindrucksvollste am gesamten Himmel. Ihre charakteristische Form, ihre ungewöhnliche
