{"id":89964,"date":"2026-04-17T12:55:02","date_gmt":"2026-04-17T10:55:02","guid":{"rendered":"https:\/\/www.dolomitiprealpi.it\/event\/fragmenta-aeternitatis\/"},"modified":"2026-04-23T17:42:06","modified_gmt":"2026-04-23T15:42:06","slug":"fragmenta-aeternitatis","status":"publish","type":"tribe_events","link":"https:\/\/www.dolomitiprealpi.it\/de\/event\/fragmenta-aeternitatis\/","title":{"rendered":"Fragmenta \u00c6ternitatis"},"content":{"rendered":"<p>Das Programm sieht die Auff\u00fchrung einer Reihe von Musikst\u00fccken von Autoren vom Barock bis zur Gegenwart vor, die aus heiligen Texten (Requien, Hymnen, Gebete usw.) stammen und auf verschiedene Weise den Horizont des \u201eTranszendenten\u201c beschreiben.<\/p>\n<p>Der menschliche Zustand, der durch unvermeidliche Bindungen (Geburt und Tod) gekennzeichnet ist, wird musikalisch dargestellt, um gegens\u00e4tzliche Gef\u00fchlszust\u00e4nde zu evocieren: innere Reflexion, Kontemplation, Traurigkeit, Resignation oder Hoffnung, Frieden und Gelassenheit in der Erwartung des \u201eG\u00f6ttlichen\u201c.<\/p>\n<p>Das Ziel dieses Konzerts ist es, das Publikum auf die Vielfalt der Musik und der Autoren zu konzentrieren, die auf unterschiedliche Weise den \u201etransitus anim\u00e6\u201c beschreiben, und gleichzeitig Anregungen zur Reflexion und emotionalen Beteiligung zu bieten.<\/p>\n<p>ISA CARLIN<\/p>\n<p>Sie hat im Juli 2006 das Klavierdiplom am Konservatorium \u201eC. Pollini\u201c in Padua erlangt und hat mit den Meistern Ezio Mabilia, Giorgio Lovato und Stefania Redaelli Fortbildungskurse und Meisterklassen im Klavierspiel besucht sowie einige Seminare zur Didaktik und Improvisation, die von Christiane Montandon und Annibale Rebaudengo gehalten wurden.<\/p>\n<p>2010 erwarb sie das akademische Diplom der zweiten Stufe f\u00fcr die Ausbildung von Lehrern f\u00fcr die Fachrichtung AJ77 (Klavier) am Konservatorium \u201eA. Pedrollo\u201c in Vicenza.<\/p>\n<p>Sie gab Konzerte sowohl als Solistin als auch als Kammermusikerin und im Duo mit ihrer Schwester, mit der sie Auszeichnungen bei nationalen und internationalen Wettbewerben erhielt. Sie hat und hat weiterhin als Begleitpianistin an verschiedenen musikalischen Einrichtungen und Schulen der Region gearbeitet.<\/p>\n<p>DEBORA PIOL<\/p>\n<p>Sie hat das Diplom in Chor- und Chordirigieren am Konservatorium &#8220;C. Pollini&#8221; in Padua unter der Leitung von Maestro G.A. Vanzin erworben.<\/p>\n<p>Sie hat an zahlreichen Konzerten, Studienseminaren, Wettbewerben, Aufnahmen und internationalen Festivals f\u00fcr Chormusik (insbesondere an den Ausgaben von &#8220;EUROPA CANTAT&#8221;) teilgenommen.<\/p>\n<p>Sie ist Lehrerin und Leiterin des Kinderchores am &#8220;Centro Studi Vocali NOVA CANTICA&#8221; und an der Musikschule A. Miari in Belluno, wo sie Chor\u00fcbungen, Geh\u00f6rbildung und Einf\u00fchrungskurse unterrichtet. Derzeit ist sie Musikdozentin an der Salesianischen Institution &#8220;Agosti&#8221; in Belluno in der Grundschule.<\/p>\n<p>LUCIANO BORIN<\/p>\n<p>Komponist, Pianist und Chordirigent, er unterrichtet im Fachbereich Musikdidaktik am Konservatorium von Padua. Er hat Improvisationstechniken im Masterstudiengang Musiktherapie und Stimmbildungsfunktionen im Studiengang Logop\u00e4die an der Universit\u00e4t von Padua gelehrt.<\/p>\n<p>Als Leiter von vokalen und instrumentalen Ensembles ist er ein spezialisierter Lehrer in der P\u00e4dagogik des Lichtenberger\u00ae Instituts von Gisela Rohmert. Er hat und bietet weiterhin individuelle und kollektive Kurse f\u00fcr funktionale Vokalit\u00e4t in \u00f6ffentlichen und privaten Einrichtungen an, darunter die Bildungsabteilung des Teatro La Fenice in Venedig und die Akademie Palcoscenico des Teatro Stabile del Veneto.<\/p>\n<p>Als Autor von Vokal- und Instrumentalmusik hat er Preise bei nationalen und internationalen Wettbewerben gewonnen und Auff\u00fchrungen in bedeutenden Saisonprogrammen und Festivals mit Aufnahmen erhalten.<\/p>\n<p>Konzert mit Musik und Texten im &#8220;transistus animae&#8221;<\/p>\n","protected":false},"excerpt":{"rendered":"<p>Das Programm sieht die Auff\u00fchrung einer Reihe von Musikst\u00fccken von Autoren vom Barock bis zur Gegenwart vor, die aus heiligen Texten (Requien, Hymnen, Gebete usw.) stammen und auf verschiedene Weise<\/p>\n","protected":false},"author":0,"featured_media":0,"template":"","meta":{"_acf_changed":false,"inline_featured_image":false,"_tribe_events_status":"","_tribe_events_status_reason":"","footnotes":""},"tags":[259],"tribe_events_cat":[],"class_list":["post-89964","tribe_events","type-tribe_events","status-publish","hentry","tag-eventi-feratel"],"acf":[],"yoast_head":"<!-- This site is optimized with the Yoast SEO plugin v25.7 - https:\/\/yoast.com\/wordpress\/plugins\/seo\/ -->\n<title>Fragmenta \u00c6ternitatis - Dolomiti Prealpi<\/title>\n<meta name=\"robots\" content=\"index, follow, max-snippet:-1, max-image-preview:large, max-video-preview:-1\" \/>\n<link rel=\"canonical\" href=\"https:\/\/www.dolomitiprealpi.it\/de\/event\/fragmenta-aeternitatis\/\" \/>\n<meta property=\"og:locale\" content=\"de_DE\" \/>\n<meta property=\"og:type\" content=\"article\" \/>\n<meta property=\"og:title\" content=\"Fragmenta \u00c6ternitatis - Dolomiti Prealpi\" \/>\n<meta property=\"og:description\" content=\"Das Programm sieht die Auff\u00fchrung einer Reihe von Musikst\u00fccken von Autoren vom Barock bis zur Gegenwart vor, die aus heiligen Texten (Requien, Hymnen, Gebete usw.) stammen und auf verschiedene Weise\" \/>\n<meta property=\"og:url\" content=\"https:\/\/www.dolomitiprealpi.it\/de\/event\/fragmenta-aeternitatis\/\" \/>\n<meta property=\"og:site_name\" content=\"Dolomiti Prealpi\" \/>\n<meta property=\"article:publisher\" content=\"https:\/\/www.facebook.com\/dolomitiprealpi.it\/\" \/>\n<meta property=\"article:modified_time\" content=\"2026-04-23T15:42:06+00:00\" \/>\n<meta property=\"og:image\" content=\"https:\/\/www.dolomitiprealpi.it\/wp-content\/uploads\/2022\/11\/C.-Timpone-Foto-archivio-Consorzio-turistico-Dolomiti-Prealpi-Nevegal-Belluno-Bike-18-2.jpg\" \/>\n\t<meta property=\"og:image:width\" content=\"2048\" \/>\n\t<meta property=\"og:image:height\" content=\"1888\" \/>\n\t<meta property=\"og:image:type\" content=\"image\/jpeg\" \/>\n<meta name=\"twitter:card\" content=\"summary_large_image\" \/>\n<meta name=\"twitter:label1\" content=\"Est. reading time\" \/>\n\t<meta name=\"twitter:data1\" content=\"2 minutes\" \/>\n<script type=\"application\/ld+json\" class=\"yoast-schema-graph\">{\"@context\":\"https:\/\/schema.org\",\"@graph\":[{\"@type\":\"WebPage\",\"@id\":\"https:\/\/www.dolomitiprealpi.it\/de\/event\/fragmenta-aeternitatis\/\",\"url\":\"https:\/\/www.dolomitiprealpi.it\/de\/event\/fragmenta-aeternitatis\/\",\"name\":\"Fragmenta \u00c6ternitatis - Dolomiti Prealpi\",\"isPartOf\":{\"@id\":\"https:\/\/www.dolomitiprealpi.it\/de\/#website\"},\"datePublished\":\"2026-04-17T10:55:02+00:00\",\"dateModified\":\"2026-04-23T15:42:06+00:00\",\"breadcrumb\":{\"@id\":\"https:\/\/www.dolomitiprealpi.it\/de\/event\/fragmenta-aeternitatis\/#breadcrumb\"},\"inLanguage\":\"de-DE\",\"potentialAction\":[{\"@type\":\"ReadAction\",\"target\":[\"https:\/\/www.dolomitiprealpi.it\/de\/event\/fragmenta-aeternitatis\/\"]}]},{\"@type\":\"BreadcrumbList\",\"@id\":\"https:\/\/www.dolomitiprealpi.it\/de\/event\/fragmenta-aeternitatis\/#breadcrumb\",\"itemListElement\":[{\"@type\":\"ListItem\",\"position\":1,\"name\":\"Home\",\"item\":\"https:\/\/www.dolomitiprealpi.it\/de\/\"},{\"@type\":\"ListItem\",\"position\":2,\"name\":\"Veranstaltungen\",\"item\":\"https:\/\/www.dolomitiprealpi.it\/de\/events\/\"},{\"@type\":\"ListItem\",\"position\":3,\"name\":\"Fragmenta \u00c6ternitatis\"}]},{\"@type\":\"WebSite\",\"@id\":\"https:\/\/www.dolomitiprealpi.it\/de\/#website\",\"url\":\"https:\/\/www.dolomitiprealpi.it\/de\/\",\"name\":\"Dolomiti Prealpi\",\"description\":\"\",\"publisher\":{\"@id\":\"https:\/\/www.dolomitiprealpi.it\/de\/#organization\"},\"potentialAction\":[{\"@type\":\"SearchAction\",\"target\":{\"@type\":\"EntryPoint\",\"urlTemplate\":\"https:\/\/www.dolomitiprealpi.it\/de\/?s={search_term_string}\"},\"query-input\":{\"@type\":\"PropertyValueSpecification\",\"valueRequired\":true,\"valueName\":\"search_term_string\"}}],\"inLanguage\":\"de-DE\"},{\"@type\":\"Organization\",\"@id\":\"https:\/\/www.dolomitiprealpi.it\/de\/#organization\",\"name\":\"Consorzio Dolomiti Prealpi\",\"url\":\"https:\/\/www.dolomitiprealpi.it\/de\/\",\"logo\":{\"@type\":\"ImageObject\",\"inLanguage\":\"de-DE\",\"@id\":\"https:\/\/www.dolomitiprealpi.it\/de\/#\/schema\/logo\/image\/\",\"url\":\"https:\/\/www.dolomitiprealpi.it\/wp-content\/uploads\/2023\/03\/dolomitiprealpi-favicon.jpg\",\"contentUrl\":\"https:\/\/www.dolomitiprealpi.it\/wp-content\/uploads\/2023\/03\/dolomitiprealpi-favicon.jpg\",\"width\":512,\"height\":512,\"caption\":\"Consorzio Dolomiti Prealpi\"},\"image\":{\"@id\":\"https:\/\/www.dolomitiprealpi.it\/de\/#\/schema\/logo\/image\/\"},\"sameAs\":[\"https:\/\/www.facebook.com\/dolomitiprealpi.it\/\",\"https:\/\/www.instagram.com\/dolomitiprealpi\/\"]}]}<\/script>\n<!-- \/ Yoast SEO plugin. -->","yoast_head_json":{"title":"Fragmenta \u00c6ternitatis - Dolomiti Prealpi","robots":{"index":"index","follow":"follow","max-snippet":"max-snippet:-1","max-image-preview":"max-image-preview:large","max-video-preview":"max-video-preview:-1"},"canonical":"https:\/\/www.dolomitiprealpi.it\/de\/event\/fragmenta-aeternitatis\/","og_locale":"de_DE","og_type":"article","og_title":"Fragmenta \u00c6ternitatis - Dolomiti Prealpi","og_description":"Das Programm sieht die Auff\u00fchrung einer Reihe von Musikst\u00fccken von Autoren vom Barock bis zur Gegenwart vor, die aus heiligen Texten (Requien, Hymnen, Gebete usw.) stammen und auf verschiedene Weise","og_url":"https:\/\/www.dolomitiprealpi.it\/de\/event\/fragmenta-aeternitatis\/","og_site_name":"Dolomiti Prealpi","article_publisher":"https:\/\/www.facebook.com\/dolomitiprealpi.it\/","article_modified_time":"2026-04-23T15:42:06+00:00","og_image":[{"width":2048,"height":1888,"url":"https:\/\/www.dolomitiprealpi.it\/wp-content\/uploads\/2022\/11\/C.-Timpone-Foto-archivio-Consorzio-turistico-Dolomiti-Prealpi-Nevegal-Belluno-Bike-18-2.jpg","type":"image\/jpeg"}],"twitter_card":"summary_large_image","twitter_misc":{"Est. reading time":"2 minutes"},"schema":{"@context":"https:\/\/schema.org","@graph":[{"@type":"WebPage","@id":"https:\/\/www.dolomitiprealpi.it\/de\/event\/fragmenta-aeternitatis\/","url":"https:\/\/www.dolomitiprealpi.it\/de\/event\/fragmenta-aeternitatis\/","name":"Fragmenta \u00c6ternitatis - Dolomiti Prealpi","isPartOf":{"@id":"https:\/\/www.dolomitiprealpi.it\/de\/#website"},"datePublished":"2026-04-17T10:55:02+00:00","dateModified":"2026-04-23T15:42:06+00:00","breadcrumb":{"@id":"https:\/\/www.dolomitiprealpi.it\/de\/event\/fragmenta-aeternitatis\/#breadcrumb"},"inLanguage":"de-DE","potentialAction":[{"@type":"ReadAction","target":["https:\/\/www.dolomitiprealpi.it\/de\/event\/fragmenta-aeternitatis\/"]}]},{"@type":"BreadcrumbList","@id":"https:\/\/www.dolomitiprealpi.it\/de\/event\/fragmenta-aeternitatis\/#breadcrumb","itemListElement":[{"@type":"ListItem","position":1,"name":"Home","item":"https:\/\/www.dolomitiprealpi.it\/de\/"},{"@type":"ListItem","position":2,"name":"Veranstaltungen","item":"https:\/\/www.dolomitiprealpi.it\/de\/events\/"},{"@type":"ListItem","position":3,"name":"Fragmenta \u00c6ternitatis"}]},{"@type":"WebSite","@id":"https:\/\/www.dolomitiprealpi.it\/de\/#website","url":"https:\/\/www.dolomitiprealpi.it\/de\/","name":"Dolomiti Prealpi","description":"","publisher":{"@id":"https:\/\/www.dolomitiprealpi.it\/de\/#organization"},"potentialAction":[{"@type":"SearchAction","target":{"@type":"EntryPoint","urlTemplate":"https:\/\/www.dolomitiprealpi.it\/de\/?s={search_term_string}"},"query-input":{"@type":"PropertyValueSpecification","valueRequired":true,"valueName":"search_term_string"}}],"inLanguage":"de-DE"},{"@type":"Organization","@id":"https:\/\/www.dolomitiprealpi.it\/de\/#organization","name":"Consorzio Dolomiti Prealpi","url":"https:\/\/www.dolomitiprealpi.it\/de\/","logo":{"@type":"ImageObject","inLanguage":"de-DE","@id":"https:\/\/www.dolomitiprealpi.it\/de\/#\/schema\/logo\/image\/","url":"https:\/\/www.dolomitiprealpi.it\/wp-content\/uploads\/2023\/03\/dolomitiprealpi-favicon.jpg","contentUrl":"https:\/\/www.dolomitiprealpi.it\/wp-content\/uploads\/2023\/03\/dolomitiprealpi-favicon.jpg","width":512,"height":512,"caption":"Consorzio Dolomiti Prealpi"},"image":{"@id":"https:\/\/www.dolomitiprealpi.it\/de\/#\/schema\/logo\/image\/"},"sameAs":["https:\/\/www.facebook.com\/dolomitiprealpi.it\/","https:\/\/www.instagram.com\/dolomitiprealpi\/"]}]}},"_links":{"self":[{"href":"https:\/\/www.dolomitiprealpi.it\/de\/wp-json\/wp\/v2\/tribe_events\/89964","targetHints":{"allow":["GET"]}}],"collection":[{"href":"https:\/\/www.dolomitiprealpi.it\/de\/wp-json\/wp\/v2\/tribe_events"}],"about":[{"href":"https:\/\/www.dolomitiprealpi.it\/de\/wp-json\/wp\/v2\/types\/tribe_events"}],"version-history":[{"count":1,"href":"https:\/\/www.dolomitiprealpi.it\/de\/wp-json\/wp\/v2\/tribe_events\/89964\/revisions"}],"predecessor-version":[{"id":91140,"href":"https:\/\/www.dolomitiprealpi.it\/de\/wp-json\/wp\/v2\/tribe_events\/89964\/revisions\/91140"}],"wp:attachment":[{"href":"https:\/\/www.dolomitiprealpi.it\/de\/wp-json\/wp\/v2\/media?parent=89964"}],"wp:term":[{"taxonomy":"post_tag","embeddable":true,"href":"https:\/\/www.dolomitiprealpi.it\/de\/wp-json\/wp\/v2\/tags?post=89964"},{"taxonomy":"tribe_events_cat","embeddable":true,"href":"https:\/\/www.dolomitiprealpi.it\/de\/wp-json\/wp\/v2\/tribe_events_cat?post=89964"}],"curies":[{"name":"wp","href":"https:\/\/api.w.org\/{rel}","templated":true}]}}

Fragmenta Æternitatis

<p>Das Programm sieht die Aufführung einer Reihe von Musikstücken von Autoren vom Barock bis zur Gegenwart vor, die aus heiligen Texten (Requien, Hymnen, Gebete usw.) stammen und auf verschiedene Weise den Horizont des „Transzendenten“ beschreiben.</p>
<p>Der menschliche Zustand, der durch unvermeidliche Bindungen (Geburt und Tod) gekennzeichnet ist, wird musikalisch dargestellt, um gegensätzliche Gefühlszustände zu evocieren: innere Reflexion, Kontemplation, Traurigkeit, Resignation oder Hoffnung, Frieden und Gelassenheit in der Erwartung des „Göttlichen“.</p>
<p>Das Ziel dieses Konzerts ist es, das Publikum auf die Vielfalt der Musik und der Autoren zu konzentrieren, die auf unterschiedliche Weise den „transitus animæ“ beschreiben, und gleichzeitig Anregungen zur Reflexion und emotionalen Beteiligung zu bieten.</p>
<p>ISA CARLIN</p>
<p>Sie hat im Juli 2006 das Klavierdiplom am Konservatorium „C. Pollini“ in Padua erlangt und hat mit den Meistern Ezio Mabilia, Giorgio Lovato und Stefania Redaelli Fortbildungskurse und Meisterklassen im Klavierspiel besucht sowie einige Seminare zur Didaktik und Improvisation, die von Christiane Montandon und Annibale Rebaudengo gehalten wurden.</p>
<p>2010 erwarb sie das akademische Diplom der zweiten Stufe für die Ausbildung von Lehrern für die Fachrichtung AJ77 (Klavier) am Konservatorium „A. Pedrollo“ in Vicenza.</p>
<p>Sie gab Konzerte sowohl als Solistin als auch als Kammermusikerin und im Duo mit ihrer Schwester, mit der sie Auszeichnungen bei nationalen und internationalen Wettbewerben erhielt. Sie hat und hat weiterhin als Begleitpianistin an verschiedenen musikalischen Einrichtungen und Schulen der Region gearbeitet.</p>
<p>DEBORA PIOL</p>
<p>Sie hat das Diplom in Chor- und Chordirigieren am Konservatorium &#8220;C. Pollini&#8221; in Padua unter der Leitung von Maestro G.A. Vanzin erworben.</p>
<p>Sie hat an zahlreichen Konzerten, Studienseminaren, Wettbewerben, Aufnahmen und internationalen Festivals für Chormusik (insbesondere an den Ausgaben von &#8220;EUROPA CANTAT&#8221;) teilgenommen.</p>
<p>Sie ist Lehrerin und Leiterin des Kinderchores am &#8220;Centro Studi Vocali NOVA CANTICA&#8221; und an der Musikschule A. Miari in Belluno, wo sie Chorübungen, Gehörbildung und Einführungskurse unterrichtet. Derzeit ist sie Musikdozentin an der Salesianischen Institution &#8220;Agosti&#8221; in Belluno in der Grundschule.</p>
<p>LUCIANO BORIN</p>
<p>Komponist, Pianist und Chordirigent, er unterrichtet im Fachbereich Musikdidaktik am Konservatorium von Padua. Er hat Improvisationstechniken im Masterstudiengang Musiktherapie und Stimmbildungsfunktionen im Studiengang Logopädie an der Universität von Padua gelehrt.</p>
<p>Als Leiter von vokalen und instrumentalen Ensembles ist er ein spezialisierter Lehrer in der Pädagogik des Lichtenberger® Instituts von Gisela Rohmert. Er hat und bietet weiterhin individuelle und kollektive Kurse für funktionale Vokalität in öffentlichen und privaten Einrichtungen an, darunter die Bildungsabteilung des Teatro La Fenice in Venedig und die Akademie Palcoscenico des Teatro Stabile del Veneto.</p>
<p>Als Autor von Vokal- und Instrumentalmusik hat er Preise bei nationalen und internationalen Wettbewerben gewonnen und Aufführungen in bedeutenden Saisonprogrammen und Festivals mit Aufnahmen erhalten.</p>
<p>Konzert mit Musik und Texten im &#8220;transistus animae&#8221;</p>

<p>Das Programm sieht die Aufführung einer Reihe von Musikstücken von Autoren vom Barock bis zur Gegenwart vor, die aus heiligen Texten (Requien, Hymnen, Gebete usw.) stammen und auf verschiedene Weise</p>

<!-- This site is optimized with the Yoast SEO plugin v25.7 - https://yoast.com/wordpress/plugins/seo/ -->
<title>Fragmenta Æternitatis - Dolomiti Prealpi</title>
<meta name="robots" content="index, follow, max-snippet:-1, max-image-preview:large, max-video-preview:-1" />
<link rel="canonical" href="https://www.dolomitiprealpi.it/de/event/fragmenta-aeternitatis/" />
<meta property="og:locale" content="de_DE" />
<meta property="og:type" content="article" />
<meta property="og:title" content="Fragmenta Æternitatis - Dolomiti Prealpi" />
<meta property="og:description" content="Das Programm sieht die Aufführung einer Reihe von Musikstücken von Autoren vom Barock bis zur Gegenwart vor, die aus heiligen Texten (Requien, Hymnen, Gebete usw.) stammen und auf verschiedene Weise" />
<meta property="og:url" content="https://www.dolomitiprealpi.it/de/event/fragmenta-aeternitatis/" />
<meta property="og:site_name" content="Dolomiti Prealpi" />
<meta property="article:publisher" content="https://www.facebook.com/dolomitiprealpi.it/" />
<meta property="article:modified_time" content="2026-04-23T15:42:06+00:00" />
<meta property="og:image" content="https://www.dolomitiprealpi.it/wp-content/uploads/2022/11/C.-Timpone-Foto-archivio-Consorzio-turistico-Dolomiti-Prealpi-Nevegal-Belluno-Bike-18-2.jpg" />
	<meta property="og:image:width" content="2048" />
	<meta property="og:image:height" content="1888" />
	<meta property="og:image:type" content="image/jpeg" />
<meta name="twitter:card" content="summary_large_image" />
<meta name="twitter:label1" content="Est. reading time" />
	<meta name="twitter:data1" content="2 minutes" />
<script type="application/ld+json" class="yoast-schema-graph">{"@context":"https://schema.org","@graph":[{"@type":"WebPage","@id":"https://www.dolomitiprealpi.it/de/event/fragmenta-aeternitatis/","url":"https://www.dolomitiprealpi.it/de/event/fragmenta-aeternitatis/","name":"Fragmenta Æternitatis - Dolomiti Prealpi","isPartOf":{"@id":"https://www.dolomitiprealpi.it/de/#website"},"datePublished":"2026-04-17T10:55:02+00:00","dateModified":"2026-04-23T15:42:06+00:00","breadcrumb":{"@id":"https://www.dolomitiprealpi.it/de/event/fragmenta-aeternitatis/#breadcrumb"},"inLanguage":"de-DE","potentialAction":[{"@type":"ReadAction","target":["https://www.dolomitiprealpi.it/de/event/fragmenta-aeternitatis/"]}]},{"@type":"BreadcrumbList","@id":"https://www.dolomitiprealpi.it/de/event/fragmenta-aeternitatis/#breadcrumb","itemListElement":[{"@type":"ListItem","position":1,"name":"Home","item":"https://www.dolomitiprealpi.it/de/"},{"@type":"ListItem","position":2,"name":"Veranstaltungen","item":"https://www.dolomitiprealpi.it/de/events/"},{"@type":"ListItem","position":3,"name":"Fragmenta Æternitatis"}]},{"@type":"WebSite","@id":"https://www.dolomitiprealpi.it/de/#website","url":"https://www.dolomitiprealpi.it/de/","name":"Dolomiti Prealpi","description":"","publisher":{"@id":"https://www.dolomitiprealpi.it/de/#organization"},"potentialAction":[{"@type":"SearchAction","target":{"@type":"EntryPoint","urlTemplate":"https://www.dolomitiprealpi.it/de/?s={search_term_string}"},"query-input":{"@type":"PropertyValueSpecification","valueRequired":true,"valueName":"search_term_string"}}],"inLanguage":"de-DE"},{"@type":"Organization","@id":"https://www.dolomitiprealpi.it/de/#organization","name":"Consorzio Dolomiti Prealpi","url":"https://www.dolomitiprealpi.it/de/","logo":{"@type":"ImageObject","inLanguage":"de-DE","@id":"https://www.dolomitiprealpi.it/de/#/schema/logo/image/","url":"https://www.dolomitiprealpi.it/wp-content/uploads/2023/03/dolomitiprealpi-favicon.jpg","contentUrl":"https://www.dolomitiprealpi.it/wp-content/uploads/2023/03/dolomitiprealpi-favicon.jpg","width":512,"height":512,"caption":"Consorzio Dolomiti Prealpi"},"image":{"@id":"https://www.dolomitiprealpi.it/de/#/schema/logo/image/"},"sameAs":["https://www.facebook.com/dolomitiprealpi.it/","https://www.instagram.com/dolomitiprealpi/"]}]}</script>
<!-- / Yoast SEO plugin. -->

Fragmenta Æternitatis - Dolomiti Prealpi

Das Programm sieht die Aufführung einer Reihe von Musikstücken von Autoren vom Barock bis zur Gegenwart vor, die aus heiligen Texten (Requien, Hymnen, Gebete usw.) stammen und auf verschiedene Weise
