{"id":89925,"date":"2026-04-17T12:49:32","date_gmt":"2026-04-17T10:49:32","guid":{"rendered":"https:\/\/www.dolomitiprealpi.it\/event\/novembre-2025-al-centro-astronomico-di-arson\/"},"modified":"2026-04-23T17:36:59","modified_gmt":"2026-04-23T15:36:59","slug":"novembre-2025-al-centro-astronomico-di-arson-2","status":"publish","type":"tribe_events","link":"https:\/\/www.dolomitiprealpi.it\/de\/event\/novembre-2025-al-centro-astronomico-di-arson-2\/","title":{"rendered":"Novembre 2025 al centro astronomico di Arson"},"content":{"rendered":"<p>Ein Abend, der haupts\u00e4chlich auf der Beobachtung mit dem blo\u00dfen Auge basiert, ganz im Zeichen des Vergn\u00fcgens, der wie gewohnt interaktiv mit den jungen Besuchern durchgef\u00fchrt wird. Besonders geeignet f\u00fcr Sch\u00fcler der vierten und f\u00fcnften Klasse sowie der Mittelschule, mit dem Ziel, den Beobachtungsgeist f\u00fcr die Rhythmen und nat\u00fcrlichen Ph\u00e4nomene zu f\u00f6rdern, zu versuchen, den oft vorhandenen Schematismus in unserem Umgang mit den Dingen zu \u00fcberwinden, und dazu beizutragen, den Geist offen zu halten gegen\u00fcber Ph\u00e4nomenen, die uns a priori wenig wahrscheinlich erscheinen.<\/p>\n<p>Es wird auch die M\u00f6glichkeit geben, den Himmel durch das Teleskop zu beobachten, den Planeten Saturn und die Objekte des tiefen Himmels, wie den Kugelsternhaufen M 15, den offenen Sternhaufen M 52 und die Balkenspirale NGC 891, die auch auf eine riesige Leinwand im Observatorium und im Planetarium mittels des Schmidt-Teleskops und der gek\u00fchlten Elektronikkamera projiziert werden k\u00f6nnen. <\/p>\n<p>Sind die Sterne fix oder beweglich? Referent Gabriele Vanin<\/p>\n","protected":false},"excerpt":{"rendered":"<p>Ein Abend, der haupts\u00e4chlich auf der Beobachtung mit dem blo\u00dfen Auge basiert, ganz im Zeichen des Vergn\u00fcgens, der wie gewohnt interaktiv mit den jungen Besuchern durchgef\u00fchrt wird. Besonders geeignet f\u00fcr<\/p>\n","protected":false},"author":0,"featured_media":0,"template":"","meta":{"_acf_changed":false,"inline_featured_image":false,"_tribe_events_status":"","_tribe_events_status_reason":"","footnotes":""},"tags":[259],"tribe_events_cat":[],"class_list":["post-89925","tribe_events","type-tribe_events","status-publish","hentry","tag-eventi-feratel"],"acf":[],"yoast_head":"<!-- This site is optimized with the Yoast SEO plugin v25.7 - https:\/\/yoast.com\/wordpress\/plugins\/seo\/ -->\n<title>Novembre 2025 al centro astronomico di Arson - Dolomiti Prealpi<\/title>\n<meta name=\"robots\" content=\"index, follow, max-snippet:-1, max-image-preview:large, max-video-preview:-1\" \/>\n<link rel=\"canonical\" href=\"https:\/\/www.dolomitiprealpi.it\/de\/event\/novembre-2025-al-centro-astronomico-di-arson-2\/\" \/>\n<meta property=\"og:locale\" content=\"de_DE\" \/>\n<meta property=\"og:type\" content=\"article\" \/>\n<meta property=\"og:title\" content=\"Novembre 2025 al centro astronomico di Arson - Dolomiti Prealpi\" \/>\n<meta property=\"og:description\" content=\"Ein Abend, der haupts\u00e4chlich auf der Beobachtung mit dem blo\u00dfen Auge basiert, ganz im Zeichen des Vergn\u00fcgens, der wie gewohnt interaktiv mit den jungen Besuchern durchgef\u00fchrt wird. Besonders geeignet f\u00fcr\" \/>\n<meta property=\"og:url\" content=\"https:\/\/www.dolomitiprealpi.it\/de\/event\/novembre-2025-al-centro-astronomico-di-arson-2\/\" \/>\n<meta property=\"og:site_name\" content=\"Dolomiti Prealpi\" \/>\n<meta property=\"article:publisher\" content=\"https:\/\/www.facebook.com\/dolomitiprealpi.it\/\" \/>\n<meta property=\"article:modified_time\" content=\"2026-04-23T15:36:59+00:00\" \/>\n<meta property=\"og:image\" content=\"https:\/\/www.dolomitiprealpi.it\/wp-content\/uploads\/2022\/11\/C.-Timpone-Foto-archivio-Consorzio-turistico-Dolomiti-Prealpi-Nevegal-Belluno-Bike-18-2.jpg\" \/>\n\t<meta property=\"og:image:width\" content=\"2048\" \/>\n\t<meta property=\"og:image:height\" content=\"1888\" \/>\n\t<meta property=\"og:image:type\" content=\"image\/jpeg\" \/>\n<meta name=\"twitter:card\" content=\"summary_large_image\" \/>\n<meta name=\"twitter:label1\" content=\"Est. reading time\" \/>\n\t<meta name=\"twitter:data1\" content=\"1 minute\" \/>\n<script type=\"application\/ld+json\" class=\"yoast-schema-graph\">{\"@context\":\"https:\/\/schema.org\",\"@graph\":[{\"@type\":\"WebPage\",\"@id\":\"https:\/\/www.dolomitiprealpi.it\/de\/event\/novembre-2025-al-centro-astronomico-di-arson-2\/\",\"url\":\"https:\/\/www.dolomitiprealpi.it\/de\/event\/novembre-2025-al-centro-astronomico-di-arson-2\/\",\"name\":\"Novembre 2025 al centro astronomico di Arson - Dolomiti Prealpi\",\"isPartOf\":{\"@id\":\"https:\/\/www.dolomitiprealpi.it\/de\/#website\"},\"datePublished\":\"2026-04-17T10:49:32+00:00\",\"dateModified\":\"2026-04-23T15:36:59+00:00\",\"breadcrumb\":{\"@id\":\"https:\/\/www.dolomitiprealpi.it\/de\/event\/novembre-2025-al-centro-astronomico-di-arson-2\/#breadcrumb\"},\"inLanguage\":\"de-DE\",\"potentialAction\":[{\"@type\":\"ReadAction\",\"target\":[\"https:\/\/www.dolomitiprealpi.it\/de\/event\/novembre-2025-al-centro-astronomico-di-arson-2\/\"]}]},{\"@type\":\"BreadcrumbList\",\"@id\":\"https:\/\/www.dolomitiprealpi.it\/de\/event\/novembre-2025-al-centro-astronomico-di-arson-2\/#breadcrumb\",\"itemListElement\":[{\"@type\":\"ListItem\",\"position\":1,\"name\":\"Home\",\"item\":\"https:\/\/www.dolomitiprealpi.it\/de\/\"},{\"@type\":\"ListItem\",\"position\":2,\"name\":\"Veranstaltungen\",\"item\":\"https:\/\/www.dolomitiprealpi.it\/de\/events\/\"},{\"@type\":\"ListItem\",\"position\":3,\"name\":\"Novembre 2025 al centro astronomico di Arson\"}]},{\"@type\":\"WebSite\",\"@id\":\"https:\/\/www.dolomitiprealpi.it\/de\/#website\",\"url\":\"https:\/\/www.dolomitiprealpi.it\/de\/\",\"name\":\"Dolomiti Prealpi\",\"description\":\"\",\"publisher\":{\"@id\":\"https:\/\/www.dolomitiprealpi.it\/de\/#organization\"},\"potentialAction\":[{\"@type\":\"SearchAction\",\"target\":{\"@type\":\"EntryPoint\",\"urlTemplate\":\"https:\/\/www.dolomitiprealpi.it\/de\/?s={search_term_string}\"},\"query-input\":{\"@type\":\"PropertyValueSpecification\",\"valueRequired\":true,\"valueName\":\"search_term_string\"}}],\"inLanguage\":\"de-DE\"},{\"@type\":\"Organization\",\"@id\":\"https:\/\/www.dolomitiprealpi.it\/de\/#organization\",\"name\":\"Consorzio Dolomiti Prealpi\",\"url\":\"https:\/\/www.dolomitiprealpi.it\/de\/\",\"logo\":{\"@type\":\"ImageObject\",\"inLanguage\":\"de-DE\",\"@id\":\"https:\/\/www.dolomitiprealpi.it\/de\/#\/schema\/logo\/image\/\",\"url\":\"https:\/\/www.dolomitiprealpi.it\/wp-content\/uploads\/2023\/03\/dolomitiprealpi-favicon.jpg\",\"contentUrl\":\"https:\/\/www.dolomitiprealpi.it\/wp-content\/uploads\/2023\/03\/dolomitiprealpi-favicon.jpg\",\"width\":512,\"height\":512,\"caption\":\"Consorzio Dolomiti Prealpi\"},\"image\":{\"@id\":\"https:\/\/www.dolomitiprealpi.it\/de\/#\/schema\/logo\/image\/\"},\"sameAs\":[\"https:\/\/www.facebook.com\/dolomitiprealpi.it\/\",\"https:\/\/www.instagram.com\/dolomitiprealpi\/\"]}]}<\/script>\n<!-- \/ Yoast SEO plugin. -->","yoast_head_json":{"title":"Novembre 2025 al centro astronomico di Arson - Dolomiti Prealpi","robots":{"index":"index","follow":"follow","max-snippet":"max-snippet:-1","max-image-preview":"max-image-preview:large","max-video-preview":"max-video-preview:-1"},"canonical":"https:\/\/www.dolomitiprealpi.it\/de\/event\/novembre-2025-al-centro-astronomico-di-arson-2\/","og_locale":"de_DE","og_type":"article","og_title":"Novembre 2025 al centro astronomico di Arson - Dolomiti Prealpi","og_description":"Ein Abend, der haupts\u00e4chlich auf der Beobachtung mit dem blo\u00dfen Auge basiert, ganz im Zeichen des Vergn\u00fcgens, der wie gewohnt interaktiv mit den jungen Besuchern durchgef\u00fchrt wird. Besonders geeignet f\u00fcr","og_url":"https:\/\/www.dolomitiprealpi.it\/de\/event\/novembre-2025-al-centro-astronomico-di-arson-2\/","og_site_name":"Dolomiti Prealpi","article_publisher":"https:\/\/www.facebook.com\/dolomitiprealpi.it\/","article_modified_time":"2026-04-23T15:36:59+00:00","og_image":[{"width":2048,"height":1888,"url":"https:\/\/www.dolomitiprealpi.it\/wp-content\/uploads\/2022\/11\/C.-Timpone-Foto-archivio-Consorzio-turistico-Dolomiti-Prealpi-Nevegal-Belluno-Bike-18-2.jpg","type":"image\/jpeg"}],"twitter_card":"summary_large_image","twitter_misc":{"Est. reading time":"1 minute"},"schema":{"@context":"https:\/\/schema.org","@graph":[{"@type":"WebPage","@id":"https:\/\/www.dolomitiprealpi.it\/de\/event\/novembre-2025-al-centro-astronomico-di-arson-2\/","url":"https:\/\/www.dolomitiprealpi.it\/de\/event\/novembre-2025-al-centro-astronomico-di-arson-2\/","name":"Novembre 2025 al centro astronomico di Arson - Dolomiti Prealpi","isPartOf":{"@id":"https:\/\/www.dolomitiprealpi.it\/de\/#website"},"datePublished":"2026-04-17T10:49:32+00:00","dateModified":"2026-04-23T15:36:59+00:00","breadcrumb":{"@id":"https:\/\/www.dolomitiprealpi.it\/de\/event\/novembre-2025-al-centro-astronomico-di-arson-2\/#breadcrumb"},"inLanguage":"de-DE","potentialAction":[{"@type":"ReadAction","target":["https:\/\/www.dolomitiprealpi.it\/de\/event\/novembre-2025-al-centro-astronomico-di-arson-2\/"]}]},{"@type":"BreadcrumbList","@id":"https:\/\/www.dolomitiprealpi.it\/de\/event\/novembre-2025-al-centro-astronomico-di-arson-2\/#breadcrumb","itemListElement":[{"@type":"ListItem","position":1,"name":"Home","item":"https:\/\/www.dolomitiprealpi.it\/de\/"},{"@type":"ListItem","position":2,"name":"Veranstaltungen","item":"https:\/\/www.dolomitiprealpi.it\/de\/events\/"},{"@type":"ListItem","position":3,"name":"Novembre 2025 al centro astronomico di Arson"}]},{"@type":"WebSite","@id":"https:\/\/www.dolomitiprealpi.it\/de\/#website","url":"https:\/\/www.dolomitiprealpi.it\/de\/","name":"Dolomiti Prealpi","description":"","publisher":{"@id":"https:\/\/www.dolomitiprealpi.it\/de\/#organization"},"potentialAction":[{"@type":"SearchAction","target":{"@type":"EntryPoint","urlTemplate":"https:\/\/www.dolomitiprealpi.it\/de\/?s={search_term_string}"},"query-input":{"@type":"PropertyValueSpecification","valueRequired":true,"valueName":"search_term_string"}}],"inLanguage":"de-DE"},{"@type":"Organization","@id":"https:\/\/www.dolomitiprealpi.it\/de\/#organization","name":"Consorzio Dolomiti Prealpi","url":"https:\/\/www.dolomitiprealpi.it\/de\/","logo":{"@type":"ImageObject","inLanguage":"de-DE","@id":"https:\/\/www.dolomitiprealpi.it\/de\/#\/schema\/logo\/image\/","url":"https:\/\/www.dolomitiprealpi.it\/wp-content\/uploads\/2023\/03\/dolomitiprealpi-favicon.jpg","contentUrl":"https:\/\/www.dolomitiprealpi.it\/wp-content\/uploads\/2023\/03\/dolomitiprealpi-favicon.jpg","width":512,"height":512,"caption":"Consorzio Dolomiti Prealpi"},"image":{"@id":"https:\/\/www.dolomitiprealpi.it\/de\/#\/schema\/logo\/image\/"},"sameAs":["https:\/\/www.facebook.com\/dolomitiprealpi.it\/","https:\/\/www.instagram.com\/dolomitiprealpi\/"]}]}},"_links":{"self":[{"href":"https:\/\/www.dolomitiprealpi.it\/de\/wp-json\/wp\/v2\/tribe_events\/89925","targetHints":{"allow":["GET"]}}],"collection":[{"href":"https:\/\/www.dolomitiprealpi.it\/de\/wp-json\/wp\/v2\/tribe_events"}],"about":[{"href":"https:\/\/www.dolomitiprealpi.it\/de\/wp-json\/wp\/v2\/types\/tribe_events"}],"version-history":[{"count":1,"href":"https:\/\/www.dolomitiprealpi.it\/de\/wp-json\/wp\/v2\/tribe_events\/89925\/revisions"}],"predecessor-version":[{"id":90985,"href":"https:\/\/www.dolomitiprealpi.it\/de\/wp-json\/wp\/v2\/tribe_events\/89925\/revisions\/90985"}],"wp:attachment":[{"href":"https:\/\/www.dolomitiprealpi.it\/de\/wp-json\/wp\/v2\/media?parent=89925"}],"wp:term":[{"taxonomy":"post_tag","embeddable":true,"href":"https:\/\/www.dolomitiprealpi.it\/de\/wp-json\/wp\/v2\/tags?post=89925"},{"taxonomy":"tribe_events_cat","embeddable":true,"href":"https:\/\/www.dolomitiprealpi.it\/de\/wp-json\/wp\/v2\/tribe_events_cat?post=89925"}],"curies":[{"name":"wp","href":"https:\/\/api.w.org\/{rel}","templated":true}]}}

<p>Ein Abend, der hauptsächlich auf der Beobachtung mit dem bloßen Auge basiert, ganz im Zeichen des Vergnügens, der wie gewohnt interaktiv mit den jungen Besuchern durchgeführt wird. Besonders geeignet für Schüler der vierten und fünften Klasse sowie der Mittelschule, mit dem Ziel, den Beobachtungsgeist für die Rhythmen und natürlichen Phänomene zu fördern, zu versuchen, den oft vorhandenen Schematismus in unserem Umgang mit den Dingen zu überwinden, und dazu beizutragen, den Geist offen zu halten gegenüber Phänomenen, die uns a priori wenig wahrscheinlich erscheinen.</p>
<p>Es wird auch die Möglichkeit geben, den Himmel durch das Teleskop zu beobachten, den Planeten Saturn und die Objekte des tiefen Himmels, wie den Kugelsternhaufen M 15, den offenen Sternhaufen M 52 und die Balkenspirale NGC 891, die auch auf eine riesige Leinwand im Observatorium und im Planetarium mittels des Schmidt-Teleskops und der gekühlten Elektronikkamera projiziert werden können. </p>
<p>Sind die Sterne fix oder beweglich? Referent Gabriele Vanin</p>

<p>Ein Abend, der hauptsächlich auf der Beobachtung mit dem bloßen Auge basiert, ganz im Zeichen des Vergnügens, der wie gewohnt interaktiv mit den jungen Besuchern durchgeführt wird. Besonders geeignet für</p>

<!-- This site is optimized with the Yoast SEO plugin v25.7 - https://yoast.com/wordpress/plugins/seo/ -->
<title>Novembre 2025 al centro astronomico di Arson - Dolomiti Prealpi</title>
<meta name="robots" content="index, follow, max-snippet:-1, max-image-preview:large, max-video-preview:-1" />
<link rel="canonical" href="https://www.dolomitiprealpi.it/de/event/novembre-2025-al-centro-astronomico-di-arson-2/" />
<meta property="og:locale" content="de_DE" />
<meta property="og:type" content="article" />
<meta property="og:title" content="Novembre 2025 al centro astronomico di Arson - Dolomiti Prealpi" />
<meta property="og:description" content="Ein Abend, der hauptsächlich auf der Beobachtung mit dem bloßen Auge basiert, ganz im Zeichen des Vergnügens, der wie gewohnt interaktiv mit den jungen Besuchern durchgeführt wird. Besonders geeignet für" />
<meta property="og:url" content="https://www.dolomitiprealpi.it/de/event/novembre-2025-al-centro-astronomico-di-arson-2/" />
<meta property="og:site_name" content="Dolomiti Prealpi" />
<meta property="article:publisher" content="https://www.facebook.com/dolomitiprealpi.it/" />
<meta property="article:modified_time" content="2026-04-23T15:36:59+00:00" />
<meta property="og:image" content="https://www.dolomitiprealpi.it/wp-content/uploads/2022/11/C.-Timpone-Foto-archivio-Consorzio-turistico-Dolomiti-Prealpi-Nevegal-Belluno-Bike-18-2.jpg" />
	<meta property="og:image:width" content="2048" />
	<meta property="og:image:height" content="1888" />
	<meta property="og:image:type" content="image/jpeg" />
<meta name="twitter:card" content="summary_large_image" />
<meta name="twitter:label1" content="Est. reading time" />
	<meta name="twitter:data1" content="1 minute" />
<script type="application/ld+json" class="yoast-schema-graph">{"@context":"https://schema.org","@graph":[{"@type":"WebPage","@id":"https://www.dolomitiprealpi.it/de/event/novembre-2025-al-centro-astronomico-di-arson-2/","url":"https://www.dolomitiprealpi.it/de/event/novembre-2025-al-centro-astronomico-di-arson-2/","name":"Novembre 2025 al centro astronomico di Arson - Dolomiti Prealpi","isPartOf":{"@id":"https://www.dolomitiprealpi.it/de/#website"},"datePublished":"2026-04-17T10:49:32+00:00","dateModified":"2026-04-23T15:36:59+00:00","breadcrumb":{"@id":"https://www.dolomitiprealpi.it/de/event/novembre-2025-al-centro-astronomico-di-arson-2/#breadcrumb"},"inLanguage":"de-DE","potentialAction":[{"@type":"ReadAction","target":["https://www.dolomitiprealpi.it/de/event/novembre-2025-al-centro-astronomico-di-arson-2/"]}]},{"@type":"BreadcrumbList","@id":"https://www.dolomitiprealpi.it/de/event/novembre-2025-al-centro-astronomico-di-arson-2/#breadcrumb","itemListElement":[{"@type":"ListItem","position":1,"name":"Home","item":"https://www.dolomitiprealpi.it/de/"},{"@type":"ListItem","position":2,"name":"Veranstaltungen","item":"https://www.dolomitiprealpi.it/de/events/"},{"@type":"ListItem","position":3,"name":"Novembre 2025 al centro astronomico di Arson"}]},{"@type":"WebSite","@id":"https://www.dolomitiprealpi.it/de/#website","url":"https://www.dolomitiprealpi.it/de/","name":"Dolomiti Prealpi","description":"","publisher":{"@id":"https://www.dolomitiprealpi.it/de/#organization"},"potentialAction":[{"@type":"SearchAction","target":{"@type":"EntryPoint","urlTemplate":"https://www.dolomitiprealpi.it/de/?s={search_term_string}"},"query-input":{"@type":"PropertyValueSpecification","valueRequired":true,"valueName":"search_term_string"}}],"inLanguage":"de-DE"},{"@type":"Organization","@id":"https://www.dolomitiprealpi.it/de/#organization","name":"Consorzio Dolomiti Prealpi","url":"https://www.dolomitiprealpi.it/de/","logo":{"@type":"ImageObject","inLanguage":"de-DE","@id":"https://www.dolomitiprealpi.it/de/#/schema/logo/image/","url":"https://www.dolomitiprealpi.it/wp-content/uploads/2023/03/dolomitiprealpi-favicon.jpg","contentUrl":"https://www.dolomitiprealpi.it/wp-content/uploads/2023/03/dolomitiprealpi-favicon.jpg","width":512,"height":512,"caption":"Consorzio Dolomiti Prealpi"},"image":{"@id":"https://www.dolomitiprealpi.it/de/#/schema/logo/image/"},"sameAs":["https://www.facebook.com/dolomitiprealpi.it/","https://www.instagram.com/dolomitiprealpi/"]}]}</script>
<!-- / Yoast SEO plugin. -->

Ein Abend, der hauptsächlich auf der Beobachtung mit dem bloßen Auge basiert, ganz im Zeichen des Vergnügens, der wie gewohnt interaktiv mit den jungen Besuchern durchgeführt wird. Besonders geeignet für
