{"id":89890,"date":"2026-04-17T12:45:59","date_gmt":"2026-04-17T10:45:59","guid":{"rendered":"https:\/\/www.dolomitiprealpi.it\/event\/mente-anima-e-spirito\/"},"modified":"2026-04-23T17:33:42","modified_gmt":"2026-04-23T15:33:42","slug":"mente-anima-e-spirito","status":"publish","type":"tribe_events","link":"https:\/\/www.dolomitiprealpi.it\/de\/event\/mente-anima-e-spirito\/","title":{"rendered":"Mente, anima e spirito"},"content":{"rendered":"<p>Auf welchen Prinzipien basiert unser Dasein? Bindungen, \u00c4ngste, Tr\u00e4ume, Gewissheiten: All das dominiert unser Leben.<\/p>\n<p>Wenn wir eine Ver\u00e4nderung wollen, ist es notwendig, an uns selbst zu arbeiten und den Weg zur inneren Befreiung zu erkennen, uns selbst zu entdecken, unsere Kritiken zu bew\u00e4ltigen und unsere Tugenden zu kultivieren.<\/p>\n<p>Die psychologische Studie, die Meditation, das Wissen um die Ursachen des Leidens und das alte alchemistische und initiatische Wissen \u00fcbergeben dem Menschen die geheimen Schl\u00fcssel zur Selbstverwirklichung seines g\u00f6ttlichen Wesens.<\/p>\n<p>Es wird einen Zyklus von 3 \u00f6ffentlichen Vortr\u00e4gen geben am:<\/p>\n<p>&#8211; Freitag, 24. Oktober um 20:30 Uhr im Auditorium San Pietro in Mel, Borgo Valbelluna mit &#8220;Nicht einmal das Gold gl\u00e4nzt im Dunkeln&#8221;<\/p>\n<p>&#8211; Freitag, 31. Oktober um 20:30 Uhr im Palazzo delle Contesse &#8211; Ex &#8220;Sala Cacciatori&#8221; (Eingang hinten) in der Piazza Papa Luciani 7 in Mel, Borgo Valbelluna mit &#8220;Die Welt ist ein Theater, der Mensch eine Marionette&#8221;<\/p>\n<p>&#8211; Freitag, 7. November um 20:30 Uhr im Palazzo delle Contesse &#8211; Ex &#8220;Sala Cacciatori&#8221; (Eingang hinten) in der Piazza Papa Luciani 7 in Mel, Borgo Valbelluna mit &#8220;Das gnostische Wissen&#8221;<\/p>\n<p>Auf alle Vortr\u00e4ge folgt ein theoretisch-praktischer Kurs \u00fcber inneres Wissen, das Studium des Menschen und die Kunst der Meditation.<\/p>\n<p>Alle Vortr\u00e4ge sind kostenlos.<\/p>\n<p>Info und Kontakte:<\/p>\n<p>Mattia &#8211; 3899863344<\/p>\n<p>Rosa &#8211; 3405685548<\/p>\n<p>&nbsp;<\/p>\n<p>\u00d6ffentliche Vortragsreihe mit freiem Eintritt.<\/p>\n","protected":false},"excerpt":{"rendered":"<p>Auf welchen Prinzipien basiert unser Dasein? Bindungen, \u00c4ngste, Tr\u00e4ume, Gewissheiten: All das dominiert unser Leben. Wenn wir eine Ver\u00e4nderung wollen, ist es notwendig, an uns selbst zu arbeiten und den<\/p>\n","protected":false},"author":0,"featured_media":0,"template":"","meta":{"_acf_changed":false,"inline_featured_image":false,"_tribe_events_status":"","_tribe_events_status_reason":"","footnotes":""},"tags":[259],"tribe_events_cat":[],"class_list":["post-89890","tribe_events","type-tribe_events","status-publish","hentry","tag-eventi-feratel"],"acf":[],"yoast_head":"<!-- This site is optimized with the Yoast SEO plugin v25.7 - https:\/\/yoast.com\/wordpress\/plugins\/seo\/ -->\n<title>Mente, anima e spirito - Dolomiti Prealpi<\/title>\n<meta name=\"robots\" content=\"index, follow, max-snippet:-1, max-image-preview:large, max-video-preview:-1\" \/>\n<link rel=\"canonical\" href=\"https:\/\/www.dolomitiprealpi.it\/de\/event\/mente-anima-e-spirito\/\" \/>\n<meta property=\"og:locale\" content=\"de_DE\" \/>\n<meta property=\"og:type\" content=\"article\" \/>\n<meta property=\"og:title\" content=\"Mente, anima e spirito - Dolomiti Prealpi\" \/>\n<meta property=\"og:description\" content=\"Auf welchen Prinzipien basiert unser Dasein? Bindungen, \u00c4ngste, Tr\u00e4ume, Gewissheiten: All das dominiert unser Leben. Wenn wir eine Ver\u00e4nderung wollen, ist es notwendig, an uns selbst zu arbeiten und den\" \/>\n<meta property=\"og:url\" content=\"https:\/\/www.dolomitiprealpi.it\/de\/event\/mente-anima-e-spirito\/\" \/>\n<meta property=\"og:site_name\" content=\"Dolomiti Prealpi\" \/>\n<meta property=\"article:publisher\" content=\"https:\/\/www.facebook.com\/dolomitiprealpi.it\/\" \/>\n<meta property=\"article:modified_time\" content=\"2026-04-23T15:33:42+00:00\" \/>\n<meta property=\"og:image\" content=\"https:\/\/www.dolomitiprealpi.it\/wp-content\/uploads\/2022\/11\/C.-Timpone-Foto-archivio-Consorzio-turistico-Dolomiti-Prealpi-Nevegal-Belluno-Bike-18-2.jpg\" \/>\n\t<meta property=\"og:image:width\" content=\"2048\" \/>\n\t<meta property=\"og:image:height\" content=\"1888\" \/>\n\t<meta property=\"og:image:type\" content=\"image\/jpeg\" \/>\n<meta name=\"twitter:card\" content=\"summary_large_image\" \/>\n<meta name=\"twitter:label1\" content=\"Est. reading time\" \/>\n\t<meta name=\"twitter:data1\" content=\"1 minute\" \/>\n<script type=\"application\/ld+json\" class=\"yoast-schema-graph\">{\"@context\":\"https:\/\/schema.org\",\"@graph\":[{\"@type\":\"WebPage\",\"@id\":\"https:\/\/www.dolomitiprealpi.it\/de\/event\/mente-anima-e-spirito\/\",\"url\":\"https:\/\/www.dolomitiprealpi.it\/de\/event\/mente-anima-e-spirito\/\",\"name\":\"Mente, anima e spirito - Dolomiti Prealpi\",\"isPartOf\":{\"@id\":\"https:\/\/www.dolomitiprealpi.it\/de\/#website\"},\"datePublished\":\"2026-04-17T10:45:59+00:00\",\"dateModified\":\"2026-04-23T15:33:42+00:00\",\"breadcrumb\":{\"@id\":\"https:\/\/www.dolomitiprealpi.it\/de\/event\/mente-anima-e-spirito\/#breadcrumb\"},\"inLanguage\":\"de-DE\",\"potentialAction\":[{\"@type\":\"ReadAction\",\"target\":[\"https:\/\/www.dolomitiprealpi.it\/de\/event\/mente-anima-e-spirito\/\"]}]},{\"@type\":\"BreadcrumbList\",\"@id\":\"https:\/\/www.dolomitiprealpi.it\/de\/event\/mente-anima-e-spirito\/#breadcrumb\",\"itemListElement\":[{\"@type\":\"ListItem\",\"position\":1,\"name\":\"Home\",\"item\":\"https:\/\/www.dolomitiprealpi.it\/de\/\"},{\"@type\":\"ListItem\",\"position\":2,\"name\":\"Veranstaltungen\",\"item\":\"https:\/\/www.dolomitiprealpi.it\/de\/events\/\"},{\"@type\":\"ListItem\",\"position\":3,\"name\":\"Mente, anima e spirito\"}]},{\"@type\":\"WebSite\",\"@id\":\"https:\/\/www.dolomitiprealpi.it\/de\/#website\",\"url\":\"https:\/\/www.dolomitiprealpi.it\/de\/\",\"name\":\"Dolomiti Prealpi\",\"description\":\"\",\"publisher\":{\"@id\":\"https:\/\/www.dolomitiprealpi.it\/de\/#organization\"},\"potentialAction\":[{\"@type\":\"SearchAction\",\"target\":{\"@type\":\"EntryPoint\",\"urlTemplate\":\"https:\/\/www.dolomitiprealpi.it\/de\/?s={search_term_string}\"},\"query-input\":{\"@type\":\"PropertyValueSpecification\",\"valueRequired\":true,\"valueName\":\"search_term_string\"}}],\"inLanguage\":\"de-DE\"},{\"@type\":\"Organization\",\"@id\":\"https:\/\/www.dolomitiprealpi.it\/de\/#organization\",\"name\":\"Consorzio Dolomiti Prealpi\",\"url\":\"https:\/\/www.dolomitiprealpi.it\/de\/\",\"logo\":{\"@type\":\"ImageObject\",\"inLanguage\":\"de-DE\",\"@id\":\"https:\/\/www.dolomitiprealpi.it\/de\/#\/schema\/logo\/image\/\",\"url\":\"https:\/\/www.dolomitiprealpi.it\/wp-content\/uploads\/2023\/03\/dolomitiprealpi-favicon.jpg\",\"contentUrl\":\"https:\/\/www.dolomitiprealpi.it\/wp-content\/uploads\/2023\/03\/dolomitiprealpi-favicon.jpg\",\"width\":512,\"height\":512,\"caption\":\"Consorzio Dolomiti Prealpi\"},\"image\":{\"@id\":\"https:\/\/www.dolomitiprealpi.it\/de\/#\/schema\/logo\/image\/\"},\"sameAs\":[\"https:\/\/www.facebook.com\/dolomitiprealpi.it\/\",\"https:\/\/www.instagram.com\/dolomitiprealpi\/\"]}]}<\/script>\n<!-- \/ Yoast SEO plugin. -->","yoast_head_json":{"title":"Mente, anima e spirito - Dolomiti Prealpi","robots":{"index":"index","follow":"follow","max-snippet":"max-snippet:-1","max-image-preview":"max-image-preview:large","max-video-preview":"max-video-preview:-1"},"canonical":"https:\/\/www.dolomitiprealpi.it\/de\/event\/mente-anima-e-spirito\/","og_locale":"de_DE","og_type":"article","og_title":"Mente, anima e spirito - Dolomiti Prealpi","og_description":"Auf welchen Prinzipien basiert unser Dasein? Bindungen, \u00c4ngste, Tr\u00e4ume, Gewissheiten: All das dominiert unser Leben. Wenn wir eine Ver\u00e4nderung wollen, ist es notwendig, an uns selbst zu arbeiten und den","og_url":"https:\/\/www.dolomitiprealpi.it\/de\/event\/mente-anima-e-spirito\/","og_site_name":"Dolomiti Prealpi","article_publisher":"https:\/\/www.facebook.com\/dolomitiprealpi.it\/","article_modified_time":"2026-04-23T15:33:42+00:00","og_image":[{"width":2048,"height":1888,"url":"https:\/\/www.dolomitiprealpi.it\/wp-content\/uploads\/2022\/11\/C.-Timpone-Foto-archivio-Consorzio-turistico-Dolomiti-Prealpi-Nevegal-Belluno-Bike-18-2.jpg","type":"image\/jpeg"}],"twitter_card":"summary_large_image","twitter_misc":{"Est. reading time":"1 minute"},"schema":{"@context":"https:\/\/schema.org","@graph":[{"@type":"WebPage","@id":"https:\/\/www.dolomitiprealpi.it\/de\/event\/mente-anima-e-spirito\/","url":"https:\/\/www.dolomitiprealpi.it\/de\/event\/mente-anima-e-spirito\/","name":"Mente, anima e spirito - Dolomiti Prealpi","isPartOf":{"@id":"https:\/\/www.dolomitiprealpi.it\/de\/#website"},"datePublished":"2026-04-17T10:45:59+00:00","dateModified":"2026-04-23T15:33:42+00:00","breadcrumb":{"@id":"https:\/\/www.dolomitiprealpi.it\/de\/event\/mente-anima-e-spirito\/#breadcrumb"},"inLanguage":"de-DE","potentialAction":[{"@type":"ReadAction","target":["https:\/\/www.dolomitiprealpi.it\/de\/event\/mente-anima-e-spirito\/"]}]},{"@type":"BreadcrumbList","@id":"https:\/\/www.dolomitiprealpi.it\/de\/event\/mente-anima-e-spirito\/#breadcrumb","itemListElement":[{"@type":"ListItem","position":1,"name":"Home","item":"https:\/\/www.dolomitiprealpi.it\/de\/"},{"@type":"ListItem","position":2,"name":"Veranstaltungen","item":"https:\/\/www.dolomitiprealpi.it\/de\/events\/"},{"@type":"ListItem","position":3,"name":"Mente, anima e spirito"}]},{"@type":"WebSite","@id":"https:\/\/www.dolomitiprealpi.it\/de\/#website","url":"https:\/\/www.dolomitiprealpi.it\/de\/","name":"Dolomiti Prealpi","description":"","publisher":{"@id":"https:\/\/www.dolomitiprealpi.it\/de\/#organization"},"potentialAction":[{"@type":"SearchAction","target":{"@type":"EntryPoint","urlTemplate":"https:\/\/www.dolomitiprealpi.it\/de\/?s={search_term_string}"},"query-input":{"@type":"PropertyValueSpecification","valueRequired":true,"valueName":"search_term_string"}}],"inLanguage":"de-DE"},{"@type":"Organization","@id":"https:\/\/www.dolomitiprealpi.it\/de\/#organization","name":"Consorzio Dolomiti Prealpi","url":"https:\/\/www.dolomitiprealpi.it\/de\/","logo":{"@type":"ImageObject","inLanguage":"de-DE","@id":"https:\/\/www.dolomitiprealpi.it\/de\/#\/schema\/logo\/image\/","url":"https:\/\/www.dolomitiprealpi.it\/wp-content\/uploads\/2023\/03\/dolomitiprealpi-favicon.jpg","contentUrl":"https:\/\/www.dolomitiprealpi.it\/wp-content\/uploads\/2023\/03\/dolomitiprealpi-favicon.jpg","width":512,"height":512,"caption":"Consorzio Dolomiti Prealpi"},"image":{"@id":"https:\/\/www.dolomitiprealpi.it\/de\/#\/schema\/logo\/image\/"},"sameAs":["https:\/\/www.facebook.com\/dolomitiprealpi.it\/","https:\/\/www.instagram.com\/dolomitiprealpi\/"]}]}},"_links":{"self":[{"href":"https:\/\/www.dolomitiprealpi.it\/de\/wp-json\/wp\/v2\/tribe_events\/89890","targetHints":{"allow":["GET"]}}],"collection":[{"href":"https:\/\/www.dolomitiprealpi.it\/de\/wp-json\/wp\/v2\/tribe_events"}],"about":[{"href":"https:\/\/www.dolomitiprealpi.it\/de\/wp-json\/wp\/v2\/types\/tribe_events"}],"version-history":[{"count":1,"href":"https:\/\/www.dolomitiprealpi.it\/de\/wp-json\/wp\/v2\/tribe_events\/89890\/revisions"}],"predecessor-version":[{"id":90886,"href":"https:\/\/www.dolomitiprealpi.it\/de\/wp-json\/wp\/v2\/tribe_events\/89890\/revisions\/90886"}],"wp:attachment":[{"href":"https:\/\/www.dolomitiprealpi.it\/de\/wp-json\/wp\/v2\/media?parent=89890"}],"wp:term":[{"taxonomy":"post_tag","embeddable":true,"href":"https:\/\/www.dolomitiprealpi.it\/de\/wp-json\/wp\/v2\/tags?post=89890"},{"taxonomy":"tribe_events_cat","embeddable":true,"href":"https:\/\/www.dolomitiprealpi.it\/de\/wp-json\/wp\/v2\/tribe_events_cat?post=89890"}],"curies":[{"name":"wp","href":"https:\/\/api.w.org\/{rel}","templated":true}]}}

<p>Auf welchen Prinzipien basiert unser Dasein? Bindungen, Ängste, Träume, Gewissheiten: All das dominiert unser Leben.</p>
<p>Wenn wir eine Veränderung wollen, ist es notwendig, an uns selbst zu arbeiten und den Weg zur inneren Befreiung zu erkennen, uns selbst zu entdecken, unsere Kritiken zu bewältigen und unsere Tugenden zu kultivieren.</p>
<p>Die psychologische Studie, die Meditation, das Wissen um die Ursachen des Leidens und das alte alchemistische und initiatische Wissen übergeben dem Menschen die geheimen Schlüssel zur Selbstverwirklichung seines göttlichen Wesens.</p>
<p>Es wird einen Zyklus von 3 öffentlichen Vorträgen geben am:</p>
<p>&#8211; Freitag, 24. Oktober um 20:30 Uhr im Auditorium San Pietro in Mel, Borgo Valbelluna mit &#8220;Nicht einmal das Gold glänzt im Dunkeln&#8221;</p>
<p>&#8211; Freitag, 31. Oktober um 20:30 Uhr im Palazzo delle Contesse &#8211; Ex &#8220;Sala Cacciatori&#8221; (Eingang hinten) in der Piazza Papa Luciani 7 in Mel, Borgo Valbelluna mit &#8220;Die Welt ist ein Theater, der Mensch eine Marionette&#8221;</p>
<p>&#8211; Freitag, 7. November um 20:30 Uhr im Palazzo delle Contesse &#8211; Ex &#8220;Sala Cacciatori&#8221; (Eingang hinten) in der Piazza Papa Luciani 7 in Mel, Borgo Valbelluna mit &#8220;Das gnostische Wissen&#8221;</p>
<p>Auf alle Vorträge folgt ein theoretisch-praktischer Kurs über inneres Wissen, das Studium des Menschen und die Kunst der Meditation.</p>
<p>Alle Vorträge sind kostenlos.</p>
<p>Info und Kontakte:</p>
<p>Mattia &#8211; 3899863344</p>
<p>Rosa &#8211; 3405685548</p>
<p>&nbsp;</p>
<p>Öffentliche Vortragsreihe mit freiem Eintritt.</p>

<p>Auf welchen Prinzipien basiert unser Dasein? Bindungen, Ängste, Träume, Gewissheiten: All das dominiert unser Leben. Wenn wir eine Veränderung wollen, ist es notwendig, an uns selbst zu arbeiten und den</p>

<!-- This site is optimized with the Yoast SEO plugin v25.7 - https://yoast.com/wordpress/plugins/seo/ -->
<title>Mente, anima e spirito - Dolomiti Prealpi</title>
<meta name="robots" content="index, follow, max-snippet:-1, max-image-preview:large, max-video-preview:-1" />
<link rel="canonical" href="https://www.dolomitiprealpi.it/de/event/mente-anima-e-spirito/" />
<meta property="og:locale" content="de_DE" />
<meta property="og:type" content="article" />
<meta property="og:title" content="Mente, anima e spirito - Dolomiti Prealpi" />
<meta property="og:description" content="Auf welchen Prinzipien basiert unser Dasein? Bindungen, Ängste, Träume, Gewissheiten: All das dominiert unser Leben. Wenn wir eine Veränderung wollen, ist es notwendig, an uns selbst zu arbeiten und den" />
<meta property="og:url" content="https://www.dolomitiprealpi.it/de/event/mente-anima-e-spirito/" />
<meta property="og:site_name" content="Dolomiti Prealpi" />
<meta property="article:publisher" content="https://www.facebook.com/dolomitiprealpi.it/" />
<meta property="article:modified_time" content="2026-04-23T15:33:42+00:00" />
<meta property="og:image" content="https://www.dolomitiprealpi.it/wp-content/uploads/2022/11/C.-Timpone-Foto-archivio-Consorzio-turistico-Dolomiti-Prealpi-Nevegal-Belluno-Bike-18-2.jpg" />
	<meta property="og:image:width" content="2048" />
	<meta property="og:image:height" content="1888" />
	<meta property="og:image:type" content="image/jpeg" />
<meta name="twitter:card" content="summary_large_image" />
<meta name="twitter:label1" content="Est. reading time" />
	<meta name="twitter:data1" content="1 minute" />
<script type="application/ld+json" class="yoast-schema-graph">{"@context":"https://schema.org","@graph":[{"@type":"WebPage","@id":"https://www.dolomitiprealpi.it/de/event/mente-anima-e-spirito/","url":"https://www.dolomitiprealpi.it/de/event/mente-anima-e-spirito/","name":"Mente, anima e spirito - Dolomiti Prealpi","isPartOf":{"@id":"https://www.dolomitiprealpi.it/de/#website"},"datePublished":"2026-04-17T10:45:59+00:00","dateModified":"2026-04-23T15:33:42+00:00","breadcrumb":{"@id":"https://www.dolomitiprealpi.it/de/event/mente-anima-e-spirito/#breadcrumb"},"inLanguage":"de-DE","potentialAction":[{"@type":"ReadAction","target":["https://www.dolomitiprealpi.it/de/event/mente-anima-e-spirito/"]}]},{"@type":"BreadcrumbList","@id":"https://www.dolomitiprealpi.it/de/event/mente-anima-e-spirito/#breadcrumb","itemListElement":[{"@type":"ListItem","position":1,"name":"Home","item":"https://www.dolomitiprealpi.it/de/"},{"@type":"ListItem","position":2,"name":"Veranstaltungen","item":"https://www.dolomitiprealpi.it/de/events/"},{"@type":"ListItem","position":3,"name":"Mente, anima e spirito"}]},{"@type":"WebSite","@id":"https://www.dolomitiprealpi.it/de/#website","url":"https://www.dolomitiprealpi.it/de/","name":"Dolomiti Prealpi","description":"","publisher":{"@id":"https://www.dolomitiprealpi.it/de/#organization"},"potentialAction":[{"@type":"SearchAction","target":{"@type":"EntryPoint","urlTemplate":"https://www.dolomitiprealpi.it/de/?s={search_term_string}"},"query-input":{"@type":"PropertyValueSpecification","valueRequired":true,"valueName":"search_term_string"}}],"inLanguage":"de-DE"},{"@type":"Organization","@id":"https://www.dolomitiprealpi.it/de/#organization","name":"Consorzio Dolomiti Prealpi","url":"https://www.dolomitiprealpi.it/de/","logo":{"@type":"ImageObject","inLanguage":"de-DE","@id":"https://www.dolomitiprealpi.it/de/#/schema/logo/image/","url":"https://www.dolomitiprealpi.it/wp-content/uploads/2023/03/dolomitiprealpi-favicon.jpg","contentUrl":"https://www.dolomitiprealpi.it/wp-content/uploads/2023/03/dolomitiprealpi-favicon.jpg","width":512,"height":512,"caption":"Consorzio Dolomiti Prealpi"},"image":{"@id":"https://www.dolomitiprealpi.it/de/#/schema/logo/image/"},"sameAs":["https://www.facebook.com/dolomitiprealpi.it/","https://www.instagram.com/dolomitiprealpi/"]}]}</script>
<!-- / Yoast SEO plugin. -->

Auf welchen Prinzipien basiert unser Dasein? Bindungen, Ängste, Träume, Gewissheiten: All das dominiert unser Leben. Wenn wir eine Veränderung wollen, ist es notwendig, an uns selbst zu arbeiten und den
