{"id":89804,"date":"2026-04-17T12:42:33","date_gmt":"2026-04-17T10:42:33","guid":{"rendered":"https:\/\/www.dolomitiprealpi.it\/event\/spettacoli-di-mistero-ritorno-al-camin-de-podesta\/"},"modified":"2026-04-23T17:30:37","modified_gmt":"2026-04-23T15:30:37","slug":"spettacoli-di-mistero-ritorno-al-camin-de-podesta","status":"publish","type":"tribe_events","link":"https:\/\/www.dolomitiprealpi.it\/de\/event\/spettacoli-di-mistero-ritorno-al-camin-de-podesta\/","title":{"rendered":"Spettacoli di mistero: ritorno al Camin de Podest\u00e0"},"content":{"rendered":"<p><b>Teilnahmegeb\u00fchr:&nbsp;<\/b>\u20ac 10,00<\/p>\n<p>Bitte reservieren unter der Nr. 329 115 4504<\/p>\n<p>Es ist das Jahr 1337.<\/p>\n<p>In der kleinen Kirche San Siro im Tal von Seren, Sitz eines Eremiten, erscheint der grausame Podest\u00e0 von Feltre, Manricardo, gezwungen zur Flucht vor dem Aufstand des Volkes, das noch w\u00fctend \u00fcber das Verbot des Adligen Leandro ist, der sich mit seinen Angeh\u00f6rigen im Tal von Avien versteckt hat und f\u00e4lschlicherweise als R\u00e4uber bezeichnet wird.<\/p>\n<p>Er wird von der unschuldigen Tochter Elvira eingeholt; Manricardo macht sich auf den Weg nach Enego, als er von Leandro gefangen genommen wird, der sie beide in eine H\u00f6hle zieht, die sich in der steilen Bergwand befindet und von einem unglaublichen Stein \u00fcberragt wird. W\u00e4hrend die unschuldige Elvira Leandros Herz erweicht, in das sie sich ebenfalls verliebt, versucht der Vater, getrieben vom Verlangen nach Rache, das Wasser zu vergiften, wohl wissend, dass er damit auch den Tod seiner eigenen Tochter verursachen w\u00fcrde. Entdeckt, wird er gefesselt und allein in der H\u00f6hle zur\u00fcckgelassen, zum Verdursten verurteilt.<\/p>\n<p>Durch das Eingreifen von Elvira, die um ihn bittet, wird er schlie\u00dflich befreit. Die H\u00f6hle und der Stein, der sie \u00fcberragt, werden von da an als <i>\u201edie H\u00f6hle und der Stein des Podest\u00e0\u201c<\/i> bezeichnet.<\/p>\n<p>08:45 Uhr: Treffen am Avien-Bogen im Tal von Seren (ca. 4 km vom Platz in Seren):<\/p>\n<p>09:00 Uhr: Start der Wanderung, geeignet f\u00fcr alle. Angemessene Kleidung und Schuhe sind erforderlich. W\u00e4hrend der Wanderung wird es lebhafte Lesungen geben.<\/p>\n<p>12:00 Uhr: geselliges Mittagessen im Casel di Stalle<\/p>\n<h2><\/h2>\n<p>Spaziergang und animierte Lesungen<\/p>\n","protected":false},"excerpt":{"rendered":"<p>Teilnahmegeb\u00fchr:&nbsp;\u20ac 10,00 Bitte reservieren unter der Nr. 329 115 4504 Es ist das Jahr 1337. In der kleinen Kirche San Siro im Tal von Seren, Sitz eines Eremiten, erscheint der<\/p>\n","protected":false},"author":0,"featured_media":0,"template":"","meta":{"_acf_changed":false,"inline_featured_image":false,"_tribe_events_status":"","_tribe_events_status_reason":"","footnotes":""},"tags":[259],"tribe_events_cat":[],"class_list":["post-89804","tribe_events","type-tribe_events","status-publish","hentry","tag-eventi-feratel"],"acf":[],"yoast_head":"<!-- This site is optimized with the Yoast SEO plugin v25.7 - https:\/\/yoast.com\/wordpress\/plugins\/seo\/ -->\n<title>Spettacoli di mistero: ritorno al Camin de Podest\u00e0 - Dolomiti Prealpi<\/title>\n<meta name=\"robots\" content=\"index, follow, max-snippet:-1, max-image-preview:large, max-video-preview:-1\" \/>\n<link rel=\"canonical\" href=\"https:\/\/www.dolomitiprealpi.it\/de\/event\/spettacoli-di-mistero-ritorno-al-camin-de-podesta\/\" \/>\n<meta property=\"og:locale\" content=\"de_DE\" \/>\n<meta property=\"og:type\" content=\"article\" \/>\n<meta property=\"og:title\" content=\"Spettacoli di mistero: ritorno al Camin de Podest\u00e0 - Dolomiti Prealpi\" \/>\n<meta property=\"og:description\" content=\"Teilnahmegeb\u00fchr:&nbsp;\u20ac 10,00 Bitte reservieren unter der Nr. 329 115 4504 Es ist das Jahr 1337. In der kleinen Kirche San Siro im Tal von Seren, Sitz eines Eremiten, erscheint der\" \/>\n<meta property=\"og:url\" content=\"https:\/\/www.dolomitiprealpi.it\/de\/event\/spettacoli-di-mistero-ritorno-al-camin-de-podesta\/\" \/>\n<meta property=\"og:site_name\" content=\"Dolomiti Prealpi\" \/>\n<meta property=\"article:publisher\" content=\"https:\/\/www.facebook.com\/dolomitiprealpi.it\/\" \/>\n<meta property=\"article:modified_time\" content=\"2026-04-23T15:30:37+00:00\" \/>\n<meta property=\"og:image\" content=\"https:\/\/www.dolomitiprealpi.it\/wp-content\/uploads\/2022\/11\/C.-Timpone-Foto-archivio-Consorzio-turistico-Dolomiti-Prealpi-Nevegal-Belluno-Bike-18-2.jpg\" \/>\n\t<meta property=\"og:image:width\" content=\"2048\" \/>\n\t<meta property=\"og:image:height\" content=\"1888\" \/>\n\t<meta property=\"og:image:type\" content=\"image\/jpeg\" \/>\n<meta name=\"twitter:card\" content=\"summary_large_image\" \/>\n<meta name=\"twitter:label1\" content=\"Est. reading time\" \/>\n\t<meta name=\"twitter:data1\" content=\"1 minute\" \/>\n<script type=\"application\/ld+json\" class=\"yoast-schema-graph\">{\"@context\":\"https:\/\/schema.org\",\"@graph\":[{\"@type\":\"WebPage\",\"@id\":\"https:\/\/www.dolomitiprealpi.it\/de\/event\/spettacoli-di-mistero-ritorno-al-camin-de-podesta\/\",\"url\":\"https:\/\/www.dolomitiprealpi.it\/de\/event\/spettacoli-di-mistero-ritorno-al-camin-de-podesta\/\",\"name\":\"Spettacoli di mistero: ritorno al Camin de Podest\u00e0 - Dolomiti Prealpi\",\"isPartOf\":{\"@id\":\"https:\/\/www.dolomitiprealpi.it\/de\/#website\"},\"datePublished\":\"2026-04-17T10:42:33+00:00\",\"dateModified\":\"2026-04-23T15:30:37+00:00\",\"breadcrumb\":{\"@id\":\"https:\/\/www.dolomitiprealpi.it\/de\/event\/spettacoli-di-mistero-ritorno-al-camin-de-podesta\/#breadcrumb\"},\"inLanguage\":\"de-DE\",\"potentialAction\":[{\"@type\":\"ReadAction\",\"target\":[\"https:\/\/www.dolomitiprealpi.it\/de\/event\/spettacoli-di-mistero-ritorno-al-camin-de-podesta\/\"]}]},{\"@type\":\"BreadcrumbList\",\"@id\":\"https:\/\/www.dolomitiprealpi.it\/de\/event\/spettacoli-di-mistero-ritorno-al-camin-de-podesta\/#breadcrumb\",\"itemListElement\":[{\"@type\":\"ListItem\",\"position\":1,\"name\":\"Home\",\"item\":\"https:\/\/www.dolomitiprealpi.it\/de\/\"},{\"@type\":\"ListItem\",\"position\":2,\"name\":\"Veranstaltungen\",\"item\":\"https:\/\/www.dolomitiprealpi.it\/de\/events\/\"},{\"@type\":\"ListItem\",\"position\":3,\"name\":\"Spettacoli di mistero: ritorno al Camin de Podest\u00e0\"}]},{\"@type\":\"WebSite\",\"@id\":\"https:\/\/www.dolomitiprealpi.it\/de\/#website\",\"url\":\"https:\/\/www.dolomitiprealpi.it\/de\/\",\"name\":\"Dolomiti Prealpi\",\"description\":\"\",\"publisher\":{\"@id\":\"https:\/\/www.dolomitiprealpi.it\/de\/#organization\"},\"potentialAction\":[{\"@type\":\"SearchAction\",\"target\":{\"@type\":\"EntryPoint\",\"urlTemplate\":\"https:\/\/www.dolomitiprealpi.it\/de\/?s={search_term_string}\"},\"query-input\":{\"@type\":\"PropertyValueSpecification\",\"valueRequired\":true,\"valueName\":\"search_term_string\"}}],\"inLanguage\":\"de-DE\"},{\"@type\":\"Organization\",\"@id\":\"https:\/\/www.dolomitiprealpi.it\/de\/#organization\",\"name\":\"Consorzio Dolomiti Prealpi\",\"url\":\"https:\/\/www.dolomitiprealpi.it\/de\/\",\"logo\":{\"@type\":\"ImageObject\",\"inLanguage\":\"de-DE\",\"@id\":\"https:\/\/www.dolomitiprealpi.it\/de\/#\/schema\/logo\/image\/\",\"url\":\"https:\/\/www.dolomitiprealpi.it\/wp-content\/uploads\/2023\/03\/dolomitiprealpi-favicon.jpg\",\"contentUrl\":\"https:\/\/www.dolomitiprealpi.it\/wp-content\/uploads\/2023\/03\/dolomitiprealpi-favicon.jpg\",\"width\":512,\"height\":512,\"caption\":\"Consorzio Dolomiti Prealpi\"},\"image\":{\"@id\":\"https:\/\/www.dolomitiprealpi.it\/de\/#\/schema\/logo\/image\/\"},\"sameAs\":[\"https:\/\/www.facebook.com\/dolomitiprealpi.it\/\",\"https:\/\/www.instagram.com\/dolomitiprealpi\/\"]}]}<\/script>\n<!-- \/ Yoast SEO plugin. -->","yoast_head_json":{"title":"Spettacoli di mistero: ritorno al Camin de Podest\u00e0 - Dolomiti Prealpi","robots":{"index":"index","follow":"follow","max-snippet":"max-snippet:-1","max-image-preview":"max-image-preview:large","max-video-preview":"max-video-preview:-1"},"canonical":"https:\/\/www.dolomitiprealpi.it\/de\/event\/spettacoli-di-mistero-ritorno-al-camin-de-podesta\/","og_locale":"de_DE","og_type":"article","og_title":"Spettacoli di mistero: ritorno al Camin de Podest\u00e0 - Dolomiti Prealpi","og_description":"Teilnahmegeb\u00fchr:&nbsp;\u20ac 10,00 Bitte reservieren unter der Nr. 329 115 4504 Es ist das Jahr 1337. In der kleinen Kirche San Siro im Tal von Seren, Sitz eines Eremiten, erscheint der","og_url":"https:\/\/www.dolomitiprealpi.it\/de\/event\/spettacoli-di-mistero-ritorno-al-camin-de-podesta\/","og_site_name":"Dolomiti Prealpi","article_publisher":"https:\/\/www.facebook.com\/dolomitiprealpi.it\/","article_modified_time":"2026-04-23T15:30:37+00:00","og_image":[{"width":2048,"height":1888,"url":"https:\/\/www.dolomitiprealpi.it\/wp-content\/uploads\/2022\/11\/C.-Timpone-Foto-archivio-Consorzio-turistico-Dolomiti-Prealpi-Nevegal-Belluno-Bike-18-2.jpg","type":"image\/jpeg"}],"twitter_card":"summary_large_image","twitter_misc":{"Est. reading time":"1 minute"},"schema":{"@context":"https:\/\/schema.org","@graph":[{"@type":"WebPage","@id":"https:\/\/www.dolomitiprealpi.it\/de\/event\/spettacoli-di-mistero-ritorno-al-camin-de-podesta\/","url":"https:\/\/www.dolomitiprealpi.it\/de\/event\/spettacoli-di-mistero-ritorno-al-camin-de-podesta\/","name":"Spettacoli di mistero: ritorno al Camin de Podest\u00e0 - Dolomiti Prealpi","isPartOf":{"@id":"https:\/\/www.dolomitiprealpi.it\/de\/#website"},"datePublished":"2026-04-17T10:42:33+00:00","dateModified":"2026-04-23T15:30:37+00:00","breadcrumb":{"@id":"https:\/\/www.dolomitiprealpi.it\/de\/event\/spettacoli-di-mistero-ritorno-al-camin-de-podesta\/#breadcrumb"},"inLanguage":"de-DE","potentialAction":[{"@type":"ReadAction","target":["https:\/\/www.dolomitiprealpi.it\/de\/event\/spettacoli-di-mistero-ritorno-al-camin-de-podesta\/"]}]},{"@type":"BreadcrumbList","@id":"https:\/\/www.dolomitiprealpi.it\/de\/event\/spettacoli-di-mistero-ritorno-al-camin-de-podesta\/#breadcrumb","itemListElement":[{"@type":"ListItem","position":1,"name":"Home","item":"https:\/\/www.dolomitiprealpi.it\/de\/"},{"@type":"ListItem","position":2,"name":"Veranstaltungen","item":"https:\/\/www.dolomitiprealpi.it\/de\/events\/"},{"@type":"ListItem","position":3,"name":"Spettacoli di mistero: ritorno al Camin de Podest\u00e0"}]},{"@type":"WebSite","@id":"https:\/\/www.dolomitiprealpi.it\/de\/#website","url":"https:\/\/www.dolomitiprealpi.it\/de\/","name":"Dolomiti Prealpi","description":"","publisher":{"@id":"https:\/\/www.dolomitiprealpi.it\/de\/#organization"},"potentialAction":[{"@type":"SearchAction","target":{"@type":"EntryPoint","urlTemplate":"https:\/\/www.dolomitiprealpi.it\/de\/?s={search_term_string}"},"query-input":{"@type":"PropertyValueSpecification","valueRequired":true,"valueName":"search_term_string"}}],"inLanguage":"de-DE"},{"@type":"Organization","@id":"https:\/\/www.dolomitiprealpi.it\/de\/#organization","name":"Consorzio Dolomiti Prealpi","url":"https:\/\/www.dolomitiprealpi.it\/de\/","logo":{"@type":"ImageObject","inLanguage":"de-DE","@id":"https:\/\/www.dolomitiprealpi.it\/de\/#\/schema\/logo\/image\/","url":"https:\/\/www.dolomitiprealpi.it\/wp-content\/uploads\/2023\/03\/dolomitiprealpi-favicon.jpg","contentUrl":"https:\/\/www.dolomitiprealpi.it\/wp-content\/uploads\/2023\/03\/dolomitiprealpi-favicon.jpg","width":512,"height":512,"caption":"Consorzio Dolomiti Prealpi"},"image":{"@id":"https:\/\/www.dolomitiprealpi.it\/de\/#\/schema\/logo\/image\/"},"sameAs":["https:\/\/www.facebook.com\/dolomitiprealpi.it\/","https:\/\/www.instagram.com\/dolomitiprealpi\/"]}]}},"_links":{"self":[{"href":"https:\/\/www.dolomitiprealpi.it\/de\/wp-json\/wp\/v2\/tribe_events\/89804","targetHints":{"allow":["GET"]}}],"collection":[{"href":"https:\/\/www.dolomitiprealpi.it\/de\/wp-json\/wp\/v2\/tribe_events"}],"about":[{"href":"https:\/\/www.dolomitiprealpi.it\/de\/wp-json\/wp\/v2\/types\/tribe_events"}],"version-history":[{"count":1,"href":"https:\/\/www.dolomitiprealpi.it\/de\/wp-json\/wp\/v2\/tribe_events\/89804\/revisions"}],"predecessor-version":[{"id":90791,"href":"https:\/\/www.dolomitiprealpi.it\/de\/wp-json\/wp\/v2\/tribe_events\/89804\/revisions\/90791"}],"wp:attachment":[{"href":"https:\/\/www.dolomitiprealpi.it\/de\/wp-json\/wp\/v2\/media?parent=89804"}],"wp:term":[{"taxonomy":"post_tag","embeddable":true,"href":"https:\/\/www.dolomitiprealpi.it\/de\/wp-json\/wp\/v2\/tags?post=89804"},{"taxonomy":"tribe_events_cat","embeddable":true,"href":"https:\/\/www.dolomitiprealpi.it\/de\/wp-json\/wp\/v2\/tribe_events_cat?post=89804"}],"curies":[{"name":"wp","href":"https:\/\/api.w.org\/{rel}","templated":true}]}}

Spettacoli di mistero: ritorno al Camin de Podestà

<p><b>Teilnahmegebühr:&nbsp;</b>€ 10,00</p>
<p>Bitte reservieren unter der Nr. 329 115 4504</p>
<p>Es ist das Jahr 1337.</p>
<p>In der kleinen Kirche San Siro im Tal von Seren, Sitz eines Eremiten, erscheint der grausame Podestà von Feltre, Manricardo, gezwungen zur Flucht vor dem Aufstand des Volkes, das noch wütend über das Verbot des Adligen Leandro ist, der sich mit seinen Angehörigen im Tal von Avien versteckt hat und fälschlicherweise als Räuber bezeichnet wird.</p>
<p>Er wird von der unschuldigen Tochter Elvira eingeholt; Manricardo macht sich auf den Weg nach Enego, als er von Leandro gefangen genommen wird, der sie beide in eine Höhle zieht, die sich in der steilen Bergwand befindet und von einem unglaublichen Stein überragt wird. Während die unschuldige Elvira Leandros Herz erweicht, in das sie sich ebenfalls verliebt, versucht der Vater, getrieben vom Verlangen nach Rache, das Wasser zu vergiften, wohl wissend, dass er damit auch den Tod seiner eigenen Tochter verursachen würde. Entdeckt, wird er gefesselt und allein in der Höhle zurückgelassen, zum Verdursten verurteilt.</p>
<p>Durch das Eingreifen von Elvira, die um ihn bittet, wird er schließlich befreit. Die Höhle und der Stein, der sie überragt, werden von da an als <i>„die Höhle und der Stein des Podestà“</i> bezeichnet.</p>
<p>08:45 Uhr: Treffen am Avien-Bogen im Tal von Seren (ca. 4 km vom Platz in Seren):</p>
<p>09:00 Uhr: Start der Wanderung, geeignet für alle. Angemessene Kleidung und Schuhe sind erforderlich. Während der Wanderung wird es lebhafte Lesungen geben.</p>
<p>12:00 Uhr: geselliges Mittagessen im Casel di Stalle</p>
<h2></h2>
<p>Spaziergang und animierte Lesungen</p>

<p>Teilnahmegebühr:&nbsp;€ 10,00 Bitte reservieren unter der Nr. 329 115 4504 Es ist das Jahr 1337. In der kleinen Kirche San Siro im Tal von Seren, Sitz eines Eremiten, erscheint der</p>

<!-- This site is optimized with the Yoast SEO plugin v25.7 - https://yoast.com/wordpress/plugins/seo/ -->
<title>Spettacoli di mistero: ritorno al Camin de Podestà - Dolomiti Prealpi</title>
<meta name="robots" content="index, follow, max-snippet:-1, max-image-preview:large, max-video-preview:-1" />
<link rel="canonical" href="https://www.dolomitiprealpi.it/de/event/spettacoli-di-mistero-ritorno-al-camin-de-podesta/" />
<meta property="og:locale" content="de_DE" />
<meta property="og:type" content="article" />
<meta property="og:title" content="Spettacoli di mistero: ritorno al Camin de Podestà - Dolomiti Prealpi" />
<meta property="og:description" content="Teilnahmegebühr:&nbsp;€ 10,00 Bitte reservieren unter der Nr. 329 115 4504 Es ist das Jahr 1337. In der kleinen Kirche San Siro im Tal von Seren, Sitz eines Eremiten, erscheint der" />
<meta property="og:url" content="https://www.dolomitiprealpi.it/de/event/spettacoli-di-mistero-ritorno-al-camin-de-podesta/" />
<meta property="og:site_name" content="Dolomiti Prealpi" />
<meta property="article:publisher" content="https://www.facebook.com/dolomitiprealpi.it/" />
<meta property="article:modified_time" content="2026-04-23T15:30:37+00:00" />
<meta property="og:image" content="https://www.dolomitiprealpi.it/wp-content/uploads/2022/11/C.-Timpone-Foto-archivio-Consorzio-turistico-Dolomiti-Prealpi-Nevegal-Belluno-Bike-18-2.jpg" />
	<meta property="og:image:width" content="2048" />
	<meta property="og:image:height" content="1888" />
	<meta property="og:image:type" content="image/jpeg" />
<meta name="twitter:card" content="summary_large_image" />
<meta name="twitter:label1" content="Est. reading time" />
	<meta name="twitter:data1" content="1 minute" />
<script type="application/ld+json" class="yoast-schema-graph">{"@context":"https://schema.org","@graph":[{"@type":"WebPage","@id":"https://www.dolomitiprealpi.it/de/event/spettacoli-di-mistero-ritorno-al-camin-de-podesta/","url":"https://www.dolomitiprealpi.it/de/event/spettacoli-di-mistero-ritorno-al-camin-de-podesta/","name":"Spettacoli di mistero: ritorno al Camin de Podestà - Dolomiti Prealpi","isPartOf":{"@id":"https://www.dolomitiprealpi.it/de/#website"},"datePublished":"2026-04-17T10:42:33+00:00","dateModified":"2026-04-23T15:30:37+00:00","breadcrumb":{"@id":"https://www.dolomitiprealpi.it/de/event/spettacoli-di-mistero-ritorno-al-camin-de-podesta/#breadcrumb"},"inLanguage":"de-DE","potentialAction":[{"@type":"ReadAction","target":["https://www.dolomitiprealpi.it/de/event/spettacoli-di-mistero-ritorno-al-camin-de-podesta/"]}]},{"@type":"BreadcrumbList","@id":"https://www.dolomitiprealpi.it/de/event/spettacoli-di-mistero-ritorno-al-camin-de-podesta/#breadcrumb","itemListElement":[{"@type":"ListItem","position":1,"name":"Home","item":"https://www.dolomitiprealpi.it/de/"},{"@type":"ListItem","position":2,"name":"Veranstaltungen","item":"https://www.dolomitiprealpi.it/de/events/"},{"@type":"ListItem","position":3,"name":"Spettacoli di mistero: ritorno al Camin de Podestà"}]},{"@type":"WebSite","@id":"https://www.dolomitiprealpi.it/de/#website","url":"https://www.dolomitiprealpi.it/de/","name":"Dolomiti Prealpi","description":"","publisher":{"@id":"https://www.dolomitiprealpi.it/de/#organization"},"potentialAction":[{"@type":"SearchAction","target":{"@type":"EntryPoint","urlTemplate":"https://www.dolomitiprealpi.it/de/?s={search_term_string}"},"query-input":{"@type":"PropertyValueSpecification","valueRequired":true,"valueName":"search_term_string"}}],"inLanguage":"de-DE"},{"@type":"Organization","@id":"https://www.dolomitiprealpi.it/de/#organization","name":"Consorzio Dolomiti Prealpi","url":"https://www.dolomitiprealpi.it/de/","logo":{"@type":"ImageObject","inLanguage":"de-DE","@id":"https://www.dolomitiprealpi.it/de/#/schema/logo/image/","url":"https://www.dolomitiprealpi.it/wp-content/uploads/2023/03/dolomitiprealpi-favicon.jpg","contentUrl":"https://www.dolomitiprealpi.it/wp-content/uploads/2023/03/dolomitiprealpi-favicon.jpg","width":512,"height":512,"caption":"Consorzio Dolomiti Prealpi"},"image":{"@id":"https://www.dolomitiprealpi.it/de/#/schema/logo/image/"},"sameAs":["https://www.facebook.com/dolomitiprealpi.it/","https://www.instagram.com/dolomitiprealpi/"]}]}</script>
<!-- / Yoast SEO plugin. -->

Spettacoli di mistero: ritorno al Camin de Podestà - Dolomiti Prealpi

Teilnahmegebühr:&nbsp;€ 10,00 Bitte reservieren unter der Nr. 329 115 4504 Es ist das Jahr 1337. In der kleinen Kirche San Siro im Tal von Seren, Sitz eines Eremiten, erscheint der
