{"id":89286,"date":"2026-02-15T12:26:58","date_gmt":"2026-02-15T11:26:58","guid":{"rendered":"https:\/\/www.dolomitiprealpi.it\/event\/giornata-delle-ville-venete-villa-azzoni-degli-avogrado\/"},"modified":"2026-04-17T13:19:41","modified_gmt":"2026-04-17T11:19:41","slug":"giornata-delle-ville-venete-villa-azzoni-degli-avogrado-2","status":"publish","type":"tribe_events","link":"https:\/\/www.dolomitiprealpi.it\/de\/event\/giornata-delle-ville-venete-villa-azzoni-degli-avogrado-2\/","title":{"rendered":"Giornata delle Ville Venete- Villa Azzoni degli Avogrado-"},"content":{"rendered":"<p>Degustation in der Villa. Eine Reise durch die neuen Abf\u00fcllungen, begleitet von leckeren H\u00e4ppchen f\u00fcr ein vollst\u00e4ndiges Geschmackserlebnis.<\/p>\n<h4>Warum Sie dieses Erlebnis w\u00e4hlen sollten<\/h4>\n<\/p>\n<p>\u2013 Verkostung des neuen Prosecco der Villa, eine Gelegenheit, die neuesten Produkte kennenzulernen und zu sch\u00e4tzen.<br \/>\u2013 Die Weine genie\u00dfen, begleitet von einer Auswahl an Cicchetti, die dazu gedacht sind, die Aromen zu betonen.<br \/>\u2013 Das Erlebnis in einer historischen Villa leben, zwischen architektonischem Charme und ansprechenden Umgebungen.<\/p>\n<\/p>\n<p><b>Preis pro Person:&nbsp;<\/b>10,00\u20ac<\/p>\n<p><b>Preis pro Gruppe:&nbsp;<\/b>&#8211;<\/p>\n<p><b>Erm\u00e4\u00dfigungen:&nbsp;<\/b>&#8211;<\/p>\n<p><b>Freunde AVV:&nbsp;<\/b>&#8211;<\/p>\n<p><b>Was ist inbegriffen:&nbsp;<\/b>Die Verkostung von Weinen und Cicchetti.<\/p>\n<p><b>Was nicht inbegriffen ist:&nbsp;<\/b>Alles, was nicht im Punkt &#8220;Was ist inbegriffen&#8221; aufgef\u00fchrt ist.<\/p>\n<p><b>Stornobedingungen:&nbsp;<\/b>&#8211;<\/p>\n<p><b>Zus\u00e4tzliche Zahlungsnoten:<\/b>&nbsp;Vor Ort.<\/p>\n","protected":false},"excerpt":{"rendered":"<p>Degustation in der Villa. Eine Reise durch die neuen Abf\u00fcllungen, begleitet von leckeren H\u00e4ppchen f\u00fcr ein vollst\u00e4ndiges Geschmackserlebnis. Warum Sie dieses Erlebnis w\u00e4hlen sollten \u2013 Verkostung des neuen Prosecco der<\/p>\n","protected":false},"author":0,"featured_media":0,"template":"","meta":{"_acf_changed":false,"inline_featured_image":false,"_tribe_events_status":"","_tribe_events_status_reason":"","footnotes":""},"tags":[259],"tribe_events_cat":[],"class_list":["post-89286","tribe_events","type-tribe_events","status-publish","hentry","tag-eventi-feratel"],"acf":[],"yoast_head":"<!-- This site is optimized with the Yoast SEO plugin v25.7 - https:\/\/yoast.com\/wordpress\/plugins\/seo\/ -->\n<title>Giornata delle Ville Venete- Villa Azzoni degli Avogrado- Dolomiti Prealpi<\/title>\n<meta name=\"robots\" content=\"index, follow, max-snippet:-1, max-image-preview:large, max-video-preview:-1\" \/>\n<link rel=\"canonical\" href=\"https:\/\/www.dolomitiprealpi.it\/de\/event\/giornata-delle-ville-venete-villa-azzoni-degli-avogrado-2\/\" \/>\n<meta property=\"og:locale\" content=\"de_DE\" \/>\n<meta property=\"og:type\" content=\"article\" \/>\n<meta property=\"og:title\" content=\"Giornata delle Ville Venete- Villa Azzoni degli Avogrado- Dolomiti Prealpi\" \/>\n<meta property=\"og:description\" content=\"Degustation in der Villa. Eine Reise durch die neuen Abf\u00fcllungen, begleitet von leckeren H\u00e4ppchen f\u00fcr ein vollst\u00e4ndiges Geschmackserlebnis. Warum Sie dieses Erlebnis w\u00e4hlen sollten \u2013 Verkostung des neuen Prosecco der\" \/>\n<meta property=\"og:url\" content=\"https:\/\/www.dolomitiprealpi.it\/de\/event\/giornata-delle-ville-venete-villa-azzoni-degli-avogrado-2\/\" \/>\n<meta property=\"og:site_name\" content=\"Dolomiti Prealpi\" \/>\n<meta property=\"article:publisher\" content=\"https:\/\/www.facebook.com\/dolomitiprealpi.it\/\" \/>\n<meta property=\"article:modified_time\" content=\"2026-04-17T11:19:41+00:00\" \/>\n<meta property=\"og:image\" content=\"https:\/\/www.dolomitiprealpi.it\/wp-content\/uploads\/2022\/11\/C.-Timpone-Foto-archivio-Consorzio-turistico-Dolomiti-Prealpi-Nevegal-Belluno-Bike-18-2.jpg\" \/>\n\t<meta property=\"og:image:width\" content=\"2048\" \/>\n\t<meta property=\"og:image:height\" content=\"1888\" \/>\n\t<meta property=\"og:image:type\" content=\"image\/jpeg\" \/>\n<meta name=\"twitter:card\" content=\"summary_large_image\" \/>\n<meta name=\"twitter:label1\" content=\"Est. reading time\" \/>\n\t<meta name=\"twitter:data1\" content=\"1 minute\" \/>\n<script type=\"application\/ld+json\" class=\"yoast-schema-graph\">{\"@context\":\"https:\/\/schema.org\",\"@graph\":[{\"@type\":\"WebPage\",\"@id\":\"https:\/\/www.dolomitiprealpi.it\/de\/event\/giornata-delle-ville-venete-villa-azzoni-degli-avogrado-2\/\",\"url\":\"https:\/\/www.dolomitiprealpi.it\/de\/event\/giornata-delle-ville-venete-villa-azzoni-degli-avogrado-2\/\",\"name\":\"Giornata delle Ville Venete- Villa Azzoni degli Avogrado- Dolomiti Prealpi\",\"isPartOf\":{\"@id\":\"https:\/\/www.dolomitiprealpi.it\/de\/#website\"},\"datePublished\":\"2026-02-15T11:26:58+00:00\",\"dateModified\":\"2026-04-17T11:19:41+00:00\",\"breadcrumb\":{\"@id\":\"https:\/\/www.dolomitiprealpi.it\/de\/event\/giornata-delle-ville-venete-villa-azzoni-degli-avogrado-2\/#breadcrumb\"},\"inLanguage\":\"de-DE\",\"potentialAction\":[{\"@type\":\"ReadAction\",\"target\":[\"https:\/\/www.dolomitiprealpi.it\/de\/event\/giornata-delle-ville-venete-villa-azzoni-degli-avogrado-2\/\"]}]},{\"@type\":\"BreadcrumbList\",\"@id\":\"https:\/\/www.dolomitiprealpi.it\/de\/event\/giornata-delle-ville-venete-villa-azzoni-degli-avogrado-2\/#breadcrumb\",\"itemListElement\":[{\"@type\":\"ListItem\",\"position\":1,\"name\":\"Home\",\"item\":\"https:\/\/www.dolomitiprealpi.it\/de\/\"},{\"@type\":\"ListItem\",\"position\":2,\"name\":\"Veranstaltungen\",\"item\":\"https:\/\/www.dolomitiprealpi.it\/de\/events\/\"},{\"@type\":\"ListItem\",\"position\":3,\"name\":\"Giornata delle Ville Venete- Villa Azzoni degli Avogrado-\"}]},{\"@type\":\"WebSite\",\"@id\":\"https:\/\/www.dolomitiprealpi.it\/de\/#website\",\"url\":\"https:\/\/www.dolomitiprealpi.it\/de\/\",\"name\":\"Dolomiti Prealpi\",\"description\":\"\",\"publisher\":{\"@id\":\"https:\/\/www.dolomitiprealpi.it\/de\/#organization\"},\"potentialAction\":[{\"@type\":\"SearchAction\",\"target\":{\"@type\":\"EntryPoint\",\"urlTemplate\":\"https:\/\/www.dolomitiprealpi.it\/de\/?s={search_term_string}\"},\"query-input\":{\"@type\":\"PropertyValueSpecification\",\"valueRequired\":true,\"valueName\":\"search_term_string\"}}],\"inLanguage\":\"de-DE\"},{\"@type\":\"Organization\",\"@id\":\"https:\/\/www.dolomitiprealpi.it\/de\/#organization\",\"name\":\"Consorzio Dolomiti Prealpi\",\"url\":\"https:\/\/www.dolomitiprealpi.it\/de\/\",\"logo\":{\"@type\":\"ImageObject\",\"inLanguage\":\"de-DE\",\"@id\":\"https:\/\/www.dolomitiprealpi.it\/de\/#\/schema\/logo\/image\/\",\"url\":\"https:\/\/www.dolomitiprealpi.it\/wp-content\/uploads\/2023\/03\/dolomitiprealpi-favicon.jpg\",\"contentUrl\":\"https:\/\/www.dolomitiprealpi.it\/wp-content\/uploads\/2023\/03\/dolomitiprealpi-favicon.jpg\",\"width\":512,\"height\":512,\"caption\":\"Consorzio Dolomiti Prealpi\"},\"image\":{\"@id\":\"https:\/\/www.dolomitiprealpi.it\/de\/#\/schema\/logo\/image\/\"},\"sameAs\":[\"https:\/\/www.facebook.com\/dolomitiprealpi.it\/\",\"https:\/\/www.instagram.com\/dolomitiprealpi\/\"]}]}<\/script>\n<!-- \/ Yoast SEO plugin. -->","yoast_head_json":{"title":"Giornata delle Ville Venete- Villa Azzoni degli Avogrado- Dolomiti Prealpi","robots":{"index":"index","follow":"follow","max-snippet":"max-snippet:-1","max-image-preview":"max-image-preview:large","max-video-preview":"max-video-preview:-1"},"canonical":"https:\/\/www.dolomitiprealpi.it\/de\/event\/giornata-delle-ville-venete-villa-azzoni-degli-avogrado-2\/","og_locale":"de_DE","og_type":"article","og_title":"Giornata delle Ville Venete- Villa Azzoni degli Avogrado- Dolomiti Prealpi","og_description":"Degustation in der Villa. Eine Reise durch die neuen Abf\u00fcllungen, begleitet von leckeren H\u00e4ppchen f\u00fcr ein vollst\u00e4ndiges Geschmackserlebnis. Warum Sie dieses Erlebnis w\u00e4hlen sollten \u2013 Verkostung des neuen Prosecco der","og_url":"https:\/\/www.dolomitiprealpi.it\/de\/event\/giornata-delle-ville-venete-villa-azzoni-degli-avogrado-2\/","og_site_name":"Dolomiti Prealpi","article_publisher":"https:\/\/www.facebook.com\/dolomitiprealpi.it\/","article_modified_time":"2026-04-17T11:19:41+00:00","og_image":[{"width":2048,"height":1888,"url":"https:\/\/www.dolomitiprealpi.it\/wp-content\/uploads\/2022\/11\/C.-Timpone-Foto-archivio-Consorzio-turistico-Dolomiti-Prealpi-Nevegal-Belluno-Bike-18-2.jpg","type":"image\/jpeg"}],"twitter_card":"summary_large_image","twitter_misc":{"Est. reading time":"1 minute"},"schema":{"@context":"https:\/\/schema.org","@graph":[{"@type":"WebPage","@id":"https:\/\/www.dolomitiprealpi.it\/de\/event\/giornata-delle-ville-venete-villa-azzoni-degli-avogrado-2\/","url":"https:\/\/www.dolomitiprealpi.it\/de\/event\/giornata-delle-ville-venete-villa-azzoni-degli-avogrado-2\/","name":"Giornata delle Ville Venete- Villa Azzoni degli Avogrado- Dolomiti Prealpi","isPartOf":{"@id":"https:\/\/www.dolomitiprealpi.it\/de\/#website"},"datePublished":"2026-02-15T11:26:58+00:00","dateModified":"2026-04-17T11:19:41+00:00","breadcrumb":{"@id":"https:\/\/www.dolomitiprealpi.it\/de\/event\/giornata-delle-ville-venete-villa-azzoni-degli-avogrado-2\/#breadcrumb"},"inLanguage":"de-DE","potentialAction":[{"@type":"ReadAction","target":["https:\/\/www.dolomitiprealpi.it\/de\/event\/giornata-delle-ville-venete-villa-azzoni-degli-avogrado-2\/"]}]},{"@type":"BreadcrumbList","@id":"https:\/\/www.dolomitiprealpi.it\/de\/event\/giornata-delle-ville-venete-villa-azzoni-degli-avogrado-2\/#breadcrumb","itemListElement":[{"@type":"ListItem","position":1,"name":"Home","item":"https:\/\/www.dolomitiprealpi.it\/de\/"},{"@type":"ListItem","position":2,"name":"Veranstaltungen","item":"https:\/\/www.dolomitiprealpi.it\/de\/events\/"},{"@type":"ListItem","position":3,"name":"Giornata delle Ville Venete- Villa Azzoni degli Avogrado-"}]},{"@type":"WebSite","@id":"https:\/\/www.dolomitiprealpi.it\/de\/#website","url":"https:\/\/www.dolomitiprealpi.it\/de\/","name":"Dolomiti Prealpi","description":"","publisher":{"@id":"https:\/\/www.dolomitiprealpi.it\/de\/#organization"},"potentialAction":[{"@type":"SearchAction","target":{"@type":"EntryPoint","urlTemplate":"https:\/\/www.dolomitiprealpi.it\/de\/?s={search_term_string}"},"query-input":{"@type":"PropertyValueSpecification","valueRequired":true,"valueName":"search_term_string"}}],"inLanguage":"de-DE"},{"@type":"Organization","@id":"https:\/\/www.dolomitiprealpi.it\/de\/#organization","name":"Consorzio Dolomiti Prealpi","url":"https:\/\/www.dolomitiprealpi.it\/de\/","logo":{"@type":"ImageObject","inLanguage":"de-DE","@id":"https:\/\/www.dolomitiprealpi.it\/de\/#\/schema\/logo\/image\/","url":"https:\/\/www.dolomitiprealpi.it\/wp-content\/uploads\/2023\/03\/dolomitiprealpi-favicon.jpg","contentUrl":"https:\/\/www.dolomitiprealpi.it\/wp-content\/uploads\/2023\/03\/dolomitiprealpi-favicon.jpg","width":512,"height":512,"caption":"Consorzio Dolomiti Prealpi"},"image":{"@id":"https:\/\/www.dolomitiprealpi.it\/de\/#\/schema\/logo\/image\/"},"sameAs":["https:\/\/www.facebook.com\/dolomitiprealpi.it\/","https:\/\/www.instagram.com\/dolomitiprealpi\/"]}]}},"_links":{"self":[{"href":"https:\/\/www.dolomitiprealpi.it\/de\/wp-json\/wp\/v2\/tribe_events\/89286","targetHints":{"allow":["GET"]}}],"collection":[{"href":"https:\/\/www.dolomitiprealpi.it\/de\/wp-json\/wp\/v2\/tribe_events"}],"about":[{"href":"https:\/\/www.dolomitiprealpi.it\/de\/wp-json\/wp\/v2\/types\/tribe_events"}],"version-history":[{"count":1,"href":"https:\/\/www.dolomitiprealpi.it\/de\/wp-json\/wp\/v2\/tribe_events\/89286\/revisions"}],"predecessor-version":[{"id":90374,"href":"https:\/\/www.dolomitiprealpi.it\/de\/wp-json\/wp\/v2\/tribe_events\/89286\/revisions\/90374"}],"wp:attachment":[{"href":"https:\/\/www.dolomitiprealpi.it\/de\/wp-json\/wp\/v2\/media?parent=89286"}],"wp:term":[{"taxonomy":"post_tag","embeddable":true,"href":"https:\/\/www.dolomitiprealpi.it\/de\/wp-json\/wp\/v2\/tags?post=89286"},{"taxonomy":"tribe_events_cat","embeddable":true,"href":"https:\/\/www.dolomitiprealpi.it\/de\/wp-json\/wp\/v2\/tribe_events_cat?post=89286"}],"curies":[{"name":"wp","href":"https:\/\/api.w.org\/{rel}","templated":true}]}}

<p>Degustation in der Villa. Eine Reise durch die neuen Abfüllungen, begleitet von leckeren Häppchen für ein vollständiges Geschmackserlebnis.</p>
<h4>Warum Sie dieses Erlebnis wählen sollten</h4>
</p>
<p>– Verkostung des neuen Prosecco der Villa, eine Gelegenheit, die neuesten Produkte kennenzulernen und zu schätzen.<br />– Die Weine genießen, begleitet von einer Auswahl an Cicchetti, die dazu gedacht sind, die Aromen zu betonen.<br />– Das Erlebnis in einer historischen Villa leben, zwischen architektonischem Charme und ansprechenden Umgebungen.</p>
</p>
<p><b>Preis pro Person:&nbsp;</b>10,00€</p>
<p><b>Preis pro Gruppe:&nbsp;</b>&#8211;</p>
<p><b>Ermäßigungen:&nbsp;</b>&#8211;</p>
<p><b>Freunde AVV:&nbsp;</b>&#8211;</p>
<p><b>Was ist inbegriffen:&nbsp;</b>Die Verkostung von Weinen und Cicchetti.</p>
<p><b>Was nicht inbegriffen ist:&nbsp;</b>Alles, was nicht im Punkt &#8220;Was ist inbegriffen&#8221; aufgeführt ist.</p>
<p><b>Stornobedingungen:&nbsp;</b>&#8211;</p>
<p><b>Zusätzliche Zahlungsnoten:</b>&nbsp;Vor Ort.</p>

<p>Degustation in der Villa. Eine Reise durch die neuen Abfüllungen, begleitet von leckeren Häppchen für ein vollständiges Geschmackserlebnis. Warum Sie dieses Erlebnis wählen sollten – Verkostung des neuen Prosecco der</p>

<!-- This site is optimized with the Yoast SEO plugin v25.7 - https://yoast.com/wordpress/plugins/seo/ -->
<title>Giornata delle Ville Venete- Villa Azzoni degli Avogrado- Dolomiti Prealpi</title>
<meta name="robots" content="index, follow, max-snippet:-1, max-image-preview:large, max-video-preview:-1" />
<link rel="canonical" href="https://www.dolomitiprealpi.it/de/event/giornata-delle-ville-venete-villa-azzoni-degli-avogrado-2/" />
<meta property="og:locale" content="de_DE" />
<meta property="og:type" content="article" />
<meta property="og:title" content="Giornata delle Ville Venete- Villa Azzoni degli Avogrado- Dolomiti Prealpi" />
<meta property="og:description" content="Degustation in der Villa. Eine Reise durch die neuen Abfüllungen, begleitet von leckeren Häppchen für ein vollständiges Geschmackserlebnis. Warum Sie dieses Erlebnis wählen sollten – Verkostung des neuen Prosecco der" />
<meta property="og:url" content="https://www.dolomitiprealpi.it/de/event/giornata-delle-ville-venete-villa-azzoni-degli-avogrado-2/" />
<meta property="og:site_name" content="Dolomiti Prealpi" />
<meta property="article:publisher" content="https://www.facebook.com/dolomitiprealpi.it/" />
<meta property="article:modified_time" content="2026-04-17T11:19:41+00:00" />
<meta property="og:image" content="https://www.dolomitiprealpi.it/wp-content/uploads/2022/11/C.-Timpone-Foto-archivio-Consorzio-turistico-Dolomiti-Prealpi-Nevegal-Belluno-Bike-18-2.jpg" />
	<meta property="og:image:width" content="2048" />
	<meta property="og:image:height" content="1888" />
	<meta property="og:image:type" content="image/jpeg" />
<meta name="twitter:card" content="summary_large_image" />
<meta name="twitter:label1" content="Est. reading time" />
	<meta name="twitter:data1" content="1 minute" />
<script type="application/ld+json" class="yoast-schema-graph">{"@context":"https://schema.org","@graph":[{"@type":"WebPage","@id":"https://www.dolomitiprealpi.it/de/event/giornata-delle-ville-venete-villa-azzoni-degli-avogrado-2/","url":"https://www.dolomitiprealpi.it/de/event/giornata-delle-ville-venete-villa-azzoni-degli-avogrado-2/","name":"Giornata delle Ville Venete- Villa Azzoni degli Avogrado- Dolomiti Prealpi","isPartOf":{"@id":"https://www.dolomitiprealpi.it/de/#website"},"datePublished":"2026-02-15T11:26:58+00:00","dateModified":"2026-04-17T11:19:41+00:00","breadcrumb":{"@id":"https://www.dolomitiprealpi.it/de/event/giornata-delle-ville-venete-villa-azzoni-degli-avogrado-2/#breadcrumb"},"inLanguage":"de-DE","potentialAction":[{"@type":"ReadAction","target":["https://www.dolomitiprealpi.it/de/event/giornata-delle-ville-venete-villa-azzoni-degli-avogrado-2/"]}]},{"@type":"BreadcrumbList","@id":"https://www.dolomitiprealpi.it/de/event/giornata-delle-ville-venete-villa-azzoni-degli-avogrado-2/#breadcrumb","itemListElement":[{"@type":"ListItem","position":1,"name":"Home","item":"https://www.dolomitiprealpi.it/de/"},{"@type":"ListItem","position":2,"name":"Veranstaltungen","item":"https://www.dolomitiprealpi.it/de/events/"},{"@type":"ListItem","position":3,"name":"Giornata delle Ville Venete- Villa Azzoni degli Avogrado-"}]},{"@type":"WebSite","@id":"https://www.dolomitiprealpi.it/de/#website","url":"https://www.dolomitiprealpi.it/de/","name":"Dolomiti Prealpi","description":"","publisher":{"@id":"https://www.dolomitiprealpi.it/de/#organization"},"potentialAction":[{"@type":"SearchAction","target":{"@type":"EntryPoint","urlTemplate":"https://www.dolomitiprealpi.it/de/?s={search_term_string}"},"query-input":{"@type":"PropertyValueSpecification","valueRequired":true,"valueName":"search_term_string"}}],"inLanguage":"de-DE"},{"@type":"Organization","@id":"https://www.dolomitiprealpi.it/de/#organization","name":"Consorzio Dolomiti Prealpi","url":"https://www.dolomitiprealpi.it/de/","logo":{"@type":"ImageObject","inLanguage":"de-DE","@id":"https://www.dolomitiprealpi.it/de/#/schema/logo/image/","url":"https://www.dolomitiprealpi.it/wp-content/uploads/2023/03/dolomitiprealpi-favicon.jpg","contentUrl":"https://www.dolomitiprealpi.it/wp-content/uploads/2023/03/dolomitiprealpi-favicon.jpg","width":512,"height":512,"caption":"Consorzio Dolomiti Prealpi"},"image":{"@id":"https://www.dolomitiprealpi.it/de/#/schema/logo/image/"},"sameAs":["https://www.facebook.com/dolomitiprealpi.it/","https://www.instagram.com/dolomitiprealpi/"]}]}</script>
<!-- / Yoast SEO plugin. -->

Degustation in der Villa. Eine Reise durch die neuen Abfüllungen, begleitet von leckeren Häppchen für ein vollständiges Geschmackserlebnis. Warum Sie dieses Erlebnis wählen sollten – Verkostung des neuen Prosecco der
