{"id":88979,"date":"2026-02-15T11:51:54","date_gmt":"2026-02-15T10:51:54","guid":{"rendered":"https:\/\/www.dolomitiprealpi.it\/event\/giornata-delle-ville-venete-villa-de-mezzan\/"},"modified":"2026-04-17T12:48:14","modified_gmt":"2026-04-17T10:48:14","slug":"giornata-delle-ville-venete-villa-de-mezzan","status":"publish","type":"tribe_events","link":"https:\/\/www.dolomitiprealpi.it\/de\/event\/giornata-delle-ville-venete-villa-de-mezzan\/","title":{"rendered":"Giornata delle Ville Venete &#8211; Villa  De Mezzan"},"content":{"rendered":"<p>Zwischen den R\u00e4umen eines Filzleoparden<\/p>\n<p>Unter den R\u00e4umen eines Feltriner Panthers<\/p>\n<p>Im Rahmen des Tages der venetischen Villen haben Sie die M\u00f6glichkeit, an einer gef\u00fchrten Besichtigung teilzunehmen, die Sie zur Entdeckung von Villa De&#8217; Mezzan f\u00fchrt, einer venetischen Villa in Valbelluna, die bis heute von ihren Eigent\u00fcmern bewohnt wird. Neben dem Wohnhaus haben Sie Zugang zum Garten und zur dreihundertj\u00e4hrigen Kirche von Santo Stefano.<\/p>\n<p><\/p>\n<p>\u2013 Die lebendige Realit\u00e4t einer venetischen Villa in Valbelluna kennenzulernen, die bis heute von der Familie bewohnt wird, die sie vor vier Jahrhunderten erbauen lie\u00df und die noch immer ihren eigenen Bauernhof f\u00fchrt.<br \/>\u2013 Ein unber\u00fchrtes Dorf an den H\u00e4ngen der Feltriner Gipfel zu entdecken, UNESCO-Weltkulturerbe.<br \/>\u2013 In die jahrhundertealte Geschichte des gattopardo de&#8217;Mezzan einzutauchen.<\/p>\n<\/p>\n<p><b>Preis pro Person:&nbsp;<\/b>10,00\u20ac<\/p>\n<p><b>Preis pro Gruppe:&nbsp;<\/b>&#8211;<\/p>\n<p><b>Erm\u00e4\u00dfigungen:&nbsp;<\/b>Kostenlos f\u00fcr Kinder unter 12 Jahren.<\/p>\n<p><b>Freunde AVV:&nbsp;<\/b>&#8211;<\/p>\n<p><b>Was beinhaltet:&nbsp;<\/b>Gef\u00fchrte Besichtigung mit den Eigent\u00fcmern.<\/p>\n<p><b>Was nicht beinhaltet:&nbsp;<\/b>Alles, was nicht unter &#8220;Was beinhaltet&#8221; aufgef\u00fchrt ist.<\/p>\n<p><b>Stornierungsbedingungen:&nbsp;<\/b>&#8211;<\/p>\n<p><b>Zus\u00e4tzliche Zahlungsinformationen:<\/b>&nbsp;Barzahlung bei Eintritt.<\/p>\n","protected":false},"excerpt":{"rendered":"<p>Zwischen den R\u00e4umen eines Filzleoparden Unter den R\u00e4umen eines Feltriner Panthers Im Rahmen des Tages der venetischen Villen haben Sie die M\u00f6glichkeit, an einer gef\u00fchrten Besichtigung teilzunehmen, die Sie zur<\/p>\n","protected":false},"author":0,"featured_media":0,"template":"","meta":{"_acf_changed":false,"inline_featured_image":false,"_tribe_events_status":"","_tribe_events_status_reason":"","footnotes":""},"tags":[259],"tribe_events_cat":[],"class_list":["post-88979","tribe_events","type-tribe_events","status-publish","hentry","tag-eventi-feratel"],"acf":[],"yoast_head":"<!-- This site is optimized with the Yoast SEO plugin v25.7 - https:\/\/yoast.com\/wordpress\/plugins\/seo\/ -->\n<title>Giornata delle Ville Venete - Villa De Mezzan - Dolomiti Prealpi<\/title>\n<meta name=\"robots\" content=\"index, follow, max-snippet:-1, max-image-preview:large, max-video-preview:-1\" \/>\n<link rel=\"canonical\" href=\"https:\/\/www.dolomitiprealpi.it\/de\/event\/giornata-delle-ville-venete-villa-de-mezzan\/\" \/>\n<meta property=\"og:locale\" content=\"de_DE\" \/>\n<meta property=\"og:type\" content=\"article\" \/>\n<meta property=\"og:title\" content=\"Giornata delle Ville Venete - Villa De Mezzan - Dolomiti Prealpi\" \/>\n<meta property=\"og:description\" content=\"Zwischen den R\u00e4umen eines Filzleoparden Unter den R\u00e4umen eines Feltriner Panthers Im Rahmen des Tages der venetischen Villen haben Sie die M\u00f6glichkeit, an einer gef\u00fchrten Besichtigung teilzunehmen, die Sie zur\" \/>\n<meta property=\"og:url\" content=\"https:\/\/www.dolomitiprealpi.it\/de\/event\/giornata-delle-ville-venete-villa-de-mezzan\/\" \/>\n<meta property=\"og:site_name\" content=\"Dolomiti Prealpi\" \/>\n<meta property=\"article:publisher\" content=\"https:\/\/www.facebook.com\/dolomitiprealpi.it\/\" \/>\n<meta property=\"article:modified_time\" content=\"2026-04-17T10:48:14+00:00\" \/>\n<meta property=\"og:image\" content=\"https:\/\/www.dolomitiprealpi.it\/wp-content\/uploads\/2022\/11\/C.-Timpone-Foto-archivio-Consorzio-turistico-Dolomiti-Prealpi-Nevegal-Belluno-Bike-18-2.jpg\" \/>\n\t<meta property=\"og:image:width\" content=\"2048\" \/>\n\t<meta property=\"og:image:height\" content=\"1888\" \/>\n\t<meta property=\"og:image:type\" content=\"image\/jpeg\" \/>\n<meta name=\"twitter:card\" content=\"summary_large_image\" \/>\n<meta name=\"twitter:label1\" content=\"Est. reading time\" \/>\n\t<meta name=\"twitter:data1\" content=\"1 minute\" \/>\n<script type=\"application\/ld+json\" class=\"yoast-schema-graph\">{\"@context\":\"https:\/\/schema.org\",\"@graph\":[{\"@type\":\"WebPage\",\"@id\":\"https:\/\/www.dolomitiprealpi.it\/de\/event\/giornata-delle-ville-venete-villa-de-mezzan\/\",\"url\":\"https:\/\/www.dolomitiprealpi.it\/de\/event\/giornata-delle-ville-venete-villa-de-mezzan\/\",\"name\":\"Giornata delle Ville Venete - Villa De Mezzan - Dolomiti Prealpi\",\"isPartOf\":{\"@id\":\"https:\/\/www.dolomitiprealpi.it\/de\/#website\"},\"datePublished\":\"2026-02-15T10:51:54+00:00\",\"dateModified\":\"2026-04-17T10:48:14+00:00\",\"breadcrumb\":{\"@id\":\"https:\/\/www.dolomitiprealpi.it\/de\/event\/giornata-delle-ville-venete-villa-de-mezzan\/#breadcrumb\"},\"inLanguage\":\"de-DE\",\"potentialAction\":[{\"@type\":\"ReadAction\",\"target\":[\"https:\/\/www.dolomitiprealpi.it\/de\/event\/giornata-delle-ville-venete-villa-de-mezzan\/\"]}]},{\"@type\":\"BreadcrumbList\",\"@id\":\"https:\/\/www.dolomitiprealpi.it\/de\/event\/giornata-delle-ville-venete-villa-de-mezzan\/#breadcrumb\",\"itemListElement\":[{\"@type\":\"ListItem\",\"position\":1,\"name\":\"Home\",\"item\":\"https:\/\/www.dolomitiprealpi.it\/de\/\"},{\"@type\":\"ListItem\",\"position\":2,\"name\":\"Veranstaltungen\",\"item\":\"https:\/\/www.dolomitiprealpi.it\/de\/events\/\"},{\"@type\":\"ListItem\",\"position\":3,\"name\":\"Giornata delle Ville Venete &#8211; Villa De Mezzan\"}]},{\"@type\":\"WebSite\",\"@id\":\"https:\/\/www.dolomitiprealpi.it\/de\/#website\",\"url\":\"https:\/\/www.dolomitiprealpi.it\/de\/\",\"name\":\"Dolomiti Prealpi\",\"description\":\"\",\"publisher\":{\"@id\":\"https:\/\/www.dolomitiprealpi.it\/de\/#organization\"},\"potentialAction\":[{\"@type\":\"SearchAction\",\"target\":{\"@type\":\"EntryPoint\",\"urlTemplate\":\"https:\/\/www.dolomitiprealpi.it\/de\/?s={search_term_string}\"},\"query-input\":{\"@type\":\"PropertyValueSpecification\",\"valueRequired\":true,\"valueName\":\"search_term_string\"}}],\"inLanguage\":\"de-DE\"},{\"@type\":\"Organization\",\"@id\":\"https:\/\/www.dolomitiprealpi.it\/de\/#organization\",\"name\":\"Consorzio Dolomiti Prealpi\",\"url\":\"https:\/\/www.dolomitiprealpi.it\/de\/\",\"logo\":{\"@type\":\"ImageObject\",\"inLanguage\":\"de-DE\",\"@id\":\"https:\/\/www.dolomitiprealpi.it\/de\/#\/schema\/logo\/image\/\",\"url\":\"https:\/\/www.dolomitiprealpi.it\/wp-content\/uploads\/2023\/03\/dolomitiprealpi-favicon.jpg\",\"contentUrl\":\"https:\/\/www.dolomitiprealpi.it\/wp-content\/uploads\/2023\/03\/dolomitiprealpi-favicon.jpg\",\"width\":512,\"height\":512,\"caption\":\"Consorzio Dolomiti Prealpi\"},\"image\":{\"@id\":\"https:\/\/www.dolomitiprealpi.it\/de\/#\/schema\/logo\/image\/\"},\"sameAs\":[\"https:\/\/www.facebook.com\/dolomitiprealpi.it\/\",\"https:\/\/www.instagram.com\/dolomitiprealpi\/\"]}]}<\/script>\n<!-- \/ Yoast SEO plugin. -->","yoast_head_json":{"title":"Giornata delle Ville Venete - Villa De Mezzan - Dolomiti Prealpi","robots":{"index":"index","follow":"follow","max-snippet":"max-snippet:-1","max-image-preview":"max-image-preview:large","max-video-preview":"max-video-preview:-1"},"canonical":"https:\/\/www.dolomitiprealpi.it\/de\/event\/giornata-delle-ville-venete-villa-de-mezzan\/","og_locale":"de_DE","og_type":"article","og_title":"Giornata delle Ville Venete - Villa De Mezzan - Dolomiti Prealpi","og_description":"Zwischen den R\u00e4umen eines Filzleoparden Unter den R\u00e4umen eines Feltriner Panthers Im Rahmen des Tages der venetischen Villen haben Sie die M\u00f6glichkeit, an einer gef\u00fchrten Besichtigung teilzunehmen, die Sie zur","og_url":"https:\/\/www.dolomitiprealpi.it\/de\/event\/giornata-delle-ville-venete-villa-de-mezzan\/","og_site_name":"Dolomiti Prealpi","article_publisher":"https:\/\/www.facebook.com\/dolomitiprealpi.it\/","article_modified_time":"2026-04-17T10:48:14+00:00","og_image":[{"width":2048,"height":1888,"url":"https:\/\/www.dolomitiprealpi.it\/wp-content\/uploads\/2022\/11\/C.-Timpone-Foto-archivio-Consorzio-turistico-Dolomiti-Prealpi-Nevegal-Belluno-Bike-18-2.jpg","type":"image\/jpeg"}],"twitter_card":"summary_large_image","twitter_misc":{"Est. reading time":"1 minute"},"schema":{"@context":"https:\/\/schema.org","@graph":[{"@type":"WebPage","@id":"https:\/\/www.dolomitiprealpi.it\/de\/event\/giornata-delle-ville-venete-villa-de-mezzan\/","url":"https:\/\/www.dolomitiprealpi.it\/de\/event\/giornata-delle-ville-venete-villa-de-mezzan\/","name":"Giornata delle Ville Venete - Villa De Mezzan - Dolomiti Prealpi","isPartOf":{"@id":"https:\/\/www.dolomitiprealpi.it\/de\/#website"},"datePublished":"2026-02-15T10:51:54+00:00","dateModified":"2026-04-17T10:48:14+00:00","breadcrumb":{"@id":"https:\/\/www.dolomitiprealpi.it\/de\/event\/giornata-delle-ville-venete-villa-de-mezzan\/#breadcrumb"},"inLanguage":"de-DE","potentialAction":[{"@type":"ReadAction","target":["https:\/\/www.dolomitiprealpi.it\/de\/event\/giornata-delle-ville-venete-villa-de-mezzan\/"]}]},{"@type":"BreadcrumbList","@id":"https:\/\/www.dolomitiprealpi.it\/de\/event\/giornata-delle-ville-venete-villa-de-mezzan\/#breadcrumb","itemListElement":[{"@type":"ListItem","position":1,"name":"Home","item":"https:\/\/www.dolomitiprealpi.it\/de\/"},{"@type":"ListItem","position":2,"name":"Veranstaltungen","item":"https:\/\/www.dolomitiprealpi.it\/de\/events\/"},{"@type":"ListItem","position":3,"name":"Giornata delle Ville Venete &#8211; Villa De Mezzan"}]},{"@type":"WebSite","@id":"https:\/\/www.dolomitiprealpi.it\/de\/#website","url":"https:\/\/www.dolomitiprealpi.it\/de\/","name":"Dolomiti Prealpi","description":"","publisher":{"@id":"https:\/\/www.dolomitiprealpi.it\/de\/#organization"},"potentialAction":[{"@type":"SearchAction","target":{"@type":"EntryPoint","urlTemplate":"https:\/\/www.dolomitiprealpi.it\/de\/?s={search_term_string}"},"query-input":{"@type":"PropertyValueSpecification","valueRequired":true,"valueName":"search_term_string"}}],"inLanguage":"de-DE"},{"@type":"Organization","@id":"https:\/\/www.dolomitiprealpi.it\/de\/#organization","name":"Consorzio Dolomiti Prealpi","url":"https:\/\/www.dolomitiprealpi.it\/de\/","logo":{"@type":"ImageObject","inLanguage":"de-DE","@id":"https:\/\/www.dolomitiprealpi.it\/de\/#\/schema\/logo\/image\/","url":"https:\/\/www.dolomitiprealpi.it\/wp-content\/uploads\/2023\/03\/dolomitiprealpi-favicon.jpg","contentUrl":"https:\/\/www.dolomitiprealpi.it\/wp-content\/uploads\/2023\/03\/dolomitiprealpi-favicon.jpg","width":512,"height":512,"caption":"Consorzio Dolomiti Prealpi"},"image":{"@id":"https:\/\/www.dolomitiprealpi.it\/de\/#\/schema\/logo\/image\/"},"sameAs":["https:\/\/www.facebook.com\/dolomitiprealpi.it\/","https:\/\/www.instagram.com\/dolomitiprealpi\/"]}]}},"_links":{"self":[{"href":"https:\/\/www.dolomitiprealpi.it\/de\/wp-json\/wp\/v2\/tribe_events\/88979","targetHints":{"allow":["GET"]}}],"collection":[{"href":"https:\/\/www.dolomitiprealpi.it\/de\/wp-json\/wp\/v2\/tribe_events"}],"about":[{"href":"https:\/\/www.dolomitiprealpi.it\/de\/wp-json\/wp\/v2\/types\/tribe_events"}],"version-history":[{"count":1,"href":"https:\/\/www.dolomitiprealpi.it\/de\/wp-json\/wp\/v2\/tribe_events\/88979\/revisions"}],"predecessor-version":[{"id":89898,"href":"https:\/\/www.dolomitiprealpi.it\/de\/wp-json\/wp\/v2\/tribe_events\/88979\/revisions\/89898"}],"wp:attachment":[{"href":"https:\/\/www.dolomitiprealpi.it\/de\/wp-json\/wp\/v2\/media?parent=88979"}],"wp:term":[{"taxonomy":"post_tag","embeddable":true,"href":"https:\/\/www.dolomitiprealpi.it\/de\/wp-json\/wp\/v2\/tags?post=88979"},{"taxonomy":"tribe_events_cat","embeddable":true,"href":"https:\/\/www.dolomitiprealpi.it\/de\/wp-json\/wp\/v2\/tribe_events_cat?post=88979"}],"curies":[{"name":"wp","href":"https:\/\/api.w.org\/{rel}","templated":true}]}}

<p>Zwischen den Räumen eines Filzleoparden</p>
<p>Unter den Räumen eines Feltriner Panthers</p>
<p>Im Rahmen des Tages der venetischen Villen haben Sie die Möglichkeit, an einer geführten Besichtigung teilzunehmen, die Sie zur Entdeckung von Villa De&#8217; Mezzan führt, einer venetischen Villa in Valbelluna, die bis heute von ihren Eigentümern bewohnt wird. Neben dem Wohnhaus haben Sie Zugang zum Garten und zur dreihundertjährigen Kirche von Santo Stefano.</p>
<p></p>
<p>– Die lebendige Realität einer venetischen Villa in Valbelluna kennenzulernen, die bis heute von der Familie bewohnt wird, die sie vor vier Jahrhunderten erbauen ließ und die noch immer ihren eigenen Bauernhof führt.<br />– Ein unberührtes Dorf an den Hängen der Feltriner Gipfel zu entdecken, UNESCO-Weltkulturerbe.<br />– In die jahrhundertealte Geschichte des gattopardo de&#8217;Mezzan einzutauchen.</p>
</p>
<p><b>Preis pro Person:&nbsp;</b>10,00€</p>
<p><b>Preis pro Gruppe:&nbsp;</b>&#8211;</p>
<p><b>Ermäßigungen:&nbsp;</b>Kostenlos für Kinder unter 12 Jahren.</p>
<p><b>Freunde AVV:&nbsp;</b>&#8211;</p>
<p><b>Was beinhaltet:&nbsp;</b>Geführte Besichtigung mit den Eigentümern.</p>
<p><b>Was nicht beinhaltet:&nbsp;</b>Alles, was nicht unter &#8220;Was beinhaltet&#8221; aufgeführt ist.</p>
<p><b>Stornierungsbedingungen:&nbsp;</b>&#8211;</p>
<p><b>Zusätzliche Zahlungsinformationen:</b>&nbsp;Barzahlung bei Eintritt.</p>

<p>Zwischen den Räumen eines Filzleoparden Unter den Räumen eines Feltriner Panthers Im Rahmen des Tages der venetischen Villen haben Sie die Möglichkeit, an einer geführten Besichtigung teilzunehmen, die Sie zur</p>

<!-- This site is optimized with the Yoast SEO plugin v25.7 - https://yoast.com/wordpress/plugins/seo/ -->
<title>Giornata delle Ville Venete - Villa De Mezzan - Dolomiti Prealpi</title>
<meta name="robots" content="index, follow, max-snippet:-1, max-image-preview:large, max-video-preview:-1" />
<link rel="canonical" href="https://www.dolomitiprealpi.it/de/event/giornata-delle-ville-venete-villa-de-mezzan/" />
<meta property="og:locale" content="de_DE" />
<meta property="og:type" content="article" />
<meta property="og:title" content="Giornata delle Ville Venete - Villa De Mezzan - Dolomiti Prealpi" />
<meta property="og:description" content="Zwischen den Räumen eines Filzleoparden Unter den Räumen eines Feltriner Panthers Im Rahmen des Tages der venetischen Villen haben Sie die Möglichkeit, an einer geführten Besichtigung teilzunehmen, die Sie zur" />
<meta property="og:url" content="https://www.dolomitiprealpi.it/de/event/giornata-delle-ville-venete-villa-de-mezzan/" />
<meta property="og:site_name" content="Dolomiti Prealpi" />
<meta property="article:publisher" content="https://www.facebook.com/dolomitiprealpi.it/" />
<meta property="article:modified_time" content="2026-04-17T10:48:14+00:00" />
<meta property="og:image" content="https://www.dolomitiprealpi.it/wp-content/uploads/2022/11/C.-Timpone-Foto-archivio-Consorzio-turistico-Dolomiti-Prealpi-Nevegal-Belluno-Bike-18-2.jpg" />
	<meta property="og:image:width" content="2048" />
	<meta property="og:image:height" content="1888" />
	<meta property="og:image:type" content="image/jpeg" />
<meta name="twitter:card" content="summary_large_image" />
<meta name="twitter:label1" content="Est. reading time" />
	<meta name="twitter:data1" content="1 minute" />
<script type="application/ld+json" class="yoast-schema-graph">{"@context":"https://schema.org","@graph":[{"@type":"WebPage","@id":"https://www.dolomitiprealpi.it/de/event/giornata-delle-ville-venete-villa-de-mezzan/","url":"https://www.dolomitiprealpi.it/de/event/giornata-delle-ville-venete-villa-de-mezzan/","name":"Giornata delle Ville Venete - Villa De Mezzan - Dolomiti Prealpi","isPartOf":{"@id":"https://www.dolomitiprealpi.it/de/#website"},"datePublished":"2026-02-15T10:51:54+00:00","dateModified":"2026-04-17T10:48:14+00:00","breadcrumb":{"@id":"https://www.dolomitiprealpi.it/de/event/giornata-delle-ville-venete-villa-de-mezzan/#breadcrumb"},"inLanguage":"de-DE","potentialAction":[{"@type":"ReadAction","target":["https://www.dolomitiprealpi.it/de/event/giornata-delle-ville-venete-villa-de-mezzan/"]}]},{"@type":"BreadcrumbList","@id":"https://www.dolomitiprealpi.it/de/event/giornata-delle-ville-venete-villa-de-mezzan/#breadcrumb","itemListElement":[{"@type":"ListItem","position":1,"name":"Home","item":"https://www.dolomitiprealpi.it/de/"},{"@type":"ListItem","position":2,"name":"Veranstaltungen","item":"https://www.dolomitiprealpi.it/de/events/"},{"@type":"ListItem","position":3,"name":"Giornata delle Ville Venete &#8211; Villa De Mezzan"}]},{"@type":"WebSite","@id":"https://www.dolomitiprealpi.it/de/#website","url":"https://www.dolomitiprealpi.it/de/","name":"Dolomiti Prealpi","description":"","publisher":{"@id":"https://www.dolomitiprealpi.it/de/#organization"},"potentialAction":[{"@type":"SearchAction","target":{"@type":"EntryPoint","urlTemplate":"https://www.dolomitiprealpi.it/de/?s={search_term_string}"},"query-input":{"@type":"PropertyValueSpecification","valueRequired":true,"valueName":"search_term_string"}}],"inLanguage":"de-DE"},{"@type":"Organization","@id":"https://www.dolomitiprealpi.it/de/#organization","name":"Consorzio Dolomiti Prealpi","url":"https://www.dolomitiprealpi.it/de/","logo":{"@type":"ImageObject","inLanguage":"de-DE","@id":"https://www.dolomitiprealpi.it/de/#/schema/logo/image/","url":"https://www.dolomitiprealpi.it/wp-content/uploads/2023/03/dolomitiprealpi-favicon.jpg","contentUrl":"https://www.dolomitiprealpi.it/wp-content/uploads/2023/03/dolomitiprealpi-favicon.jpg","width":512,"height":512,"caption":"Consorzio Dolomiti Prealpi"},"image":{"@id":"https://www.dolomitiprealpi.it/de/#/schema/logo/image/"},"sameAs":["https://www.facebook.com/dolomitiprealpi.it/","https://www.instagram.com/dolomitiprealpi/"]}]}</script>
<!-- / Yoast SEO plugin. -->

Zwischen den Räumen eines Filzleoparden Unter den Räumen eines Feltriner Panthers Im Rahmen des Tages der venetischen Villen haben Sie die Möglichkeit, an einer geführten Besichtigung teilzunehmen, die Sie zur
