{"id":88856,"date":"2026-02-15T11:41:51","date_gmt":"2026-02-15T10:41:51","guid":{"rendered":"https:\/\/www.dolomitiprealpi.it\/event\/la-mente-mente\/"},"modified":"2026-04-17T12:39:43","modified_gmt":"2026-04-17T10:39:43","slug":"la-mente-mente-2","status":"publish","type":"tribe_events","link":"https:\/\/www.dolomitiprealpi.it\/de\/event\/la-mente-mente-2\/","title":{"rendered":"La mente mente"},"content":{"rendered":"<p>Vom 10. bis 19. Oktober ist unser Gebiet Gastgeber eines reichhaltigen Kalenders an Veranstaltungen anl\u00e4sslich der Woche der psychischen Gesundheit.<br \/>Mit der Schirmherrschaft des Unternehmens ULSS1 Dolomiti und der Teilnahme vieler Akteure, darunter Vereine, Einrichtungen des dritten Sektors und Privatpersonen, bietet auch die Gemeinde S. Giustina zwei Gelegenheiten zum Austausch, um \u00fcber psychische Gesundheit zu informieren und zu sensibilisieren.<\/p>\n<p>Am Samstag, den 18. Oktober um 20.00 Uhr in der Stadtbibliothek von Sedico, die den Abend ausrichtet, wird das St\u00fcck &#8220;Due di Una&#8221; aufgef\u00fchrt.<br \/>Psychische Gesundheit: kein Tabu, das versteckt werden sollte, sondern eine Szene, die auf der B\u00fchne beleuchtet werden muss.<br \/>Mit Cristina Gianni und Margherita Bertoli, unter der Regie von Anna Della Bruma.<\/p>\n<p>Am Sonntag, den 19. Oktober um 17.30 Uhr im Kulturzentrum von S. Giustina stellen sich die Gruppen AMA vor.<br \/>Um zu unterstreichen, wie das Teilen und der Austausch zwischen Menschen eine informelle, aber kraftvolle Form der Therapie sein k\u00f6nnen, pr\u00e4sentieren sich die Selbsthilfegruppen der Provinz allen in ihrer Rolle zur Unterst\u00fctzung der psychologischen und emotionalen Bed\u00fcrfnisse ihrer Mitglieder. Mit der Koordination der Ass.ne AMA Dolomiti, komm und entdecke, dass es auch eine Gruppe f\u00fcr dich geben kann.<\/p>\n<p>F\u00fcr Informationen kontaktiere 348 654 3535 oder segreteria@comune.santagiustina.bl.itWoche der psychischen Gesundheit<\/p>\n","protected":false},"excerpt":{"rendered":"<p>Vom 10. bis 19. Oktober ist unser Gebiet Gastgeber eines reichhaltigen Kalenders an Veranstaltungen anl\u00e4sslich der Woche der psychischen Gesundheit.Mit der Schirmherrschaft des Unternehmens ULSS1 Dolomiti und der Teilnahme vieler<\/p>\n","protected":false},"author":0,"featured_media":0,"template":"","meta":{"_acf_changed":false,"inline_featured_image":false,"_tribe_events_status":"","_tribe_events_status_reason":"","footnotes":""},"tags":[259],"tribe_events_cat":[],"class_list":["post-88856","tribe_events","type-tribe_events","status-publish","hentry","tag-eventi-feratel"],"acf":[],"yoast_head":"<!-- This site is optimized with the Yoast SEO plugin v25.7 - https:\/\/yoast.com\/wordpress\/plugins\/seo\/ -->\n<title>La mente mente - Dolomiti Prealpi<\/title>\n<meta name=\"robots\" content=\"index, follow, max-snippet:-1, max-image-preview:large, max-video-preview:-1\" \/>\n<link rel=\"canonical\" href=\"https:\/\/www.dolomitiprealpi.it\/de\/event\/la-mente-mente-2\/\" \/>\n<meta property=\"og:locale\" content=\"de_DE\" \/>\n<meta property=\"og:type\" content=\"article\" \/>\n<meta property=\"og:title\" content=\"La mente mente - Dolomiti Prealpi\" \/>\n<meta property=\"og:description\" content=\"Vom 10. bis 19. Oktober ist unser Gebiet Gastgeber eines reichhaltigen Kalenders an Veranstaltungen anl\u00e4sslich der Woche der psychischen Gesundheit.Mit der Schirmherrschaft des Unternehmens ULSS1 Dolomiti und der Teilnahme vieler\" \/>\n<meta property=\"og:url\" content=\"https:\/\/www.dolomitiprealpi.it\/de\/event\/la-mente-mente-2\/\" \/>\n<meta property=\"og:site_name\" content=\"Dolomiti Prealpi\" \/>\n<meta property=\"article:publisher\" content=\"https:\/\/www.facebook.com\/dolomitiprealpi.it\/\" \/>\n<meta property=\"article:modified_time\" content=\"2026-04-17T10:39:43+00:00\" \/>\n<meta property=\"og:image\" content=\"https:\/\/www.dolomitiprealpi.it\/wp-content\/uploads\/2022\/11\/C.-Timpone-Foto-archivio-Consorzio-turistico-Dolomiti-Prealpi-Nevegal-Belluno-Bike-18-2.jpg\" \/>\n\t<meta property=\"og:image:width\" content=\"2048\" \/>\n\t<meta property=\"og:image:height\" content=\"1888\" \/>\n\t<meta property=\"og:image:type\" content=\"image\/jpeg\" \/>\n<meta name=\"twitter:card\" content=\"summary_large_image\" \/>\n<meta name=\"twitter:label1\" content=\"Est. reading time\" \/>\n\t<meta name=\"twitter:data1\" content=\"1 minute\" \/>\n<script type=\"application\/ld+json\" class=\"yoast-schema-graph\">{\"@context\":\"https:\/\/schema.org\",\"@graph\":[{\"@type\":\"WebPage\",\"@id\":\"https:\/\/www.dolomitiprealpi.it\/de\/event\/la-mente-mente-2\/\",\"url\":\"https:\/\/www.dolomitiprealpi.it\/de\/event\/la-mente-mente-2\/\",\"name\":\"La mente mente - Dolomiti Prealpi\",\"isPartOf\":{\"@id\":\"https:\/\/www.dolomitiprealpi.it\/de\/#website\"},\"datePublished\":\"2026-02-15T10:41:51+00:00\",\"dateModified\":\"2026-04-17T10:39:43+00:00\",\"breadcrumb\":{\"@id\":\"https:\/\/www.dolomitiprealpi.it\/de\/event\/la-mente-mente-2\/#breadcrumb\"},\"inLanguage\":\"de-DE\",\"potentialAction\":[{\"@type\":\"ReadAction\",\"target\":[\"https:\/\/www.dolomitiprealpi.it\/de\/event\/la-mente-mente-2\/\"]}]},{\"@type\":\"BreadcrumbList\",\"@id\":\"https:\/\/www.dolomitiprealpi.it\/de\/event\/la-mente-mente-2\/#breadcrumb\",\"itemListElement\":[{\"@type\":\"ListItem\",\"position\":1,\"name\":\"Home\",\"item\":\"https:\/\/www.dolomitiprealpi.it\/de\/\"},{\"@type\":\"ListItem\",\"position\":2,\"name\":\"Veranstaltungen\",\"item\":\"https:\/\/www.dolomitiprealpi.it\/de\/events\/\"},{\"@type\":\"ListItem\",\"position\":3,\"name\":\"La mente mente\"}]},{\"@type\":\"WebSite\",\"@id\":\"https:\/\/www.dolomitiprealpi.it\/de\/#website\",\"url\":\"https:\/\/www.dolomitiprealpi.it\/de\/\",\"name\":\"Dolomiti Prealpi\",\"description\":\"\",\"publisher\":{\"@id\":\"https:\/\/www.dolomitiprealpi.it\/de\/#organization\"},\"potentialAction\":[{\"@type\":\"SearchAction\",\"target\":{\"@type\":\"EntryPoint\",\"urlTemplate\":\"https:\/\/www.dolomitiprealpi.it\/de\/?s={search_term_string}\"},\"query-input\":{\"@type\":\"PropertyValueSpecification\",\"valueRequired\":true,\"valueName\":\"search_term_string\"}}],\"inLanguage\":\"de-DE\"},{\"@type\":\"Organization\",\"@id\":\"https:\/\/www.dolomitiprealpi.it\/de\/#organization\",\"name\":\"Consorzio Dolomiti Prealpi\",\"url\":\"https:\/\/www.dolomitiprealpi.it\/de\/\",\"logo\":{\"@type\":\"ImageObject\",\"inLanguage\":\"de-DE\",\"@id\":\"https:\/\/www.dolomitiprealpi.it\/de\/#\/schema\/logo\/image\/\",\"url\":\"https:\/\/www.dolomitiprealpi.it\/wp-content\/uploads\/2023\/03\/dolomitiprealpi-favicon.jpg\",\"contentUrl\":\"https:\/\/www.dolomitiprealpi.it\/wp-content\/uploads\/2023\/03\/dolomitiprealpi-favicon.jpg\",\"width\":512,\"height\":512,\"caption\":\"Consorzio Dolomiti Prealpi\"},\"image\":{\"@id\":\"https:\/\/www.dolomitiprealpi.it\/de\/#\/schema\/logo\/image\/\"},\"sameAs\":[\"https:\/\/www.facebook.com\/dolomitiprealpi.it\/\",\"https:\/\/www.instagram.com\/dolomitiprealpi\/\"]}]}<\/script>\n<!-- \/ Yoast SEO plugin. -->","yoast_head_json":{"title":"La mente mente - Dolomiti Prealpi","robots":{"index":"index","follow":"follow","max-snippet":"max-snippet:-1","max-image-preview":"max-image-preview:large","max-video-preview":"max-video-preview:-1"},"canonical":"https:\/\/www.dolomitiprealpi.it\/de\/event\/la-mente-mente-2\/","og_locale":"de_DE","og_type":"article","og_title":"La mente mente - Dolomiti Prealpi","og_description":"Vom 10. bis 19. Oktober ist unser Gebiet Gastgeber eines reichhaltigen Kalenders an Veranstaltungen anl\u00e4sslich der Woche der psychischen Gesundheit.Mit der Schirmherrschaft des Unternehmens ULSS1 Dolomiti und der Teilnahme vieler","og_url":"https:\/\/www.dolomitiprealpi.it\/de\/event\/la-mente-mente-2\/","og_site_name":"Dolomiti Prealpi","article_publisher":"https:\/\/www.facebook.com\/dolomitiprealpi.it\/","article_modified_time":"2026-04-17T10:39:43+00:00","og_image":[{"width":2048,"height":1888,"url":"https:\/\/www.dolomitiprealpi.it\/wp-content\/uploads\/2022\/11\/C.-Timpone-Foto-archivio-Consorzio-turistico-Dolomiti-Prealpi-Nevegal-Belluno-Bike-18-2.jpg","type":"image\/jpeg"}],"twitter_card":"summary_large_image","twitter_misc":{"Est. reading time":"1 minute"},"schema":{"@context":"https:\/\/schema.org","@graph":[{"@type":"WebPage","@id":"https:\/\/www.dolomitiprealpi.it\/de\/event\/la-mente-mente-2\/","url":"https:\/\/www.dolomitiprealpi.it\/de\/event\/la-mente-mente-2\/","name":"La mente mente - Dolomiti Prealpi","isPartOf":{"@id":"https:\/\/www.dolomitiprealpi.it\/de\/#website"},"datePublished":"2026-02-15T10:41:51+00:00","dateModified":"2026-04-17T10:39:43+00:00","breadcrumb":{"@id":"https:\/\/www.dolomitiprealpi.it\/de\/event\/la-mente-mente-2\/#breadcrumb"},"inLanguage":"de-DE","potentialAction":[{"@type":"ReadAction","target":["https:\/\/www.dolomitiprealpi.it\/de\/event\/la-mente-mente-2\/"]}]},{"@type":"BreadcrumbList","@id":"https:\/\/www.dolomitiprealpi.it\/de\/event\/la-mente-mente-2\/#breadcrumb","itemListElement":[{"@type":"ListItem","position":1,"name":"Home","item":"https:\/\/www.dolomitiprealpi.it\/de\/"},{"@type":"ListItem","position":2,"name":"Veranstaltungen","item":"https:\/\/www.dolomitiprealpi.it\/de\/events\/"},{"@type":"ListItem","position":3,"name":"La mente mente"}]},{"@type":"WebSite","@id":"https:\/\/www.dolomitiprealpi.it\/de\/#website","url":"https:\/\/www.dolomitiprealpi.it\/de\/","name":"Dolomiti Prealpi","description":"","publisher":{"@id":"https:\/\/www.dolomitiprealpi.it\/de\/#organization"},"potentialAction":[{"@type":"SearchAction","target":{"@type":"EntryPoint","urlTemplate":"https:\/\/www.dolomitiprealpi.it\/de\/?s={search_term_string}"},"query-input":{"@type":"PropertyValueSpecification","valueRequired":true,"valueName":"search_term_string"}}],"inLanguage":"de-DE"},{"@type":"Organization","@id":"https:\/\/www.dolomitiprealpi.it\/de\/#organization","name":"Consorzio Dolomiti Prealpi","url":"https:\/\/www.dolomitiprealpi.it\/de\/","logo":{"@type":"ImageObject","inLanguage":"de-DE","@id":"https:\/\/www.dolomitiprealpi.it\/de\/#\/schema\/logo\/image\/","url":"https:\/\/www.dolomitiprealpi.it\/wp-content\/uploads\/2023\/03\/dolomitiprealpi-favicon.jpg","contentUrl":"https:\/\/www.dolomitiprealpi.it\/wp-content\/uploads\/2023\/03\/dolomitiprealpi-favicon.jpg","width":512,"height":512,"caption":"Consorzio Dolomiti Prealpi"},"image":{"@id":"https:\/\/www.dolomitiprealpi.it\/de\/#\/schema\/logo\/image\/"},"sameAs":["https:\/\/www.facebook.com\/dolomitiprealpi.it\/","https:\/\/www.instagram.com\/dolomitiprealpi\/"]}]}},"_links":{"self":[{"href":"https:\/\/www.dolomitiprealpi.it\/de\/wp-json\/wp\/v2\/tribe_events\/88856","targetHints":{"allow":["GET"]}}],"collection":[{"href":"https:\/\/www.dolomitiprealpi.it\/de\/wp-json\/wp\/v2\/tribe_events"}],"about":[{"href":"https:\/\/www.dolomitiprealpi.it\/de\/wp-json\/wp\/v2\/types\/tribe_events"}],"version-history":[{"count":1,"href":"https:\/\/www.dolomitiprealpi.it\/de\/wp-json\/wp\/v2\/tribe_events\/88856\/revisions"}],"predecessor-version":[{"id":89755,"href":"https:\/\/www.dolomitiprealpi.it\/de\/wp-json\/wp\/v2\/tribe_events\/88856\/revisions\/89755"}],"wp:attachment":[{"href":"https:\/\/www.dolomitiprealpi.it\/de\/wp-json\/wp\/v2\/media?parent=88856"}],"wp:term":[{"taxonomy":"post_tag","embeddable":true,"href":"https:\/\/www.dolomitiprealpi.it\/de\/wp-json\/wp\/v2\/tags?post=88856"},{"taxonomy":"tribe_events_cat","embeddable":true,"href":"https:\/\/www.dolomitiprealpi.it\/de\/wp-json\/wp\/v2\/tribe_events_cat?post=88856"}],"curies":[{"name":"wp","href":"https:\/\/api.w.org\/{rel}","templated":true}]}}

<p>Vom 10. bis 19. Oktober ist unser Gebiet Gastgeber eines reichhaltigen Kalenders an Veranstaltungen anlässlich der Woche der psychischen Gesundheit.<br />Mit der Schirmherrschaft des Unternehmens ULSS1 Dolomiti und der Teilnahme vieler Akteure, darunter Vereine, Einrichtungen des dritten Sektors und Privatpersonen, bietet auch die Gemeinde S. Giustina zwei Gelegenheiten zum Austausch, um über psychische Gesundheit zu informieren und zu sensibilisieren.</p>
<p>Am Samstag, den 18. Oktober um 20.00 Uhr in der Stadtbibliothek von Sedico, die den Abend ausrichtet, wird das Stück &#8220;Due di Una&#8221; aufgeführt.<br />Psychische Gesundheit: kein Tabu, das versteckt werden sollte, sondern eine Szene, die auf der Bühne beleuchtet werden muss.<br />Mit Cristina Gianni und Margherita Bertoli, unter der Regie von Anna Della Bruma.</p>
<p>Am Sonntag, den 19. Oktober um 17.30 Uhr im Kulturzentrum von S. Giustina stellen sich die Gruppen AMA vor.<br />Um zu unterstreichen, wie das Teilen und der Austausch zwischen Menschen eine informelle, aber kraftvolle Form der Therapie sein können, präsentieren sich die Selbsthilfegruppen der Provinz allen in ihrer Rolle zur Unterstützung der psychologischen und emotionalen Bedürfnisse ihrer Mitglieder. Mit der Koordination der Ass.ne AMA Dolomiti, komm und entdecke, dass es auch eine Gruppe für dich geben kann.</p>
<p>Für Informationen kontaktiere 348 654 3535 oder segreteria@comune.santagiustina.bl.itWoche der psychischen Gesundheit</p>

<p>Vom 10. bis 19. Oktober ist unser Gebiet Gastgeber eines reichhaltigen Kalenders an Veranstaltungen anlässlich der Woche der psychischen Gesundheit.Mit der Schirmherrschaft des Unternehmens ULSS1 Dolomiti und der Teilnahme vieler</p>

<!-- This site is optimized with the Yoast SEO plugin v25.7 - https://yoast.com/wordpress/plugins/seo/ -->
<title>La mente mente - Dolomiti Prealpi</title>
<meta name="robots" content="index, follow, max-snippet:-1, max-image-preview:large, max-video-preview:-1" />
<link rel="canonical" href="https://www.dolomitiprealpi.it/de/event/la-mente-mente-2/" />
<meta property="og:locale" content="de_DE" />
<meta property="og:type" content="article" />
<meta property="og:title" content="La mente mente - Dolomiti Prealpi" />
<meta property="og:description" content="Vom 10. bis 19. Oktober ist unser Gebiet Gastgeber eines reichhaltigen Kalenders an Veranstaltungen anlässlich der Woche der psychischen Gesundheit.Mit der Schirmherrschaft des Unternehmens ULSS1 Dolomiti und der Teilnahme vieler" />
<meta property="og:url" content="https://www.dolomitiprealpi.it/de/event/la-mente-mente-2/" />
<meta property="og:site_name" content="Dolomiti Prealpi" />
<meta property="article:publisher" content="https://www.facebook.com/dolomitiprealpi.it/" />
<meta property="article:modified_time" content="2026-04-17T10:39:43+00:00" />
<meta property="og:image" content="https://www.dolomitiprealpi.it/wp-content/uploads/2022/11/C.-Timpone-Foto-archivio-Consorzio-turistico-Dolomiti-Prealpi-Nevegal-Belluno-Bike-18-2.jpg" />
	<meta property="og:image:width" content="2048" />
	<meta property="og:image:height" content="1888" />
	<meta property="og:image:type" content="image/jpeg" />
<meta name="twitter:card" content="summary_large_image" />
<meta name="twitter:label1" content="Est. reading time" />
	<meta name="twitter:data1" content="1 minute" />
<script type="application/ld+json" class="yoast-schema-graph">{"@context":"https://schema.org","@graph":[{"@type":"WebPage","@id":"https://www.dolomitiprealpi.it/de/event/la-mente-mente-2/","url":"https://www.dolomitiprealpi.it/de/event/la-mente-mente-2/","name":"La mente mente - Dolomiti Prealpi","isPartOf":{"@id":"https://www.dolomitiprealpi.it/de/#website"},"datePublished":"2026-02-15T10:41:51+00:00","dateModified":"2026-04-17T10:39:43+00:00","breadcrumb":{"@id":"https://www.dolomitiprealpi.it/de/event/la-mente-mente-2/#breadcrumb"},"inLanguage":"de-DE","potentialAction":[{"@type":"ReadAction","target":["https://www.dolomitiprealpi.it/de/event/la-mente-mente-2/"]}]},{"@type":"BreadcrumbList","@id":"https://www.dolomitiprealpi.it/de/event/la-mente-mente-2/#breadcrumb","itemListElement":[{"@type":"ListItem","position":1,"name":"Home","item":"https://www.dolomitiprealpi.it/de/"},{"@type":"ListItem","position":2,"name":"Veranstaltungen","item":"https://www.dolomitiprealpi.it/de/events/"},{"@type":"ListItem","position":3,"name":"La mente mente"}]},{"@type":"WebSite","@id":"https://www.dolomitiprealpi.it/de/#website","url":"https://www.dolomitiprealpi.it/de/","name":"Dolomiti Prealpi","description":"","publisher":{"@id":"https://www.dolomitiprealpi.it/de/#organization"},"potentialAction":[{"@type":"SearchAction","target":{"@type":"EntryPoint","urlTemplate":"https://www.dolomitiprealpi.it/de/?s={search_term_string}"},"query-input":{"@type":"PropertyValueSpecification","valueRequired":true,"valueName":"search_term_string"}}],"inLanguage":"de-DE"},{"@type":"Organization","@id":"https://www.dolomitiprealpi.it/de/#organization","name":"Consorzio Dolomiti Prealpi","url":"https://www.dolomitiprealpi.it/de/","logo":{"@type":"ImageObject","inLanguage":"de-DE","@id":"https://www.dolomitiprealpi.it/de/#/schema/logo/image/","url":"https://www.dolomitiprealpi.it/wp-content/uploads/2023/03/dolomitiprealpi-favicon.jpg","contentUrl":"https://www.dolomitiprealpi.it/wp-content/uploads/2023/03/dolomitiprealpi-favicon.jpg","width":512,"height":512,"caption":"Consorzio Dolomiti Prealpi"},"image":{"@id":"https://www.dolomitiprealpi.it/de/#/schema/logo/image/"},"sameAs":["https://www.facebook.com/dolomitiprealpi.it/","https://www.instagram.com/dolomitiprealpi/"]}]}</script>
<!-- / Yoast SEO plugin. -->

Vom 10. bis 19. Oktober ist unser Gebiet Gastgeber eines reichhaltigen Kalenders an Veranstaltungen anlässlich der Woche der psychischen Gesundheit.Mit der Schirmherrschaft des Unternehmens ULSS1 Dolomiti und der Teilnahme vieler
