{"id":88722,"date":"2026-02-15T12:39:34","date_gmt":"2026-02-15T11:39:34","guid":{"rendered":"https:\/\/www.dolomitiprealpi.it\/event\/barch-art-festival-prefestival\/"},"modified":"2026-03-20T13:22:58","modified_gmt":"2026-03-20T12:22:58","slug":"barch-art-festival-prefestival","status":"publish","type":"tribe_events","link":"https:\/\/www.dolomitiprealpi.it\/de\/event\/barch-art-festival-prefestival\/","title":{"rendered":"Barch Art Festival- Prefestival"},"content":{"rendered":"<p>Vernissage Kunstausstellungen<\/p>\n<h2>Donnerstag, 2. &#8211; Prefestival<\/h2>\n<p><b>18:00 Vernissage der Kunstausstellungen<\/b><\/p>\n<p>Die Ausstellungen des Barch Art Festivals sind w\u00e4hrend des gesamten Festivals und w\u00e4hrend der \u00d6ffnungszeiten des Dolomiti Hub bis zum&nbsp;<b>Sonntag, 19. Oktober 2025<\/b> ge\u00f6ffnet<\/p>\n<p><b>pre.messe<\/b><\/p>\n<p>SALA VISIONI \u2013 Dolomiti Hub<\/p>\n<p>Vernissage der Ausstellungen des Barch Art Festivals<\/p>\n<p>In Zusammenarbeit mit dem Kollektiv Dolomiti Hub, wissenschaftliche Gruppe<\/p>\n<p><b>Pr\u00e4sentiert werden:<\/b><\/p>\n<p>(s)tra.guardo<br \/>SALA VISIONI \u2013 Dolomiti Hub<br \/><b>Blicke dar\u00fcber hinaus<\/b>. Video-Interview mit&nbsp;<b>ivan<\/b>, K\u00fcnstler von Barch Art<\/p>\n<p>Es spricht&nbsp;<i><b>Giacomo Bianchi,<\/b><\/i>&nbsp;Pr\u00e4sident&nbsp;<i><b>Arte Sella<\/b><\/i><\/p>\n<p><b>f\u00e9n.omeni<br \/><\/b>SALA H \u2013 Dolomiti Hub<br \/>Site-Specific Installation&nbsp;<\/p>\n<p>Es spricht&nbsp;<i><b>Gianfranco Bettega<\/b><\/i>, Forscher und unabh\u00e4ngiger Historiker<\/p>\n<p><b>con.fronti<br \/><\/b>SALA B \u2013 Dolomiti Hub<br \/>Site-Specific Installation<\/p>\n<p>Gespr\u00e4ch mit:<br \/><i><b>Daniela Perco<\/b><\/i>, Anthropologin<br \/><i><b>Walter Moretto<\/b><\/i>, Sozialunternehmer.<\/p>\n<p>Moderation:&nbsp;<i><b>Nicola Chiavarelli<\/b><\/i>, Architekt<\/p>\n<p><b>in.con(tr)arte<br \/><\/b>SALA VISIONI \u2013 Dolomiti Hub<br \/>Ausstellung der Werke des Vereins IncontrArte<\/p>\n<p>Es spricht&nbsp;<b><i>Diego Fent<\/i>,&nbsp;<\/b>Pr\u00e4sident des Vereins&nbsp;<i><b>IncontrArte<\/b><\/i><\/p>\n<p><b>r.umori<br \/><\/b>PATIO \u2013 Dolomiti Hub<br \/>Soundinstallation<\/p>\n<p><i><b>IKE (Isaac De Martin)<\/b>, Gitarrist und Komponist<\/i><br \/><i><b>XBRRRZT (Valerio Pascucci)<\/b>, K\u00fcnstler<\/i><\/p>\n<p><\/p>\n","protected":false},"excerpt":{"rendered":"<p>Vernissage Kunstausstellungen Donnerstag, 2. &#8211; Prefestival 18:00 Vernissage der Kunstausstellungen Die Ausstellungen des Barch Art Festivals sind w\u00e4hrend des gesamten Festivals und w\u00e4hrend der \u00d6ffnungszeiten des Dolomiti Hub bis zum&nbsp;Sonntag,<\/p>\n","protected":false},"author":0,"featured_media":0,"template":"","meta":{"_acf_changed":false,"inline_featured_image":false,"_tribe_events_status":"","_tribe_events_status_reason":"","footnotes":""},"tags":[259],"tribe_events_cat":[],"class_list":["post-88722","tribe_events","type-tribe_events","status-publish","hentry","tag-eventi-feratel"],"acf":[],"yoast_head":"<!-- This site is optimized with the Yoast SEO plugin v25.7 - https:\/\/yoast.com\/wordpress\/plugins\/seo\/ -->\n<title>Barch Art Festival- Prefestival - Dolomiti Prealpi<\/title>\n<meta name=\"robots\" content=\"index, follow, max-snippet:-1, max-image-preview:large, max-video-preview:-1\" \/>\n<link rel=\"canonical\" href=\"https:\/\/www.dolomitiprealpi.it\/de\/event\/barch-art-festival-prefestival\/\" \/>\n<meta property=\"og:locale\" content=\"de_DE\" \/>\n<meta property=\"og:type\" content=\"article\" \/>\n<meta property=\"og:title\" content=\"Barch Art Festival- Prefestival - Dolomiti Prealpi\" \/>\n<meta property=\"og:description\" content=\"Vernissage Kunstausstellungen Donnerstag, 2. &#8211; Prefestival 18:00 Vernissage der Kunstausstellungen Die Ausstellungen des Barch Art Festivals sind w\u00e4hrend des gesamten Festivals und w\u00e4hrend der \u00d6ffnungszeiten des Dolomiti Hub bis zum&nbsp;Sonntag,\" \/>\n<meta property=\"og:url\" content=\"https:\/\/www.dolomitiprealpi.it\/de\/event\/barch-art-festival-prefestival\/\" \/>\n<meta property=\"og:site_name\" content=\"Dolomiti Prealpi\" \/>\n<meta property=\"article:publisher\" content=\"https:\/\/www.facebook.com\/dolomitiprealpi.it\/\" \/>\n<meta property=\"article:modified_time\" content=\"2026-03-20T12:22:58+00:00\" \/>\n<meta property=\"og:image\" content=\"https:\/\/www.dolomitiprealpi.it\/wp-content\/uploads\/2022\/11\/C.-Timpone-Foto-archivio-Consorzio-turistico-Dolomiti-Prealpi-Nevegal-Belluno-Bike-18-2.jpg\" \/>\n\t<meta property=\"og:image:width\" content=\"2048\" \/>\n\t<meta property=\"og:image:height\" content=\"1888\" \/>\n\t<meta property=\"og:image:type\" content=\"image\/jpeg\" \/>\n<meta name=\"twitter:card\" content=\"summary_large_image\" \/>\n<meta name=\"twitter:label1\" content=\"Est. reading time\" \/>\n\t<meta name=\"twitter:data1\" content=\"1 minute\" \/>\n<script type=\"application\/ld+json\" class=\"yoast-schema-graph\">{\"@context\":\"https:\/\/schema.org\",\"@graph\":[{\"@type\":\"WebPage\",\"@id\":\"https:\/\/www.dolomitiprealpi.it\/de\/event\/barch-art-festival-prefestival\/\",\"url\":\"https:\/\/www.dolomitiprealpi.it\/de\/event\/barch-art-festival-prefestival\/\",\"name\":\"Barch Art Festival- Prefestival - Dolomiti Prealpi\",\"isPartOf\":{\"@id\":\"https:\/\/www.dolomitiprealpi.it\/de\/#website\"},\"datePublished\":\"2026-02-15T11:39:34+00:00\",\"dateModified\":\"2026-03-20T12:22:58+00:00\",\"breadcrumb\":{\"@id\":\"https:\/\/www.dolomitiprealpi.it\/de\/event\/barch-art-festival-prefestival\/#breadcrumb\"},\"inLanguage\":\"de-DE\",\"potentialAction\":[{\"@type\":\"ReadAction\",\"target\":[\"https:\/\/www.dolomitiprealpi.it\/de\/event\/barch-art-festival-prefestival\/\"]}]},{\"@type\":\"BreadcrumbList\",\"@id\":\"https:\/\/www.dolomitiprealpi.it\/de\/event\/barch-art-festival-prefestival\/#breadcrumb\",\"itemListElement\":[{\"@type\":\"ListItem\",\"position\":1,\"name\":\"Home\",\"item\":\"https:\/\/www.dolomitiprealpi.it\/de\/\"},{\"@type\":\"ListItem\",\"position\":2,\"name\":\"Veranstaltungen\",\"item\":\"https:\/\/www.dolomitiprealpi.it\/de\/events\/\"},{\"@type\":\"ListItem\",\"position\":3,\"name\":\"Barch Art Festival- Prefestival\"}]},{\"@type\":\"WebSite\",\"@id\":\"https:\/\/www.dolomitiprealpi.it\/de\/#website\",\"url\":\"https:\/\/www.dolomitiprealpi.it\/de\/\",\"name\":\"Dolomiti Prealpi\",\"description\":\"\",\"publisher\":{\"@id\":\"https:\/\/www.dolomitiprealpi.it\/de\/#organization\"},\"potentialAction\":[{\"@type\":\"SearchAction\",\"target\":{\"@type\":\"EntryPoint\",\"urlTemplate\":\"https:\/\/www.dolomitiprealpi.it\/de\/?s={search_term_string}\"},\"query-input\":{\"@type\":\"PropertyValueSpecification\",\"valueRequired\":true,\"valueName\":\"search_term_string\"}}],\"inLanguage\":\"de-DE\"},{\"@type\":\"Organization\",\"@id\":\"https:\/\/www.dolomitiprealpi.it\/de\/#organization\",\"name\":\"Consorzio Dolomiti Prealpi\",\"url\":\"https:\/\/www.dolomitiprealpi.it\/de\/\",\"logo\":{\"@type\":\"ImageObject\",\"inLanguage\":\"de-DE\",\"@id\":\"https:\/\/www.dolomitiprealpi.it\/de\/#\/schema\/logo\/image\/\",\"url\":\"https:\/\/www.dolomitiprealpi.it\/wp-content\/uploads\/2023\/03\/dolomitiprealpi-favicon.jpg\",\"contentUrl\":\"https:\/\/www.dolomitiprealpi.it\/wp-content\/uploads\/2023\/03\/dolomitiprealpi-favicon.jpg\",\"width\":512,\"height\":512,\"caption\":\"Consorzio Dolomiti Prealpi\"},\"image\":{\"@id\":\"https:\/\/www.dolomitiprealpi.it\/de\/#\/schema\/logo\/image\/\"},\"sameAs\":[\"https:\/\/www.facebook.com\/dolomitiprealpi.it\/\",\"https:\/\/www.instagram.com\/dolomitiprealpi\/\"]}]}<\/script>\n<!-- \/ Yoast SEO plugin. -->","yoast_head_json":{"title":"Barch Art Festival- Prefestival - Dolomiti Prealpi","robots":{"index":"index","follow":"follow","max-snippet":"max-snippet:-1","max-image-preview":"max-image-preview:large","max-video-preview":"max-video-preview:-1"},"canonical":"https:\/\/www.dolomitiprealpi.it\/de\/event\/barch-art-festival-prefestival\/","og_locale":"de_DE","og_type":"article","og_title":"Barch Art Festival- Prefestival - Dolomiti Prealpi","og_description":"Vernissage Kunstausstellungen Donnerstag, 2. &#8211; Prefestival 18:00 Vernissage der Kunstausstellungen Die Ausstellungen des Barch Art Festivals sind w\u00e4hrend des gesamten Festivals und w\u00e4hrend der \u00d6ffnungszeiten des Dolomiti Hub bis zum&nbsp;Sonntag,","og_url":"https:\/\/www.dolomitiprealpi.it\/de\/event\/barch-art-festival-prefestival\/","og_site_name":"Dolomiti Prealpi","article_publisher":"https:\/\/www.facebook.com\/dolomitiprealpi.it\/","article_modified_time":"2026-03-20T12:22:58+00:00","og_image":[{"width":2048,"height":1888,"url":"https:\/\/www.dolomitiprealpi.it\/wp-content\/uploads\/2022\/11\/C.-Timpone-Foto-archivio-Consorzio-turistico-Dolomiti-Prealpi-Nevegal-Belluno-Bike-18-2.jpg","type":"image\/jpeg"}],"twitter_card":"summary_large_image","twitter_misc":{"Est. reading time":"1 minute"},"schema":{"@context":"https:\/\/schema.org","@graph":[{"@type":"WebPage","@id":"https:\/\/www.dolomitiprealpi.it\/de\/event\/barch-art-festival-prefestival\/","url":"https:\/\/www.dolomitiprealpi.it\/de\/event\/barch-art-festival-prefestival\/","name":"Barch Art Festival- Prefestival - Dolomiti Prealpi","isPartOf":{"@id":"https:\/\/www.dolomitiprealpi.it\/de\/#website"},"datePublished":"2026-02-15T11:39:34+00:00","dateModified":"2026-03-20T12:22:58+00:00","breadcrumb":{"@id":"https:\/\/www.dolomitiprealpi.it\/de\/event\/barch-art-festival-prefestival\/#breadcrumb"},"inLanguage":"de-DE","potentialAction":[{"@type":"ReadAction","target":["https:\/\/www.dolomitiprealpi.it\/de\/event\/barch-art-festival-prefestival\/"]}]},{"@type":"BreadcrumbList","@id":"https:\/\/www.dolomitiprealpi.it\/de\/event\/barch-art-festival-prefestival\/#breadcrumb","itemListElement":[{"@type":"ListItem","position":1,"name":"Home","item":"https:\/\/www.dolomitiprealpi.it\/de\/"},{"@type":"ListItem","position":2,"name":"Veranstaltungen","item":"https:\/\/www.dolomitiprealpi.it\/de\/events\/"},{"@type":"ListItem","position":3,"name":"Barch Art Festival- Prefestival"}]},{"@type":"WebSite","@id":"https:\/\/www.dolomitiprealpi.it\/de\/#website","url":"https:\/\/www.dolomitiprealpi.it\/de\/","name":"Dolomiti Prealpi","description":"","publisher":{"@id":"https:\/\/www.dolomitiprealpi.it\/de\/#organization"},"potentialAction":[{"@type":"SearchAction","target":{"@type":"EntryPoint","urlTemplate":"https:\/\/www.dolomitiprealpi.it\/de\/?s={search_term_string}"},"query-input":{"@type":"PropertyValueSpecification","valueRequired":true,"valueName":"search_term_string"}}],"inLanguage":"de-DE"},{"@type":"Organization","@id":"https:\/\/www.dolomitiprealpi.it\/de\/#organization","name":"Consorzio Dolomiti Prealpi","url":"https:\/\/www.dolomitiprealpi.it\/de\/","logo":{"@type":"ImageObject","inLanguage":"de-DE","@id":"https:\/\/www.dolomitiprealpi.it\/de\/#\/schema\/logo\/image\/","url":"https:\/\/www.dolomitiprealpi.it\/wp-content\/uploads\/2023\/03\/dolomitiprealpi-favicon.jpg","contentUrl":"https:\/\/www.dolomitiprealpi.it\/wp-content\/uploads\/2023\/03\/dolomitiprealpi-favicon.jpg","width":512,"height":512,"caption":"Consorzio Dolomiti Prealpi"},"image":{"@id":"https:\/\/www.dolomitiprealpi.it\/de\/#\/schema\/logo\/image\/"},"sameAs":["https:\/\/www.facebook.com\/dolomitiprealpi.it\/","https:\/\/www.instagram.com\/dolomitiprealpi\/"]}]}},"_links":{"self":[{"href":"https:\/\/www.dolomitiprealpi.it\/de\/wp-json\/wp\/v2\/tribe_events\/88722","targetHints":{"allow":["GET"]}}],"collection":[{"href":"https:\/\/www.dolomitiprealpi.it\/de\/wp-json\/wp\/v2\/tribe_events"}],"about":[{"href":"https:\/\/www.dolomitiprealpi.it\/de\/wp-json\/wp\/v2\/types\/tribe_events"}],"version-history":[{"count":1,"href":"https:\/\/www.dolomitiprealpi.it\/de\/wp-json\/wp\/v2\/tribe_events\/88722\/revisions"}],"predecessor-version":[{"id":89468,"href":"https:\/\/www.dolomitiprealpi.it\/de\/wp-json\/wp\/v2\/tribe_events\/88722\/revisions\/89468"}],"wp:attachment":[{"href":"https:\/\/www.dolomitiprealpi.it\/de\/wp-json\/wp\/v2\/media?parent=88722"}],"wp:term":[{"taxonomy":"post_tag","embeddable":true,"href":"https:\/\/www.dolomitiprealpi.it\/de\/wp-json\/wp\/v2\/tags?post=88722"},{"taxonomy":"tribe_events_cat","embeddable":true,"href":"https:\/\/www.dolomitiprealpi.it\/de\/wp-json\/wp\/v2\/tribe_events_cat?post=88722"}],"curies":[{"name":"wp","href":"https:\/\/api.w.org\/{rel}","templated":true}]}}

<p>Vernissage Kunstausstellungen</p>
<h2>Donnerstag, 2. &#8211; Prefestival</h2>
<p><b>18:00 Vernissage der Kunstausstellungen</b></p>
<p>Die Ausstellungen des Barch Art Festivals sind während des gesamten Festivals und während der Öffnungszeiten des Dolomiti Hub bis zum&nbsp;<b>Sonntag, 19. Oktober 2025</b> geöffnet</p>
<p><b>pre.messe</b></p>
<p>SALA VISIONI – Dolomiti Hub</p>
<p>Vernissage der Ausstellungen des Barch Art Festivals</p>
<p>In Zusammenarbeit mit dem Kollektiv Dolomiti Hub, wissenschaftliche Gruppe</p>
<p><b>Präsentiert werden:</b></p>
<p>(s)tra.guardo<br />SALA VISIONI – Dolomiti Hub<br /><b>Blicke darüber hinaus</b>. Video-Interview mit&nbsp;<b>ivan</b>, Künstler von Barch Art</p>
<p>Es spricht&nbsp;<i><b>Giacomo Bianchi,</b></i>&nbsp;Präsident&nbsp;<i><b>Arte Sella</b></i></p>
<p><b>fén.omeni<br /></b>SALA H – Dolomiti Hub<br />Site-Specific Installation&nbsp;</p>
<p>Es spricht&nbsp;<i><b>Gianfranco Bettega</b></i>, Forscher und unabhängiger Historiker</p>
<p><b>con.fronti<br /></b>SALA B – Dolomiti Hub<br />Site-Specific Installation</p>
<p>Gespräch mit:<br /><i><b>Daniela Perco</b></i>, Anthropologin<br /><i><b>Walter Moretto</b></i>, Sozialunternehmer.</p>
<p>Moderation:&nbsp;<i><b>Nicola Chiavarelli</b></i>, Architekt</p>
<p><b>in.con(tr)arte<br /></b>SALA VISIONI – Dolomiti Hub<br />Ausstellung der Werke des Vereins IncontrArte</p>
<p>Es spricht&nbsp;<b><i>Diego Fent</i>,&nbsp;</b>Präsident des Vereins&nbsp;<i><b>IncontrArte</b></i></p>
<p><b>r.umori<br /></b>PATIO – Dolomiti Hub<br />Soundinstallation</p>
<p><i><b>IKE (Isaac De Martin)</b>, Gitarrist und Komponist</i><br /><i><b>XBRRRZT (Valerio Pascucci)</b>, Künstler</i></p>
<p></p>

<p>Vernissage Kunstausstellungen Donnerstag, 2. &#8211; Prefestival 18:00 Vernissage der Kunstausstellungen Die Ausstellungen des Barch Art Festivals sind während des gesamten Festivals und während der Öffnungszeiten des Dolomiti Hub bis zum&nbsp;Sonntag,</p>

<!-- This site is optimized with the Yoast SEO plugin v25.7 - https://yoast.com/wordpress/plugins/seo/ -->
<title>Barch Art Festival- Prefestival - Dolomiti Prealpi</title>
<meta name="robots" content="index, follow, max-snippet:-1, max-image-preview:large, max-video-preview:-1" />
<link rel="canonical" href="https://www.dolomitiprealpi.it/de/event/barch-art-festival-prefestival/" />
<meta property="og:locale" content="de_DE" />
<meta property="og:type" content="article" />
<meta property="og:title" content="Barch Art Festival- Prefestival - Dolomiti Prealpi" />
<meta property="og:description" content="Vernissage Kunstausstellungen Donnerstag, 2. &#8211; Prefestival 18:00 Vernissage der Kunstausstellungen Die Ausstellungen des Barch Art Festivals sind während des gesamten Festivals und während der Öffnungszeiten des Dolomiti Hub bis zum&nbsp;Sonntag," />
<meta property="og:url" content="https://www.dolomitiprealpi.it/de/event/barch-art-festival-prefestival/" />
<meta property="og:site_name" content="Dolomiti Prealpi" />
<meta property="article:publisher" content="https://www.facebook.com/dolomitiprealpi.it/" />
<meta property="article:modified_time" content="2026-03-20T12:22:58+00:00" />
<meta property="og:image" content="https://www.dolomitiprealpi.it/wp-content/uploads/2022/11/C.-Timpone-Foto-archivio-Consorzio-turistico-Dolomiti-Prealpi-Nevegal-Belluno-Bike-18-2.jpg" />
	<meta property="og:image:width" content="2048" />
	<meta property="og:image:height" content="1888" />
	<meta property="og:image:type" content="image/jpeg" />
<meta name="twitter:card" content="summary_large_image" />
<meta name="twitter:label1" content="Est. reading time" />
	<meta name="twitter:data1" content="1 minute" />
<script type="application/ld+json" class="yoast-schema-graph">{"@context":"https://schema.org","@graph":[{"@type":"WebPage","@id":"https://www.dolomitiprealpi.it/de/event/barch-art-festival-prefestival/","url":"https://www.dolomitiprealpi.it/de/event/barch-art-festival-prefestival/","name":"Barch Art Festival- Prefestival - Dolomiti Prealpi","isPartOf":{"@id":"https://www.dolomitiprealpi.it/de/#website"},"datePublished":"2026-02-15T11:39:34+00:00","dateModified":"2026-03-20T12:22:58+00:00","breadcrumb":{"@id":"https://www.dolomitiprealpi.it/de/event/barch-art-festival-prefestival/#breadcrumb"},"inLanguage":"de-DE","potentialAction":[{"@type":"ReadAction","target":["https://www.dolomitiprealpi.it/de/event/barch-art-festival-prefestival/"]}]},{"@type":"BreadcrumbList","@id":"https://www.dolomitiprealpi.it/de/event/barch-art-festival-prefestival/#breadcrumb","itemListElement":[{"@type":"ListItem","position":1,"name":"Home","item":"https://www.dolomitiprealpi.it/de/"},{"@type":"ListItem","position":2,"name":"Veranstaltungen","item":"https://www.dolomitiprealpi.it/de/events/"},{"@type":"ListItem","position":3,"name":"Barch Art Festival- Prefestival"}]},{"@type":"WebSite","@id":"https://www.dolomitiprealpi.it/de/#website","url":"https://www.dolomitiprealpi.it/de/","name":"Dolomiti Prealpi","description":"","publisher":{"@id":"https://www.dolomitiprealpi.it/de/#organization"},"potentialAction":[{"@type":"SearchAction","target":{"@type":"EntryPoint","urlTemplate":"https://www.dolomitiprealpi.it/de/?s={search_term_string}"},"query-input":{"@type":"PropertyValueSpecification","valueRequired":true,"valueName":"search_term_string"}}],"inLanguage":"de-DE"},{"@type":"Organization","@id":"https://www.dolomitiprealpi.it/de/#organization","name":"Consorzio Dolomiti Prealpi","url":"https://www.dolomitiprealpi.it/de/","logo":{"@type":"ImageObject","inLanguage":"de-DE","@id":"https://www.dolomitiprealpi.it/de/#/schema/logo/image/","url":"https://www.dolomitiprealpi.it/wp-content/uploads/2023/03/dolomitiprealpi-favicon.jpg","contentUrl":"https://www.dolomitiprealpi.it/wp-content/uploads/2023/03/dolomitiprealpi-favicon.jpg","width":512,"height":512,"caption":"Consorzio Dolomiti Prealpi"},"image":{"@id":"https://www.dolomitiprealpi.it/de/#/schema/logo/image/"},"sameAs":["https://www.facebook.com/dolomitiprealpi.it/","https://www.instagram.com/dolomitiprealpi/"]}]}</script>
<!-- / Yoast SEO plugin. -->

Vernissage Kunstausstellungen Donnerstag, 2. &#8211; Prefestival 18:00 Vernissage der Kunstausstellungen Die Ausstellungen des Barch Art Festivals sind während des gesamten Festivals und während der Öffnungszeiten des Dolomiti Hub bis zum&nbsp;Sonntag,
