{"id":88602,"date":"2026-04-17T13:20:21","date_gmt":"2026-04-17T11:20:21","guid":{"rendered":"https:\/\/www.dolomitiprealpi.it\/event\/stagione-teatrale-2025-26-sala-teatro-rasai\/"},"modified":"2026-04-23T18:05:45","modified_gmt":"2026-04-23T16:05:45","slug":"stagione-teatrale-2025-26-sala-teatro-rasai-2","status":"publish","type":"tribe_events","link":"https:\/\/www.dolomitiprealpi.it\/de\/event\/stagione-teatrale-2025-26-sala-teatro-rasai-2\/","title":{"rendered":"Stagione teatrale 2025\/26 &#8211; Sala Teatro Rasai"},"content":{"rendered":"<p>Ab&nbsp;Samstag, den 29. November, f\u00fcr 12 Samstage um 20.45 Uhr startet unsere traditionelle Theatersaison 2025\/2026: Ab heute beginnt unsere Abonnementsaktion wie auf dem Plakat angegeben, 120 Euro f\u00fcr 11 Vorstellungen, von denen eine kostenlos ist, wie im letzten Jahr. Es ist auch m\u00f6glich, f\u00fcr jede einzelne Vorstellung zu reservieren (Vollpreis unver\u00e4ndert 12 Euro und erm\u00e4\u00dfigt 10 Euro) \u00fcber die \u00fcblichen Kan\u00e4le: Reservierungen per E-Mail an salateatrorasai@gmail.com oder unter der Whatsapp-Nummer 3336810613!!Theater, Vorf\u00fchrungen, Unterhaltung<\/p>\n","protected":false},"excerpt":{"rendered":"<p>Ab&nbsp;Samstag, den 29. November, f\u00fcr 12 Samstage um 20.45 Uhr startet unsere traditionelle Theatersaison 2025\/2026: Ab heute beginnt unsere Abonnementsaktion wie auf dem Plakat angegeben, 120 Euro f\u00fcr 11 Vorstellungen,<\/p>\n","protected":false},"author":0,"featured_media":0,"template":"","meta":{"_acf_changed":false,"inline_featured_image":false,"_tribe_events_status":"","_tribe_events_status_reason":"","footnotes":""},"tags":[259],"tribe_events_cat":[],"class_list":["post-88602","tribe_events","type-tribe_events","status-publish","hentry","tag-eventi-feratel"],"acf":[],"yoast_head":"<!-- This site is optimized with the Yoast SEO plugin v25.7 - https:\/\/yoast.com\/wordpress\/plugins\/seo\/ -->\n<title>Stagione teatrale 2025\/26 - Sala Teatro Rasai - Dolomiti Prealpi<\/title>\n<meta name=\"robots\" content=\"index, follow, max-snippet:-1, max-image-preview:large, max-video-preview:-1\" \/>\n<link rel=\"canonical\" href=\"https:\/\/www.dolomitiprealpi.it\/de\/event\/stagione-teatrale-2025-26-sala-teatro-rasai-2\/\" \/>\n<meta property=\"og:locale\" content=\"de_DE\" \/>\n<meta property=\"og:type\" content=\"article\" \/>\n<meta property=\"og:title\" content=\"Stagione teatrale 2025\/26 - Sala Teatro Rasai - Dolomiti Prealpi\" \/>\n<meta property=\"og:description\" content=\"Ab&nbsp;Samstag, den 29. November, f\u00fcr 12 Samstage um 20.45 Uhr startet unsere traditionelle Theatersaison 2025\/2026: Ab heute beginnt unsere Abonnementsaktion wie auf dem Plakat angegeben, 120 Euro f\u00fcr 11 Vorstellungen,\" \/>\n<meta property=\"og:url\" content=\"https:\/\/www.dolomitiprealpi.it\/de\/event\/stagione-teatrale-2025-26-sala-teatro-rasai-2\/\" \/>\n<meta property=\"og:site_name\" content=\"Dolomiti Prealpi\" \/>\n<meta property=\"article:publisher\" content=\"https:\/\/www.facebook.com\/dolomitiprealpi.it\/\" \/>\n<meta property=\"article:modified_time\" content=\"2026-04-23T16:05:45+00:00\" \/>\n<meta property=\"og:image\" content=\"https:\/\/www.dolomitiprealpi.it\/wp-content\/uploads\/2022\/11\/C.-Timpone-Foto-archivio-Consorzio-turistico-Dolomiti-Prealpi-Nevegal-Belluno-Bike-18-2.jpg\" \/>\n\t<meta property=\"og:image:width\" content=\"2048\" \/>\n\t<meta property=\"og:image:height\" content=\"1888\" \/>\n\t<meta property=\"og:image:type\" content=\"image\/jpeg\" \/>\n<meta name=\"twitter:card\" content=\"summary_large_image\" \/>\n<script type=\"application\/ld+json\" class=\"yoast-schema-graph\">{\"@context\":\"https:\/\/schema.org\",\"@graph\":[{\"@type\":\"WebPage\",\"@id\":\"https:\/\/www.dolomitiprealpi.it\/de\/event\/stagione-teatrale-2025-26-sala-teatro-rasai-2\/\",\"url\":\"https:\/\/www.dolomitiprealpi.it\/de\/event\/stagione-teatrale-2025-26-sala-teatro-rasai-2\/\",\"name\":\"Stagione teatrale 2025\/26 - Sala Teatro Rasai - Dolomiti Prealpi\",\"isPartOf\":{\"@id\":\"https:\/\/www.dolomitiprealpi.it\/de\/#website\"},\"datePublished\":\"2026-04-17T11:20:21+00:00\",\"dateModified\":\"2026-04-23T16:05:45+00:00\",\"breadcrumb\":{\"@id\":\"https:\/\/www.dolomitiprealpi.it\/de\/event\/stagione-teatrale-2025-26-sala-teatro-rasai-2\/#breadcrumb\"},\"inLanguage\":\"de-DE\",\"potentialAction\":[{\"@type\":\"ReadAction\",\"target\":[\"https:\/\/www.dolomitiprealpi.it\/de\/event\/stagione-teatrale-2025-26-sala-teatro-rasai-2\/\"]}]},{\"@type\":\"BreadcrumbList\",\"@id\":\"https:\/\/www.dolomitiprealpi.it\/de\/event\/stagione-teatrale-2025-26-sala-teatro-rasai-2\/#breadcrumb\",\"itemListElement\":[{\"@type\":\"ListItem\",\"position\":1,\"name\":\"Home\",\"item\":\"https:\/\/www.dolomitiprealpi.it\/de\/\"},{\"@type\":\"ListItem\",\"position\":2,\"name\":\"Veranstaltungen\",\"item\":\"https:\/\/www.dolomitiprealpi.it\/de\/events\/\"},{\"@type\":\"ListItem\",\"position\":3,\"name\":\"Stagione teatrale 2025\/26 &#8211; Sala Teatro Rasai\"}]},{\"@type\":\"WebSite\",\"@id\":\"https:\/\/www.dolomitiprealpi.it\/de\/#website\",\"url\":\"https:\/\/www.dolomitiprealpi.it\/de\/\",\"name\":\"Dolomiti Prealpi\",\"description\":\"\",\"publisher\":{\"@id\":\"https:\/\/www.dolomitiprealpi.it\/de\/#organization\"},\"potentialAction\":[{\"@type\":\"SearchAction\",\"target\":{\"@type\":\"EntryPoint\",\"urlTemplate\":\"https:\/\/www.dolomitiprealpi.it\/de\/?s={search_term_string}\"},\"query-input\":{\"@type\":\"PropertyValueSpecification\",\"valueRequired\":true,\"valueName\":\"search_term_string\"}}],\"inLanguage\":\"de-DE\"},{\"@type\":\"Organization\",\"@id\":\"https:\/\/www.dolomitiprealpi.it\/de\/#organization\",\"name\":\"Consorzio Dolomiti Prealpi\",\"url\":\"https:\/\/www.dolomitiprealpi.it\/de\/\",\"logo\":{\"@type\":\"ImageObject\",\"inLanguage\":\"de-DE\",\"@id\":\"https:\/\/www.dolomitiprealpi.it\/de\/#\/schema\/logo\/image\/\",\"url\":\"https:\/\/www.dolomitiprealpi.it\/wp-content\/uploads\/2023\/03\/dolomitiprealpi-favicon.jpg\",\"contentUrl\":\"https:\/\/www.dolomitiprealpi.it\/wp-content\/uploads\/2023\/03\/dolomitiprealpi-favicon.jpg\",\"width\":512,\"height\":512,\"caption\":\"Consorzio Dolomiti Prealpi\"},\"image\":{\"@id\":\"https:\/\/www.dolomitiprealpi.it\/de\/#\/schema\/logo\/image\/\"},\"sameAs\":[\"https:\/\/www.facebook.com\/dolomitiprealpi.it\/\",\"https:\/\/www.instagram.com\/dolomitiprealpi\/\"]}]}<\/script>\n<!-- \/ Yoast SEO plugin. -->","yoast_head_json":{"title":"Stagione teatrale 2025\/26 - Sala Teatro Rasai - Dolomiti Prealpi","robots":{"index":"index","follow":"follow","max-snippet":"max-snippet:-1","max-image-preview":"max-image-preview:large","max-video-preview":"max-video-preview:-1"},"canonical":"https:\/\/www.dolomitiprealpi.it\/de\/event\/stagione-teatrale-2025-26-sala-teatro-rasai-2\/","og_locale":"de_DE","og_type":"article","og_title":"Stagione teatrale 2025\/26 - Sala Teatro Rasai - Dolomiti Prealpi","og_description":"Ab&nbsp;Samstag, den 29. November, f\u00fcr 12 Samstage um 20.45 Uhr startet unsere traditionelle Theatersaison 2025\/2026: Ab heute beginnt unsere Abonnementsaktion wie auf dem Plakat angegeben, 120 Euro f\u00fcr 11 Vorstellungen,","og_url":"https:\/\/www.dolomitiprealpi.it\/de\/event\/stagione-teatrale-2025-26-sala-teatro-rasai-2\/","og_site_name":"Dolomiti Prealpi","article_publisher":"https:\/\/www.facebook.com\/dolomitiprealpi.it\/","article_modified_time":"2026-04-23T16:05:45+00:00","og_image":[{"width":2048,"height":1888,"url":"https:\/\/www.dolomitiprealpi.it\/wp-content\/uploads\/2022\/11\/C.-Timpone-Foto-archivio-Consorzio-turistico-Dolomiti-Prealpi-Nevegal-Belluno-Bike-18-2.jpg","type":"image\/jpeg"}],"twitter_card":"summary_large_image","schema":{"@context":"https:\/\/schema.org","@graph":[{"@type":"WebPage","@id":"https:\/\/www.dolomitiprealpi.it\/de\/event\/stagione-teatrale-2025-26-sala-teatro-rasai-2\/","url":"https:\/\/www.dolomitiprealpi.it\/de\/event\/stagione-teatrale-2025-26-sala-teatro-rasai-2\/","name":"Stagione teatrale 2025\/26 - Sala Teatro Rasai - Dolomiti Prealpi","isPartOf":{"@id":"https:\/\/www.dolomitiprealpi.it\/de\/#website"},"datePublished":"2026-04-17T11:20:21+00:00","dateModified":"2026-04-23T16:05:45+00:00","breadcrumb":{"@id":"https:\/\/www.dolomitiprealpi.it\/de\/event\/stagione-teatrale-2025-26-sala-teatro-rasai-2\/#breadcrumb"},"inLanguage":"de-DE","potentialAction":[{"@type":"ReadAction","target":["https:\/\/www.dolomitiprealpi.it\/de\/event\/stagione-teatrale-2025-26-sala-teatro-rasai-2\/"]}]},{"@type":"BreadcrumbList","@id":"https:\/\/www.dolomitiprealpi.it\/de\/event\/stagione-teatrale-2025-26-sala-teatro-rasai-2\/#breadcrumb","itemListElement":[{"@type":"ListItem","position":1,"name":"Home","item":"https:\/\/www.dolomitiprealpi.it\/de\/"},{"@type":"ListItem","position":2,"name":"Veranstaltungen","item":"https:\/\/www.dolomitiprealpi.it\/de\/events\/"},{"@type":"ListItem","position":3,"name":"Stagione teatrale 2025\/26 &#8211; Sala Teatro Rasai"}]},{"@type":"WebSite","@id":"https:\/\/www.dolomitiprealpi.it\/de\/#website","url":"https:\/\/www.dolomitiprealpi.it\/de\/","name":"Dolomiti Prealpi","description":"","publisher":{"@id":"https:\/\/www.dolomitiprealpi.it\/de\/#organization"},"potentialAction":[{"@type":"SearchAction","target":{"@type":"EntryPoint","urlTemplate":"https:\/\/www.dolomitiprealpi.it\/de\/?s={search_term_string}"},"query-input":{"@type":"PropertyValueSpecification","valueRequired":true,"valueName":"search_term_string"}}],"inLanguage":"de-DE"},{"@type":"Organization","@id":"https:\/\/www.dolomitiprealpi.it\/de\/#organization","name":"Consorzio Dolomiti Prealpi","url":"https:\/\/www.dolomitiprealpi.it\/de\/","logo":{"@type":"ImageObject","inLanguage":"de-DE","@id":"https:\/\/www.dolomitiprealpi.it\/de\/#\/schema\/logo\/image\/","url":"https:\/\/www.dolomitiprealpi.it\/wp-content\/uploads\/2023\/03\/dolomitiprealpi-favicon.jpg","contentUrl":"https:\/\/www.dolomitiprealpi.it\/wp-content\/uploads\/2023\/03\/dolomitiprealpi-favicon.jpg","width":512,"height":512,"caption":"Consorzio Dolomiti Prealpi"},"image":{"@id":"https:\/\/www.dolomitiprealpi.it\/de\/#\/schema\/logo\/image\/"},"sameAs":["https:\/\/www.facebook.com\/dolomitiprealpi.it\/","https:\/\/www.instagram.com\/dolomitiprealpi\/"]}]}},"_links":{"self":[{"href":"https:\/\/www.dolomitiprealpi.it\/de\/wp-json\/wp\/v2\/tribe_events\/88602","targetHints":{"allow":["GET"]}}],"collection":[{"href":"https:\/\/www.dolomitiprealpi.it\/de\/wp-json\/wp\/v2\/tribe_events"}],"about":[{"href":"https:\/\/www.dolomitiprealpi.it\/de\/wp-json\/wp\/v2\/types\/tribe_events"}],"version-history":[{"count":1,"href":"https:\/\/www.dolomitiprealpi.it\/de\/wp-json\/wp\/v2\/tribe_events\/88602\/revisions"}],"predecessor-version":[{"id":89294,"href":"https:\/\/www.dolomitiprealpi.it\/de\/wp-json\/wp\/v2\/tribe_events\/88602\/revisions\/89294"}],"wp:attachment":[{"href":"https:\/\/www.dolomitiprealpi.it\/de\/wp-json\/wp\/v2\/media?parent=88602"}],"wp:term":[{"taxonomy":"post_tag","embeddable":true,"href":"https:\/\/www.dolomitiprealpi.it\/de\/wp-json\/wp\/v2\/tags?post=88602"},{"taxonomy":"tribe_events_cat","embeddable":true,"href":"https:\/\/www.dolomitiprealpi.it\/de\/wp-json\/wp\/v2\/tribe_events_cat?post=88602"}],"curies":[{"name":"wp","href":"https:\/\/api.w.org\/{rel}","templated":true}]}}

<p>Ab&nbsp;Samstag, den 29. November, für 12 Samstage um 20.45 Uhr startet unsere traditionelle Theatersaison 2025/2026: Ab heute beginnt unsere Abonnementsaktion wie auf dem Plakat angegeben, 120 Euro für 11 Vorstellungen, von denen eine kostenlos ist, wie im letzten Jahr. Es ist auch möglich, für jede einzelne Vorstellung zu reservieren (Vollpreis unverändert 12 Euro und ermäßigt 10 Euro) über die üblichen Kanäle: Reservierungen per E-Mail an salateatrorasai@gmail.com oder unter der Whatsapp-Nummer 3336810613!!Theater, Vorführungen, Unterhaltung</p>

<p>Ab&nbsp;Samstag, den 29. November, für 12 Samstage um 20.45 Uhr startet unsere traditionelle Theatersaison 2025/2026: Ab heute beginnt unsere Abonnementsaktion wie auf dem Plakat angegeben, 120 Euro für 11 Vorstellungen,</p>

<!-- This site is optimized with the Yoast SEO plugin v25.7 - https://yoast.com/wordpress/plugins/seo/ -->
<title>Stagione teatrale 2025/26 - Sala Teatro Rasai - Dolomiti Prealpi</title>
<meta name="robots" content="index, follow, max-snippet:-1, max-image-preview:large, max-video-preview:-1" />
<link rel="canonical" href="https://www.dolomitiprealpi.it/de/event/stagione-teatrale-2025-26-sala-teatro-rasai-2/" />
<meta property="og:locale" content="de_DE" />
<meta property="og:type" content="article" />
<meta property="og:title" content="Stagione teatrale 2025/26 - Sala Teatro Rasai - Dolomiti Prealpi" />
<meta property="og:description" content="Ab&nbsp;Samstag, den 29. November, für 12 Samstage um 20.45 Uhr startet unsere traditionelle Theatersaison 2025/2026: Ab heute beginnt unsere Abonnementsaktion wie auf dem Plakat angegeben, 120 Euro für 11 Vorstellungen," />
<meta property="og:url" content="https://www.dolomitiprealpi.it/de/event/stagione-teatrale-2025-26-sala-teatro-rasai-2/" />
<meta property="og:site_name" content="Dolomiti Prealpi" />
<meta property="article:publisher" content="https://www.facebook.com/dolomitiprealpi.it/" />
<meta property="article:modified_time" content="2026-04-23T16:05:45+00:00" />
<meta property="og:image" content="https://www.dolomitiprealpi.it/wp-content/uploads/2022/11/C.-Timpone-Foto-archivio-Consorzio-turistico-Dolomiti-Prealpi-Nevegal-Belluno-Bike-18-2.jpg" />
	<meta property="og:image:width" content="2048" />
	<meta property="og:image:height" content="1888" />
	<meta property="og:image:type" content="image/jpeg" />
<meta name="twitter:card" content="summary_large_image" />
<script type="application/ld+json" class="yoast-schema-graph">{"@context":"https://schema.org","@graph":[{"@type":"WebPage","@id":"https://www.dolomitiprealpi.it/de/event/stagione-teatrale-2025-26-sala-teatro-rasai-2/","url":"https://www.dolomitiprealpi.it/de/event/stagione-teatrale-2025-26-sala-teatro-rasai-2/","name":"Stagione teatrale 2025/26 - Sala Teatro Rasai - Dolomiti Prealpi","isPartOf":{"@id":"https://www.dolomitiprealpi.it/de/#website"},"datePublished":"2026-04-17T11:20:21+00:00","dateModified":"2026-04-23T16:05:45+00:00","breadcrumb":{"@id":"https://www.dolomitiprealpi.it/de/event/stagione-teatrale-2025-26-sala-teatro-rasai-2/#breadcrumb"},"inLanguage":"de-DE","potentialAction":[{"@type":"ReadAction","target":["https://www.dolomitiprealpi.it/de/event/stagione-teatrale-2025-26-sala-teatro-rasai-2/"]}]},{"@type":"BreadcrumbList","@id":"https://www.dolomitiprealpi.it/de/event/stagione-teatrale-2025-26-sala-teatro-rasai-2/#breadcrumb","itemListElement":[{"@type":"ListItem","position":1,"name":"Home","item":"https://www.dolomitiprealpi.it/de/"},{"@type":"ListItem","position":2,"name":"Veranstaltungen","item":"https://www.dolomitiprealpi.it/de/events/"},{"@type":"ListItem","position":3,"name":"Stagione teatrale 2025/26 &#8211; Sala Teatro Rasai"}]},{"@type":"WebSite","@id":"https://www.dolomitiprealpi.it/de/#website","url":"https://www.dolomitiprealpi.it/de/","name":"Dolomiti Prealpi","description":"","publisher":{"@id":"https://www.dolomitiprealpi.it/de/#organization"},"potentialAction":[{"@type":"SearchAction","target":{"@type":"EntryPoint","urlTemplate":"https://www.dolomitiprealpi.it/de/?s={search_term_string}"},"query-input":{"@type":"PropertyValueSpecification","valueRequired":true,"valueName":"search_term_string"}}],"inLanguage":"de-DE"},{"@type":"Organization","@id":"https://www.dolomitiprealpi.it/de/#organization","name":"Consorzio Dolomiti Prealpi","url":"https://www.dolomitiprealpi.it/de/","logo":{"@type":"ImageObject","inLanguage":"de-DE","@id":"https://www.dolomitiprealpi.it/de/#/schema/logo/image/","url":"https://www.dolomitiprealpi.it/wp-content/uploads/2023/03/dolomitiprealpi-favicon.jpg","contentUrl":"https://www.dolomitiprealpi.it/wp-content/uploads/2023/03/dolomitiprealpi-favicon.jpg","width":512,"height":512,"caption":"Consorzio Dolomiti Prealpi"},"image":{"@id":"https://www.dolomitiprealpi.it/de/#/schema/logo/image/"},"sameAs":["https://www.facebook.com/dolomitiprealpi.it/","https://www.instagram.com/dolomitiprealpi/"]}]}</script>
<!-- / Yoast SEO plugin. -->

Ab&nbsp;Samstag, den 29. November, für 12 Samstage um 20.45 Uhr startet unsere traditionelle Theatersaison 2025/2026: Ab heute beginnt unsere Abonnementsaktion wie auf dem Plakat angegeben, 120 Euro für 11 Vorstellungen,
