{"id":88593,"date":"2026-04-17T13:19:23","date_gmt":"2026-04-17T11:19:23","guid":{"rendered":"https:\/\/www.dolomitiprealpi.it\/event\/dolomiti-un-paesaggio-tutelato\/"},"modified":"2026-04-23T18:04:54","modified_gmt":"2026-04-23T16:04:54","slug":"dolomiti-un-paesaggio-tutelato-2","status":"publish","type":"tribe_events","link":"https:\/\/www.dolomitiprealpi.it\/de\/event\/dolomiti-un-paesaggio-tutelato-2\/","title":{"rendered":"Dolomiti &#8211; Un paesaggio tutelato"},"content":{"rendered":"<p>Die Ausstellung ist zu besichtigen:<br \/>Von Dienstag bis Freitag: 9:00 &#8211; 12:00 und 15:00 &#8211; 17:00<br \/>Samstag und Sonntag: 9:00 &#8211; 12:30 und 15:00 &#8211; 18:00 <\/p>\n<p>Das Startdatum der Veranstaltung <b>\u00dcber die Gipfel <\/b>ist am Samstag, den 4. Oktober 2025, mit der Pr\u00e4sentation um 10:30 Uhr im Palast Bembo des gleichnamigen Buches <i>\u201cDolomiten \u2013 Eine gesch\u00fctzte Landschaft\u201d<\/i>. Die Autoren werden anwesend sein, und das Treffen wird von dem Journalisten Flavio Faoro geleitet.<\/p>\n<p>Anschlie\u00dfend findet um 11:30 Uhr im Palast Bembo die Er\u00f6ffnung der Ausstellung mit dem Titel <i>\u201c<b>Dolomiten \u2013 Eine gesch\u00fctzte Landschaft<\/b>\u201d.<\/i>&nbsp;<br \/>Die Ausstellung pr\u00e4sentiert die beeindruckenden Fotografien von Manuel Cicchetti und die Texte des Schriftstellers Antonio G. Bortoluzzi, die aus dem gleichnamigen Buch von Marsilio Arte und der Region Venetien stammen.<\/p>\n<p>Eine Ausstellung, die die Komplexit\u00e4t eines der emblematischsten und verletzlichsten Naturgebiete Europas zur\u00fcckgeben m\u00f6chte, das den Herausforderungen des Klimawandels, der Urbanisierung und des invasiven Tourismus ausgesetzt ist. Cicchetti und Bortoluzzi verweben Vision und Schreiben, um den Hochl\u00e4ndern ihre Bedeutung f\u00fcr die Zivilisation zur\u00fcckzugeben, und tun dies durch die drei Leitlinien der Landschaft, der gebauten R\u00e4ume und der Sozialit\u00e4t.<\/p>\n<p>Freier Eintritt.<\/p>\n<p>Buchpr\u00e4sentation und Ausstellung &#8211; <i>\u00dcber die Gipfel<\/i><\/p>\n","protected":false},"excerpt":{"rendered":"<p>Die Ausstellung ist zu besichtigen:Von Dienstag bis Freitag: 9:00 &#8211; 12:00 und 15:00 &#8211; 17:00Samstag und Sonntag: 9:00 &#8211; 12:30 und 15:00 &#8211; 18:00 Das Startdatum der Veranstaltung \u00dcber die<\/p>\n","protected":false},"author":0,"featured_media":0,"template":"","meta":{"_acf_changed":false,"inline_featured_image":false,"_tribe_events_status":"","_tribe_events_status_reason":"","footnotes":""},"tags":[259],"tribe_events_cat":[],"class_list":["post-88593","tribe_events","type-tribe_events","status-publish","hentry","tag-eventi-feratel"],"acf":[],"yoast_head":"<!-- This site is optimized with the Yoast SEO plugin v25.7 - https:\/\/yoast.com\/wordpress\/plugins\/seo\/ -->\n<title>Dolomiti - Un paesaggio tutelato - Dolomiti Prealpi<\/title>\n<meta name=\"robots\" content=\"index, follow, max-snippet:-1, max-image-preview:large, max-video-preview:-1\" \/>\n<link rel=\"canonical\" href=\"https:\/\/www.dolomitiprealpi.it\/de\/event\/dolomiti-un-paesaggio-tutelato-2\/\" \/>\n<meta property=\"og:locale\" content=\"de_DE\" \/>\n<meta property=\"og:type\" content=\"article\" \/>\n<meta property=\"og:title\" content=\"Dolomiti - Un paesaggio tutelato - Dolomiti Prealpi\" \/>\n<meta property=\"og:description\" content=\"Die Ausstellung ist zu besichtigen:Von Dienstag bis Freitag: 9:00 &#8211; 12:00 und 15:00 &#8211; 17:00Samstag und Sonntag: 9:00 &#8211; 12:30 und 15:00 &#8211; 18:00 Das Startdatum der Veranstaltung \u00dcber die\" \/>\n<meta property=\"og:url\" content=\"https:\/\/www.dolomitiprealpi.it\/de\/event\/dolomiti-un-paesaggio-tutelato-2\/\" \/>\n<meta property=\"og:site_name\" content=\"Dolomiti Prealpi\" \/>\n<meta property=\"article:publisher\" content=\"https:\/\/www.facebook.com\/dolomitiprealpi.it\/\" \/>\n<meta property=\"article:modified_time\" content=\"2026-04-23T16:04:54+00:00\" \/>\n<meta property=\"og:image\" content=\"https:\/\/www.dolomitiprealpi.it\/wp-content\/uploads\/2022\/11\/C.-Timpone-Foto-archivio-Consorzio-turistico-Dolomiti-Prealpi-Nevegal-Belluno-Bike-18-2.jpg\" \/>\n\t<meta property=\"og:image:width\" content=\"2048\" \/>\n\t<meta property=\"og:image:height\" content=\"1888\" \/>\n\t<meta property=\"og:image:type\" content=\"image\/jpeg\" \/>\n<meta name=\"twitter:card\" content=\"summary_large_image\" \/>\n<meta name=\"twitter:label1\" content=\"Est. reading time\" \/>\n\t<meta name=\"twitter:data1\" content=\"1 minute\" \/>\n<script type=\"application\/ld+json\" class=\"yoast-schema-graph\">{\"@context\":\"https:\/\/schema.org\",\"@graph\":[{\"@type\":\"WebPage\",\"@id\":\"https:\/\/www.dolomitiprealpi.it\/de\/event\/dolomiti-un-paesaggio-tutelato-2\/\",\"url\":\"https:\/\/www.dolomitiprealpi.it\/de\/event\/dolomiti-un-paesaggio-tutelato-2\/\",\"name\":\"Dolomiti - Un paesaggio tutelato - Dolomiti Prealpi\",\"isPartOf\":{\"@id\":\"https:\/\/www.dolomitiprealpi.it\/de\/#website\"},\"datePublished\":\"2026-04-17T11:19:23+00:00\",\"dateModified\":\"2026-04-23T16:04:54+00:00\",\"breadcrumb\":{\"@id\":\"https:\/\/www.dolomitiprealpi.it\/de\/event\/dolomiti-un-paesaggio-tutelato-2\/#breadcrumb\"},\"inLanguage\":\"de-DE\",\"potentialAction\":[{\"@type\":\"ReadAction\",\"target\":[\"https:\/\/www.dolomitiprealpi.it\/de\/event\/dolomiti-un-paesaggio-tutelato-2\/\"]}]},{\"@type\":\"BreadcrumbList\",\"@id\":\"https:\/\/www.dolomitiprealpi.it\/de\/event\/dolomiti-un-paesaggio-tutelato-2\/#breadcrumb\",\"itemListElement\":[{\"@type\":\"ListItem\",\"position\":1,\"name\":\"Home\",\"item\":\"https:\/\/www.dolomitiprealpi.it\/de\/\"},{\"@type\":\"ListItem\",\"position\":2,\"name\":\"Veranstaltungen\",\"item\":\"https:\/\/www.dolomitiprealpi.it\/de\/events\/\"},{\"@type\":\"ListItem\",\"position\":3,\"name\":\"Dolomiti &#8211; Un paesaggio tutelato\"}]},{\"@type\":\"WebSite\",\"@id\":\"https:\/\/www.dolomitiprealpi.it\/de\/#website\",\"url\":\"https:\/\/www.dolomitiprealpi.it\/de\/\",\"name\":\"Dolomiti Prealpi\",\"description\":\"\",\"publisher\":{\"@id\":\"https:\/\/www.dolomitiprealpi.it\/de\/#organization\"},\"potentialAction\":[{\"@type\":\"SearchAction\",\"target\":{\"@type\":\"EntryPoint\",\"urlTemplate\":\"https:\/\/www.dolomitiprealpi.it\/de\/?s={search_term_string}\"},\"query-input\":{\"@type\":\"PropertyValueSpecification\",\"valueRequired\":true,\"valueName\":\"search_term_string\"}}],\"inLanguage\":\"de-DE\"},{\"@type\":\"Organization\",\"@id\":\"https:\/\/www.dolomitiprealpi.it\/de\/#organization\",\"name\":\"Consorzio Dolomiti Prealpi\",\"url\":\"https:\/\/www.dolomitiprealpi.it\/de\/\",\"logo\":{\"@type\":\"ImageObject\",\"inLanguage\":\"de-DE\",\"@id\":\"https:\/\/www.dolomitiprealpi.it\/de\/#\/schema\/logo\/image\/\",\"url\":\"https:\/\/www.dolomitiprealpi.it\/wp-content\/uploads\/2023\/03\/dolomitiprealpi-favicon.jpg\",\"contentUrl\":\"https:\/\/www.dolomitiprealpi.it\/wp-content\/uploads\/2023\/03\/dolomitiprealpi-favicon.jpg\",\"width\":512,\"height\":512,\"caption\":\"Consorzio Dolomiti Prealpi\"},\"image\":{\"@id\":\"https:\/\/www.dolomitiprealpi.it\/de\/#\/schema\/logo\/image\/\"},\"sameAs\":[\"https:\/\/www.facebook.com\/dolomitiprealpi.it\/\",\"https:\/\/www.instagram.com\/dolomitiprealpi\/\"]}]}<\/script>\n<!-- \/ Yoast SEO plugin. -->","yoast_head_json":{"title":"Dolomiti - Un paesaggio tutelato - Dolomiti Prealpi","robots":{"index":"index","follow":"follow","max-snippet":"max-snippet:-1","max-image-preview":"max-image-preview:large","max-video-preview":"max-video-preview:-1"},"canonical":"https:\/\/www.dolomitiprealpi.it\/de\/event\/dolomiti-un-paesaggio-tutelato-2\/","og_locale":"de_DE","og_type":"article","og_title":"Dolomiti - Un paesaggio tutelato - Dolomiti Prealpi","og_description":"Die Ausstellung ist zu besichtigen:Von Dienstag bis Freitag: 9:00 &#8211; 12:00 und 15:00 &#8211; 17:00Samstag und Sonntag: 9:00 &#8211; 12:30 und 15:00 &#8211; 18:00 Das Startdatum der Veranstaltung \u00dcber die","og_url":"https:\/\/www.dolomitiprealpi.it\/de\/event\/dolomiti-un-paesaggio-tutelato-2\/","og_site_name":"Dolomiti Prealpi","article_publisher":"https:\/\/www.facebook.com\/dolomitiprealpi.it\/","article_modified_time":"2026-04-23T16:04:54+00:00","og_image":[{"width":2048,"height":1888,"url":"https:\/\/www.dolomitiprealpi.it\/wp-content\/uploads\/2022\/11\/C.-Timpone-Foto-archivio-Consorzio-turistico-Dolomiti-Prealpi-Nevegal-Belluno-Bike-18-2.jpg","type":"image\/jpeg"}],"twitter_card":"summary_large_image","twitter_misc":{"Est. reading time":"1 minute"},"schema":{"@context":"https:\/\/schema.org","@graph":[{"@type":"WebPage","@id":"https:\/\/www.dolomitiprealpi.it\/de\/event\/dolomiti-un-paesaggio-tutelato-2\/","url":"https:\/\/www.dolomitiprealpi.it\/de\/event\/dolomiti-un-paesaggio-tutelato-2\/","name":"Dolomiti - Un paesaggio tutelato - Dolomiti Prealpi","isPartOf":{"@id":"https:\/\/www.dolomitiprealpi.it\/de\/#website"},"datePublished":"2026-04-17T11:19:23+00:00","dateModified":"2026-04-23T16:04:54+00:00","breadcrumb":{"@id":"https:\/\/www.dolomitiprealpi.it\/de\/event\/dolomiti-un-paesaggio-tutelato-2\/#breadcrumb"},"inLanguage":"de-DE","potentialAction":[{"@type":"ReadAction","target":["https:\/\/www.dolomitiprealpi.it\/de\/event\/dolomiti-un-paesaggio-tutelato-2\/"]}]},{"@type":"BreadcrumbList","@id":"https:\/\/www.dolomitiprealpi.it\/de\/event\/dolomiti-un-paesaggio-tutelato-2\/#breadcrumb","itemListElement":[{"@type":"ListItem","position":1,"name":"Home","item":"https:\/\/www.dolomitiprealpi.it\/de\/"},{"@type":"ListItem","position":2,"name":"Veranstaltungen","item":"https:\/\/www.dolomitiprealpi.it\/de\/events\/"},{"@type":"ListItem","position":3,"name":"Dolomiti &#8211; Un paesaggio tutelato"}]},{"@type":"WebSite","@id":"https:\/\/www.dolomitiprealpi.it\/de\/#website","url":"https:\/\/www.dolomitiprealpi.it\/de\/","name":"Dolomiti Prealpi","description":"","publisher":{"@id":"https:\/\/www.dolomitiprealpi.it\/de\/#organization"},"potentialAction":[{"@type":"SearchAction","target":{"@type":"EntryPoint","urlTemplate":"https:\/\/www.dolomitiprealpi.it\/de\/?s={search_term_string}"},"query-input":{"@type":"PropertyValueSpecification","valueRequired":true,"valueName":"search_term_string"}}],"inLanguage":"de-DE"},{"@type":"Organization","@id":"https:\/\/www.dolomitiprealpi.it\/de\/#organization","name":"Consorzio Dolomiti Prealpi","url":"https:\/\/www.dolomitiprealpi.it\/de\/","logo":{"@type":"ImageObject","inLanguage":"de-DE","@id":"https:\/\/www.dolomitiprealpi.it\/de\/#\/schema\/logo\/image\/","url":"https:\/\/www.dolomitiprealpi.it\/wp-content\/uploads\/2023\/03\/dolomitiprealpi-favicon.jpg","contentUrl":"https:\/\/www.dolomitiprealpi.it\/wp-content\/uploads\/2023\/03\/dolomitiprealpi-favicon.jpg","width":512,"height":512,"caption":"Consorzio Dolomiti Prealpi"},"image":{"@id":"https:\/\/www.dolomitiprealpi.it\/de\/#\/schema\/logo\/image\/"},"sameAs":["https:\/\/www.facebook.com\/dolomitiprealpi.it\/","https:\/\/www.instagram.com\/dolomitiprealpi\/"]}]}},"_links":{"self":[{"href":"https:\/\/www.dolomitiprealpi.it\/de\/wp-json\/wp\/v2\/tribe_events\/88593","targetHints":{"allow":["GET"]}}],"collection":[{"href":"https:\/\/www.dolomitiprealpi.it\/de\/wp-json\/wp\/v2\/tribe_events"}],"about":[{"href":"https:\/\/www.dolomitiprealpi.it\/de\/wp-json\/wp\/v2\/types\/tribe_events"}],"version-history":[{"count":1,"href":"https:\/\/www.dolomitiprealpi.it\/de\/wp-json\/wp\/v2\/tribe_events\/88593\/revisions"}],"predecessor-version":[{"id":89279,"href":"https:\/\/www.dolomitiprealpi.it\/de\/wp-json\/wp\/v2\/tribe_events\/88593\/revisions\/89279"}],"wp:attachment":[{"href":"https:\/\/www.dolomitiprealpi.it\/de\/wp-json\/wp\/v2\/media?parent=88593"}],"wp:term":[{"taxonomy":"post_tag","embeddable":true,"href":"https:\/\/www.dolomitiprealpi.it\/de\/wp-json\/wp\/v2\/tags?post=88593"},{"taxonomy":"tribe_events_cat","embeddable":true,"href":"https:\/\/www.dolomitiprealpi.it\/de\/wp-json\/wp\/v2\/tribe_events_cat?post=88593"}],"curies":[{"name":"wp","href":"https:\/\/api.w.org\/{rel}","templated":true}]}}

<p>Die Ausstellung ist zu besichtigen:<br />Von Dienstag bis Freitag: 9:00 &#8211; 12:00 und 15:00 &#8211; 17:00<br />Samstag und Sonntag: 9:00 &#8211; 12:30 und 15:00 &#8211; 18:00 </p>
<p>Das Startdatum der Veranstaltung <b>Über die Gipfel </b>ist am Samstag, den 4. Oktober 2025, mit der Präsentation um 10:30 Uhr im Palast Bembo des gleichnamigen Buches <i>“Dolomiten – Eine geschützte Landschaft”</i>. Die Autoren werden anwesend sein, und das Treffen wird von dem Journalisten Flavio Faoro geleitet.</p>
<p>Anschließend findet um 11:30 Uhr im Palast Bembo die Eröffnung der Ausstellung mit dem Titel <i>“<b>Dolomiten – Eine geschützte Landschaft</b>”.</i>&nbsp;<br />Die Ausstellung präsentiert die beeindruckenden Fotografien von Manuel Cicchetti und die Texte des Schriftstellers Antonio G. Bortoluzzi, die aus dem gleichnamigen Buch von Marsilio Arte und der Region Venetien stammen.</p>
<p>Eine Ausstellung, die die Komplexität eines der emblematischsten und verletzlichsten Naturgebiete Europas zurückgeben möchte, das den Herausforderungen des Klimawandels, der Urbanisierung und des invasiven Tourismus ausgesetzt ist. Cicchetti und Bortoluzzi verweben Vision und Schreiben, um den Hochländern ihre Bedeutung für die Zivilisation zurückzugeben, und tun dies durch die drei Leitlinien der Landschaft, der gebauten Räume und der Sozialität.</p>
<p>Freier Eintritt.</p>
<p>Buchpräsentation und Ausstellung &#8211; <i>Über die Gipfel</i></p>

<p>Die Ausstellung ist zu besichtigen:Von Dienstag bis Freitag: 9:00 &#8211; 12:00 und 15:00 &#8211; 17:00Samstag und Sonntag: 9:00 &#8211; 12:30 und 15:00 &#8211; 18:00 Das Startdatum der Veranstaltung Über die</p>

<!-- This site is optimized with the Yoast SEO plugin v25.7 - https://yoast.com/wordpress/plugins/seo/ -->
<title>Dolomiti - Un paesaggio tutelato - Dolomiti Prealpi</title>
<meta name="robots" content="index, follow, max-snippet:-1, max-image-preview:large, max-video-preview:-1" />
<link rel="canonical" href="https://www.dolomitiprealpi.it/de/event/dolomiti-un-paesaggio-tutelato-2/" />
<meta property="og:locale" content="de_DE" />
<meta property="og:type" content="article" />
<meta property="og:title" content="Dolomiti - Un paesaggio tutelato - Dolomiti Prealpi" />
<meta property="og:description" content="Die Ausstellung ist zu besichtigen:Von Dienstag bis Freitag: 9:00 &#8211; 12:00 und 15:00 &#8211; 17:00Samstag und Sonntag: 9:00 &#8211; 12:30 und 15:00 &#8211; 18:00 Das Startdatum der Veranstaltung Über die" />
<meta property="og:url" content="https://www.dolomitiprealpi.it/de/event/dolomiti-un-paesaggio-tutelato-2/" />
<meta property="og:site_name" content="Dolomiti Prealpi" />
<meta property="article:publisher" content="https://www.facebook.com/dolomitiprealpi.it/" />
<meta property="article:modified_time" content="2026-04-23T16:04:54+00:00" />
<meta property="og:image" content="https://www.dolomitiprealpi.it/wp-content/uploads/2022/11/C.-Timpone-Foto-archivio-Consorzio-turistico-Dolomiti-Prealpi-Nevegal-Belluno-Bike-18-2.jpg" />
	<meta property="og:image:width" content="2048" />
	<meta property="og:image:height" content="1888" />
	<meta property="og:image:type" content="image/jpeg" />
<meta name="twitter:card" content="summary_large_image" />
<meta name="twitter:label1" content="Est. reading time" />
	<meta name="twitter:data1" content="1 minute" />
<script type="application/ld+json" class="yoast-schema-graph">{"@context":"https://schema.org","@graph":[{"@type":"WebPage","@id":"https://www.dolomitiprealpi.it/de/event/dolomiti-un-paesaggio-tutelato-2/","url":"https://www.dolomitiprealpi.it/de/event/dolomiti-un-paesaggio-tutelato-2/","name":"Dolomiti - Un paesaggio tutelato - Dolomiti Prealpi","isPartOf":{"@id":"https://www.dolomitiprealpi.it/de/#website"},"datePublished":"2026-04-17T11:19:23+00:00","dateModified":"2026-04-23T16:04:54+00:00","breadcrumb":{"@id":"https://www.dolomitiprealpi.it/de/event/dolomiti-un-paesaggio-tutelato-2/#breadcrumb"},"inLanguage":"de-DE","potentialAction":[{"@type":"ReadAction","target":["https://www.dolomitiprealpi.it/de/event/dolomiti-un-paesaggio-tutelato-2/"]}]},{"@type":"BreadcrumbList","@id":"https://www.dolomitiprealpi.it/de/event/dolomiti-un-paesaggio-tutelato-2/#breadcrumb","itemListElement":[{"@type":"ListItem","position":1,"name":"Home","item":"https://www.dolomitiprealpi.it/de/"},{"@type":"ListItem","position":2,"name":"Veranstaltungen","item":"https://www.dolomitiprealpi.it/de/events/"},{"@type":"ListItem","position":3,"name":"Dolomiti &#8211; Un paesaggio tutelato"}]},{"@type":"WebSite","@id":"https://www.dolomitiprealpi.it/de/#website","url":"https://www.dolomitiprealpi.it/de/","name":"Dolomiti Prealpi","description":"","publisher":{"@id":"https://www.dolomitiprealpi.it/de/#organization"},"potentialAction":[{"@type":"SearchAction","target":{"@type":"EntryPoint","urlTemplate":"https://www.dolomitiprealpi.it/de/?s={search_term_string}"},"query-input":{"@type":"PropertyValueSpecification","valueRequired":true,"valueName":"search_term_string"}}],"inLanguage":"de-DE"},{"@type":"Organization","@id":"https://www.dolomitiprealpi.it/de/#organization","name":"Consorzio Dolomiti Prealpi","url":"https://www.dolomitiprealpi.it/de/","logo":{"@type":"ImageObject","inLanguage":"de-DE","@id":"https://www.dolomitiprealpi.it/de/#/schema/logo/image/","url":"https://www.dolomitiprealpi.it/wp-content/uploads/2023/03/dolomitiprealpi-favicon.jpg","contentUrl":"https://www.dolomitiprealpi.it/wp-content/uploads/2023/03/dolomitiprealpi-favicon.jpg","width":512,"height":512,"caption":"Consorzio Dolomiti Prealpi"},"image":{"@id":"https://www.dolomitiprealpi.it/de/#/schema/logo/image/"},"sameAs":["https://www.facebook.com/dolomitiprealpi.it/","https://www.instagram.com/dolomitiprealpi/"]}]}</script>
<!-- / Yoast SEO plugin. -->

Die Ausstellung ist zu besichtigen:Von Dienstag bis Freitag: 9:00 &#8211; 12:00 und 15:00 &#8211; 17:00Samstag und Sonntag: 9:00 &#8211; 12:30 und 15:00 &#8211; 18:00 Das Startdatum der Veranstaltung Über die
