{"id":88574,"date":"2026-02-15T12:26:03","date_gmt":"2026-02-15T11:26:03","guid":{"rendered":"https:\/\/www.dolomitiprealpi.it\/event\/fattorie-didattiche-giornata-aperta\/"},"modified":"2026-03-20T13:07:23","modified_gmt":"2026-03-20T12:07:23","slug":"fattorie-didattiche-giornata-aperta","status":"publish","type":"tribe_events","link":"https:\/\/www.dolomitiprealpi.it\/de\/event\/fattorie-didattiche-giornata-aperta\/","title":{"rendered":"Fattorie didattiche. Giornata aperta"},"content":{"rendered":"<p>Die offenen Lernbauernh\u00f6fe sind zur\u00fcck!<\/p>\n<p>Am Sonntag, dem 12. Oktober, findet die 22. Ausgabe der Veranstaltung statt, die von der Region Venetien in Zusammenarbeit mit den landwirtschaftlichen Berufsorganisationen organisiert wird. Ziel ist es, die Lehrbauernh\u00f6fe, die im regionalen Verzeichnis eingetragen sind, als Orte des Lernens, des Treffens und des Wohlbefindens f\u00fcr Menschen jeden Alters zu f\u00f6rdern.<\/p>\n<p>An diesem Sonntag \u00f6ffnen die Lehrbauernh\u00f6fe ihre T\u00fcren und bieten kostenlose F\u00fchrungen an. Einige von ihnen organisieren kostenpflichtige Workshops f\u00fcr Klein und Gro\u00df zu einem Aktionspreis, die mit ihrer identit\u00e4tsstiftenden, produktiven und territorialen Realit\u00e4t verbunden sind. Das verbindende Thema aller didaktischen Angebote in diesem Jahr ist das Angebot von didaktischen, sozialen und emotionalen Erfahrungen, um neue Lebenskompetenzen zu entwickeln und zu trainieren, die mit dem Bed\u00fcrfnis verbunden sind, neue F\u00e4higkeiten zu erwerben, um die Herausforderungen der modernen Welt zu meistern, in dem aufkommenden Bildungsbereich, der als Antifragilit\u00e4t bekannt ist.<\/p>\n<p>Die Reservierung ist obligatorisch, sowohl f\u00fcr die F\u00fchrungen als auch f\u00fcr die Anmeldung zu den geschlossenen Workshops, indem Sie sich direkt an den Verantwortlichen des Lehrbauernhofs wenden.<\/p>\n<p>Informieren Sie sich auf der Website und folgen Sie dem Google Maps-Link, der f\u00fcr jede Provinz bereitgestellt wird, um die Geolokalisierung, \u00d6ffnungszeiten, Kontakte und Programme zu \u00fcberpr\u00fcfen.<\/p>\n","protected":false},"excerpt":{"rendered":"<p>Die offenen Lernbauernh\u00f6fe sind zur\u00fcck! Am Sonntag, dem 12. Oktober, findet die 22. Ausgabe der Veranstaltung statt, die von der Region Venetien in Zusammenarbeit mit den landwirtschaftlichen Berufsorganisationen organisiert wird.<\/p>\n","protected":false},"author":0,"featured_media":0,"template":"","meta":{"_acf_changed":false,"inline_featured_image":false,"_tribe_events_status":"","_tribe_events_status_reason":"","footnotes":""},"tags":[259],"tribe_events_cat":[],"class_list":["post-88574","tribe_events","type-tribe_events","status-publish","hentry","tag-eventi-feratel"],"acf":[],"yoast_head":"<!-- This site is optimized with the Yoast SEO plugin v25.7 - https:\/\/yoast.com\/wordpress\/plugins\/seo\/ -->\n<title>Fattorie didattiche. Giornata aperta - Dolomiti Prealpi<\/title>\n<meta name=\"robots\" content=\"index, follow, max-snippet:-1, max-image-preview:large, max-video-preview:-1\" \/>\n<link rel=\"canonical\" href=\"https:\/\/www.dolomitiprealpi.it\/de\/event\/fattorie-didattiche-giornata-aperta\/\" \/>\n<meta property=\"og:locale\" content=\"de_DE\" \/>\n<meta property=\"og:type\" content=\"article\" \/>\n<meta property=\"og:title\" content=\"Fattorie didattiche. Giornata aperta - Dolomiti Prealpi\" \/>\n<meta property=\"og:description\" content=\"Die offenen Lernbauernh\u00f6fe sind zur\u00fcck! Am Sonntag, dem 12. Oktober, findet die 22. Ausgabe der Veranstaltung statt, die von der Region Venetien in Zusammenarbeit mit den landwirtschaftlichen Berufsorganisationen organisiert wird.\" \/>\n<meta property=\"og:url\" content=\"https:\/\/www.dolomitiprealpi.it\/de\/event\/fattorie-didattiche-giornata-aperta\/\" \/>\n<meta property=\"og:site_name\" content=\"Dolomiti Prealpi\" \/>\n<meta property=\"article:publisher\" content=\"https:\/\/www.facebook.com\/dolomitiprealpi.it\/\" \/>\n<meta property=\"article:modified_time\" content=\"2026-03-20T12:07:23+00:00\" \/>\n<meta property=\"og:image\" content=\"https:\/\/www.dolomitiprealpi.it\/wp-content\/uploads\/2022\/11\/C.-Timpone-Foto-archivio-Consorzio-turistico-Dolomiti-Prealpi-Nevegal-Belluno-Bike-18-2.jpg\" \/>\n\t<meta property=\"og:image:width\" content=\"2048\" \/>\n\t<meta property=\"og:image:height\" content=\"1888\" \/>\n\t<meta property=\"og:image:type\" content=\"image\/jpeg\" \/>\n<meta name=\"twitter:card\" content=\"summary_large_image\" \/>\n<meta name=\"twitter:label1\" content=\"Est. reading time\" \/>\n\t<meta name=\"twitter:data1\" content=\"1 minute\" \/>\n<script type=\"application\/ld+json\" class=\"yoast-schema-graph\">{\"@context\":\"https:\/\/schema.org\",\"@graph\":[{\"@type\":\"WebPage\",\"@id\":\"https:\/\/www.dolomitiprealpi.it\/de\/event\/fattorie-didattiche-giornata-aperta\/\",\"url\":\"https:\/\/www.dolomitiprealpi.it\/de\/event\/fattorie-didattiche-giornata-aperta\/\",\"name\":\"Fattorie didattiche. Giornata aperta - Dolomiti Prealpi\",\"isPartOf\":{\"@id\":\"https:\/\/www.dolomitiprealpi.it\/de\/#website\"},\"datePublished\":\"2026-02-15T11:26:03+00:00\",\"dateModified\":\"2026-03-20T12:07:23+00:00\",\"breadcrumb\":{\"@id\":\"https:\/\/www.dolomitiprealpi.it\/de\/event\/fattorie-didattiche-giornata-aperta\/#breadcrumb\"},\"inLanguage\":\"de-DE\",\"potentialAction\":[{\"@type\":\"ReadAction\",\"target\":[\"https:\/\/www.dolomitiprealpi.it\/de\/event\/fattorie-didattiche-giornata-aperta\/\"]}]},{\"@type\":\"BreadcrumbList\",\"@id\":\"https:\/\/www.dolomitiprealpi.it\/de\/event\/fattorie-didattiche-giornata-aperta\/#breadcrumb\",\"itemListElement\":[{\"@type\":\"ListItem\",\"position\":1,\"name\":\"Home\",\"item\":\"https:\/\/www.dolomitiprealpi.it\/de\/\"},{\"@type\":\"ListItem\",\"position\":2,\"name\":\"Veranstaltungen\",\"item\":\"https:\/\/www.dolomitiprealpi.it\/de\/events\/\"},{\"@type\":\"ListItem\",\"position\":3,\"name\":\"Fattorie didattiche. Giornata aperta\"}]},{\"@type\":\"WebSite\",\"@id\":\"https:\/\/www.dolomitiprealpi.it\/de\/#website\",\"url\":\"https:\/\/www.dolomitiprealpi.it\/de\/\",\"name\":\"Dolomiti Prealpi\",\"description\":\"\",\"publisher\":{\"@id\":\"https:\/\/www.dolomitiprealpi.it\/de\/#organization\"},\"potentialAction\":[{\"@type\":\"SearchAction\",\"target\":{\"@type\":\"EntryPoint\",\"urlTemplate\":\"https:\/\/www.dolomitiprealpi.it\/de\/?s={search_term_string}\"},\"query-input\":{\"@type\":\"PropertyValueSpecification\",\"valueRequired\":true,\"valueName\":\"search_term_string\"}}],\"inLanguage\":\"de-DE\"},{\"@type\":\"Organization\",\"@id\":\"https:\/\/www.dolomitiprealpi.it\/de\/#organization\",\"name\":\"Consorzio Dolomiti Prealpi\",\"url\":\"https:\/\/www.dolomitiprealpi.it\/de\/\",\"logo\":{\"@type\":\"ImageObject\",\"inLanguage\":\"de-DE\",\"@id\":\"https:\/\/www.dolomitiprealpi.it\/de\/#\/schema\/logo\/image\/\",\"url\":\"https:\/\/www.dolomitiprealpi.it\/wp-content\/uploads\/2023\/03\/dolomitiprealpi-favicon.jpg\",\"contentUrl\":\"https:\/\/www.dolomitiprealpi.it\/wp-content\/uploads\/2023\/03\/dolomitiprealpi-favicon.jpg\",\"width\":512,\"height\":512,\"caption\":\"Consorzio Dolomiti Prealpi\"},\"image\":{\"@id\":\"https:\/\/www.dolomitiprealpi.it\/de\/#\/schema\/logo\/image\/\"},\"sameAs\":[\"https:\/\/www.facebook.com\/dolomitiprealpi.it\/\",\"https:\/\/www.instagram.com\/dolomitiprealpi\/\"]}]}<\/script>\n<!-- \/ Yoast SEO plugin. -->","yoast_head_json":{"title":"Fattorie didattiche. Giornata aperta - Dolomiti Prealpi","robots":{"index":"index","follow":"follow","max-snippet":"max-snippet:-1","max-image-preview":"max-image-preview:large","max-video-preview":"max-video-preview:-1"},"canonical":"https:\/\/www.dolomitiprealpi.it\/de\/event\/fattorie-didattiche-giornata-aperta\/","og_locale":"de_DE","og_type":"article","og_title":"Fattorie didattiche. Giornata aperta - Dolomiti Prealpi","og_description":"Die offenen Lernbauernh\u00f6fe sind zur\u00fcck! Am Sonntag, dem 12. Oktober, findet die 22. Ausgabe der Veranstaltung statt, die von der Region Venetien in Zusammenarbeit mit den landwirtschaftlichen Berufsorganisationen organisiert wird.","og_url":"https:\/\/www.dolomitiprealpi.it\/de\/event\/fattorie-didattiche-giornata-aperta\/","og_site_name":"Dolomiti Prealpi","article_publisher":"https:\/\/www.facebook.com\/dolomitiprealpi.it\/","article_modified_time":"2026-03-20T12:07:23+00:00","og_image":[{"width":2048,"height":1888,"url":"https:\/\/www.dolomitiprealpi.it\/wp-content\/uploads\/2022\/11\/C.-Timpone-Foto-archivio-Consorzio-turistico-Dolomiti-Prealpi-Nevegal-Belluno-Bike-18-2.jpg","type":"image\/jpeg"}],"twitter_card":"summary_large_image","twitter_misc":{"Est. reading time":"1 minute"},"schema":{"@context":"https:\/\/schema.org","@graph":[{"@type":"WebPage","@id":"https:\/\/www.dolomitiprealpi.it\/de\/event\/fattorie-didattiche-giornata-aperta\/","url":"https:\/\/www.dolomitiprealpi.it\/de\/event\/fattorie-didattiche-giornata-aperta\/","name":"Fattorie didattiche. Giornata aperta - Dolomiti Prealpi","isPartOf":{"@id":"https:\/\/www.dolomitiprealpi.it\/de\/#website"},"datePublished":"2026-02-15T11:26:03+00:00","dateModified":"2026-03-20T12:07:23+00:00","breadcrumb":{"@id":"https:\/\/www.dolomitiprealpi.it\/de\/event\/fattorie-didattiche-giornata-aperta\/#breadcrumb"},"inLanguage":"de-DE","potentialAction":[{"@type":"ReadAction","target":["https:\/\/www.dolomitiprealpi.it\/de\/event\/fattorie-didattiche-giornata-aperta\/"]}]},{"@type":"BreadcrumbList","@id":"https:\/\/www.dolomitiprealpi.it\/de\/event\/fattorie-didattiche-giornata-aperta\/#breadcrumb","itemListElement":[{"@type":"ListItem","position":1,"name":"Home","item":"https:\/\/www.dolomitiprealpi.it\/de\/"},{"@type":"ListItem","position":2,"name":"Veranstaltungen","item":"https:\/\/www.dolomitiprealpi.it\/de\/events\/"},{"@type":"ListItem","position":3,"name":"Fattorie didattiche. Giornata aperta"}]},{"@type":"WebSite","@id":"https:\/\/www.dolomitiprealpi.it\/de\/#website","url":"https:\/\/www.dolomitiprealpi.it\/de\/","name":"Dolomiti Prealpi","description":"","publisher":{"@id":"https:\/\/www.dolomitiprealpi.it\/de\/#organization"},"potentialAction":[{"@type":"SearchAction","target":{"@type":"EntryPoint","urlTemplate":"https:\/\/www.dolomitiprealpi.it\/de\/?s={search_term_string}"},"query-input":{"@type":"PropertyValueSpecification","valueRequired":true,"valueName":"search_term_string"}}],"inLanguage":"de-DE"},{"@type":"Organization","@id":"https:\/\/www.dolomitiprealpi.it\/de\/#organization","name":"Consorzio Dolomiti Prealpi","url":"https:\/\/www.dolomitiprealpi.it\/de\/","logo":{"@type":"ImageObject","inLanguage":"de-DE","@id":"https:\/\/www.dolomitiprealpi.it\/de\/#\/schema\/logo\/image\/","url":"https:\/\/www.dolomitiprealpi.it\/wp-content\/uploads\/2023\/03\/dolomitiprealpi-favicon.jpg","contentUrl":"https:\/\/www.dolomitiprealpi.it\/wp-content\/uploads\/2023\/03\/dolomitiprealpi-favicon.jpg","width":512,"height":512,"caption":"Consorzio Dolomiti Prealpi"},"image":{"@id":"https:\/\/www.dolomitiprealpi.it\/de\/#\/schema\/logo\/image\/"},"sameAs":["https:\/\/www.facebook.com\/dolomitiprealpi.it\/","https:\/\/www.instagram.com\/dolomitiprealpi\/"]}]}},"_links":{"self":[{"href":"https:\/\/www.dolomitiprealpi.it\/de\/wp-json\/wp\/v2\/tribe_events\/88574","targetHints":{"allow":["GET"]}}],"collection":[{"href":"https:\/\/www.dolomitiprealpi.it\/de\/wp-json\/wp\/v2\/tribe_events"}],"about":[{"href":"https:\/\/www.dolomitiprealpi.it\/de\/wp-json\/wp\/v2\/types\/tribe_events"}],"version-history":[{"count":1,"href":"https:\/\/www.dolomitiprealpi.it\/de\/wp-json\/wp\/v2\/tribe_events\/88574\/revisions"}],"predecessor-version":[{"id":89260,"href":"https:\/\/www.dolomitiprealpi.it\/de\/wp-json\/wp\/v2\/tribe_events\/88574\/revisions\/89260"}],"wp:attachment":[{"href":"https:\/\/www.dolomitiprealpi.it\/de\/wp-json\/wp\/v2\/media?parent=88574"}],"wp:term":[{"taxonomy":"post_tag","embeddable":true,"href":"https:\/\/www.dolomitiprealpi.it\/de\/wp-json\/wp\/v2\/tags?post=88574"},{"taxonomy":"tribe_events_cat","embeddable":true,"href":"https:\/\/www.dolomitiprealpi.it\/de\/wp-json\/wp\/v2\/tribe_events_cat?post=88574"}],"curies":[{"name":"wp","href":"https:\/\/api.w.org\/{rel}","templated":true}]}}

<p>Die offenen Lernbauernhöfe sind zurück!</p>
<p>Am Sonntag, dem 12. Oktober, findet die 22. Ausgabe der Veranstaltung statt, die von der Region Venetien in Zusammenarbeit mit den landwirtschaftlichen Berufsorganisationen organisiert wird. Ziel ist es, die Lehrbauernhöfe, die im regionalen Verzeichnis eingetragen sind, als Orte des Lernens, des Treffens und des Wohlbefindens für Menschen jeden Alters zu fördern.</p>
<p>An diesem Sonntag öffnen die Lehrbauernhöfe ihre Türen und bieten kostenlose Führungen an. Einige von ihnen organisieren kostenpflichtige Workshops für Klein und Groß zu einem Aktionspreis, die mit ihrer identitätsstiftenden, produktiven und territorialen Realität verbunden sind. Das verbindende Thema aller didaktischen Angebote in diesem Jahr ist das Angebot von didaktischen, sozialen und emotionalen Erfahrungen, um neue Lebenskompetenzen zu entwickeln und zu trainieren, die mit dem Bedürfnis verbunden sind, neue Fähigkeiten zu erwerben, um die Herausforderungen der modernen Welt zu meistern, in dem aufkommenden Bildungsbereich, der als Antifragilität bekannt ist.</p>
<p>Die Reservierung ist obligatorisch, sowohl für die Führungen als auch für die Anmeldung zu den geschlossenen Workshops, indem Sie sich direkt an den Verantwortlichen des Lehrbauernhofs wenden.</p>
<p>Informieren Sie sich auf der Website und folgen Sie dem Google Maps-Link, der für jede Provinz bereitgestellt wird, um die Geolokalisierung, Öffnungszeiten, Kontakte und Programme zu überprüfen.</p>

<p>Die offenen Lernbauernhöfe sind zurück! Am Sonntag, dem 12. Oktober, findet die 22. Ausgabe der Veranstaltung statt, die von der Region Venetien in Zusammenarbeit mit den landwirtschaftlichen Berufsorganisationen organisiert wird.</p>

<!-- This site is optimized with the Yoast SEO plugin v25.7 - https://yoast.com/wordpress/plugins/seo/ -->
<title>Fattorie didattiche. Giornata aperta - Dolomiti Prealpi</title>
<meta name="robots" content="index, follow, max-snippet:-1, max-image-preview:large, max-video-preview:-1" />
<link rel="canonical" href="https://www.dolomitiprealpi.it/de/event/fattorie-didattiche-giornata-aperta/" />
<meta property="og:locale" content="de_DE" />
<meta property="og:type" content="article" />
<meta property="og:title" content="Fattorie didattiche. Giornata aperta - Dolomiti Prealpi" />
<meta property="og:description" content="Die offenen Lernbauernhöfe sind zurück! Am Sonntag, dem 12. Oktober, findet die 22. Ausgabe der Veranstaltung statt, die von der Region Venetien in Zusammenarbeit mit den landwirtschaftlichen Berufsorganisationen organisiert wird." />
<meta property="og:url" content="https://www.dolomitiprealpi.it/de/event/fattorie-didattiche-giornata-aperta/" />
<meta property="og:site_name" content="Dolomiti Prealpi" />
<meta property="article:publisher" content="https://www.facebook.com/dolomitiprealpi.it/" />
<meta property="article:modified_time" content="2026-03-20T12:07:23+00:00" />
<meta property="og:image" content="https://www.dolomitiprealpi.it/wp-content/uploads/2022/11/C.-Timpone-Foto-archivio-Consorzio-turistico-Dolomiti-Prealpi-Nevegal-Belluno-Bike-18-2.jpg" />
	<meta property="og:image:width" content="2048" />
	<meta property="og:image:height" content="1888" />
	<meta property="og:image:type" content="image/jpeg" />
<meta name="twitter:card" content="summary_large_image" />
<meta name="twitter:label1" content="Est. reading time" />
	<meta name="twitter:data1" content="1 minute" />
<script type="application/ld+json" class="yoast-schema-graph">{"@context":"https://schema.org","@graph":[{"@type":"WebPage","@id":"https://www.dolomitiprealpi.it/de/event/fattorie-didattiche-giornata-aperta/","url":"https://www.dolomitiprealpi.it/de/event/fattorie-didattiche-giornata-aperta/","name":"Fattorie didattiche. Giornata aperta - Dolomiti Prealpi","isPartOf":{"@id":"https://www.dolomitiprealpi.it/de/#website"},"datePublished":"2026-02-15T11:26:03+00:00","dateModified":"2026-03-20T12:07:23+00:00","breadcrumb":{"@id":"https://www.dolomitiprealpi.it/de/event/fattorie-didattiche-giornata-aperta/#breadcrumb"},"inLanguage":"de-DE","potentialAction":[{"@type":"ReadAction","target":["https://www.dolomitiprealpi.it/de/event/fattorie-didattiche-giornata-aperta/"]}]},{"@type":"BreadcrumbList","@id":"https://www.dolomitiprealpi.it/de/event/fattorie-didattiche-giornata-aperta/#breadcrumb","itemListElement":[{"@type":"ListItem","position":1,"name":"Home","item":"https://www.dolomitiprealpi.it/de/"},{"@type":"ListItem","position":2,"name":"Veranstaltungen","item":"https://www.dolomitiprealpi.it/de/events/"},{"@type":"ListItem","position":3,"name":"Fattorie didattiche. Giornata aperta"}]},{"@type":"WebSite","@id":"https://www.dolomitiprealpi.it/de/#website","url":"https://www.dolomitiprealpi.it/de/","name":"Dolomiti Prealpi","description":"","publisher":{"@id":"https://www.dolomitiprealpi.it/de/#organization"},"potentialAction":[{"@type":"SearchAction","target":{"@type":"EntryPoint","urlTemplate":"https://www.dolomitiprealpi.it/de/?s={search_term_string}"},"query-input":{"@type":"PropertyValueSpecification","valueRequired":true,"valueName":"search_term_string"}}],"inLanguage":"de-DE"},{"@type":"Organization","@id":"https://www.dolomitiprealpi.it/de/#organization","name":"Consorzio Dolomiti Prealpi","url":"https://www.dolomitiprealpi.it/de/","logo":{"@type":"ImageObject","inLanguage":"de-DE","@id":"https://www.dolomitiprealpi.it/de/#/schema/logo/image/","url":"https://www.dolomitiprealpi.it/wp-content/uploads/2023/03/dolomitiprealpi-favicon.jpg","contentUrl":"https://www.dolomitiprealpi.it/wp-content/uploads/2023/03/dolomitiprealpi-favicon.jpg","width":512,"height":512,"caption":"Consorzio Dolomiti Prealpi"},"image":{"@id":"https://www.dolomitiprealpi.it/de/#/schema/logo/image/"},"sameAs":["https://www.facebook.com/dolomitiprealpi.it/","https://www.instagram.com/dolomitiprealpi/"]}]}</script>
<!-- / Yoast SEO plugin. -->

Die offenen Lernbauernhöfe sind zurück! Am Sonntag, dem 12. Oktober, findet die 22. Ausgabe der Veranstaltung statt, die von der Region Venetien in Zusammenarbeit mit den landwirtschaftlichen Berufsorganisationen organisiert wird.
