{"id":88563,"date":"2026-04-17T13:17:18","date_gmt":"2026-04-17T11:17:18","guid":{"rendered":"https:\/\/www.dolomitiprealpi.it\/event\/caccia-ai-tesori-darte\/"},"modified":"2026-04-23T18:02:58","modified_gmt":"2026-04-23T16:02:58","slug":"caccia-ai-tesori-darte","status":"publish","type":"tribe_events","link":"https:\/\/www.dolomitiprealpi.it\/de\/event\/caccia-ai-tesori-darte\/","title":{"rendered":"Caccia ai tesori d&#8217;arte"},"content":{"rendered":"<p>&nbsp;Die Museen von Feltre verwandeln sich in eine<b> B\u00fchne voller Geheimnisse<\/b>, R\u00e4tsel und Wendungen mit \u201cKunstschatzsuche\u201d, einem Abenteuer, das man erleben muss, zwischen Kunst, Kultur und Krimi-Intrigen. <\/p>\n<p><b>Drei unverzichtbare Termine<\/b> werden Gro\u00dfe und Kleine in ein interaktives und spannendes Erlebnis einbeziehen, bei dem jeder Teilnehmer in die Rolle des Ermittlers schl\u00fcpfen muss, um ein gro\u00dfes Finale-R\u00e4tsel zu l\u00f6sen.<\/p>\n<p>  Die Reise beginnt am Sonntag, den 12. Oktober mit <b>\u201eAuf der Suche nach dem Schuldigen<\/b>.<b>..\u201d <\/b>in der Galleria d\u2019Arte Moderna Carlo Rizzarda: ein Kunstwerk wurde durch eine F\u00e4lschung ersetzt! Werden die kleinen Detektive herausfinden, wer der Schuldige ist, zwischen Hinweisen und Beweismitteln, die es zu analysieren gilt? Die Aktivit\u00e4t findet anl\u00e4sslich des Nationalen Familientages im Museum statt. <\/p>\n<p> Am Sonntag, den 19. Oktober geht es im Teatro de la Sena weiter mit<b> \u201eHinter den Kulissen: offene Ermittlungen\u201d<\/b>: ein Geheimnis verbirgt sich im Herzen des Theaters, wo ein Objekt verschwunden ist. Die Teilnehmer werden die B\u00fchne und die Hinterb\u00fchne erkunden, um den Schuldigen zu enth\u00fcllen, bevor der Vorhang f\u00e4llt. <\/p>\n<p> Gro\u00dfes Finale am Sonntag, den 26. Oktober mit <b>\u201eKrimi im Museum V\u201d, <\/b>einem Rundgang, der alle Orte der Kultur in Feltre verbindet: Galleria Rizzarda, Teatro de la Sena, Antiche Prigioni, Palazzo Pretorio und die T\u00fcrme des Schlosses. <\/p>\n<p>Nur wer die Hinweise entschl\u00fcsseln kann, wird das Geheimnis l\u00f6sen.  Die Aktivit\u00e4ten sind f\u00fcr Familien und Kinder (empfohlenes Alter 6-11 Jahre) gedacht. <\/p>\n<p>Kosten: \u20ac5 pro Veranstaltung oder ein spezielles Paket f\u00fcr \u20ac12 f\u00fcr alle drei. <\/p>\n<p>Reservierung ist erforderlich.<\/p>\n<p>Der Monat Oktober in den Museen von Feltre erstrahlt in Gelb!<\/p>\n","protected":false},"excerpt":{"rendered":"<p>&nbsp;Die Museen von Feltre verwandeln sich in eine B\u00fchne voller Geheimnisse, R\u00e4tsel und Wendungen mit \u201cKunstschatzsuche\u201d, einem Abenteuer, das man erleben muss, zwischen Kunst, Kultur und Krimi-Intrigen. Drei unverzichtbare Termine<\/p>\n","protected":false},"author":0,"featured_media":0,"template":"","meta":{"_acf_changed":false,"inline_featured_image":false,"_tribe_events_status":"","_tribe_events_status_reason":"","footnotes":""},"tags":[259],"tribe_events_cat":[],"class_list":["post-88563","tribe_events","type-tribe_events","status-publish","hentry","tag-eventi-feratel"],"acf":[],"yoast_head":"<!-- This site is optimized with the Yoast SEO plugin v25.7 - https:\/\/yoast.com\/wordpress\/plugins\/seo\/ -->\n<title>Caccia ai tesori d&#039;arte - Dolomiti Prealpi<\/title>\n<meta name=\"robots\" content=\"index, follow, max-snippet:-1, max-image-preview:large, max-video-preview:-1\" \/>\n<link rel=\"canonical\" href=\"https:\/\/www.dolomitiprealpi.it\/de\/event\/caccia-ai-tesori-darte\/\" \/>\n<meta property=\"og:locale\" content=\"de_DE\" \/>\n<meta property=\"og:type\" content=\"article\" \/>\n<meta property=\"og:title\" content=\"Caccia ai tesori d&#039;arte - Dolomiti Prealpi\" \/>\n<meta property=\"og:description\" content=\"&nbsp;Die Museen von Feltre verwandeln sich in eine B\u00fchne voller Geheimnisse, R\u00e4tsel und Wendungen mit \u201cKunstschatzsuche\u201d, einem Abenteuer, das man erleben muss, zwischen Kunst, Kultur und Krimi-Intrigen. Drei unverzichtbare Termine\" \/>\n<meta property=\"og:url\" content=\"https:\/\/www.dolomitiprealpi.it\/de\/event\/caccia-ai-tesori-darte\/\" \/>\n<meta property=\"og:site_name\" content=\"Dolomiti Prealpi\" \/>\n<meta property=\"article:publisher\" content=\"https:\/\/www.facebook.com\/dolomitiprealpi.it\/\" \/>\n<meta property=\"article:modified_time\" content=\"2026-04-23T16:02:58+00:00\" \/>\n<meta property=\"og:image\" content=\"https:\/\/www.dolomitiprealpi.it\/wp-content\/uploads\/2022\/11\/C.-Timpone-Foto-archivio-Consorzio-turistico-Dolomiti-Prealpi-Nevegal-Belluno-Bike-18-2.jpg\" \/>\n\t<meta property=\"og:image:width\" content=\"2048\" \/>\n\t<meta property=\"og:image:height\" content=\"1888\" \/>\n\t<meta property=\"og:image:type\" content=\"image\/jpeg\" \/>\n<meta name=\"twitter:card\" content=\"summary_large_image\" \/>\n<meta name=\"twitter:label1\" content=\"Est. reading time\" \/>\n\t<meta name=\"twitter:data1\" content=\"1 minute\" \/>\n<script type=\"application\/ld+json\" class=\"yoast-schema-graph\">{\"@context\":\"https:\/\/schema.org\",\"@graph\":[{\"@type\":\"WebPage\",\"@id\":\"https:\/\/www.dolomitiprealpi.it\/de\/event\/caccia-ai-tesori-darte\/\",\"url\":\"https:\/\/www.dolomitiprealpi.it\/de\/event\/caccia-ai-tesori-darte\/\",\"name\":\"Caccia ai tesori d'arte - Dolomiti Prealpi\",\"isPartOf\":{\"@id\":\"https:\/\/www.dolomitiprealpi.it\/de\/#website\"},\"datePublished\":\"2026-04-17T11:17:18+00:00\",\"dateModified\":\"2026-04-23T16:02:58+00:00\",\"breadcrumb\":{\"@id\":\"https:\/\/www.dolomitiprealpi.it\/de\/event\/caccia-ai-tesori-darte\/#breadcrumb\"},\"inLanguage\":\"de-DE\",\"potentialAction\":[{\"@type\":\"ReadAction\",\"target\":[\"https:\/\/www.dolomitiprealpi.it\/de\/event\/caccia-ai-tesori-darte\/\"]}]},{\"@type\":\"BreadcrumbList\",\"@id\":\"https:\/\/www.dolomitiprealpi.it\/de\/event\/caccia-ai-tesori-darte\/#breadcrumb\",\"itemListElement\":[{\"@type\":\"ListItem\",\"position\":1,\"name\":\"Home\",\"item\":\"https:\/\/www.dolomitiprealpi.it\/de\/\"},{\"@type\":\"ListItem\",\"position\":2,\"name\":\"Veranstaltungen\",\"item\":\"https:\/\/www.dolomitiprealpi.it\/de\/events\/\"},{\"@type\":\"ListItem\",\"position\":3,\"name\":\"Caccia ai tesori d&#8217;arte\"}]},{\"@type\":\"WebSite\",\"@id\":\"https:\/\/www.dolomitiprealpi.it\/de\/#website\",\"url\":\"https:\/\/www.dolomitiprealpi.it\/de\/\",\"name\":\"Dolomiti Prealpi\",\"description\":\"\",\"publisher\":{\"@id\":\"https:\/\/www.dolomitiprealpi.it\/de\/#organization\"},\"potentialAction\":[{\"@type\":\"SearchAction\",\"target\":{\"@type\":\"EntryPoint\",\"urlTemplate\":\"https:\/\/www.dolomitiprealpi.it\/de\/?s={search_term_string}\"},\"query-input\":{\"@type\":\"PropertyValueSpecification\",\"valueRequired\":true,\"valueName\":\"search_term_string\"}}],\"inLanguage\":\"de-DE\"},{\"@type\":\"Organization\",\"@id\":\"https:\/\/www.dolomitiprealpi.it\/de\/#organization\",\"name\":\"Consorzio Dolomiti Prealpi\",\"url\":\"https:\/\/www.dolomitiprealpi.it\/de\/\",\"logo\":{\"@type\":\"ImageObject\",\"inLanguage\":\"de-DE\",\"@id\":\"https:\/\/www.dolomitiprealpi.it\/de\/#\/schema\/logo\/image\/\",\"url\":\"https:\/\/www.dolomitiprealpi.it\/wp-content\/uploads\/2023\/03\/dolomitiprealpi-favicon.jpg\",\"contentUrl\":\"https:\/\/www.dolomitiprealpi.it\/wp-content\/uploads\/2023\/03\/dolomitiprealpi-favicon.jpg\",\"width\":512,\"height\":512,\"caption\":\"Consorzio Dolomiti Prealpi\"},\"image\":{\"@id\":\"https:\/\/www.dolomitiprealpi.it\/de\/#\/schema\/logo\/image\/\"},\"sameAs\":[\"https:\/\/www.facebook.com\/dolomitiprealpi.it\/\",\"https:\/\/www.instagram.com\/dolomitiprealpi\/\"]}]}<\/script>\n<!-- \/ Yoast SEO plugin. -->","yoast_head_json":{"title":"Caccia ai tesori d'arte - Dolomiti Prealpi","robots":{"index":"index","follow":"follow","max-snippet":"max-snippet:-1","max-image-preview":"max-image-preview:large","max-video-preview":"max-video-preview:-1"},"canonical":"https:\/\/www.dolomitiprealpi.it\/de\/event\/caccia-ai-tesori-darte\/","og_locale":"de_DE","og_type":"article","og_title":"Caccia ai tesori d'arte - Dolomiti Prealpi","og_description":"&nbsp;Die Museen von Feltre verwandeln sich in eine B\u00fchne voller Geheimnisse, R\u00e4tsel und Wendungen mit \u201cKunstschatzsuche\u201d, einem Abenteuer, das man erleben muss, zwischen Kunst, Kultur und Krimi-Intrigen. Drei unverzichtbare Termine","og_url":"https:\/\/www.dolomitiprealpi.it\/de\/event\/caccia-ai-tesori-darte\/","og_site_name":"Dolomiti Prealpi","article_publisher":"https:\/\/www.facebook.com\/dolomitiprealpi.it\/","article_modified_time":"2026-04-23T16:02:58+00:00","og_image":[{"width":2048,"height":1888,"url":"https:\/\/www.dolomitiprealpi.it\/wp-content\/uploads\/2022\/11\/C.-Timpone-Foto-archivio-Consorzio-turistico-Dolomiti-Prealpi-Nevegal-Belluno-Bike-18-2.jpg","type":"image\/jpeg"}],"twitter_card":"summary_large_image","twitter_misc":{"Est. reading time":"1 minute"},"schema":{"@context":"https:\/\/schema.org","@graph":[{"@type":"WebPage","@id":"https:\/\/www.dolomitiprealpi.it\/de\/event\/caccia-ai-tesori-darte\/","url":"https:\/\/www.dolomitiprealpi.it\/de\/event\/caccia-ai-tesori-darte\/","name":"Caccia ai tesori d'arte - Dolomiti Prealpi","isPartOf":{"@id":"https:\/\/www.dolomitiprealpi.it\/de\/#website"},"datePublished":"2026-04-17T11:17:18+00:00","dateModified":"2026-04-23T16:02:58+00:00","breadcrumb":{"@id":"https:\/\/www.dolomitiprealpi.it\/de\/event\/caccia-ai-tesori-darte\/#breadcrumb"},"inLanguage":"de-DE","potentialAction":[{"@type":"ReadAction","target":["https:\/\/www.dolomitiprealpi.it\/de\/event\/caccia-ai-tesori-darte\/"]}]},{"@type":"BreadcrumbList","@id":"https:\/\/www.dolomitiprealpi.it\/de\/event\/caccia-ai-tesori-darte\/#breadcrumb","itemListElement":[{"@type":"ListItem","position":1,"name":"Home","item":"https:\/\/www.dolomitiprealpi.it\/de\/"},{"@type":"ListItem","position":2,"name":"Veranstaltungen","item":"https:\/\/www.dolomitiprealpi.it\/de\/events\/"},{"@type":"ListItem","position":3,"name":"Caccia ai tesori d&#8217;arte"}]},{"@type":"WebSite","@id":"https:\/\/www.dolomitiprealpi.it\/de\/#website","url":"https:\/\/www.dolomitiprealpi.it\/de\/","name":"Dolomiti Prealpi","description":"","publisher":{"@id":"https:\/\/www.dolomitiprealpi.it\/de\/#organization"},"potentialAction":[{"@type":"SearchAction","target":{"@type":"EntryPoint","urlTemplate":"https:\/\/www.dolomitiprealpi.it\/de\/?s={search_term_string}"},"query-input":{"@type":"PropertyValueSpecification","valueRequired":true,"valueName":"search_term_string"}}],"inLanguage":"de-DE"},{"@type":"Organization","@id":"https:\/\/www.dolomitiprealpi.it\/de\/#organization","name":"Consorzio Dolomiti Prealpi","url":"https:\/\/www.dolomitiprealpi.it\/de\/","logo":{"@type":"ImageObject","inLanguage":"de-DE","@id":"https:\/\/www.dolomitiprealpi.it\/de\/#\/schema\/logo\/image\/","url":"https:\/\/www.dolomitiprealpi.it\/wp-content\/uploads\/2023\/03\/dolomitiprealpi-favicon.jpg","contentUrl":"https:\/\/www.dolomitiprealpi.it\/wp-content\/uploads\/2023\/03\/dolomitiprealpi-favicon.jpg","width":512,"height":512,"caption":"Consorzio Dolomiti Prealpi"},"image":{"@id":"https:\/\/www.dolomitiprealpi.it\/de\/#\/schema\/logo\/image\/"},"sameAs":["https:\/\/www.facebook.com\/dolomitiprealpi.it\/","https:\/\/www.instagram.com\/dolomitiprealpi\/"]}]}},"_links":{"self":[{"href":"https:\/\/www.dolomitiprealpi.it\/de\/wp-json\/wp\/v2\/tribe_events\/88563","targetHints":{"allow":["GET"]}}],"collection":[{"href":"https:\/\/www.dolomitiprealpi.it\/de\/wp-json\/wp\/v2\/tribe_events"}],"about":[{"href":"https:\/\/www.dolomitiprealpi.it\/de\/wp-json\/wp\/v2\/types\/tribe_events"}],"version-history":[{"count":1,"href":"https:\/\/www.dolomitiprealpi.it\/de\/wp-json\/wp\/v2\/tribe_events\/88563\/revisions"}],"predecessor-version":[{"id":89249,"href":"https:\/\/www.dolomitiprealpi.it\/de\/wp-json\/wp\/v2\/tribe_events\/88563\/revisions\/89249"}],"wp:attachment":[{"href":"https:\/\/www.dolomitiprealpi.it\/de\/wp-json\/wp\/v2\/media?parent=88563"}],"wp:term":[{"taxonomy":"post_tag","embeddable":true,"href":"https:\/\/www.dolomitiprealpi.it\/de\/wp-json\/wp\/v2\/tags?post=88563"},{"taxonomy":"tribe_events_cat","embeddable":true,"href":"https:\/\/www.dolomitiprealpi.it\/de\/wp-json\/wp\/v2\/tribe_events_cat?post=88563"}],"curies":[{"name":"wp","href":"https:\/\/api.w.org\/{rel}","templated":true}]}}

<p>&nbsp;Die Museen von Feltre verwandeln sich in eine<b> Bühne voller Geheimnisse</b>, Rätsel und Wendungen mit “Kunstschatzsuche”, einem Abenteuer, das man erleben muss, zwischen Kunst, Kultur und Krimi-Intrigen. </p>
<p><b>Drei unverzichtbare Termine</b> werden Große und Kleine in ein interaktives und spannendes Erlebnis einbeziehen, bei dem jeder Teilnehmer in die Rolle des Ermittlers schlüpfen muss, um ein großes Finale-Rätsel zu lösen.</p>
<p>  Die Reise beginnt am Sonntag, den 12. Oktober mit <b>„Auf der Suche nach dem Schuldigen</b>.<b>..” </b>in der Galleria d’Arte Moderna Carlo Rizzarda: ein Kunstwerk wurde durch eine Fälschung ersetzt! Werden die kleinen Detektive herausfinden, wer der Schuldige ist, zwischen Hinweisen und Beweismitteln, die es zu analysieren gilt? Die Aktivität findet anlässlich des Nationalen Familientages im Museum statt. </p>
<p> Am Sonntag, den 19. Oktober geht es im Teatro de la Sena weiter mit<b> „Hinter den Kulissen: offene Ermittlungen”</b>: ein Geheimnis verbirgt sich im Herzen des Theaters, wo ein Objekt verschwunden ist. Die Teilnehmer werden die Bühne und die Hinterbühne erkunden, um den Schuldigen zu enthüllen, bevor der Vorhang fällt. </p>
<p> Großes Finale am Sonntag, den 26. Oktober mit <b>„Krimi im Museum V”, </b>einem Rundgang, der alle Orte der Kultur in Feltre verbindet: Galleria Rizzarda, Teatro de la Sena, Antiche Prigioni, Palazzo Pretorio und die Türme des Schlosses. </p>
<p>Nur wer die Hinweise entschlüsseln kann, wird das Geheimnis lösen.  Die Aktivitäten sind für Familien und Kinder (empfohlenes Alter 6-11 Jahre) gedacht. </p>
<p>Kosten: €5 pro Veranstaltung oder ein spezielles Paket für €12 für alle drei. </p>
<p>Reservierung ist erforderlich.</p>
<p>Der Monat Oktober in den Museen von Feltre erstrahlt in Gelb!</p>

<p>&nbsp;Die Museen von Feltre verwandeln sich in eine Bühne voller Geheimnisse, Rätsel und Wendungen mit “Kunstschatzsuche”, einem Abenteuer, das man erleben muss, zwischen Kunst, Kultur und Krimi-Intrigen. Drei unverzichtbare Termine</p>

<!-- This site is optimized with the Yoast SEO plugin v25.7 - https://yoast.com/wordpress/plugins/seo/ -->
<title>Caccia ai tesori d&#039;arte - Dolomiti Prealpi</title>
<meta name="robots" content="index, follow, max-snippet:-1, max-image-preview:large, max-video-preview:-1" />
<link rel="canonical" href="https://www.dolomitiprealpi.it/de/event/caccia-ai-tesori-darte/" />
<meta property="og:locale" content="de_DE" />
<meta property="og:type" content="article" />
<meta property="og:title" content="Caccia ai tesori d&#039;arte - Dolomiti Prealpi" />
<meta property="og:description" content="&nbsp;Die Museen von Feltre verwandeln sich in eine Bühne voller Geheimnisse, Rätsel und Wendungen mit “Kunstschatzsuche”, einem Abenteuer, das man erleben muss, zwischen Kunst, Kultur und Krimi-Intrigen. Drei unverzichtbare Termine" />
<meta property="og:url" content="https://www.dolomitiprealpi.it/de/event/caccia-ai-tesori-darte/" />
<meta property="og:site_name" content="Dolomiti Prealpi" />
<meta property="article:publisher" content="https://www.facebook.com/dolomitiprealpi.it/" />
<meta property="article:modified_time" content="2026-04-23T16:02:58+00:00" />
<meta property="og:image" content="https://www.dolomitiprealpi.it/wp-content/uploads/2022/11/C.-Timpone-Foto-archivio-Consorzio-turistico-Dolomiti-Prealpi-Nevegal-Belluno-Bike-18-2.jpg" />
	<meta property="og:image:width" content="2048" />
	<meta property="og:image:height" content="1888" />
	<meta property="og:image:type" content="image/jpeg" />
<meta name="twitter:card" content="summary_large_image" />
<meta name="twitter:label1" content="Est. reading time" />
	<meta name="twitter:data1" content="1 minute" />
<script type="application/ld+json" class="yoast-schema-graph">{"@context":"https://schema.org","@graph":[{"@type":"WebPage","@id":"https://www.dolomitiprealpi.it/de/event/caccia-ai-tesori-darte/","url":"https://www.dolomitiprealpi.it/de/event/caccia-ai-tesori-darte/","name":"Caccia ai tesori d'arte - Dolomiti Prealpi","isPartOf":{"@id":"https://www.dolomitiprealpi.it/de/#website"},"datePublished":"2026-04-17T11:17:18+00:00","dateModified":"2026-04-23T16:02:58+00:00","breadcrumb":{"@id":"https://www.dolomitiprealpi.it/de/event/caccia-ai-tesori-darte/#breadcrumb"},"inLanguage":"de-DE","potentialAction":[{"@type":"ReadAction","target":["https://www.dolomitiprealpi.it/de/event/caccia-ai-tesori-darte/"]}]},{"@type":"BreadcrumbList","@id":"https://www.dolomitiprealpi.it/de/event/caccia-ai-tesori-darte/#breadcrumb","itemListElement":[{"@type":"ListItem","position":1,"name":"Home","item":"https://www.dolomitiprealpi.it/de/"},{"@type":"ListItem","position":2,"name":"Veranstaltungen","item":"https://www.dolomitiprealpi.it/de/events/"},{"@type":"ListItem","position":3,"name":"Caccia ai tesori d&#8217;arte"}]},{"@type":"WebSite","@id":"https://www.dolomitiprealpi.it/de/#website","url":"https://www.dolomitiprealpi.it/de/","name":"Dolomiti Prealpi","description":"","publisher":{"@id":"https://www.dolomitiprealpi.it/de/#organization"},"potentialAction":[{"@type":"SearchAction","target":{"@type":"EntryPoint","urlTemplate":"https://www.dolomitiprealpi.it/de/?s={search_term_string}"},"query-input":{"@type":"PropertyValueSpecification","valueRequired":true,"valueName":"search_term_string"}}],"inLanguage":"de-DE"},{"@type":"Organization","@id":"https://www.dolomitiprealpi.it/de/#organization","name":"Consorzio Dolomiti Prealpi","url":"https://www.dolomitiprealpi.it/de/","logo":{"@type":"ImageObject","inLanguage":"de-DE","@id":"https://www.dolomitiprealpi.it/de/#/schema/logo/image/","url":"https://www.dolomitiprealpi.it/wp-content/uploads/2023/03/dolomitiprealpi-favicon.jpg","contentUrl":"https://www.dolomitiprealpi.it/wp-content/uploads/2023/03/dolomitiprealpi-favicon.jpg","width":512,"height":512,"caption":"Consorzio Dolomiti Prealpi"},"image":{"@id":"https://www.dolomitiprealpi.it/de/#/schema/logo/image/"},"sameAs":["https://www.facebook.com/dolomitiprealpi.it/","https://www.instagram.com/dolomitiprealpi/"]}]}</script>
<!-- / Yoast SEO plugin. -->

&nbsp;Die Museen von Feltre verwandeln sich in eine Bühne voller Geheimnisse, Rätsel und Wendungen mit “Kunstschatzsuche”, einem Abenteuer, das man erleben muss, zwischen Kunst, Kultur und Krimi-Intrigen. Drei unverzichtbare Termine
