{"id":88561,"date":"2026-02-15T12:23:08","date_gmt":"2026-02-15T11:23:08","guid":{"rendered":"https:\/\/www.dolomitiprealpi.it\/event\/elserino-piol-di-valmorel-il-sogno-di-unimpresa\/"},"modified":"2026-03-20T13:04:36","modified_gmt":"2026-03-20T12:04:36","slug":"elserino-piol-di-valmorel-il-sogno-di-unimpresa","status":"publish","type":"tribe_events","link":"https:\/\/www.dolomitiprealpi.it\/de\/event\/elserino-piol-di-valmorel-il-sogno-di-unimpresa\/","title":{"rendered":"Elserino Piol di Valmorel. Il sogno di un&#8217;impresa"},"content":{"rendered":"<p>Erstauff\u00fchrung des Dokumentarfilms<\/p>\n<p>Am 2. Oktober 2025 findet im Palazzo Crepadona in Belluno die offizielle Pr\u00e4sentation des Dokuments &#8220;<b>Elserino Piol di Valmorel. Der Traum eines Unternehmens<\/b>&#8221; statt.<\/p>\n<p>Das D\u00e9partement f\u00fcr Kulturg\u00fcter hat dieses Dokumentarfilm \u00fcber das Leben und die Werke des Unternehmers Elserino Piol produziert, eines der einflussreichsten Personen der weltweiten Hochtechnologie im 20. und 21. Jahrhundert. Der biografische Dokumentarfilm wurde von Praktikantenstudenten erstellt, die am &#8220;Labor f\u00fcr die Erstellung von Dokumentarfilmen&#8221; des DAMS (Samuele Grando, Agnese Ferracin, Serena Toninello) teilgenommen haben, koordiniert von Dr. Vanni Cremasco (Leiter des Abteilungs Audio Video Labors), geleitet von Prof. Mirco Melanco.<\/p>\n<p>Der f\u00fcnfzigmin\u00fctige Film erz\u00e4hlt die biografische Geschichte von Elserino Piol, w\u00e4hrend er gleichzeitig die Entwicklung der Hochtechnologie von den 1950er Jahren bis heute nachzeichnet, einschlie\u00dflich Olivetti, Omnitel, Infostrada, Kiwi usw. Eine fesselnde Erz\u00e4hlung, die Piol auch mit seiner Heimat, dem sch\u00f6nen Valmorel, verbindet, einem Ort in den Prealpen von Belluno (ca. 800 m \u00fc.d.M.), wo in diesen Tagen offiziell der Sitz der Elserino Piol Stiftung eingeweiht wird. Die von Andrea Piol (Sohn von Elserino) geleitete Institution hat sich zum Ziel gesetzt, Jugendlichen Zugang zu einer sich st\u00e4ndig ver\u00e4ndernden technologischen Welt auch in den planetarischen Bergen zu erm\u00f6glichen, unter voller Achtung der Umwelt.<\/p>\n<p><b>Veranstaltung \u00f6ffentlich &#8211; Freier Eintritt bis zur Ersch\u00f6pfung der Sitzpl\u00e4tze.<\/b><\/p>\n<p><\/p>\n","protected":false},"excerpt":{"rendered":"<p>Erstauff\u00fchrung des Dokumentarfilms Am 2. Oktober 2025 findet im Palazzo Crepadona in Belluno die offizielle Pr\u00e4sentation des Dokuments &#8220;Elserino Piol di Valmorel. Der Traum eines Unternehmens&#8221; statt. Das D\u00e9partement f\u00fcr<\/p>\n","protected":false},"author":0,"featured_media":0,"template":"","meta":{"_acf_changed":false,"inline_featured_image":false,"_tribe_events_status":"","_tribe_events_status_reason":"","footnotes":""},"tags":[259],"tribe_events_cat":[],"class_list":["post-88561","tribe_events","type-tribe_events","status-publish","hentry","tag-eventi-feratel"],"acf":[],"yoast_head":"<!-- This site is optimized with the Yoast SEO plugin v25.7 - https:\/\/yoast.com\/wordpress\/plugins\/seo\/ -->\n<title>Elserino Piol di Valmorel. Il sogno di un&#039;impresa - Dolomiti Prealpi<\/title>\n<meta name=\"robots\" content=\"index, follow, max-snippet:-1, max-image-preview:large, max-video-preview:-1\" \/>\n<link rel=\"canonical\" href=\"https:\/\/www.dolomitiprealpi.it\/de\/event\/elserino-piol-di-valmorel-il-sogno-di-unimpresa\/\" \/>\n<meta property=\"og:locale\" content=\"de_DE\" \/>\n<meta property=\"og:type\" content=\"article\" \/>\n<meta property=\"og:title\" content=\"Elserino Piol di Valmorel. Il sogno di un&#039;impresa - Dolomiti Prealpi\" \/>\n<meta property=\"og:description\" content=\"Erstauff\u00fchrung des Dokumentarfilms Am 2. Oktober 2025 findet im Palazzo Crepadona in Belluno die offizielle Pr\u00e4sentation des Dokuments &#8220;Elserino Piol di Valmorel. Der Traum eines Unternehmens&#8221; statt. Das D\u00e9partement f\u00fcr\" \/>\n<meta property=\"og:url\" content=\"https:\/\/www.dolomitiprealpi.it\/de\/event\/elserino-piol-di-valmorel-il-sogno-di-unimpresa\/\" \/>\n<meta property=\"og:site_name\" content=\"Dolomiti Prealpi\" \/>\n<meta property=\"article:publisher\" content=\"https:\/\/www.facebook.com\/dolomitiprealpi.it\/\" \/>\n<meta property=\"article:modified_time\" content=\"2026-03-20T12:04:36+00:00\" \/>\n<meta property=\"og:image\" content=\"https:\/\/www.dolomitiprealpi.it\/wp-content\/uploads\/2022\/11\/C.-Timpone-Foto-archivio-Consorzio-turistico-Dolomiti-Prealpi-Nevegal-Belluno-Bike-18-2.jpg\" \/>\n\t<meta property=\"og:image:width\" content=\"2048\" \/>\n\t<meta property=\"og:image:height\" content=\"1888\" \/>\n\t<meta property=\"og:image:type\" content=\"image\/jpeg\" \/>\n<meta name=\"twitter:card\" content=\"summary_large_image\" \/>\n<meta name=\"twitter:label1\" content=\"Est. reading time\" \/>\n\t<meta name=\"twitter:data1\" content=\"1 minute\" \/>\n<script type=\"application\/ld+json\" class=\"yoast-schema-graph\">{\"@context\":\"https:\/\/schema.org\",\"@graph\":[{\"@type\":\"WebPage\",\"@id\":\"https:\/\/www.dolomitiprealpi.it\/de\/event\/elserino-piol-di-valmorel-il-sogno-di-unimpresa\/\",\"url\":\"https:\/\/www.dolomitiprealpi.it\/de\/event\/elserino-piol-di-valmorel-il-sogno-di-unimpresa\/\",\"name\":\"Elserino Piol di Valmorel. Il sogno di un'impresa - Dolomiti Prealpi\",\"isPartOf\":{\"@id\":\"https:\/\/www.dolomitiprealpi.it\/de\/#website\"},\"datePublished\":\"2026-02-15T11:23:08+00:00\",\"dateModified\":\"2026-03-20T12:04:36+00:00\",\"breadcrumb\":{\"@id\":\"https:\/\/www.dolomitiprealpi.it\/de\/event\/elserino-piol-di-valmorel-il-sogno-di-unimpresa\/#breadcrumb\"},\"inLanguage\":\"de-DE\",\"potentialAction\":[{\"@type\":\"ReadAction\",\"target\":[\"https:\/\/www.dolomitiprealpi.it\/de\/event\/elserino-piol-di-valmorel-il-sogno-di-unimpresa\/\"]}]},{\"@type\":\"BreadcrumbList\",\"@id\":\"https:\/\/www.dolomitiprealpi.it\/de\/event\/elserino-piol-di-valmorel-il-sogno-di-unimpresa\/#breadcrumb\",\"itemListElement\":[{\"@type\":\"ListItem\",\"position\":1,\"name\":\"Home\",\"item\":\"https:\/\/www.dolomitiprealpi.it\/de\/\"},{\"@type\":\"ListItem\",\"position\":2,\"name\":\"Veranstaltungen\",\"item\":\"https:\/\/www.dolomitiprealpi.it\/de\/events\/\"},{\"@type\":\"ListItem\",\"position\":3,\"name\":\"Elserino Piol di Valmorel. Il sogno di un&#8217;impresa\"}]},{\"@type\":\"WebSite\",\"@id\":\"https:\/\/www.dolomitiprealpi.it\/de\/#website\",\"url\":\"https:\/\/www.dolomitiprealpi.it\/de\/\",\"name\":\"Dolomiti Prealpi\",\"description\":\"\",\"publisher\":{\"@id\":\"https:\/\/www.dolomitiprealpi.it\/de\/#organization\"},\"potentialAction\":[{\"@type\":\"SearchAction\",\"target\":{\"@type\":\"EntryPoint\",\"urlTemplate\":\"https:\/\/www.dolomitiprealpi.it\/de\/?s={search_term_string}\"},\"query-input\":{\"@type\":\"PropertyValueSpecification\",\"valueRequired\":true,\"valueName\":\"search_term_string\"}}],\"inLanguage\":\"de-DE\"},{\"@type\":\"Organization\",\"@id\":\"https:\/\/www.dolomitiprealpi.it\/de\/#organization\",\"name\":\"Consorzio Dolomiti Prealpi\",\"url\":\"https:\/\/www.dolomitiprealpi.it\/de\/\",\"logo\":{\"@type\":\"ImageObject\",\"inLanguage\":\"de-DE\",\"@id\":\"https:\/\/www.dolomitiprealpi.it\/de\/#\/schema\/logo\/image\/\",\"url\":\"https:\/\/www.dolomitiprealpi.it\/wp-content\/uploads\/2023\/03\/dolomitiprealpi-favicon.jpg\",\"contentUrl\":\"https:\/\/www.dolomitiprealpi.it\/wp-content\/uploads\/2023\/03\/dolomitiprealpi-favicon.jpg\",\"width\":512,\"height\":512,\"caption\":\"Consorzio Dolomiti Prealpi\"},\"image\":{\"@id\":\"https:\/\/www.dolomitiprealpi.it\/de\/#\/schema\/logo\/image\/\"},\"sameAs\":[\"https:\/\/www.facebook.com\/dolomitiprealpi.it\/\",\"https:\/\/www.instagram.com\/dolomitiprealpi\/\"]}]}<\/script>\n<!-- \/ Yoast SEO plugin. -->","yoast_head_json":{"title":"Elserino Piol di Valmorel. Il sogno di un'impresa - Dolomiti Prealpi","robots":{"index":"index","follow":"follow","max-snippet":"max-snippet:-1","max-image-preview":"max-image-preview:large","max-video-preview":"max-video-preview:-1"},"canonical":"https:\/\/www.dolomitiprealpi.it\/de\/event\/elserino-piol-di-valmorel-il-sogno-di-unimpresa\/","og_locale":"de_DE","og_type":"article","og_title":"Elserino Piol di Valmorel. Il sogno di un'impresa - Dolomiti Prealpi","og_description":"Erstauff\u00fchrung des Dokumentarfilms Am 2. Oktober 2025 findet im Palazzo Crepadona in Belluno die offizielle Pr\u00e4sentation des Dokuments &#8220;Elserino Piol di Valmorel. Der Traum eines Unternehmens&#8221; statt. Das D\u00e9partement f\u00fcr","og_url":"https:\/\/www.dolomitiprealpi.it\/de\/event\/elserino-piol-di-valmorel-il-sogno-di-unimpresa\/","og_site_name":"Dolomiti Prealpi","article_publisher":"https:\/\/www.facebook.com\/dolomitiprealpi.it\/","article_modified_time":"2026-03-20T12:04:36+00:00","og_image":[{"width":2048,"height":1888,"url":"https:\/\/www.dolomitiprealpi.it\/wp-content\/uploads\/2022\/11\/C.-Timpone-Foto-archivio-Consorzio-turistico-Dolomiti-Prealpi-Nevegal-Belluno-Bike-18-2.jpg","type":"image\/jpeg"}],"twitter_card":"summary_large_image","twitter_misc":{"Est. reading time":"1 minute"},"schema":{"@context":"https:\/\/schema.org","@graph":[{"@type":"WebPage","@id":"https:\/\/www.dolomitiprealpi.it\/de\/event\/elserino-piol-di-valmorel-il-sogno-di-unimpresa\/","url":"https:\/\/www.dolomitiprealpi.it\/de\/event\/elserino-piol-di-valmorel-il-sogno-di-unimpresa\/","name":"Elserino Piol di Valmorel. Il sogno di un'impresa - Dolomiti Prealpi","isPartOf":{"@id":"https:\/\/www.dolomitiprealpi.it\/de\/#website"},"datePublished":"2026-02-15T11:23:08+00:00","dateModified":"2026-03-20T12:04:36+00:00","breadcrumb":{"@id":"https:\/\/www.dolomitiprealpi.it\/de\/event\/elserino-piol-di-valmorel-il-sogno-di-unimpresa\/#breadcrumb"},"inLanguage":"de-DE","potentialAction":[{"@type":"ReadAction","target":["https:\/\/www.dolomitiprealpi.it\/de\/event\/elserino-piol-di-valmorel-il-sogno-di-unimpresa\/"]}]},{"@type":"BreadcrumbList","@id":"https:\/\/www.dolomitiprealpi.it\/de\/event\/elserino-piol-di-valmorel-il-sogno-di-unimpresa\/#breadcrumb","itemListElement":[{"@type":"ListItem","position":1,"name":"Home","item":"https:\/\/www.dolomitiprealpi.it\/de\/"},{"@type":"ListItem","position":2,"name":"Veranstaltungen","item":"https:\/\/www.dolomitiprealpi.it\/de\/events\/"},{"@type":"ListItem","position":3,"name":"Elserino Piol di Valmorel. Il sogno di un&#8217;impresa"}]},{"@type":"WebSite","@id":"https:\/\/www.dolomitiprealpi.it\/de\/#website","url":"https:\/\/www.dolomitiprealpi.it\/de\/","name":"Dolomiti Prealpi","description":"","publisher":{"@id":"https:\/\/www.dolomitiprealpi.it\/de\/#organization"},"potentialAction":[{"@type":"SearchAction","target":{"@type":"EntryPoint","urlTemplate":"https:\/\/www.dolomitiprealpi.it\/de\/?s={search_term_string}"},"query-input":{"@type":"PropertyValueSpecification","valueRequired":true,"valueName":"search_term_string"}}],"inLanguage":"de-DE"},{"@type":"Organization","@id":"https:\/\/www.dolomitiprealpi.it\/de\/#organization","name":"Consorzio Dolomiti Prealpi","url":"https:\/\/www.dolomitiprealpi.it\/de\/","logo":{"@type":"ImageObject","inLanguage":"de-DE","@id":"https:\/\/www.dolomitiprealpi.it\/de\/#\/schema\/logo\/image\/","url":"https:\/\/www.dolomitiprealpi.it\/wp-content\/uploads\/2023\/03\/dolomitiprealpi-favicon.jpg","contentUrl":"https:\/\/www.dolomitiprealpi.it\/wp-content\/uploads\/2023\/03\/dolomitiprealpi-favicon.jpg","width":512,"height":512,"caption":"Consorzio Dolomiti Prealpi"},"image":{"@id":"https:\/\/www.dolomitiprealpi.it\/de\/#\/schema\/logo\/image\/"},"sameAs":["https:\/\/www.facebook.com\/dolomitiprealpi.it\/","https:\/\/www.instagram.com\/dolomitiprealpi\/"]}]}},"_links":{"self":[{"href":"https:\/\/www.dolomitiprealpi.it\/de\/wp-json\/wp\/v2\/tribe_events\/88561","targetHints":{"allow":["GET"]}}],"collection":[{"href":"https:\/\/www.dolomitiprealpi.it\/de\/wp-json\/wp\/v2\/tribe_events"}],"about":[{"href":"https:\/\/www.dolomitiprealpi.it\/de\/wp-json\/wp\/v2\/types\/tribe_events"}],"version-history":[{"count":1,"href":"https:\/\/www.dolomitiprealpi.it\/de\/wp-json\/wp\/v2\/tribe_events\/88561\/revisions"}],"predecessor-version":[{"id":89247,"href":"https:\/\/www.dolomitiprealpi.it\/de\/wp-json\/wp\/v2\/tribe_events\/88561\/revisions\/89247"}],"wp:attachment":[{"href":"https:\/\/www.dolomitiprealpi.it\/de\/wp-json\/wp\/v2\/media?parent=88561"}],"wp:term":[{"taxonomy":"post_tag","embeddable":true,"href":"https:\/\/www.dolomitiprealpi.it\/de\/wp-json\/wp\/v2\/tags?post=88561"},{"taxonomy":"tribe_events_cat","embeddable":true,"href":"https:\/\/www.dolomitiprealpi.it\/de\/wp-json\/wp\/v2\/tribe_events_cat?post=88561"}],"curies":[{"name":"wp","href":"https:\/\/api.w.org\/{rel}","templated":true}]}}

<p>Erstaufführung des Dokumentarfilms</p>
<p>Am 2. Oktober 2025 findet im Palazzo Crepadona in Belluno die offizielle Präsentation des Dokuments &#8220;<b>Elserino Piol di Valmorel. Der Traum eines Unternehmens</b>&#8221; statt.</p>
<p>Das Département für Kulturgüter hat dieses Dokumentarfilm über das Leben und die Werke des Unternehmers Elserino Piol produziert, eines der einflussreichsten Personen der weltweiten Hochtechnologie im 20. und 21. Jahrhundert. Der biografische Dokumentarfilm wurde von Praktikantenstudenten erstellt, die am &#8220;Labor für die Erstellung von Dokumentarfilmen&#8221; des DAMS (Samuele Grando, Agnese Ferracin, Serena Toninello) teilgenommen haben, koordiniert von Dr. Vanni Cremasco (Leiter des Abteilungs Audio Video Labors), geleitet von Prof. Mirco Melanco.</p>
<p>Der fünfzigminütige Film erzählt die biografische Geschichte von Elserino Piol, während er gleichzeitig die Entwicklung der Hochtechnologie von den 1950er Jahren bis heute nachzeichnet, einschließlich Olivetti, Omnitel, Infostrada, Kiwi usw. Eine fesselnde Erzählung, die Piol auch mit seiner Heimat, dem schönen Valmorel, verbindet, einem Ort in den Prealpen von Belluno (ca. 800 m ü.d.M.), wo in diesen Tagen offiziell der Sitz der Elserino Piol Stiftung eingeweiht wird. Die von Andrea Piol (Sohn von Elserino) geleitete Institution hat sich zum Ziel gesetzt, Jugendlichen Zugang zu einer sich ständig verändernden technologischen Welt auch in den planetarischen Bergen zu ermöglichen, unter voller Achtung der Umwelt.</p>
<p><b>Veranstaltung öffentlich &#8211; Freier Eintritt bis zur Erschöpfung der Sitzplätze.</b></p>
<p></p>

<p>Erstaufführung des Dokumentarfilms Am 2. Oktober 2025 findet im Palazzo Crepadona in Belluno die offizielle Präsentation des Dokuments &#8220;Elserino Piol di Valmorel. Der Traum eines Unternehmens&#8221; statt. Das Département für</p>

<!-- This site is optimized with the Yoast SEO plugin v25.7 - https://yoast.com/wordpress/plugins/seo/ -->
<title>Elserino Piol di Valmorel. Il sogno di un&#039;impresa - Dolomiti Prealpi</title>
<meta name="robots" content="index, follow, max-snippet:-1, max-image-preview:large, max-video-preview:-1" />
<link rel="canonical" href="https://www.dolomitiprealpi.it/de/event/elserino-piol-di-valmorel-il-sogno-di-unimpresa/" />
<meta property="og:locale" content="de_DE" />
<meta property="og:type" content="article" />
<meta property="og:title" content="Elserino Piol di Valmorel. Il sogno di un&#039;impresa - Dolomiti Prealpi" />
<meta property="og:description" content="Erstaufführung des Dokumentarfilms Am 2. Oktober 2025 findet im Palazzo Crepadona in Belluno die offizielle Präsentation des Dokuments &#8220;Elserino Piol di Valmorel. Der Traum eines Unternehmens&#8221; statt. Das Département für" />
<meta property="og:url" content="https://www.dolomitiprealpi.it/de/event/elserino-piol-di-valmorel-il-sogno-di-unimpresa/" />
<meta property="og:site_name" content="Dolomiti Prealpi" />
<meta property="article:publisher" content="https://www.facebook.com/dolomitiprealpi.it/" />
<meta property="article:modified_time" content="2026-03-20T12:04:36+00:00" />
<meta property="og:image" content="https://www.dolomitiprealpi.it/wp-content/uploads/2022/11/C.-Timpone-Foto-archivio-Consorzio-turistico-Dolomiti-Prealpi-Nevegal-Belluno-Bike-18-2.jpg" />
	<meta property="og:image:width" content="2048" />
	<meta property="og:image:height" content="1888" />
	<meta property="og:image:type" content="image/jpeg" />
<meta name="twitter:card" content="summary_large_image" />
<meta name="twitter:label1" content="Est. reading time" />
	<meta name="twitter:data1" content="1 minute" />
<script type="application/ld+json" class="yoast-schema-graph">{"@context":"https://schema.org","@graph":[{"@type":"WebPage","@id":"https://www.dolomitiprealpi.it/de/event/elserino-piol-di-valmorel-il-sogno-di-unimpresa/","url":"https://www.dolomitiprealpi.it/de/event/elserino-piol-di-valmorel-il-sogno-di-unimpresa/","name":"Elserino Piol di Valmorel. Il sogno di un'impresa - Dolomiti Prealpi","isPartOf":{"@id":"https://www.dolomitiprealpi.it/de/#website"},"datePublished":"2026-02-15T11:23:08+00:00","dateModified":"2026-03-20T12:04:36+00:00","breadcrumb":{"@id":"https://www.dolomitiprealpi.it/de/event/elserino-piol-di-valmorel-il-sogno-di-unimpresa/#breadcrumb"},"inLanguage":"de-DE","potentialAction":[{"@type":"ReadAction","target":["https://www.dolomitiprealpi.it/de/event/elserino-piol-di-valmorel-il-sogno-di-unimpresa/"]}]},{"@type":"BreadcrumbList","@id":"https://www.dolomitiprealpi.it/de/event/elserino-piol-di-valmorel-il-sogno-di-unimpresa/#breadcrumb","itemListElement":[{"@type":"ListItem","position":1,"name":"Home","item":"https://www.dolomitiprealpi.it/de/"},{"@type":"ListItem","position":2,"name":"Veranstaltungen","item":"https://www.dolomitiprealpi.it/de/events/"},{"@type":"ListItem","position":3,"name":"Elserino Piol di Valmorel. Il sogno di un&#8217;impresa"}]},{"@type":"WebSite","@id":"https://www.dolomitiprealpi.it/de/#website","url":"https://www.dolomitiprealpi.it/de/","name":"Dolomiti Prealpi","description":"","publisher":{"@id":"https://www.dolomitiprealpi.it/de/#organization"},"potentialAction":[{"@type":"SearchAction","target":{"@type":"EntryPoint","urlTemplate":"https://www.dolomitiprealpi.it/de/?s={search_term_string}"},"query-input":{"@type":"PropertyValueSpecification","valueRequired":true,"valueName":"search_term_string"}}],"inLanguage":"de-DE"},{"@type":"Organization","@id":"https://www.dolomitiprealpi.it/de/#organization","name":"Consorzio Dolomiti Prealpi","url":"https://www.dolomitiprealpi.it/de/","logo":{"@type":"ImageObject","inLanguage":"de-DE","@id":"https://www.dolomitiprealpi.it/de/#/schema/logo/image/","url":"https://www.dolomitiprealpi.it/wp-content/uploads/2023/03/dolomitiprealpi-favicon.jpg","contentUrl":"https://www.dolomitiprealpi.it/wp-content/uploads/2023/03/dolomitiprealpi-favicon.jpg","width":512,"height":512,"caption":"Consorzio Dolomiti Prealpi"},"image":{"@id":"https://www.dolomitiprealpi.it/de/#/schema/logo/image/"},"sameAs":["https://www.facebook.com/dolomitiprealpi.it/","https://www.instagram.com/dolomitiprealpi/"]}]}</script>
<!-- / Yoast SEO plugin. -->

Erstaufführung des Dokumentarfilms Am 2. Oktober 2025 findet im Palazzo Crepadona in Belluno die offizielle Präsentation des Dokuments &#8220;Elserino Piol di Valmorel. Der Traum eines Unternehmens&#8221; statt. Das Département für
