{"id":88550,"date":"2026-02-15T12:22:35","date_gmt":"2026-02-15T11:22:35","guid":{"rendered":"https:\/\/www.dolomitiprealpi.it\/event\/barch-art-festival-performance-sonora\/"},"modified":"2026-03-20T13:03:53","modified_gmt":"2026-03-20T12:03:53","slug":"barch-art-festival-performance-sonora","status":"publish","type":"tribe_events","link":"https:\/\/www.dolomitiprealpi.it\/de\/event\/barch-art-festival-performance-sonora\/","title":{"rendered":"Barch Art Festival- Performance sonora"},"content":{"rendered":"<p><b>maschine.naturae&nbsp;<br \/><\/b>Akustische Begegnungen zwischen Industrie und Umwelt, Klangperformance.<\/p>\n<p>Ein immersives Erlebnis, bei dem Industrie und Natur aufeinandertreffen und sich in schwingenden Kl\u00e4ngen verbinden, durch das Samplen von Kl\u00e4ngen aus der industriellen und nat\u00fcrlichen Landschaft sowie saisonalen Wetterdaten in einer Klanggeschichte, die den \u00dcbergang vom Sommer zum Herbst begleitet.<\/p>\n<p><b>Live-Konzert von<br \/><\/b><i><b>IKE (Isaac De Martin)<\/b>, Gitarrist und Komponist<\/i><br \/><i><b>XBRRZT (Valerio Pascucci)<\/b>, K\u00fcnstler<\/i><\/p>\n<p>Einf\u00fchrung von&nbsp;<b><i>Mauro Perosin<\/i><\/b>, Kunsthistoriker und Kurator<\/p>\n<p><b>maschine.natur<\/b> &#8211; Akustische Begegnungen zwischen Industrie und Umwelt, Klangperformance.<\/p>\n<p><\/p>\n<p><\/p>\n","protected":false},"excerpt":{"rendered":"<p>maschine.naturae&nbsp;Akustische Begegnungen zwischen Industrie und Umwelt, Klangperformance. Ein immersives Erlebnis, bei dem Industrie und Natur aufeinandertreffen und sich in schwingenden Kl\u00e4ngen verbinden, durch das Samplen von Kl\u00e4ngen aus der industriellen<\/p>\n","protected":false},"author":0,"featured_media":0,"template":"","meta":{"_acf_changed":false,"inline_featured_image":false,"_tribe_events_status":"","_tribe_events_status_reason":"","footnotes":""},"tags":[259],"tribe_events_cat":[],"class_list":["post-88550","tribe_events","type-tribe_events","status-publish","hentry","tag-eventi-feratel"],"acf":[],"yoast_head":"<!-- This site is optimized with the Yoast SEO plugin v25.7 - https:\/\/yoast.com\/wordpress\/plugins\/seo\/ -->\n<title>Barch Art Festival- Performance sonora - Dolomiti Prealpi<\/title>\n<meta name=\"robots\" content=\"index, follow, max-snippet:-1, max-image-preview:large, max-video-preview:-1\" \/>\n<link rel=\"canonical\" href=\"https:\/\/www.dolomitiprealpi.it\/de\/event\/barch-art-festival-performance-sonora\/\" \/>\n<meta property=\"og:locale\" content=\"de_DE\" \/>\n<meta property=\"og:type\" content=\"article\" \/>\n<meta property=\"og:title\" content=\"Barch Art Festival- Performance sonora - Dolomiti Prealpi\" \/>\n<meta property=\"og:description\" content=\"maschine.naturae&nbsp;Akustische Begegnungen zwischen Industrie und Umwelt, Klangperformance. Ein immersives Erlebnis, bei dem Industrie und Natur aufeinandertreffen und sich in schwingenden Kl\u00e4ngen verbinden, durch das Samplen von Kl\u00e4ngen aus der industriellen\" \/>\n<meta property=\"og:url\" content=\"https:\/\/www.dolomitiprealpi.it\/de\/event\/barch-art-festival-performance-sonora\/\" \/>\n<meta property=\"og:site_name\" content=\"Dolomiti Prealpi\" \/>\n<meta property=\"article:publisher\" content=\"https:\/\/www.facebook.com\/dolomitiprealpi.it\/\" \/>\n<meta property=\"article:modified_time\" content=\"2026-03-20T12:03:53+00:00\" \/>\n<meta property=\"og:image\" content=\"https:\/\/www.dolomitiprealpi.it\/wp-content\/uploads\/2022\/11\/C.-Timpone-Foto-archivio-Consorzio-turistico-Dolomiti-Prealpi-Nevegal-Belluno-Bike-18-2.jpg\" \/>\n\t<meta property=\"og:image:width\" content=\"2048\" \/>\n\t<meta property=\"og:image:height\" content=\"1888\" \/>\n\t<meta property=\"og:image:type\" content=\"image\/jpeg\" \/>\n<meta name=\"twitter:card\" content=\"summary_large_image\" \/>\n<script type=\"application\/ld+json\" class=\"yoast-schema-graph\">{\"@context\":\"https:\/\/schema.org\",\"@graph\":[{\"@type\":\"WebPage\",\"@id\":\"https:\/\/www.dolomitiprealpi.it\/de\/event\/barch-art-festival-performance-sonora\/\",\"url\":\"https:\/\/www.dolomitiprealpi.it\/de\/event\/barch-art-festival-performance-sonora\/\",\"name\":\"Barch Art Festival- Performance sonora - Dolomiti Prealpi\",\"isPartOf\":{\"@id\":\"https:\/\/www.dolomitiprealpi.it\/de\/#website\"},\"datePublished\":\"2026-02-15T11:22:35+00:00\",\"dateModified\":\"2026-03-20T12:03:53+00:00\",\"breadcrumb\":{\"@id\":\"https:\/\/www.dolomitiprealpi.it\/de\/event\/barch-art-festival-performance-sonora\/#breadcrumb\"},\"inLanguage\":\"de-DE\",\"potentialAction\":[{\"@type\":\"ReadAction\",\"target\":[\"https:\/\/www.dolomitiprealpi.it\/de\/event\/barch-art-festival-performance-sonora\/\"]}]},{\"@type\":\"BreadcrumbList\",\"@id\":\"https:\/\/www.dolomitiprealpi.it\/de\/event\/barch-art-festival-performance-sonora\/#breadcrumb\",\"itemListElement\":[{\"@type\":\"ListItem\",\"position\":1,\"name\":\"Home\",\"item\":\"https:\/\/www.dolomitiprealpi.it\/de\/\"},{\"@type\":\"ListItem\",\"position\":2,\"name\":\"Veranstaltungen\",\"item\":\"https:\/\/www.dolomitiprealpi.it\/de\/events\/\"},{\"@type\":\"ListItem\",\"position\":3,\"name\":\"Barch Art Festival- Performance sonora\"}]},{\"@type\":\"WebSite\",\"@id\":\"https:\/\/www.dolomitiprealpi.it\/de\/#website\",\"url\":\"https:\/\/www.dolomitiprealpi.it\/de\/\",\"name\":\"Dolomiti Prealpi\",\"description\":\"\",\"publisher\":{\"@id\":\"https:\/\/www.dolomitiprealpi.it\/de\/#organization\"},\"potentialAction\":[{\"@type\":\"SearchAction\",\"target\":{\"@type\":\"EntryPoint\",\"urlTemplate\":\"https:\/\/www.dolomitiprealpi.it\/de\/?s={search_term_string}\"},\"query-input\":{\"@type\":\"PropertyValueSpecification\",\"valueRequired\":true,\"valueName\":\"search_term_string\"}}],\"inLanguage\":\"de-DE\"},{\"@type\":\"Organization\",\"@id\":\"https:\/\/www.dolomitiprealpi.it\/de\/#organization\",\"name\":\"Consorzio Dolomiti Prealpi\",\"url\":\"https:\/\/www.dolomitiprealpi.it\/de\/\",\"logo\":{\"@type\":\"ImageObject\",\"inLanguage\":\"de-DE\",\"@id\":\"https:\/\/www.dolomitiprealpi.it\/de\/#\/schema\/logo\/image\/\",\"url\":\"https:\/\/www.dolomitiprealpi.it\/wp-content\/uploads\/2023\/03\/dolomitiprealpi-favicon.jpg\",\"contentUrl\":\"https:\/\/www.dolomitiprealpi.it\/wp-content\/uploads\/2023\/03\/dolomitiprealpi-favicon.jpg\",\"width\":512,\"height\":512,\"caption\":\"Consorzio Dolomiti Prealpi\"},\"image\":{\"@id\":\"https:\/\/www.dolomitiprealpi.it\/de\/#\/schema\/logo\/image\/\"},\"sameAs\":[\"https:\/\/www.facebook.com\/dolomitiprealpi.it\/\",\"https:\/\/www.instagram.com\/dolomitiprealpi\/\"]}]}<\/script>\n<!-- \/ Yoast SEO plugin. -->","yoast_head_json":{"title":"Barch Art Festival- Performance sonora - Dolomiti Prealpi","robots":{"index":"index","follow":"follow","max-snippet":"max-snippet:-1","max-image-preview":"max-image-preview:large","max-video-preview":"max-video-preview:-1"},"canonical":"https:\/\/www.dolomitiprealpi.it\/de\/event\/barch-art-festival-performance-sonora\/","og_locale":"de_DE","og_type":"article","og_title":"Barch Art Festival- Performance sonora - Dolomiti Prealpi","og_description":"maschine.naturae&nbsp;Akustische Begegnungen zwischen Industrie und Umwelt, Klangperformance. Ein immersives Erlebnis, bei dem Industrie und Natur aufeinandertreffen und sich in schwingenden Kl\u00e4ngen verbinden, durch das Samplen von Kl\u00e4ngen aus der industriellen","og_url":"https:\/\/www.dolomitiprealpi.it\/de\/event\/barch-art-festival-performance-sonora\/","og_site_name":"Dolomiti Prealpi","article_publisher":"https:\/\/www.facebook.com\/dolomitiprealpi.it\/","article_modified_time":"2026-03-20T12:03:53+00:00","og_image":[{"width":2048,"height":1888,"url":"https:\/\/www.dolomitiprealpi.it\/wp-content\/uploads\/2022\/11\/C.-Timpone-Foto-archivio-Consorzio-turistico-Dolomiti-Prealpi-Nevegal-Belluno-Bike-18-2.jpg","type":"image\/jpeg"}],"twitter_card":"summary_large_image","schema":{"@context":"https:\/\/schema.org","@graph":[{"@type":"WebPage","@id":"https:\/\/www.dolomitiprealpi.it\/de\/event\/barch-art-festival-performance-sonora\/","url":"https:\/\/www.dolomitiprealpi.it\/de\/event\/barch-art-festival-performance-sonora\/","name":"Barch Art Festival- Performance sonora - Dolomiti Prealpi","isPartOf":{"@id":"https:\/\/www.dolomitiprealpi.it\/de\/#website"},"datePublished":"2026-02-15T11:22:35+00:00","dateModified":"2026-03-20T12:03:53+00:00","breadcrumb":{"@id":"https:\/\/www.dolomitiprealpi.it\/de\/event\/barch-art-festival-performance-sonora\/#breadcrumb"},"inLanguage":"de-DE","potentialAction":[{"@type":"ReadAction","target":["https:\/\/www.dolomitiprealpi.it\/de\/event\/barch-art-festival-performance-sonora\/"]}]},{"@type":"BreadcrumbList","@id":"https:\/\/www.dolomitiprealpi.it\/de\/event\/barch-art-festival-performance-sonora\/#breadcrumb","itemListElement":[{"@type":"ListItem","position":1,"name":"Home","item":"https:\/\/www.dolomitiprealpi.it\/de\/"},{"@type":"ListItem","position":2,"name":"Veranstaltungen","item":"https:\/\/www.dolomitiprealpi.it\/de\/events\/"},{"@type":"ListItem","position":3,"name":"Barch Art Festival- Performance sonora"}]},{"@type":"WebSite","@id":"https:\/\/www.dolomitiprealpi.it\/de\/#website","url":"https:\/\/www.dolomitiprealpi.it\/de\/","name":"Dolomiti Prealpi","description":"","publisher":{"@id":"https:\/\/www.dolomitiprealpi.it\/de\/#organization"},"potentialAction":[{"@type":"SearchAction","target":{"@type":"EntryPoint","urlTemplate":"https:\/\/www.dolomitiprealpi.it\/de\/?s={search_term_string}"},"query-input":{"@type":"PropertyValueSpecification","valueRequired":true,"valueName":"search_term_string"}}],"inLanguage":"de-DE"},{"@type":"Organization","@id":"https:\/\/www.dolomitiprealpi.it\/de\/#organization","name":"Consorzio Dolomiti Prealpi","url":"https:\/\/www.dolomitiprealpi.it\/de\/","logo":{"@type":"ImageObject","inLanguage":"de-DE","@id":"https:\/\/www.dolomitiprealpi.it\/de\/#\/schema\/logo\/image\/","url":"https:\/\/www.dolomitiprealpi.it\/wp-content\/uploads\/2023\/03\/dolomitiprealpi-favicon.jpg","contentUrl":"https:\/\/www.dolomitiprealpi.it\/wp-content\/uploads\/2023\/03\/dolomitiprealpi-favicon.jpg","width":512,"height":512,"caption":"Consorzio Dolomiti Prealpi"},"image":{"@id":"https:\/\/www.dolomitiprealpi.it\/de\/#\/schema\/logo\/image\/"},"sameAs":["https:\/\/www.facebook.com\/dolomitiprealpi.it\/","https:\/\/www.instagram.com\/dolomitiprealpi\/"]}]}},"_links":{"self":[{"href":"https:\/\/www.dolomitiprealpi.it\/de\/wp-json\/wp\/v2\/tribe_events\/88550","targetHints":{"allow":["GET"]}}],"collection":[{"href":"https:\/\/www.dolomitiprealpi.it\/de\/wp-json\/wp\/v2\/tribe_events"}],"about":[{"href":"https:\/\/www.dolomitiprealpi.it\/de\/wp-json\/wp\/v2\/types\/tribe_events"}],"version-history":[{"count":1,"href":"https:\/\/www.dolomitiprealpi.it\/de\/wp-json\/wp\/v2\/tribe_events\/88550\/revisions"}],"predecessor-version":[{"id":89239,"href":"https:\/\/www.dolomitiprealpi.it\/de\/wp-json\/wp\/v2\/tribe_events\/88550\/revisions\/89239"}],"wp:attachment":[{"href":"https:\/\/www.dolomitiprealpi.it\/de\/wp-json\/wp\/v2\/media?parent=88550"}],"wp:term":[{"taxonomy":"post_tag","embeddable":true,"href":"https:\/\/www.dolomitiprealpi.it\/de\/wp-json\/wp\/v2\/tags?post=88550"},{"taxonomy":"tribe_events_cat","embeddable":true,"href":"https:\/\/www.dolomitiprealpi.it\/de\/wp-json\/wp\/v2\/tribe_events_cat?post=88550"}],"curies":[{"name":"wp","href":"https:\/\/api.w.org\/{rel}","templated":true}]}}

<p><b>maschine.naturae&nbsp;<br /></b>Akustische Begegnungen zwischen Industrie und Umwelt, Klangperformance.</p>
<p>Ein immersives Erlebnis, bei dem Industrie und Natur aufeinandertreffen und sich in schwingenden Klängen verbinden, durch das Samplen von Klängen aus der industriellen und natürlichen Landschaft sowie saisonalen Wetterdaten in einer Klanggeschichte, die den Übergang vom Sommer zum Herbst begleitet.</p>
<p><b>Live-Konzert von<br /></b><i><b>IKE (Isaac De Martin)</b>, Gitarrist und Komponist</i><br /><i><b>XBRRZT (Valerio Pascucci)</b>, Künstler</i></p>
<p>Einführung von&nbsp;<b><i>Mauro Perosin</i></b>, Kunsthistoriker und Kurator</p>
<p><b>maschine.natur</b> &#8211; Akustische Begegnungen zwischen Industrie und Umwelt, Klangperformance.</p>
<p></p>
<p></p>

<p>maschine.naturae&nbsp;Akustische Begegnungen zwischen Industrie und Umwelt, Klangperformance. Ein immersives Erlebnis, bei dem Industrie und Natur aufeinandertreffen und sich in schwingenden Klängen verbinden, durch das Samplen von Klängen aus der industriellen</p>

<!-- This site is optimized with the Yoast SEO plugin v25.7 - https://yoast.com/wordpress/plugins/seo/ -->
<title>Barch Art Festival- Performance sonora - Dolomiti Prealpi</title>
<meta name="robots" content="index, follow, max-snippet:-1, max-image-preview:large, max-video-preview:-1" />
<link rel="canonical" href="https://www.dolomitiprealpi.it/de/event/barch-art-festival-performance-sonora/" />
<meta property="og:locale" content="de_DE" />
<meta property="og:type" content="article" />
<meta property="og:title" content="Barch Art Festival- Performance sonora - Dolomiti Prealpi" />
<meta property="og:description" content="maschine.naturae&nbsp;Akustische Begegnungen zwischen Industrie und Umwelt, Klangperformance. Ein immersives Erlebnis, bei dem Industrie und Natur aufeinandertreffen und sich in schwingenden Klängen verbinden, durch das Samplen von Klängen aus der industriellen" />
<meta property="og:url" content="https://www.dolomitiprealpi.it/de/event/barch-art-festival-performance-sonora/" />
<meta property="og:site_name" content="Dolomiti Prealpi" />
<meta property="article:publisher" content="https://www.facebook.com/dolomitiprealpi.it/" />
<meta property="article:modified_time" content="2026-03-20T12:03:53+00:00" />
<meta property="og:image" content="https://www.dolomitiprealpi.it/wp-content/uploads/2022/11/C.-Timpone-Foto-archivio-Consorzio-turistico-Dolomiti-Prealpi-Nevegal-Belluno-Bike-18-2.jpg" />
	<meta property="og:image:width" content="2048" />
	<meta property="og:image:height" content="1888" />
	<meta property="og:image:type" content="image/jpeg" />
<meta name="twitter:card" content="summary_large_image" />
<script type="application/ld+json" class="yoast-schema-graph">{"@context":"https://schema.org","@graph":[{"@type":"WebPage","@id":"https://www.dolomitiprealpi.it/de/event/barch-art-festival-performance-sonora/","url":"https://www.dolomitiprealpi.it/de/event/barch-art-festival-performance-sonora/","name":"Barch Art Festival- Performance sonora - Dolomiti Prealpi","isPartOf":{"@id":"https://www.dolomitiprealpi.it/de/#website"},"datePublished":"2026-02-15T11:22:35+00:00","dateModified":"2026-03-20T12:03:53+00:00","breadcrumb":{"@id":"https://www.dolomitiprealpi.it/de/event/barch-art-festival-performance-sonora/#breadcrumb"},"inLanguage":"de-DE","potentialAction":[{"@type":"ReadAction","target":["https://www.dolomitiprealpi.it/de/event/barch-art-festival-performance-sonora/"]}]},{"@type":"BreadcrumbList","@id":"https://www.dolomitiprealpi.it/de/event/barch-art-festival-performance-sonora/#breadcrumb","itemListElement":[{"@type":"ListItem","position":1,"name":"Home","item":"https://www.dolomitiprealpi.it/de/"},{"@type":"ListItem","position":2,"name":"Veranstaltungen","item":"https://www.dolomitiprealpi.it/de/events/"},{"@type":"ListItem","position":3,"name":"Barch Art Festival- Performance sonora"}]},{"@type":"WebSite","@id":"https://www.dolomitiprealpi.it/de/#website","url":"https://www.dolomitiprealpi.it/de/","name":"Dolomiti Prealpi","description":"","publisher":{"@id":"https://www.dolomitiprealpi.it/de/#organization"},"potentialAction":[{"@type":"SearchAction","target":{"@type":"EntryPoint","urlTemplate":"https://www.dolomitiprealpi.it/de/?s={search_term_string}"},"query-input":{"@type":"PropertyValueSpecification","valueRequired":true,"valueName":"search_term_string"}}],"inLanguage":"de-DE"},{"@type":"Organization","@id":"https://www.dolomitiprealpi.it/de/#organization","name":"Consorzio Dolomiti Prealpi","url":"https://www.dolomitiprealpi.it/de/","logo":{"@type":"ImageObject","inLanguage":"de-DE","@id":"https://www.dolomitiprealpi.it/de/#/schema/logo/image/","url":"https://www.dolomitiprealpi.it/wp-content/uploads/2023/03/dolomitiprealpi-favicon.jpg","contentUrl":"https://www.dolomitiprealpi.it/wp-content/uploads/2023/03/dolomitiprealpi-favicon.jpg","width":512,"height":512,"caption":"Consorzio Dolomiti Prealpi"},"image":{"@id":"https://www.dolomitiprealpi.it/de/#/schema/logo/image/"},"sameAs":["https://www.facebook.com/dolomitiprealpi.it/","https://www.instagram.com/dolomitiprealpi/"]}]}</script>
<!-- / Yoast SEO plugin. -->

maschine.naturae&nbsp;Akustische Begegnungen zwischen Industrie und Umwelt, Klangperformance. Ein immersives Erlebnis, bei dem Industrie und Natur aufeinandertreffen und sich in schwingenden Klängen verbinden, durch das Samplen von Klängen aus der industriellen
