{"id":88529,"date":"2026-04-17T13:13:07","date_gmt":"2026-04-17T11:13:07","guid":{"rendered":"https:\/\/www.dolomitiprealpi.it\/event\/tracce-di-foliage\/"},"modified":"2026-04-23T17:59:42","modified_gmt":"2026-04-23T15:59:42","slug":"tracce-di-foliage","status":"publish","type":"tribe_events","link":"https:\/\/www.dolomitiprealpi.it\/de\/event\/tracce-di-foliage\/","title":{"rendered":"Tracce di Foliage"},"content":{"rendered":"<p>Die Sinne des Herbstes<\/p>\n<p>Die dritte Ausgabe der Veranstaltung<i>&nbsp;Spuren des Laubfalls<\/i>&nbsp;widmet sich den&nbsp;Herbstsinne. Nach Farben und Aromen verbindet die Palette der Herbstbl\u00e4tter die klaren Empfindungen, die wir in der Natur erleben k\u00f6nnen. Das Gebiet um Belluno ist ein perfektes Amphitheater, das verschiedene Arten von Erfahrungen erm\u00f6glicht und beherbergt.<\/p>\n<p>Im Mittelpunkt stehen die Bl\u00e4tter, die die Farben Gelb, Rot und Braun annehmen, zusammen mit der Magie der Sonne, die sanft die Gipfel der Belluneser Voralpen mit ihren langen Strahlen ber\u00fchrt, dem Wind, der die Lippen f\u00e4rbt und die Wangen r\u00f6ter werden l\u00e4sst, dem Nebel, der die atemberaubenden Landschaften des Gebiets umh\u00fcllt.<\/p>\n<p>Der Laubfall ist nicht nur Sch\u00f6nheit zum Betrachten, sondern eine Erfahrung, die man voll und ganz mit allen Sinnen erleben sollte. Der Geruchssinn erwacht zwischen Moos, nasser Rinde und reifen Fr\u00fcchten. Der Geschmack wird zum Protagonisten, durch das, was die Natur bietet: s\u00fc\u00dfe, knackige \u00c4pfel, intensive, umh\u00fcllende Aromen, die die Landschaft erz\u00e4hlen.<\/p>\n<p>Der Laubfall ist auch ein Zuhause der Biodiversit\u00e4t: Pflanzen, Essenzen, Lebensformen, die den Unterwuchs bev\u00f6lkern und oft unbemerkt bleiben, aber f\u00fcr das Gleichgewicht des Ganzen wesentlich sind. Und dann gibt es die Musik des Waldes, die keine Instrumente braucht, um zu existieren: Zweige, die sich ber\u00fchren, flie\u00dfendes Wasser, langsame Schritte von denen, die gehen, um zuzuh\u00f6ren. Es ist eine Melodie aus Emotionen, die tiefgehende Saiten ber\u00fchren kann.<\/p>\n<p><i>Spuren des Laubfalls<\/i> l\u00e4dt somit ein, langsamer zu werden, zu f\u00fchlen, zu empfinden. Sich von der Natur, dem Gebiet und sich selbst begleiten und verbinden zu lassen.<\/p>\n","protected":false},"excerpt":{"rendered":"<p>Die Sinne des Herbstes Die dritte Ausgabe der Veranstaltung&nbsp;Spuren des Laubfalls&nbsp;widmet sich den&nbsp;Herbstsinne. Nach Farben und Aromen verbindet die Palette der Herbstbl\u00e4tter die klaren Empfindungen, die wir in der Natur<\/p>\n","protected":false},"author":0,"featured_media":0,"template":"","meta":{"_acf_changed":false,"inline_featured_image":false,"_tribe_events_status":"","_tribe_events_status_reason":"","footnotes":""},"tags":[259],"tribe_events_cat":[],"class_list":["post-88529","tribe_events","type-tribe_events","status-publish","hentry","tag-eventi-feratel"],"acf":[],"yoast_head":"<!-- This site is optimized with the Yoast SEO plugin v25.7 - https:\/\/yoast.com\/wordpress\/plugins\/seo\/ -->\n<title>Tracce di Foliage - Dolomiti Prealpi<\/title>\n<meta name=\"robots\" content=\"index, follow, max-snippet:-1, max-image-preview:large, max-video-preview:-1\" \/>\n<link rel=\"canonical\" href=\"https:\/\/www.dolomitiprealpi.it\/de\/event\/tracce-di-foliage\/\" \/>\n<meta property=\"og:locale\" content=\"de_DE\" \/>\n<meta property=\"og:type\" content=\"article\" \/>\n<meta property=\"og:title\" content=\"Tracce di Foliage - Dolomiti Prealpi\" \/>\n<meta property=\"og:description\" content=\"Die Sinne des Herbstes Die dritte Ausgabe der Veranstaltung&nbsp;Spuren des Laubfalls&nbsp;widmet sich den&nbsp;Herbstsinne. Nach Farben und Aromen verbindet die Palette der Herbstbl\u00e4tter die klaren Empfindungen, die wir in der Natur\" \/>\n<meta property=\"og:url\" content=\"https:\/\/www.dolomitiprealpi.it\/de\/event\/tracce-di-foliage\/\" \/>\n<meta property=\"og:site_name\" content=\"Dolomiti Prealpi\" \/>\n<meta property=\"article:publisher\" content=\"https:\/\/www.facebook.com\/dolomitiprealpi.it\/\" \/>\n<meta property=\"article:modified_time\" content=\"2026-04-23T15:59:42+00:00\" \/>\n<meta property=\"og:image\" content=\"https:\/\/www.dolomitiprealpi.it\/wp-content\/uploads\/2022\/11\/C.-Timpone-Foto-archivio-Consorzio-turistico-Dolomiti-Prealpi-Nevegal-Belluno-Bike-18-2.jpg\" \/>\n\t<meta property=\"og:image:width\" content=\"2048\" \/>\n\t<meta property=\"og:image:height\" content=\"1888\" \/>\n\t<meta property=\"og:image:type\" content=\"image\/jpeg\" \/>\n<meta name=\"twitter:card\" content=\"summary_large_image\" \/>\n<meta name=\"twitter:label1\" content=\"Est. reading time\" \/>\n\t<meta name=\"twitter:data1\" content=\"1 minute\" \/>\n<script type=\"application\/ld+json\" class=\"yoast-schema-graph\">{\"@context\":\"https:\/\/schema.org\",\"@graph\":[{\"@type\":\"WebPage\",\"@id\":\"https:\/\/www.dolomitiprealpi.it\/de\/event\/tracce-di-foliage\/\",\"url\":\"https:\/\/www.dolomitiprealpi.it\/de\/event\/tracce-di-foliage\/\",\"name\":\"Tracce di Foliage - Dolomiti Prealpi\",\"isPartOf\":{\"@id\":\"https:\/\/www.dolomitiprealpi.it\/de\/#website\"},\"datePublished\":\"2026-04-17T11:13:07+00:00\",\"dateModified\":\"2026-04-23T15:59:42+00:00\",\"breadcrumb\":{\"@id\":\"https:\/\/www.dolomitiprealpi.it\/de\/event\/tracce-di-foliage\/#breadcrumb\"},\"inLanguage\":\"de-DE\",\"potentialAction\":[{\"@type\":\"ReadAction\",\"target\":[\"https:\/\/www.dolomitiprealpi.it\/de\/event\/tracce-di-foliage\/\"]}]},{\"@type\":\"BreadcrumbList\",\"@id\":\"https:\/\/www.dolomitiprealpi.it\/de\/event\/tracce-di-foliage\/#breadcrumb\",\"itemListElement\":[{\"@type\":\"ListItem\",\"position\":1,\"name\":\"Home\",\"item\":\"https:\/\/www.dolomitiprealpi.it\/de\/\"},{\"@type\":\"ListItem\",\"position\":2,\"name\":\"Veranstaltungen\",\"item\":\"https:\/\/www.dolomitiprealpi.it\/de\/events\/\"},{\"@type\":\"ListItem\",\"position\":3,\"name\":\"Tracce di Foliage\"}]},{\"@type\":\"WebSite\",\"@id\":\"https:\/\/www.dolomitiprealpi.it\/de\/#website\",\"url\":\"https:\/\/www.dolomitiprealpi.it\/de\/\",\"name\":\"Dolomiti Prealpi\",\"description\":\"\",\"publisher\":{\"@id\":\"https:\/\/www.dolomitiprealpi.it\/de\/#organization\"},\"potentialAction\":[{\"@type\":\"SearchAction\",\"target\":{\"@type\":\"EntryPoint\",\"urlTemplate\":\"https:\/\/www.dolomitiprealpi.it\/de\/?s={search_term_string}\"},\"query-input\":{\"@type\":\"PropertyValueSpecification\",\"valueRequired\":true,\"valueName\":\"search_term_string\"}}],\"inLanguage\":\"de-DE\"},{\"@type\":\"Organization\",\"@id\":\"https:\/\/www.dolomitiprealpi.it\/de\/#organization\",\"name\":\"Consorzio Dolomiti Prealpi\",\"url\":\"https:\/\/www.dolomitiprealpi.it\/de\/\",\"logo\":{\"@type\":\"ImageObject\",\"inLanguage\":\"de-DE\",\"@id\":\"https:\/\/www.dolomitiprealpi.it\/de\/#\/schema\/logo\/image\/\",\"url\":\"https:\/\/www.dolomitiprealpi.it\/wp-content\/uploads\/2023\/03\/dolomitiprealpi-favicon.jpg\",\"contentUrl\":\"https:\/\/www.dolomitiprealpi.it\/wp-content\/uploads\/2023\/03\/dolomitiprealpi-favicon.jpg\",\"width\":512,\"height\":512,\"caption\":\"Consorzio Dolomiti Prealpi\"},\"image\":{\"@id\":\"https:\/\/www.dolomitiprealpi.it\/de\/#\/schema\/logo\/image\/\"},\"sameAs\":[\"https:\/\/www.facebook.com\/dolomitiprealpi.it\/\",\"https:\/\/www.instagram.com\/dolomitiprealpi\/\"]}]}<\/script>\n<!-- \/ Yoast SEO plugin. -->","yoast_head_json":{"title":"Tracce di Foliage - Dolomiti Prealpi","robots":{"index":"index","follow":"follow","max-snippet":"max-snippet:-1","max-image-preview":"max-image-preview:large","max-video-preview":"max-video-preview:-1"},"canonical":"https:\/\/www.dolomitiprealpi.it\/de\/event\/tracce-di-foliage\/","og_locale":"de_DE","og_type":"article","og_title":"Tracce di Foliage - Dolomiti Prealpi","og_description":"Die Sinne des Herbstes Die dritte Ausgabe der Veranstaltung&nbsp;Spuren des Laubfalls&nbsp;widmet sich den&nbsp;Herbstsinne. Nach Farben und Aromen verbindet die Palette der Herbstbl\u00e4tter die klaren Empfindungen, die wir in der Natur","og_url":"https:\/\/www.dolomitiprealpi.it\/de\/event\/tracce-di-foliage\/","og_site_name":"Dolomiti Prealpi","article_publisher":"https:\/\/www.facebook.com\/dolomitiprealpi.it\/","article_modified_time":"2026-04-23T15:59:42+00:00","og_image":[{"width":2048,"height":1888,"url":"https:\/\/www.dolomitiprealpi.it\/wp-content\/uploads\/2022\/11\/C.-Timpone-Foto-archivio-Consorzio-turistico-Dolomiti-Prealpi-Nevegal-Belluno-Bike-18-2.jpg","type":"image\/jpeg"}],"twitter_card":"summary_large_image","twitter_misc":{"Est. reading time":"1 minute"},"schema":{"@context":"https:\/\/schema.org","@graph":[{"@type":"WebPage","@id":"https:\/\/www.dolomitiprealpi.it\/de\/event\/tracce-di-foliage\/","url":"https:\/\/www.dolomitiprealpi.it\/de\/event\/tracce-di-foliage\/","name":"Tracce di Foliage - Dolomiti Prealpi","isPartOf":{"@id":"https:\/\/www.dolomitiprealpi.it\/de\/#website"},"datePublished":"2026-04-17T11:13:07+00:00","dateModified":"2026-04-23T15:59:42+00:00","breadcrumb":{"@id":"https:\/\/www.dolomitiprealpi.it\/de\/event\/tracce-di-foliage\/#breadcrumb"},"inLanguage":"de-DE","potentialAction":[{"@type":"ReadAction","target":["https:\/\/www.dolomitiprealpi.it\/de\/event\/tracce-di-foliage\/"]}]},{"@type":"BreadcrumbList","@id":"https:\/\/www.dolomitiprealpi.it\/de\/event\/tracce-di-foliage\/#breadcrumb","itemListElement":[{"@type":"ListItem","position":1,"name":"Home","item":"https:\/\/www.dolomitiprealpi.it\/de\/"},{"@type":"ListItem","position":2,"name":"Veranstaltungen","item":"https:\/\/www.dolomitiprealpi.it\/de\/events\/"},{"@type":"ListItem","position":3,"name":"Tracce di Foliage"}]},{"@type":"WebSite","@id":"https:\/\/www.dolomitiprealpi.it\/de\/#website","url":"https:\/\/www.dolomitiprealpi.it\/de\/","name":"Dolomiti Prealpi","description":"","publisher":{"@id":"https:\/\/www.dolomitiprealpi.it\/de\/#organization"},"potentialAction":[{"@type":"SearchAction","target":{"@type":"EntryPoint","urlTemplate":"https:\/\/www.dolomitiprealpi.it\/de\/?s={search_term_string}"},"query-input":{"@type":"PropertyValueSpecification","valueRequired":true,"valueName":"search_term_string"}}],"inLanguage":"de-DE"},{"@type":"Organization","@id":"https:\/\/www.dolomitiprealpi.it\/de\/#organization","name":"Consorzio Dolomiti Prealpi","url":"https:\/\/www.dolomitiprealpi.it\/de\/","logo":{"@type":"ImageObject","inLanguage":"de-DE","@id":"https:\/\/www.dolomitiprealpi.it\/de\/#\/schema\/logo\/image\/","url":"https:\/\/www.dolomitiprealpi.it\/wp-content\/uploads\/2023\/03\/dolomitiprealpi-favicon.jpg","contentUrl":"https:\/\/www.dolomitiprealpi.it\/wp-content\/uploads\/2023\/03\/dolomitiprealpi-favicon.jpg","width":512,"height":512,"caption":"Consorzio Dolomiti Prealpi"},"image":{"@id":"https:\/\/www.dolomitiprealpi.it\/de\/#\/schema\/logo\/image\/"},"sameAs":["https:\/\/www.facebook.com\/dolomitiprealpi.it\/","https:\/\/www.instagram.com\/dolomitiprealpi\/"]}]}},"_links":{"self":[{"href":"https:\/\/www.dolomitiprealpi.it\/de\/wp-json\/wp\/v2\/tribe_events\/88529","targetHints":{"allow":["GET"]}}],"collection":[{"href":"https:\/\/www.dolomitiprealpi.it\/de\/wp-json\/wp\/v2\/tribe_events"}],"about":[{"href":"https:\/\/www.dolomitiprealpi.it\/de\/wp-json\/wp\/v2\/types\/tribe_events"}],"version-history":[{"count":1,"href":"https:\/\/www.dolomitiprealpi.it\/de\/wp-json\/wp\/v2\/tribe_events\/88529\/revisions"}],"predecessor-version":[{"id":89224,"href":"https:\/\/www.dolomitiprealpi.it\/de\/wp-json\/wp\/v2\/tribe_events\/88529\/revisions\/89224"}],"wp:attachment":[{"href":"https:\/\/www.dolomitiprealpi.it\/de\/wp-json\/wp\/v2\/media?parent=88529"}],"wp:term":[{"taxonomy":"post_tag","embeddable":true,"href":"https:\/\/www.dolomitiprealpi.it\/de\/wp-json\/wp\/v2\/tags?post=88529"},{"taxonomy":"tribe_events_cat","embeddable":true,"href":"https:\/\/www.dolomitiprealpi.it\/de\/wp-json\/wp\/v2\/tribe_events_cat?post=88529"}],"curies":[{"name":"wp","href":"https:\/\/api.w.org\/{rel}","templated":true}]}}

<p>Die Sinne des Herbstes</p>
<p>Die dritte Ausgabe der Veranstaltung<i>&nbsp;Spuren des Laubfalls</i>&nbsp;widmet sich den&nbsp;Herbstsinne. Nach Farben und Aromen verbindet die Palette der Herbstblätter die klaren Empfindungen, die wir in der Natur erleben können. Das Gebiet um Belluno ist ein perfektes Amphitheater, das verschiedene Arten von Erfahrungen ermöglicht und beherbergt.</p>
<p>Im Mittelpunkt stehen die Blätter, die die Farben Gelb, Rot und Braun annehmen, zusammen mit der Magie der Sonne, die sanft die Gipfel der Belluneser Voralpen mit ihren langen Strahlen berührt, dem Wind, der die Lippen färbt und die Wangen röter werden lässt, dem Nebel, der die atemberaubenden Landschaften des Gebiets umhüllt.</p>
<p>Der Laubfall ist nicht nur Schönheit zum Betrachten, sondern eine Erfahrung, die man voll und ganz mit allen Sinnen erleben sollte. Der Geruchssinn erwacht zwischen Moos, nasser Rinde und reifen Früchten. Der Geschmack wird zum Protagonisten, durch das, was die Natur bietet: süße, knackige Äpfel, intensive, umhüllende Aromen, die die Landschaft erzählen.</p>
<p>Der Laubfall ist auch ein Zuhause der Biodiversität: Pflanzen, Essenzen, Lebensformen, die den Unterwuchs bevölkern und oft unbemerkt bleiben, aber für das Gleichgewicht des Ganzen wesentlich sind. Und dann gibt es die Musik des Waldes, die keine Instrumente braucht, um zu existieren: Zweige, die sich berühren, fließendes Wasser, langsame Schritte von denen, die gehen, um zuzuhören. Es ist eine Melodie aus Emotionen, die tiefgehende Saiten berühren kann.</p>
<p><i>Spuren des Laubfalls</i> lädt somit ein, langsamer zu werden, zu fühlen, zu empfinden. Sich von der Natur, dem Gebiet und sich selbst begleiten und verbinden zu lassen.</p>

<p>Die Sinne des Herbstes Die dritte Ausgabe der Veranstaltung&nbsp;Spuren des Laubfalls&nbsp;widmet sich den&nbsp;Herbstsinne. Nach Farben und Aromen verbindet die Palette der Herbstblätter die klaren Empfindungen, die wir in der Natur</p>

<!-- This site is optimized with the Yoast SEO plugin v25.7 - https://yoast.com/wordpress/plugins/seo/ -->
<title>Tracce di Foliage - Dolomiti Prealpi</title>
<meta name="robots" content="index, follow, max-snippet:-1, max-image-preview:large, max-video-preview:-1" />
<link rel="canonical" href="https://www.dolomitiprealpi.it/de/event/tracce-di-foliage/" />
<meta property="og:locale" content="de_DE" />
<meta property="og:type" content="article" />
<meta property="og:title" content="Tracce di Foliage - Dolomiti Prealpi" />
<meta property="og:description" content="Die Sinne des Herbstes Die dritte Ausgabe der Veranstaltung&nbsp;Spuren des Laubfalls&nbsp;widmet sich den&nbsp;Herbstsinne. Nach Farben und Aromen verbindet die Palette der Herbstblätter die klaren Empfindungen, die wir in der Natur" />
<meta property="og:url" content="https://www.dolomitiprealpi.it/de/event/tracce-di-foliage/" />
<meta property="og:site_name" content="Dolomiti Prealpi" />
<meta property="article:publisher" content="https://www.facebook.com/dolomitiprealpi.it/" />
<meta property="article:modified_time" content="2026-04-23T15:59:42+00:00" />
<meta property="og:image" content="https://www.dolomitiprealpi.it/wp-content/uploads/2022/11/C.-Timpone-Foto-archivio-Consorzio-turistico-Dolomiti-Prealpi-Nevegal-Belluno-Bike-18-2.jpg" />
	<meta property="og:image:width" content="2048" />
	<meta property="og:image:height" content="1888" />
	<meta property="og:image:type" content="image/jpeg" />
<meta name="twitter:card" content="summary_large_image" />
<meta name="twitter:label1" content="Est. reading time" />
	<meta name="twitter:data1" content="1 minute" />
<script type="application/ld+json" class="yoast-schema-graph">{"@context":"https://schema.org","@graph":[{"@type":"WebPage","@id":"https://www.dolomitiprealpi.it/de/event/tracce-di-foliage/","url":"https://www.dolomitiprealpi.it/de/event/tracce-di-foliage/","name":"Tracce di Foliage - Dolomiti Prealpi","isPartOf":{"@id":"https://www.dolomitiprealpi.it/de/#website"},"datePublished":"2026-04-17T11:13:07+00:00","dateModified":"2026-04-23T15:59:42+00:00","breadcrumb":{"@id":"https://www.dolomitiprealpi.it/de/event/tracce-di-foliage/#breadcrumb"},"inLanguage":"de-DE","potentialAction":[{"@type":"ReadAction","target":["https://www.dolomitiprealpi.it/de/event/tracce-di-foliage/"]}]},{"@type":"BreadcrumbList","@id":"https://www.dolomitiprealpi.it/de/event/tracce-di-foliage/#breadcrumb","itemListElement":[{"@type":"ListItem","position":1,"name":"Home","item":"https://www.dolomitiprealpi.it/de/"},{"@type":"ListItem","position":2,"name":"Veranstaltungen","item":"https://www.dolomitiprealpi.it/de/events/"},{"@type":"ListItem","position":3,"name":"Tracce di Foliage"}]},{"@type":"WebSite","@id":"https://www.dolomitiprealpi.it/de/#website","url":"https://www.dolomitiprealpi.it/de/","name":"Dolomiti Prealpi","description":"","publisher":{"@id":"https://www.dolomitiprealpi.it/de/#organization"},"potentialAction":[{"@type":"SearchAction","target":{"@type":"EntryPoint","urlTemplate":"https://www.dolomitiprealpi.it/de/?s={search_term_string}"},"query-input":{"@type":"PropertyValueSpecification","valueRequired":true,"valueName":"search_term_string"}}],"inLanguage":"de-DE"},{"@type":"Organization","@id":"https://www.dolomitiprealpi.it/de/#organization","name":"Consorzio Dolomiti Prealpi","url":"https://www.dolomitiprealpi.it/de/","logo":{"@type":"ImageObject","inLanguage":"de-DE","@id":"https://www.dolomitiprealpi.it/de/#/schema/logo/image/","url":"https://www.dolomitiprealpi.it/wp-content/uploads/2023/03/dolomitiprealpi-favicon.jpg","contentUrl":"https://www.dolomitiprealpi.it/wp-content/uploads/2023/03/dolomitiprealpi-favicon.jpg","width":512,"height":512,"caption":"Consorzio Dolomiti Prealpi"},"image":{"@id":"https://www.dolomitiprealpi.it/de/#/schema/logo/image/"},"sameAs":["https://www.facebook.com/dolomitiprealpi.it/","https://www.instagram.com/dolomitiprealpi/"]}]}</script>
<!-- / Yoast SEO plugin. -->

Die Sinne des Herbstes Die dritte Ausgabe der Veranstaltung&nbsp;Spuren des Laubfalls&nbsp;widmet sich den&nbsp;Herbstsinne. Nach Farben und Aromen verbindet die Palette der Herbstblätter die klaren Empfindungen, die wir in der Natur
