{"id":88476,"date":"2026-02-15T12:16:24","date_gmt":"2026-02-15T11:16:24","guid":{"rendered":"https:\/\/www.dolomitiprealpi.it\/event\/alla-scoperta-dei-monumenti-verdi-della-citta\/"},"modified":"2026-03-20T12:58:15","modified_gmt":"2026-03-20T11:58:15","slug":"alla-scoperta-dei-monumenti-verdi-della-citta","status":"publish","type":"tribe_events","link":"https:\/\/www.dolomitiprealpi.it\/de\/event\/alla-scoperta-dei-monumenti-verdi-della-citta\/","title":{"rendered":"Alla scoperta dei monumenti &#8220;Verdi&#8221; della Citt\u00e0"},"content":{"rendered":"<p>Umweltbildungsaktivit\u00e4ten<\/p>\n<p>Am Samstag, den 4. Oktober von 10 bis 12 Uhr findet die Veranstaltung &#8220;<b>Entdeckung der &#8220;GR\u00dcNEN&#8221; Denkm\u00e4ler der Stadt Belluno!<\/b>&#8221; organisiert von der Abteilung Carabinieri Biodiversit\u00e4t in Zusammenarbeit mit dem WWF Belluno statt.<\/p>\n<p>Die Veranstaltung ist Teil des Festivals der Natur in der Stadt und umfasst einen gef\u00fchrten Spaziergang mit dem Personal der Abteilung Carabinieri Biodiversit\u00e4t, um eine weniger bekannte Seite unserer Hauptstadt, die Gr\u00fcnfl\u00e4chen, zu entdecken.<\/p>\n<p>Abfahrt vom aufgestellten Pavillon am Platz der M\u00e4rtyrer.<\/p>\n<p><u>Anmeldungen<\/u> bis Freitag, den 3. Oktober an die E-Mail-Adresse: rcb.belluno@gmail.com<\/p>\n<p><\/p>\n","protected":false},"excerpt":{"rendered":"<p>Umweltbildungsaktivit\u00e4ten Am Samstag, den 4. Oktober von 10 bis 12 Uhr findet die Veranstaltung &#8220;Entdeckung der &#8220;GR\u00dcNEN&#8221; Denkm\u00e4ler der Stadt Belluno!&#8221; organisiert von der Abteilung Carabinieri Biodiversit\u00e4t in Zusammenarbeit mit<\/p>\n","protected":false},"author":0,"featured_media":0,"template":"","meta":{"_acf_changed":false,"inline_featured_image":false,"_tribe_events_status":"","_tribe_events_status_reason":"","footnotes":""},"tags":[259],"tribe_events_cat":[],"class_list":["post-88476","tribe_events","type-tribe_events","status-publish","hentry","tag-eventi-feratel"],"acf":[],"yoast_head":"<!-- This site is optimized with the Yoast SEO plugin v25.7 - https:\/\/yoast.com\/wordpress\/plugins\/seo\/ -->\n<title>Alla scoperta dei monumenti &quot;Verdi&quot; della Citt\u00e0 - Dolomiti Prealpi<\/title>\n<meta name=\"robots\" content=\"index, follow, max-snippet:-1, max-image-preview:large, max-video-preview:-1\" \/>\n<link rel=\"canonical\" href=\"https:\/\/www.dolomitiprealpi.it\/de\/event\/alla-scoperta-dei-monumenti-verdi-della-citta\/\" \/>\n<meta property=\"og:locale\" content=\"de_DE\" \/>\n<meta property=\"og:type\" content=\"article\" \/>\n<meta property=\"og:title\" content=\"Alla scoperta dei monumenti &quot;Verdi&quot; della Citt\u00e0 - Dolomiti Prealpi\" \/>\n<meta property=\"og:description\" content=\"Umweltbildungsaktivit\u00e4ten Am Samstag, den 4. Oktober von 10 bis 12 Uhr findet die Veranstaltung &#8220;Entdeckung der &#8220;GR\u00dcNEN&#8221; Denkm\u00e4ler der Stadt Belluno!&#8221; organisiert von der Abteilung Carabinieri Biodiversit\u00e4t in Zusammenarbeit mit\" \/>\n<meta property=\"og:url\" content=\"https:\/\/www.dolomitiprealpi.it\/de\/event\/alla-scoperta-dei-monumenti-verdi-della-citta\/\" \/>\n<meta property=\"og:site_name\" content=\"Dolomiti Prealpi\" \/>\n<meta property=\"article:publisher\" content=\"https:\/\/www.facebook.com\/dolomitiprealpi.it\/\" \/>\n<meta property=\"article:modified_time\" content=\"2026-03-20T11:58:15+00:00\" \/>\n<meta property=\"og:image\" content=\"https:\/\/www.dolomitiprealpi.it\/wp-content\/uploads\/2022\/11\/C.-Timpone-Foto-archivio-Consorzio-turistico-Dolomiti-Prealpi-Nevegal-Belluno-Bike-18-2.jpg\" \/>\n\t<meta property=\"og:image:width\" content=\"2048\" \/>\n\t<meta property=\"og:image:height\" content=\"1888\" \/>\n\t<meta property=\"og:image:type\" content=\"image\/jpeg\" \/>\n<meta name=\"twitter:card\" content=\"summary_large_image\" \/>\n<script type=\"application\/ld+json\" class=\"yoast-schema-graph\">{\"@context\":\"https:\/\/schema.org\",\"@graph\":[{\"@type\":\"WebPage\",\"@id\":\"https:\/\/www.dolomitiprealpi.it\/de\/event\/alla-scoperta-dei-monumenti-verdi-della-citta\/\",\"url\":\"https:\/\/www.dolomitiprealpi.it\/de\/event\/alla-scoperta-dei-monumenti-verdi-della-citta\/\",\"name\":\"Alla scoperta dei monumenti \\\"Verdi\\\" della Citt\u00e0 - Dolomiti Prealpi\",\"isPartOf\":{\"@id\":\"https:\/\/www.dolomitiprealpi.it\/de\/#website\"},\"datePublished\":\"2026-02-15T11:16:24+00:00\",\"dateModified\":\"2026-03-20T11:58:15+00:00\",\"breadcrumb\":{\"@id\":\"https:\/\/www.dolomitiprealpi.it\/de\/event\/alla-scoperta-dei-monumenti-verdi-della-citta\/#breadcrumb\"},\"inLanguage\":\"de-DE\",\"potentialAction\":[{\"@type\":\"ReadAction\",\"target\":[\"https:\/\/www.dolomitiprealpi.it\/de\/event\/alla-scoperta-dei-monumenti-verdi-della-citta\/\"]}]},{\"@type\":\"BreadcrumbList\",\"@id\":\"https:\/\/www.dolomitiprealpi.it\/de\/event\/alla-scoperta-dei-monumenti-verdi-della-citta\/#breadcrumb\",\"itemListElement\":[{\"@type\":\"ListItem\",\"position\":1,\"name\":\"Home\",\"item\":\"https:\/\/www.dolomitiprealpi.it\/de\/\"},{\"@type\":\"ListItem\",\"position\":2,\"name\":\"Veranstaltungen\",\"item\":\"https:\/\/www.dolomitiprealpi.it\/de\/events\/\"},{\"@type\":\"ListItem\",\"position\":3,\"name\":\"Alla scoperta dei monumenti &#8220;Verdi&#8221; della Citt\u00e0\"}]},{\"@type\":\"WebSite\",\"@id\":\"https:\/\/www.dolomitiprealpi.it\/de\/#website\",\"url\":\"https:\/\/www.dolomitiprealpi.it\/de\/\",\"name\":\"Dolomiti Prealpi\",\"description\":\"\",\"publisher\":{\"@id\":\"https:\/\/www.dolomitiprealpi.it\/de\/#organization\"},\"potentialAction\":[{\"@type\":\"SearchAction\",\"target\":{\"@type\":\"EntryPoint\",\"urlTemplate\":\"https:\/\/www.dolomitiprealpi.it\/de\/?s={search_term_string}\"},\"query-input\":{\"@type\":\"PropertyValueSpecification\",\"valueRequired\":true,\"valueName\":\"search_term_string\"}}],\"inLanguage\":\"de-DE\"},{\"@type\":\"Organization\",\"@id\":\"https:\/\/www.dolomitiprealpi.it\/de\/#organization\",\"name\":\"Consorzio Dolomiti Prealpi\",\"url\":\"https:\/\/www.dolomitiprealpi.it\/de\/\",\"logo\":{\"@type\":\"ImageObject\",\"inLanguage\":\"de-DE\",\"@id\":\"https:\/\/www.dolomitiprealpi.it\/de\/#\/schema\/logo\/image\/\",\"url\":\"https:\/\/www.dolomitiprealpi.it\/wp-content\/uploads\/2023\/03\/dolomitiprealpi-favicon.jpg\",\"contentUrl\":\"https:\/\/www.dolomitiprealpi.it\/wp-content\/uploads\/2023\/03\/dolomitiprealpi-favicon.jpg\",\"width\":512,\"height\":512,\"caption\":\"Consorzio Dolomiti Prealpi\"},\"image\":{\"@id\":\"https:\/\/www.dolomitiprealpi.it\/de\/#\/schema\/logo\/image\/\"},\"sameAs\":[\"https:\/\/www.facebook.com\/dolomitiprealpi.it\/\",\"https:\/\/www.instagram.com\/dolomitiprealpi\/\"]}]}<\/script>\n<!-- \/ Yoast SEO plugin. -->","yoast_head_json":{"title":"Alla scoperta dei monumenti \"Verdi\" della Citt\u00e0 - Dolomiti Prealpi","robots":{"index":"index","follow":"follow","max-snippet":"max-snippet:-1","max-image-preview":"max-image-preview:large","max-video-preview":"max-video-preview:-1"},"canonical":"https:\/\/www.dolomitiprealpi.it\/de\/event\/alla-scoperta-dei-monumenti-verdi-della-citta\/","og_locale":"de_DE","og_type":"article","og_title":"Alla scoperta dei monumenti \"Verdi\" della Citt\u00e0 - Dolomiti Prealpi","og_description":"Umweltbildungsaktivit\u00e4ten Am Samstag, den 4. Oktober von 10 bis 12 Uhr findet die Veranstaltung &#8220;Entdeckung der &#8220;GR\u00dcNEN&#8221; Denkm\u00e4ler der Stadt Belluno!&#8221; organisiert von der Abteilung Carabinieri Biodiversit\u00e4t in Zusammenarbeit mit","og_url":"https:\/\/www.dolomitiprealpi.it\/de\/event\/alla-scoperta-dei-monumenti-verdi-della-citta\/","og_site_name":"Dolomiti Prealpi","article_publisher":"https:\/\/www.facebook.com\/dolomitiprealpi.it\/","article_modified_time":"2026-03-20T11:58:15+00:00","og_image":[{"width":2048,"height":1888,"url":"https:\/\/www.dolomitiprealpi.it\/wp-content\/uploads\/2022\/11\/C.-Timpone-Foto-archivio-Consorzio-turistico-Dolomiti-Prealpi-Nevegal-Belluno-Bike-18-2.jpg","type":"image\/jpeg"}],"twitter_card":"summary_large_image","schema":{"@context":"https:\/\/schema.org","@graph":[{"@type":"WebPage","@id":"https:\/\/www.dolomitiprealpi.it\/de\/event\/alla-scoperta-dei-monumenti-verdi-della-citta\/","url":"https:\/\/www.dolomitiprealpi.it\/de\/event\/alla-scoperta-dei-monumenti-verdi-della-citta\/","name":"Alla scoperta dei monumenti \"Verdi\" della Citt\u00e0 - Dolomiti Prealpi","isPartOf":{"@id":"https:\/\/www.dolomitiprealpi.it\/de\/#website"},"datePublished":"2026-02-15T11:16:24+00:00","dateModified":"2026-03-20T11:58:15+00:00","breadcrumb":{"@id":"https:\/\/www.dolomitiprealpi.it\/de\/event\/alla-scoperta-dei-monumenti-verdi-della-citta\/#breadcrumb"},"inLanguage":"de-DE","potentialAction":[{"@type":"ReadAction","target":["https:\/\/www.dolomitiprealpi.it\/de\/event\/alla-scoperta-dei-monumenti-verdi-della-citta\/"]}]},{"@type":"BreadcrumbList","@id":"https:\/\/www.dolomitiprealpi.it\/de\/event\/alla-scoperta-dei-monumenti-verdi-della-citta\/#breadcrumb","itemListElement":[{"@type":"ListItem","position":1,"name":"Home","item":"https:\/\/www.dolomitiprealpi.it\/de\/"},{"@type":"ListItem","position":2,"name":"Veranstaltungen","item":"https:\/\/www.dolomitiprealpi.it\/de\/events\/"},{"@type":"ListItem","position":3,"name":"Alla scoperta dei monumenti &#8220;Verdi&#8221; della Citt\u00e0"}]},{"@type":"WebSite","@id":"https:\/\/www.dolomitiprealpi.it\/de\/#website","url":"https:\/\/www.dolomitiprealpi.it\/de\/","name":"Dolomiti Prealpi","description":"","publisher":{"@id":"https:\/\/www.dolomitiprealpi.it\/de\/#organization"},"potentialAction":[{"@type":"SearchAction","target":{"@type":"EntryPoint","urlTemplate":"https:\/\/www.dolomitiprealpi.it\/de\/?s={search_term_string}"},"query-input":{"@type":"PropertyValueSpecification","valueRequired":true,"valueName":"search_term_string"}}],"inLanguage":"de-DE"},{"@type":"Organization","@id":"https:\/\/www.dolomitiprealpi.it\/de\/#organization","name":"Consorzio Dolomiti Prealpi","url":"https:\/\/www.dolomitiprealpi.it\/de\/","logo":{"@type":"ImageObject","inLanguage":"de-DE","@id":"https:\/\/www.dolomitiprealpi.it\/de\/#\/schema\/logo\/image\/","url":"https:\/\/www.dolomitiprealpi.it\/wp-content\/uploads\/2023\/03\/dolomitiprealpi-favicon.jpg","contentUrl":"https:\/\/www.dolomitiprealpi.it\/wp-content\/uploads\/2023\/03\/dolomitiprealpi-favicon.jpg","width":512,"height":512,"caption":"Consorzio Dolomiti Prealpi"},"image":{"@id":"https:\/\/www.dolomitiprealpi.it\/de\/#\/schema\/logo\/image\/"},"sameAs":["https:\/\/www.facebook.com\/dolomitiprealpi.it\/","https:\/\/www.instagram.com\/dolomitiprealpi\/"]}]}},"_links":{"self":[{"href":"https:\/\/www.dolomitiprealpi.it\/de\/wp-json\/wp\/v2\/tribe_events\/88476","targetHints":{"allow":["GET"]}}],"collection":[{"href":"https:\/\/www.dolomitiprealpi.it\/de\/wp-json\/wp\/v2\/tribe_events"}],"about":[{"href":"https:\/\/www.dolomitiprealpi.it\/de\/wp-json\/wp\/v2\/types\/tribe_events"}],"version-history":[{"count":1,"href":"https:\/\/www.dolomitiprealpi.it\/de\/wp-json\/wp\/v2\/tribe_events\/88476\/revisions"}],"predecessor-version":[{"id":89177,"href":"https:\/\/www.dolomitiprealpi.it\/de\/wp-json\/wp\/v2\/tribe_events\/88476\/revisions\/89177"}],"wp:attachment":[{"href":"https:\/\/www.dolomitiprealpi.it\/de\/wp-json\/wp\/v2\/media?parent=88476"}],"wp:term":[{"taxonomy":"post_tag","embeddable":true,"href":"https:\/\/www.dolomitiprealpi.it\/de\/wp-json\/wp\/v2\/tags?post=88476"},{"taxonomy":"tribe_events_cat","embeddable":true,"href":"https:\/\/www.dolomitiprealpi.it\/de\/wp-json\/wp\/v2\/tribe_events_cat?post=88476"}],"curies":[{"name":"wp","href":"https:\/\/api.w.org\/{rel}","templated":true}]}}

Alla scoperta dei monumenti &#8220;Verdi&#8221; della Città

<p>Umweltbildungsaktivitäten</p>
<p>Am Samstag, den 4. Oktober von 10 bis 12 Uhr findet die Veranstaltung &#8220;<b>Entdeckung der &#8220;GRÜNEN&#8221; Denkmäler der Stadt Belluno!</b>&#8221; organisiert von der Abteilung Carabinieri Biodiversität in Zusammenarbeit mit dem WWF Belluno statt.</p>
<p>Die Veranstaltung ist Teil des Festivals der Natur in der Stadt und umfasst einen geführten Spaziergang mit dem Personal der Abteilung Carabinieri Biodiversität, um eine weniger bekannte Seite unserer Hauptstadt, die Grünflächen, zu entdecken.</p>
<p>Abfahrt vom aufgestellten Pavillon am Platz der Märtyrer.</p>
<p><u>Anmeldungen</u> bis Freitag, den 3. Oktober an die E-Mail-Adresse: rcb.belluno@gmail.com</p>
<p></p>

<p>Umweltbildungsaktivitäten Am Samstag, den 4. Oktober von 10 bis 12 Uhr findet die Veranstaltung &#8220;Entdeckung der &#8220;GRÜNEN&#8221; Denkmäler der Stadt Belluno!&#8221; organisiert von der Abteilung Carabinieri Biodiversität in Zusammenarbeit mit</p>

<!-- This site is optimized with the Yoast SEO plugin v25.7 - https://yoast.com/wordpress/plugins/seo/ -->
<title>Alla scoperta dei monumenti &quot;Verdi&quot; della Città - Dolomiti Prealpi</title>
<meta name="robots" content="index, follow, max-snippet:-1, max-image-preview:large, max-video-preview:-1" />
<link rel="canonical" href="https://www.dolomitiprealpi.it/de/event/alla-scoperta-dei-monumenti-verdi-della-citta/" />
<meta property="og:locale" content="de_DE" />
<meta property="og:type" content="article" />
<meta property="og:title" content="Alla scoperta dei monumenti &quot;Verdi&quot; della Città - Dolomiti Prealpi" />
<meta property="og:description" content="Umweltbildungsaktivitäten Am Samstag, den 4. Oktober von 10 bis 12 Uhr findet die Veranstaltung &#8220;Entdeckung der &#8220;GRÜNEN&#8221; Denkmäler der Stadt Belluno!&#8221; organisiert von der Abteilung Carabinieri Biodiversität in Zusammenarbeit mit" />
<meta property="og:url" content="https://www.dolomitiprealpi.it/de/event/alla-scoperta-dei-monumenti-verdi-della-citta/" />
<meta property="og:site_name" content="Dolomiti Prealpi" />
<meta property="article:publisher" content="https://www.facebook.com/dolomitiprealpi.it/" />
<meta property="article:modified_time" content="2026-03-20T11:58:15+00:00" />
<meta property="og:image" content="https://www.dolomitiprealpi.it/wp-content/uploads/2022/11/C.-Timpone-Foto-archivio-Consorzio-turistico-Dolomiti-Prealpi-Nevegal-Belluno-Bike-18-2.jpg" />
	<meta property="og:image:width" content="2048" />
	<meta property="og:image:height" content="1888" />
	<meta property="og:image:type" content="image/jpeg" />
<meta name="twitter:card" content="summary_large_image" />
<script type="application/ld+json" class="yoast-schema-graph">{"@context":"https://schema.org","@graph":[{"@type":"WebPage","@id":"https://www.dolomitiprealpi.it/de/event/alla-scoperta-dei-monumenti-verdi-della-citta/","url":"https://www.dolomitiprealpi.it/de/event/alla-scoperta-dei-monumenti-verdi-della-citta/","name":"Alla scoperta dei monumenti \"Verdi\" della Città - Dolomiti Prealpi","isPartOf":{"@id":"https://www.dolomitiprealpi.it/de/#website"},"datePublished":"2026-02-15T11:16:24+00:00","dateModified":"2026-03-20T11:58:15+00:00","breadcrumb":{"@id":"https://www.dolomitiprealpi.it/de/event/alla-scoperta-dei-monumenti-verdi-della-citta/#breadcrumb"},"inLanguage":"de-DE","potentialAction":[{"@type":"ReadAction","target":["https://www.dolomitiprealpi.it/de/event/alla-scoperta-dei-monumenti-verdi-della-citta/"]}]},{"@type":"BreadcrumbList","@id":"https://www.dolomitiprealpi.it/de/event/alla-scoperta-dei-monumenti-verdi-della-citta/#breadcrumb","itemListElement":[{"@type":"ListItem","position":1,"name":"Home","item":"https://www.dolomitiprealpi.it/de/"},{"@type":"ListItem","position":2,"name":"Veranstaltungen","item":"https://www.dolomitiprealpi.it/de/events/"},{"@type":"ListItem","position":3,"name":"Alla scoperta dei monumenti &#8220;Verdi&#8221; della Città"}]},{"@type":"WebSite","@id":"https://www.dolomitiprealpi.it/de/#website","url":"https://www.dolomitiprealpi.it/de/","name":"Dolomiti Prealpi","description":"","publisher":{"@id":"https://www.dolomitiprealpi.it/de/#organization"},"potentialAction":[{"@type":"SearchAction","target":{"@type":"EntryPoint","urlTemplate":"https://www.dolomitiprealpi.it/de/?s={search_term_string}"},"query-input":{"@type":"PropertyValueSpecification","valueRequired":true,"valueName":"search_term_string"}}],"inLanguage":"de-DE"},{"@type":"Organization","@id":"https://www.dolomitiprealpi.it/de/#organization","name":"Consorzio Dolomiti Prealpi","url":"https://www.dolomitiprealpi.it/de/","logo":{"@type":"ImageObject","inLanguage":"de-DE","@id":"https://www.dolomitiprealpi.it/de/#/schema/logo/image/","url":"https://www.dolomitiprealpi.it/wp-content/uploads/2023/03/dolomitiprealpi-favicon.jpg","contentUrl":"https://www.dolomitiprealpi.it/wp-content/uploads/2023/03/dolomitiprealpi-favicon.jpg","width":512,"height":512,"caption":"Consorzio Dolomiti Prealpi"},"image":{"@id":"https://www.dolomitiprealpi.it/de/#/schema/logo/image/"},"sameAs":["https://www.facebook.com/dolomitiprealpi.it/","https://www.instagram.com/dolomitiprealpi/"]}]}</script>
<!-- / Yoast SEO plugin. -->

Alla scoperta dei monumenti "Verdi" della Città - Dolomiti Prealpi

Umweltbildungsaktivitäten Am Samstag, den 4. Oktober von 10 bis 12 Uhr findet die Veranstaltung &#8220;Entdeckung der &#8220;GRÜNEN&#8221; Denkmäler der Stadt Belluno!&#8221; organisiert von der Abteilung Carabinieri Biodiversität in Zusammenarbeit mit
