{"id":88414,"date":"2026-02-15T12:08:05","date_gmt":"2026-02-15T11:08:05","guid":{"rendered":"https:\/\/www.dolomitiprealpi.it\/event\/ottobre-2025-con-le-guide-mazarol\/"},"modified":"2026-03-20T12:49:37","modified_gmt":"2026-03-20T11:49:37","slug":"ottobre-2025-con-le-guide-mazarol-5","status":"publish","type":"tribe_events","link":"https:\/\/www.dolomitiprealpi.it\/de\/event\/ottobre-2025-con-le-guide-mazarol-5\/","title":{"rendered":"Ottobre 2025 con le guide Mazarol"},"content":{"rendered":"<p>Ring zwischen Bosch Brus\u00e0 und Malga ai LachANELL TRA BOSCH BRUS\u00c0 UND MALGA AI LACH &#8211; Tagesausflug \u2013 F\u00dcHRERIN MICHELA Dolomitenwanderung an zauberhaften Orten, die im Herbst noch sch\u00f6ner sind! Von Valt di Falcade aus, f\u00fchrt eine Rundwanderung mit markanten geologischen Merkmalen, zwei Almen, dem wundersch\u00f6nen Val di Forca und dem Ausblick zur Valfredda. Bitte ein Picknick mitbringen. Treffpunkt: 8.30 Uhr auf dem Rathausplatz in Falcade &#8211; H\u00f6henunterschied: 850m &#8211; Schwierigkeit: anspruchsvoll &#8211; Teilnehmerzahl: max. 15. Kosten: 25 Euro. Infos und Anmeldungen: 3290040808 &#8211; guide.pndb@gmail.com<\/p>\n","protected":false},"excerpt":{"rendered":"<p>Ring zwischen Bosch Brus\u00e0 und Malga ai LachANELL TRA BOSCH BRUS\u00c0 UND MALGA AI LACH &#8211; Tagesausflug \u2013 F\u00dcHRERIN MICHELA Dolomitenwanderung an zauberhaften Orten, die im Herbst noch sch\u00f6ner sind!<\/p>\n","protected":false},"author":0,"featured_media":0,"template":"","meta":{"_acf_changed":false,"inline_featured_image":false,"_tribe_events_status":"","_tribe_events_status_reason":"","footnotes":""},"tags":[259],"tribe_events_cat":[],"class_list":["post-88414","tribe_events","type-tribe_events","status-publish","hentry","tag-eventi-feratel"],"acf":[],"yoast_head":"<!-- This site is optimized with the Yoast SEO plugin v25.7 - https:\/\/yoast.com\/wordpress\/plugins\/seo\/ -->\n<title>Ottobre 2025 con le guide Mazarol - Dolomiti Prealpi<\/title>\n<meta name=\"robots\" content=\"index, follow, max-snippet:-1, max-image-preview:large, max-video-preview:-1\" \/>\n<link rel=\"canonical\" href=\"https:\/\/www.dolomitiprealpi.it\/de\/event\/ottobre-2025-con-le-guide-mazarol-5\/\" \/>\n<meta property=\"og:locale\" content=\"de_DE\" \/>\n<meta property=\"og:type\" content=\"article\" \/>\n<meta property=\"og:title\" content=\"Ottobre 2025 con le guide Mazarol - Dolomiti Prealpi\" \/>\n<meta property=\"og:description\" content=\"Ring zwischen Bosch Brus\u00e0 und Malga ai LachANELL TRA BOSCH BRUS\u00c0 UND MALGA AI LACH &#8211; Tagesausflug \u2013 F\u00dcHRERIN MICHELA Dolomitenwanderung an zauberhaften Orten, die im Herbst noch sch\u00f6ner sind!\" \/>\n<meta property=\"og:url\" content=\"https:\/\/www.dolomitiprealpi.it\/de\/event\/ottobre-2025-con-le-guide-mazarol-5\/\" \/>\n<meta property=\"og:site_name\" content=\"Dolomiti Prealpi\" \/>\n<meta property=\"article:publisher\" content=\"https:\/\/www.facebook.com\/dolomitiprealpi.it\/\" \/>\n<meta property=\"article:modified_time\" content=\"2026-03-20T11:49:37+00:00\" \/>\n<meta property=\"og:image\" content=\"https:\/\/www.dolomitiprealpi.it\/wp-content\/uploads\/2022\/11\/C.-Timpone-Foto-archivio-Consorzio-turistico-Dolomiti-Prealpi-Nevegal-Belluno-Bike-18-2.jpg\" \/>\n\t<meta property=\"og:image:width\" content=\"2048\" \/>\n\t<meta property=\"og:image:height\" content=\"1888\" \/>\n\t<meta property=\"og:image:type\" content=\"image\/jpeg\" \/>\n<meta name=\"twitter:card\" content=\"summary_large_image\" \/>\n<script type=\"application\/ld+json\" class=\"yoast-schema-graph\">{\"@context\":\"https:\/\/schema.org\",\"@graph\":[{\"@type\":\"WebPage\",\"@id\":\"https:\/\/www.dolomitiprealpi.it\/de\/event\/ottobre-2025-con-le-guide-mazarol-5\/\",\"url\":\"https:\/\/www.dolomitiprealpi.it\/de\/event\/ottobre-2025-con-le-guide-mazarol-5\/\",\"name\":\"Ottobre 2025 con le guide Mazarol - Dolomiti Prealpi\",\"isPartOf\":{\"@id\":\"https:\/\/www.dolomitiprealpi.it\/de\/#website\"},\"datePublished\":\"2026-02-15T11:08:05+00:00\",\"dateModified\":\"2026-03-20T11:49:37+00:00\",\"breadcrumb\":{\"@id\":\"https:\/\/www.dolomitiprealpi.it\/de\/event\/ottobre-2025-con-le-guide-mazarol-5\/#breadcrumb\"},\"inLanguage\":\"de-DE\",\"potentialAction\":[{\"@type\":\"ReadAction\",\"target\":[\"https:\/\/www.dolomitiprealpi.it\/de\/event\/ottobre-2025-con-le-guide-mazarol-5\/\"]}]},{\"@type\":\"BreadcrumbList\",\"@id\":\"https:\/\/www.dolomitiprealpi.it\/de\/event\/ottobre-2025-con-le-guide-mazarol-5\/#breadcrumb\",\"itemListElement\":[{\"@type\":\"ListItem\",\"position\":1,\"name\":\"Home\",\"item\":\"https:\/\/www.dolomitiprealpi.it\/de\/\"},{\"@type\":\"ListItem\",\"position\":2,\"name\":\"Veranstaltungen\",\"item\":\"https:\/\/www.dolomitiprealpi.it\/de\/events\/\"},{\"@type\":\"ListItem\",\"position\":3,\"name\":\"Ottobre 2025 con le guide Mazarol\"}]},{\"@type\":\"WebSite\",\"@id\":\"https:\/\/www.dolomitiprealpi.it\/de\/#website\",\"url\":\"https:\/\/www.dolomitiprealpi.it\/de\/\",\"name\":\"Dolomiti Prealpi\",\"description\":\"\",\"publisher\":{\"@id\":\"https:\/\/www.dolomitiprealpi.it\/de\/#organization\"},\"potentialAction\":[{\"@type\":\"SearchAction\",\"target\":{\"@type\":\"EntryPoint\",\"urlTemplate\":\"https:\/\/www.dolomitiprealpi.it\/de\/?s={search_term_string}\"},\"query-input\":{\"@type\":\"PropertyValueSpecification\",\"valueRequired\":true,\"valueName\":\"search_term_string\"}}],\"inLanguage\":\"de-DE\"},{\"@type\":\"Organization\",\"@id\":\"https:\/\/www.dolomitiprealpi.it\/de\/#organization\",\"name\":\"Consorzio Dolomiti Prealpi\",\"url\":\"https:\/\/www.dolomitiprealpi.it\/de\/\",\"logo\":{\"@type\":\"ImageObject\",\"inLanguage\":\"de-DE\",\"@id\":\"https:\/\/www.dolomitiprealpi.it\/de\/#\/schema\/logo\/image\/\",\"url\":\"https:\/\/www.dolomitiprealpi.it\/wp-content\/uploads\/2023\/03\/dolomitiprealpi-favicon.jpg\",\"contentUrl\":\"https:\/\/www.dolomitiprealpi.it\/wp-content\/uploads\/2023\/03\/dolomitiprealpi-favicon.jpg\",\"width\":512,\"height\":512,\"caption\":\"Consorzio Dolomiti Prealpi\"},\"image\":{\"@id\":\"https:\/\/www.dolomitiprealpi.it\/de\/#\/schema\/logo\/image\/\"},\"sameAs\":[\"https:\/\/www.facebook.com\/dolomitiprealpi.it\/\",\"https:\/\/www.instagram.com\/dolomitiprealpi\/\"]}]}<\/script>\n<!-- \/ Yoast SEO plugin. -->","yoast_head_json":{"title":"Ottobre 2025 con le guide Mazarol - Dolomiti Prealpi","robots":{"index":"index","follow":"follow","max-snippet":"max-snippet:-1","max-image-preview":"max-image-preview:large","max-video-preview":"max-video-preview:-1"},"canonical":"https:\/\/www.dolomitiprealpi.it\/de\/event\/ottobre-2025-con-le-guide-mazarol-5\/","og_locale":"de_DE","og_type":"article","og_title":"Ottobre 2025 con le guide Mazarol - Dolomiti Prealpi","og_description":"Ring zwischen Bosch Brus\u00e0 und Malga ai LachANELL TRA BOSCH BRUS\u00c0 UND MALGA AI LACH &#8211; Tagesausflug \u2013 F\u00dcHRERIN MICHELA Dolomitenwanderung an zauberhaften Orten, die im Herbst noch sch\u00f6ner sind!","og_url":"https:\/\/www.dolomitiprealpi.it\/de\/event\/ottobre-2025-con-le-guide-mazarol-5\/","og_site_name":"Dolomiti Prealpi","article_publisher":"https:\/\/www.facebook.com\/dolomitiprealpi.it\/","article_modified_time":"2026-03-20T11:49:37+00:00","og_image":[{"width":2048,"height":1888,"url":"https:\/\/www.dolomitiprealpi.it\/wp-content\/uploads\/2022\/11\/C.-Timpone-Foto-archivio-Consorzio-turistico-Dolomiti-Prealpi-Nevegal-Belluno-Bike-18-2.jpg","type":"image\/jpeg"}],"twitter_card":"summary_large_image","schema":{"@context":"https:\/\/schema.org","@graph":[{"@type":"WebPage","@id":"https:\/\/www.dolomitiprealpi.it\/de\/event\/ottobre-2025-con-le-guide-mazarol-5\/","url":"https:\/\/www.dolomitiprealpi.it\/de\/event\/ottobre-2025-con-le-guide-mazarol-5\/","name":"Ottobre 2025 con le guide Mazarol - Dolomiti Prealpi","isPartOf":{"@id":"https:\/\/www.dolomitiprealpi.it\/de\/#website"},"datePublished":"2026-02-15T11:08:05+00:00","dateModified":"2026-03-20T11:49:37+00:00","breadcrumb":{"@id":"https:\/\/www.dolomitiprealpi.it\/de\/event\/ottobre-2025-con-le-guide-mazarol-5\/#breadcrumb"},"inLanguage":"de-DE","potentialAction":[{"@type":"ReadAction","target":["https:\/\/www.dolomitiprealpi.it\/de\/event\/ottobre-2025-con-le-guide-mazarol-5\/"]}]},{"@type":"BreadcrumbList","@id":"https:\/\/www.dolomitiprealpi.it\/de\/event\/ottobre-2025-con-le-guide-mazarol-5\/#breadcrumb","itemListElement":[{"@type":"ListItem","position":1,"name":"Home","item":"https:\/\/www.dolomitiprealpi.it\/de\/"},{"@type":"ListItem","position":2,"name":"Veranstaltungen","item":"https:\/\/www.dolomitiprealpi.it\/de\/events\/"},{"@type":"ListItem","position":3,"name":"Ottobre 2025 con le guide Mazarol"}]},{"@type":"WebSite","@id":"https:\/\/www.dolomitiprealpi.it\/de\/#website","url":"https:\/\/www.dolomitiprealpi.it\/de\/","name":"Dolomiti Prealpi","description":"","publisher":{"@id":"https:\/\/www.dolomitiprealpi.it\/de\/#organization"},"potentialAction":[{"@type":"SearchAction","target":{"@type":"EntryPoint","urlTemplate":"https:\/\/www.dolomitiprealpi.it\/de\/?s={search_term_string}"},"query-input":{"@type":"PropertyValueSpecification","valueRequired":true,"valueName":"search_term_string"}}],"inLanguage":"de-DE"},{"@type":"Organization","@id":"https:\/\/www.dolomitiprealpi.it\/de\/#organization","name":"Consorzio Dolomiti Prealpi","url":"https:\/\/www.dolomitiprealpi.it\/de\/","logo":{"@type":"ImageObject","inLanguage":"de-DE","@id":"https:\/\/www.dolomitiprealpi.it\/de\/#\/schema\/logo\/image\/","url":"https:\/\/www.dolomitiprealpi.it\/wp-content\/uploads\/2023\/03\/dolomitiprealpi-favicon.jpg","contentUrl":"https:\/\/www.dolomitiprealpi.it\/wp-content\/uploads\/2023\/03\/dolomitiprealpi-favicon.jpg","width":512,"height":512,"caption":"Consorzio Dolomiti Prealpi"},"image":{"@id":"https:\/\/www.dolomitiprealpi.it\/de\/#\/schema\/logo\/image\/"},"sameAs":["https:\/\/www.facebook.com\/dolomitiprealpi.it\/","https:\/\/www.instagram.com\/dolomitiprealpi\/"]}]}},"_links":{"self":[{"href":"https:\/\/www.dolomitiprealpi.it\/de\/wp-json\/wp\/v2\/tribe_events\/88414","targetHints":{"allow":["GET"]}}],"collection":[{"href":"https:\/\/www.dolomitiprealpi.it\/de\/wp-json\/wp\/v2\/tribe_events"}],"about":[{"href":"https:\/\/www.dolomitiprealpi.it\/de\/wp-json\/wp\/v2\/types\/tribe_events"}],"version-history":[{"count":1,"href":"https:\/\/www.dolomitiprealpi.it\/de\/wp-json\/wp\/v2\/tribe_events\/88414\/revisions"}],"predecessor-version":[{"id":89121,"href":"https:\/\/www.dolomitiprealpi.it\/de\/wp-json\/wp\/v2\/tribe_events\/88414\/revisions\/89121"}],"wp:attachment":[{"href":"https:\/\/www.dolomitiprealpi.it\/de\/wp-json\/wp\/v2\/media?parent=88414"}],"wp:term":[{"taxonomy":"post_tag","embeddable":true,"href":"https:\/\/www.dolomitiprealpi.it\/de\/wp-json\/wp\/v2\/tags?post=88414"},{"taxonomy":"tribe_events_cat","embeddable":true,"href":"https:\/\/www.dolomitiprealpi.it\/de\/wp-json\/wp\/v2\/tribe_events_cat?post=88414"}],"curies":[{"name":"wp","href":"https:\/\/api.w.org\/{rel}","templated":true}]}}

<p>Ring zwischen Bosch Brusà und Malga ai LachANELL TRA BOSCH BRUSÀ UND MALGA AI LACH &#8211; Tagesausflug – FÜHRERIN MICHELA Dolomitenwanderung an zauberhaften Orten, die im Herbst noch schöner sind! Von Valt di Falcade aus, führt eine Rundwanderung mit markanten geologischen Merkmalen, zwei Almen, dem wunderschönen Val di Forca und dem Ausblick zur Valfredda. Bitte ein Picknick mitbringen. Treffpunkt: 8.30 Uhr auf dem Rathausplatz in Falcade &#8211; Höhenunterschied: 850m &#8211; Schwierigkeit: anspruchsvoll &#8211; Teilnehmerzahl: max. 15. Kosten: 25 Euro. Infos und Anmeldungen: 3290040808 &#8211; guide.pndb@gmail.com</p>

<p>Ring zwischen Bosch Brusà und Malga ai LachANELL TRA BOSCH BRUSÀ UND MALGA AI LACH &#8211; Tagesausflug – FÜHRERIN MICHELA Dolomitenwanderung an zauberhaften Orten, die im Herbst noch schöner sind!</p>

<!-- This site is optimized with the Yoast SEO plugin v25.7 - https://yoast.com/wordpress/plugins/seo/ -->
<title>Ottobre 2025 con le guide Mazarol - Dolomiti Prealpi</title>
<meta name="robots" content="index, follow, max-snippet:-1, max-image-preview:large, max-video-preview:-1" />
<link rel="canonical" href="https://www.dolomitiprealpi.it/de/event/ottobre-2025-con-le-guide-mazarol-5/" />
<meta property="og:locale" content="de_DE" />
<meta property="og:type" content="article" />
<meta property="og:title" content="Ottobre 2025 con le guide Mazarol - Dolomiti Prealpi" />
<meta property="og:description" content="Ring zwischen Bosch Brusà und Malga ai LachANELL TRA BOSCH BRUSÀ UND MALGA AI LACH &#8211; Tagesausflug – FÜHRERIN MICHELA Dolomitenwanderung an zauberhaften Orten, die im Herbst noch schöner sind!" />
<meta property="og:url" content="https://www.dolomitiprealpi.it/de/event/ottobre-2025-con-le-guide-mazarol-5/" />
<meta property="og:site_name" content="Dolomiti Prealpi" />
<meta property="article:publisher" content="https://www.facebook.com/dolomitiprealpi.it/" />
<meta property="article:modified_time" content="2026-03-20T11:49:37+00:00" />
<meta property="og:image" content="https://www.dolomitiprealpi.it/wp-content/uploads/2022/11/C.-Timpone-Foto-archivio-Consorzio-turistico-Dolomiti-Prealpi-Nevegal-Belluno-Bike-18-2.jpg" />
	<meta property="og:image:width" content="2048" />
	<meta property="og:image:height" content="1888" />
	<meta property="og:image:type" content="image/jpeg" />
<meta name="twitter:card" content="summary_large_image" />
<script type="application/ld+json" class="yoast-schema-graph">{"@context":"https://schema.org","@graph":[{"@type":"WebPage","@id":"https://www.dolomitiprealpi.it/de/event/ottobre-2025-con-le-guide-mazarol-5/","url":"https://www.dolomitiprealpi.it/de/event/ottobre-2025-con-le-guide-mazarol-5/","name":"Ottobre 2025 con le guide Mazarol - Dolomiti Prealpi","isPartOf":{"@id":"https://www.dolomitiprealpi.it/de/#website"},"datePublished":"2026-02-15T11:08:05+00:00","dateModified":"2026-03-20T11:49:37+00:00","breadcrumb":{"@id":"https://www.dolomitiprealpi.it/de/event/ottobre-2025-con-le-guide-mazarol-5/#breadcrumb"},"inLanguage":"de-DE","potentialAction":[{"@type":"ReadAction","target":["https://www.dolomitiprealpi.it/de/event/ottobre-2025-con-le-guide-mazarol-5/"]}]},{"@type":"BreadcrumbList","@id":"https://www.dolomitiprealpi.it/de/event/ottobre-2025-con-le-guide-mazarol-5/#breadcrumb","itemListElement":[{"@type":"ListItem","position":1,"name":"Home","item":"https://www.dolomitiprealpi.it/de/"},{"@type":"ListItem","position":2,"name":"Veranstaltungen","item":"https://www.dolomitiprealpi.it/de/events/"},{"@type":"ListItem","position":3,"name":"Ottobre 2025 con le guide Mazarol"}]},{"@type":"WebSite","@id":"https://www.dolomitiprealpi.it/de/#website","url":"https://www.dolomitiprealpi.it/de/","name":"Dolomiti Prealpi","description":"","publisher":{"@id":"https://www.dolomitiprealpi.it/de/#organization"},"potentialAction":[{"@type":"SearchAction","target":{"@type":"EntryPoint","urlTemplate":"https://www.dolomitiprealpi.it/de/?s={search_term_string}"},"query-input":{"@type":"PropertyValueSpecification","valueRequired":true,"valueName":"search_term_string"}}],"inLanguage":"de-DE"},{"@type":"Organization","@id":"https://www.dolomitiprealpi.it/de/#organization","name":"Consorzio Dolomiti Prealpi","url":"https://www.dolomitiprealpi.it/de/","logo":{"@type":"ImageObject","inLanguage":"de-DE","@id":"https://www.dolomitiprealpi.it/de/#/schema/logo/image/","url":"https://www.dolomitiprealpi.it/wp-content/uploads/2023/03/dolomitiprealpi-favicon.jpg","contentUrl":"https://www.dolomitiprealpi.it/wp-content/uploads/2023/03/dolomitiprealpi-favicon.jpg","width":512,"height":512,"caption":"Consorzio Dolomiti Prealpi"},"image":{"@id":"https://www.dolomitiprealpi.it/de/#/schema/logo/image/"},"sameAs":["https://www.facebook.com/dolomitiprealpi.it/","https://www.instagram.com/dolomitiprealpi/"]}]}</script>
<!-- / Yoast SEO plugin. -->

Ring zwischen Bosch Brusà und Malga ai LachANELL TRA BOSCH BRUSÀ UND MALGA AI LACH &#8211; Tagesausflug – FÜHRERIN MICHELA Dolomitenwanderung an zauberhaften Orten, die im Herbst noch schöner sind!
