{"id":88406,"date":"2026-02-15T12:05:34","date_gmt":"2026-02-15T11:05:34","guid":{"rendered":"https:\/\/www.dolomitiprealpi.it\/event\/sulla-lama-dello-sperone-con-elisa\/"},"modified":"2026-04-17T13:00:00","modified_gmt":"2026-04-17T11:00:00","slug":"sulla-lama-dello-sperone-con-elisa","status":"publish","type":"tribe_events","link":"https:\/\/www.dolomitiprealpi.it\/de\/event\/sulla-lama-dello-sperone-con-elisa\/","title":{"rendered":"Sulla lama dello Sperone con Elisa"},"content":{"rendered":"<p>Faszinierende Wanderung zum Monte Sperone, einer Felsnadel, die zwischen den Feltriner Bergen und den Sonnenbergen schwebt, \u00fcber den Masiere di Vedana. Der Weg bietet au\u00dfergew\u00f6hnliche Ausblicke auf das Val Belluna und folgt teilweise einem exponierten Grat, der dem idealen Weg f\u00fcr Luftpfadliebhaber zus\u00e4tzliche Spannung und Interesse verleiht. Picknick. L\u00e4nge und H\u00f6hendifferenz: 7 km &#8211; 600 m Schwierigkeitsgrad und Dauer: MITTEL\/HOCH &#8211; ca. 5\u00bd Stunden inklusive Pausen Kosten pro Person: 25 \u20ac mit min. 4 und max. 12 Teilnehmern Treffpunkt: 9:00 Uhr bei der Bar Stuzzicheria Tar\u00e0 Tar\u00e0 in S<\/p>\n","protected":false},"excerpt":{"rendered":"<p>Faszinierende Wanderung zum Monte Sperone, einer Felsnadel, die zwischen den Feltriner Bergen und den Sonnenbergen schwebt, \u00fcber den Masiere di Vedana. Der Weg bietet au\u00dfergew\u00f6hnliche Ausblicke auf das Val Belluna<\/p>\n","protected":false},"author":0,"featured_media":0,"template":"","meta":{"_acf_changed":false,"inline_featured_image":false,"_tribe_events_status":"","_tribe_events_status_reason":"","footnotes":""},"tags":[259],"tribe_events_cat":[],"class_list":["post-88406","tribe_events","type-tribe_events","status-publish","hentry","tag-eventi-feratel"],"acf":[],"yoast_head":"<!-- This site is optimized with the Yoast SEO plugin v25.7 - https:\/\/yoast.com\/wordpress\/plugins\/seo\/ -->\n<title>Sulla lama dello Sperone con Elisa - Dolomiti Prealpi<\/title>\n<meta name=\"robots\" content=\"index, follow, max-snippet:-1, max-image-preview:large, max-video-preview:-1\" \/>\n<link rel=\"canonical\" href=\"https:\/\/www.dolomitiprealpi.it\/de\/event\/sulla-lama-dello-sperone-con-elisa\/\" \/>\n<meta property=\"og:locale\" content=\"de_DE\" \/>\n<meta property=\"og:type\" content=\"article\" \/>\n<meta property=\"og:title\" content=\"Sulla lama dello Sperone con Elisa - Dolomiti Prealpi\" \/>\n<meta property=\"og:description\" content=\"Faszinierende Wanderung zum Monte Sperone, einer Felsnadel, die zwischen den Feltriner Bergen und den Sonnenbergen schwebt, \u00fcber den Masiere di Vedana. Der Weg bietet au\u00dfergew\u00f6hnliche Ausblicke auf das Val Belluna\" \/>\n<meta property=\"og:url\" content=\"https:\/\/www.dolomitiprealpi.it\/de\/event\/sulla-lama-dello-sperone-con-elisa\/\" \/>\n<meta property=\"og:site_name\" content=\"Dolomiti Prealpi\" \/>\n<meta property=\"article:publisher\" content=\"https:\/\/www.facebook.com\/dolomitiprealpi.it\/\" \/>\n<meta property=\"article:modified_time\" content=\"2026-04-17T11:00:00+00:00\" \/>\n<meta property=\"og:image\" content=\"https:\/\/www.dolomitiprealpi.it\/wp-content\/uploads\/2022\/11\/C.-Timpone-Foto-archivio-Consorzio-turistico-Dolomiti-Prealpi-Nevegal-Belluno-Bike-18-2.jpg\" \/>\n\t<meta property=\"og:image:width\" content=\"2048\" \/>\n\t<meta property=\"og:image:height\" content=\"1888\" \/>\n\t<meta property=\"og:image:type\" content=\"image\/jpeg\" \/>\n<meta name=\"twitter:card\" content=\"summary_large_image\" \/>\n<script type=\"application\/ld+json\" class=\"yoast-schema-graph\">{\"@context\":\"https:\/\/schema.org\",\"@graph\":[{\"@type\":\"WebPage\",\"@id\":\"https:\/\/www.dolomitiprealpi.it\/de\/event\/sulla-lama-dello-sperone-con-elisa\/\",\"url\":\"https:\/\/www.dolomitiprealpi.it\/de\/event\/sulla-lama-dello-sperone-con-elisa\/\",\"name\":\"Sulla lama dello Sperone con Elisa - Dolomiti Prealpi\",\"isPartOf\":{\"@id\":\"https:\/\/www.dolomitiprealpi.it\/de\/#website\"},\"datePublished\":\"2026-02-15T11:05:34+00:00\",\"dateModified\":\"2026-04-17T11:00:00+00:00\",\"breadcrumb\":{\"@id\":\"https:\/\/www.dolomitiprealpi.it\/de\/event\/sulla-lama-dello-sperone-con-elisa\/#breadcrumb\"},\"inLanguage\":\"de-DE\",\"potentialAction\":[{\"@type\":\"ReadAction\",\"target\":[\"https:\/\/www.dolomitiprealpi.it\/de\/event\/sulla-lama-dello-sperone-con-elisa\/\"]}]},{\"@type\":\"BreadcrumbList\",\"@id\":\"https:\/\/www.dolomitiprealpi.it\/de\/event\/sulla-lama-dello-sperone-con-elisa\/#breadcrumb\",\"itemListElement\":[{\"@type\":\"ListItem\",\"position\":1,\"name\":\"Home\",\"item\":\"https:\/\/www.dolomitiprealpi.it\/de\/\"},{\"@type\":\"ListItem\",\"position\":2,\"name\":\"Veranstaltungen\",\"item\":\"https:\/\/www.dolomitiprealpi.it\/de\/events\/\"},{\"@type\":\"ListItem\",\"position\":3,\"name\":\"Sulla lama dello Sperone con Elisa\"}]},{\"@type\":\"WebSite\",\"@id\":\"https:\/\/www.dolomitiprealpi.it\/de\/#website\",\"url\":\"https:\/\/www.dolomitiprealpi.it\/de\/\",\"name\":\"Dolomiti Prealpi\",\"description\":\"\",\"publisher\":{\"@id\":\"https:\/\/www.dolomitiprealpi.it\/de\/#organization\"},\"potentialAction\":[{\"@type\":\"SearchAction\",\"target\":{\"@type\":\"EntryPoint\",\"urlTemplate\":\"https:\/\/www.dolomitiprealpi.it\/de\/?s={search_term_string}\"},\"query-input\":{\"@type\":\"PropertyValueSpecification\",\"valueRequired\":true,\"valueName\":\"search_term_string\"}}],\"inLanguage\":\"de-DE\"},{\"@type\":\"Organization\",\"@id\":\"https:\/\/www.dolomitiprealpi.it\/de\/#organization\",\"name\":\"Consorzio Dolomiti Prealpi\",\"url\":\"https:\/\/www.dolomitiprealpi.it\/de\/\",\"logo\":{\"@type\":\"ImageObject\",\"inLanguage\":\"de-DE\",\"@id\":\"https:\/\/www.dolomitiprealpi.it\/de\/#\/schema\/logo\/image\/\",\"url\":\"https:\/\/www.dolomitiprealpi.it\/wp-content\/uploads\/2023\/03\/dolomitiprealpi-favicon.jpg\",\"contentUrl\":\"https:\/\/www.dolomitiprealpi.it\/wp-content\/uploads\/2023\/03\/dolomitiprealpi-favicon.jpg\",\"width\":512,\"height\":512,\"caption\":\"Consorzio Dolomiti Prealpi\"},\"image\":{\"@id\":\"https:\/\/www.dolomitiprealpi.it\/de\/#\/schema\/logo\/image\/\"},\"sameAs\":[\"https:\/\/www.facebook.com\/dolomitiprealpi.it\/\",\"https:\/\/www.instagram.com\/dolomitiprealpi\/\"]}]}<\/script>\n<!-- \/ Yoast SEO plugin. -->","yoast_head_json":{"title":"Sulla lama dello Sperone con Elisa - Dolomiti Prealpi","robots":{"index":"index","follow":"follow","max-snippet":"max-snippet:-1","max-image-preview":"max-image-preview:large","max-video-preview":"max-video-preview:-1"},"canonical":"https:\/\/www.dolomitiprealpi.it\/de\/event\/sulla-lama-dello-sperone-con-elisa\/","og_locale":"de_DE","og_type":"article","og_title":"Sulla lama dello Sperone con Elisa - Dolomiti Prealpi","og_description":"Faszinierende Wanderung zum Monte Sperone, einer Felsnadel, die zwischen den Feltriner Bergen und den Sonnenbergen schwebt, \u00fcber den Masiere di Vedana. Der Weg bietet au\u00dfergew\u00f6hnliche Ausblicke auf das Val Belluna","og_url":"https:\/\/www.dolomitiprealpi.it\/de\/event\/sulla-lama-dello-sperone-con-elisa\/","og_site_name":"Dolomiti Prealpi","article_publisher":"https:\/\/www.facebook.com\/dolomitiprealpi.it\/","article_modified_time":"2026-04-17T11:00:00+00:00","og_image":[{"width":2048,"height":1888,"url":"https:\/\/www.dolomitiprealpi.it\/wp-content\/uploads\/2022\/11\/C.-Timpone-Foto-archivio-Consorzio-turistico-Dolomiti-Prealpi-Nevegal-Belluno-Bike-18-2.jpg","type":"image\/jpeg"}],"twitter_card":"summary_large_image","schema":{"@context":"https:\/\/schema.org","@graph":[{"@type":"WebPage","@id":"https:\/\/www.dolomitiprealpi.it\/de\/event\/sulla-lama-dello-sperone-con-elisa\/","url":"https:\/\/www.dolomitiprealpi.it\/de\/event\/sulla-lama-dello-sperone-con-elisa\/","name":"Sulla lama dello Sperone con Elisa - Dolomiti Prealpi","isPartOf":{"@id":"https:\/\/www.dolomitiprealpi.it\/de\/#website"},"datePublished":"2026-02-15T11:05:34+00:00","dateModified":"2026-04-17T11:00:00+00:00","breadcrumb":{"@id":"https:\/\/www.dolomitiprealpi.it\/de\/event\/sulla-lama-dello-sperone-con-elisa\/#breadcrumb"},"inLanguage":"de-DE","potentialAction":[{"@type":"ReadAction","target":["https:\/\/www.dolomitiprealpi.it\/de\/event\/sulla-lama-dello-sperone-con-elisa\/"]}]},{"@type":"BreadcrumbList","@id":"https:\/\/www.dolomitiprealpi.it\/de\/event\/sulla-lama-dello-sperone-con-elisa\/#breadcrumb","itemListElement":[{"@type":"ListItem","position":1,"name":"Home","item":"https:\/\/www.dolomitiprealpi.it\/de\/"},{"@type":"ListItem","position":2,"name":"Veranstaltungen","item":"https:\/\/www.dolomitiprealpi.it\/de\/events\/"},{"@type":"ListItem","position":3,"name":"Sulla lama dello Sperone con Elisa"}]},{"@type":"WebSite","@id":"https:\/\/www.dolomitiprealpi.it\/de\/#website","url":"https:\/\/www.dolomitiprealpi.it\/de\/","name":"Dolomiti Prealpi","description":"","publisher":{"@id":"https:\/\/www.dolomitiprealpi.it\/de\/#organization"},"potentialAction":[{"@type":"SearchAction","target":{"@type":"EntryPoint","urlTemplate":"https:\/\/www.dolomitiprealpi.it\/de\/?s={search_term_string}"},"query-input":{"@type":"PropertyValueSpecification","valueRequired":true,"valueName":"search_term_string"}}],"inLanguage":"de-DE"},{"@type":"Organization","@id":"https:\/\/www.dolomitiprealpi.it\/de\/#organization","name":"Consorzio Dolomiti Prealpi","url":"https:\/\/www.dolomitiprealpi.it\/de\/","logo":{"@type":"ImageObject","inLanguage":"de-DE","@id":"https:\/\/www.dolomitiprealpi.it\/de\/#\/schema\/logo\/image\/","url":"https:\/\/www.dolomitiprealpi.it\/wp-content\/uploads\/2023\/03\/dolomitiprealpi-favicon.jpg","contentUrl":"https:\/\/www.dolomitiprealpi.it\/wp-content\/uploads\/2023\/03\/dolomitiprealpi-favicon.jpg","width":512,"height":512,"caption":"Consorzio Dolomiti Prealpi"},"image":{"@id":"https:\/\/www.dolomitiprealpi.it\/de\/#\/schema\/logo\/image\/"},"sameAs":["https:\/\/www.facebook.com\/dolomitiprealpi.it\/","https:\/\/www.instagram.com\/dolomitiprealpi\/"]}]}},"_links":{"self":[{"href":"https:\/\/www.dolomitiprealpi.it\/de\/wp-json\/wp\/v2\/tribe_events\/88406","targetHints":{"allow":["GET"]}}],"collection":[{"href":"https:\/\/www.dolomitiprealpi.it\/de\/wp-json\/wp\/v2\/tribe_events"}],"about":[{"href":"https:\/\/www.dolomitiprealpi.it\/de\/wp-json\/wp\/v2\/types\/tribe_events"}],"version-history":[{"count":1,"href":"https:\/\/www.dolomitiprealpi.it\/de\/wp-json\/wp\/v2\/tribe_events\/88406\/revisions"}],"predecessor-version":[{"id":89098,"href":"https:\/\/www.dolomitiprealpi.it\/de\/wp-json\/wp\/v2\/tribe_events\/88406\/revisions\/89098"}],"wp:attachment":[{"href":"https:\/\/www.dolomitiprealpi.it\/de\/wp-json\/wp\/v2\/media?parent=88406"}],"wp:term":[{"taxonomy":"post_tag","embeddable":true,"href":"https:\/\/www.dolomitiprealpi.it\/de\/wp-json\/wp\/v2\/tags?post=88406"},{"taxonomy":"tribe_events_cat","embeddable":true,"href":"https:\/\/www.dolomitiprealpi.it\/de\/wp-json\/wp\/v2\/tribe_events_cat?post=88406"}],"curies":[{"name":"wp","href":"https:\/\/api.w.org\/{rel}","templated":true}]}}

<p>Faszinierende Wanderung zum Monte Sperone, einer Felsnadel, die zwischen den Feltriner Bergen und den Sonnenbergen schwebt, über den Masiere di Vedana. Der Weg bietet außergewöhnliche Ausblicke auf das Val Belluna und folgt teilweise einem exponierten Grat, der dem idealen Weg für Luftpfadliebhaber zusätzliche Spannung und Interesse verleiht. Picknick. Länge und Höhendifferenz: 7 km &#8211; 600 m Schwierigkeitsgrad und Dauer: MITTEL/HOCH &#8211; ca. 5½ Stunden inklusive Pausen Kosten pro Person: 25 € mit min. 4 und max. 12 Teilnehmern Treffpunkt: 9:00 Uhr bei der Bar Stuzzicheria Tarà Tarà in S</p>

<p>Faszinierende Wanderung zum Monte Sperone, einer Felsnadel, die zwischen den Feltriner Bergen und den Sonnenbergen schwebt, über den Masiere di Vedana. Der Weg bietet außergewöhnliche Ausblicke auf das Val Belluna</p>

<!-- This site is optimized with the Yoast SEO plugin v25.7 - https://yoast.com/wordpress/plugins/seo/ -->
<title>Sulla lama dello Sperone con Elisa - Dolomiti Prealpi</title>
<meta name="robots" content="index, follow, max-snippet:-1, max-image-preview:large, max-video-preview:-1" />
<link rel="canonical" href="https://www.dolomitiprealpi.it/de/event/sulla-lama-dello-sperone-con-elisa/" />
<meta property="og:locale" content="de_DE" />
<meta property="og:type" content="article" />
<meta property="og:title" content="Sulla lama dello Sperone con Elisa - Dolomiti Prealpi" />
<meta property="og:description" content="Faszinierende Wanderung zum Monte Sperone, einer Felsnadel, die zwischen den Feltriner Bergen und den Sonnenbergen schwebt, über den Masiere di Vedana. Der Weg bietet außergewöhnliche Ausblicke auf das Val Belluna" />
<meta property="og:url" content="https://www.dolomitiprealpi.it/de/event/sulla-lama-dello-sperone-con-elisa/" />
<meta property="og:site_name" content="Dolomiti Prealpi" />
<meta property="article:publisher" content="https://www.facebook.com/dolomitiprealpi.it/" />
<meta property="article:modified_time" content="2026-04-17T11:00:00+00:00" />
<meta property="og:image" content="https://www.dolomitiprealpi.it/wp-content/uploads/2022/11/C.-Timpone-Foto-archivio-Consorzio-turistico-Dolomiti-Prealpi-Nevegal-Belluno-Bike-18-2.jpg" />
	<meta property="og:image:width" content="2048" />
	<meta property="og:image:height" content="1888" />
	<meta property="og:image:type" content="image/jpeg" />
<meta name="twitter:card" content="summary_large_image" />
<script type="application/ld+json" class="yoast-schema-graph">{"@context":"https://schema.org","@graph":[{"@type":"WebPage","@id":"https://www.dolomitiprealpi.it/de/event/sulla-lama-dello-sperone-con-elisa/","url":"https://www.dolomitiprealpi.it/de/event/sulla-lama-dello-sperone-con-elisa/","name":"Sulla lama dello Sperone con Elisa - Dolomiti Prealpi","isPartOf":{"@id":"https://www.dolomitiprealpi.it/de/#website"},"datePublished":"2026-02-15T11:05:34+00:00","dateModified":"2026-04-17T11:00:00+00:00","breadcrumb":{"@id":"https://www.dolomitiprealpi.it/de/event/sulla-lama-dello-sperone-con-elisa/#breadcrumb"},"inLanguage":"de-DE","potentialAction":[{"@type":"ReadAction","target":["https://www.dolomitiprealpi.it/de/event/sulla-lama-dello-sperone-con-elisa/"]}]},{"@type":"BreadcrumbList","@id":"https://www.dolomitiprealpi.it/de/event/sulla-lama-dello-sperone-con-elisa/#breadcrumb","itemListElement":[{"@type":"ListItem","position":1,"name":"Home","item":"https://www.dolomitiprealpi.it/de/"},{"@type":"ListItem","position":2,"name":"Veranstaltungen","item":"https://www.dolomitiprealpi.it/de/events/"},{"@type":"ListItem","position":3,"name":"Sulla lama dello Sperone con Elisa"}]},{"@type":"WebSite","@id":"https://www.dolomitiprealpi.it/de/#website","url":"https://www.dolomitiprealpi.it/de/","name":"Dolomiti Prealpi","description":"","publisher":{"@id":"https://www.dolomitiprealpi.it/de/#organization"},"potentialAction":[{"@type":"SearchAction","target":{"@type":"EntryPoint","urlTemplate":"https://www.dolomitiprealpi.it/de/?s={search_term_string}"},"query-input":{"@type":"PropertyValueSpecification","valueRequired":true,"valueName":"search_term_string"}}],"inLanguage":"de-DE"},{"@type":"Organization","@id":"https://www.dolomitiprealpi.it/de/#organization","name":"Consorzio Dolomiti Prealpi","url":"https://www.dolomitiprealpi.it/de/","logo":{"@type":"ImageObject","inLanguage":"de-DE","@id":"https://www.dolomitiprealpi.it/de/#/schema/logo/image/","url":"https://www.dolomitiprealpi.it/wp-content/uploads/2023/03/dolomitiprealpi-favicon.jpg","contentUrl":"https://www.dolomitiprealpi.it/wp-content/uploads/2023/03/dolomitiprealpi-favicon.jpg","width":512,"height":512,"caption":"Consorzio Dolomiti Prealpi"},"image":{"@id":"https://www.dolomitiprealpi.it/de/#/schema/logo/image/"},"sameAs":["https://www.facebook.com/dolomitiprealpi.it/","https://www.instagram.com/dolomitiprealpi/"]}]}</script>
<!-- / Yoast SEO plugin. -->

Faszinierende Wanderung zum Monte Sperone, einer Felsnadel, die zwischen den Feltriner Bergen und den Sonnenbergen schwebt, über den Masiere di Vedana. Der Weg bietet außergewöhnliche Ausblicke auf das Val Belluna
