{"id":88377,"date":"2026-02-15T12:01:31","date_gmt":"2026-02-15T11:01:31","guid":{"rendered":"https:\/\/www.dolomitiprealpi.it\/event\/ottobre-2025-con-le-guide-mazarol\/"},"modified":"2026-03-20T12:42:01","modified_gmt":"2026-03-20T11:42:01","slug":"ottobre-2025-con-le-guide-mazarol-4","status":"publish","type":"tribe_events","link":"https:\/\/www.dolomitiprealpi.it\/de\/event\/ottobre-2025-con-le-guide-mazarol-4\/","title":{"rendered":"Ottobre 2025 con le guide Mazarol"},"content":{"rendered":"<p>Zweit\u00e4gige Trekkingtour mit Guide Yuri &#8211; Croda da LagoHERBSTFARBEN IN DEN DOLOMITEN AM CRODA DA LAGO &#8211; zwei Tage und eine Nacht \u2013 GUIDE YURI Im Herzen der bekanntesten Dolomiten mit spektakul\u00e4ren Ausblicken, Natur und Wunder zwischen den magischen Farben des Herbstes. Und die wundersch\u00f6ne H\u00fctte Palmieri am See, warm und gem\u00fctlich, wo man einen unvergesslichen Abend in Gesellschaft verbringen kann&#8230; und es gibt auch die Sauna unter den Sternen! Kosten f\u00fcr den Guide-Service: 140 Euro\/Teilnehmer \u2013 maximal 9 Teilnehmer erlaubt \u2013 Zus\u00e4tzliche Kosten: \u00dcbernachtung und Mahlzeiten in der H\u00fctte, die direkt beim H\u00fcttenwirt zu zahlen sind &#8211; Informationen und Anmeldungen: 3290040808 &#8211; guide.pndb@gmail.com &#8211; in Zusammenarbeit mit dem Reiseb\u00fcro \u201cAlpinia Itinera\u201d in Santa Giustina<\/p>\n","protected":false},"excerpt":{"rendered":"<p>Zweit\u00e4gige Trekkingtour mit Guide Yuri &#8211; Croda da LagoHERBSTFARBEN IN DEN DOLOMITEN AM CRODA DA LAGO &#8211; zwei Tage und eine Nacht \u2013 GUIDE YURI Im Herzen der bekanntesten Dolomiten<\/p>\n","protected":false},"author":0,"featured_media":0,"template":"","meta":{"_acf_changed":false,"inline_featured_image":false,"_tribe_events_status":"","_tribe_events_status_reason":"","footnotes":""},"tags":[259],"tribe_events_cat":[],"class_list":["post-88377","tribe_events","type-tribe_events","status-publish","hentry","tag-eventi-feratel"],"acf":[],"yoast_head":"<!-- This site is optimized with the Yoast SEO plugin v25.7 - https:\/\/yoast.com\/wordpress\/plugins\/seo\/ -->\n<title>Ottobre 2025 con le guide Mazarol - Dolomiti Prealpi<\/title>\n<meta name=\"robots\" content=\"index, follow, max-snippet:-1, max-image-preview:large, max-video-preview:-1\" \/>\n<link rel=\"canonical\" href=\"https:\/\/www.dolomitiprealpi.it\/de\/event\/ottobre-2025-con-le-guide-mazarol-4\/\" \/>\n<meta property=\"og:locale\" content=\"de_DE\" \/>\n<meta property=\"og:type\" content=\"article\" \/>\n<meta property=\"og:title\" content=\"Ottobre 2025 con le guide Mazarol - Dolomiti Prealpi\" \/>\n<meta property=\"og:description\" content=\"Zweit\u00e4gige Trekkingtour mit Guide Yuri &#8211; Croda da LagoHERBSTFARBEN IN DEN DOLOMITEN AM CRODA DA LAGO &#8211; zwei Tage und eine Nacht \u2013 GUIDE YURI Im Herzen der bekanntesten Dolomiten\" \/>\n<meta property=\"og:url\" content=\"https:\/\/www.dolomitiprealpi.it\/de\/event\/ottobre-2025-con-le-guide-mazarol-4\/\" \/>\n<meta property=\"og:site_name\" content=\"Dolomiti Prealpi\" \/>\n<meta property=\"article:publisher\" content=\"https:\/\/www.facebook.com\/dolomitiprealpi.it\/\" \/>\n<meta property=\"article:modified_time\" content=\"2026-03-20T11:42:01+00:00\" \/>\n<meta property=\"og:image\" content=\"https:\/\/www.dolomitiprealpi.it\/wp-content\/uploads\/2022\/11\/C.-Timpone-Foto-archivio-Consorzio-turistico-Dolomiti-Prealpi-Nevegal-Belluno-Bike-18-2.jpg\" \/>\n\t<meta property=\"og:image:width\" content=\"2048\" \/>\n\t<meta property=\"og:image:height\" content=\"1888\" \/>\n\t<meta property=\"og:image:type\" content=\"image\/jpeg\" \/>\n<meta name=\"twitter:card\" content=\"summary_large_image\" \/>\n<meta name=\"twitter:label1\" content=\"Est. reading time\" \/>\n\t<meta name=\"twitter:data1\" content=\"1 minute\" \/>\n<script type=\"application\/ld+json\" class=\"yoast-schema-graph\">{\"@context\":\"https:\/\/schema.org\",\"@graph\":[{\"@type\":\"WebPage\",\"@id\":\"https:\/\/www.dolomitiprealpi.it\/de\/event\/ottobre-2025-con-le-guide-mazarol-4\/\",\"url\":\"https:\/\/www.dolomitiprealpi.it\/de\/event\/ottobre-2025-con-le-guide-mazarol-4\/\",\"name\":\"Ottobre 2025 con le guide Mazarol - Dolomiti Prealpi\",\"isPartOf\":{\"@id\":\"https:\/\/www.dolomitiprealpi.it\/de\/#website\"},\"datePublished\":\"2026-02-15T11:01:31+00:00\",\"dateModified\":\"2026-03-20T11:42:01+00:00\",\"breadcrumb\":{\"@id\":\"https:\/\/www.dolomitiprealpi.it\/de\/event\/ottobre-2025-con-le-guide-mazarol-4\/#breadcrumb\"},\"inLanguage\":\"de-DE\",\"potentialAction\":[{\"@type\":\"ReadAction\",\"target\":[\"https:\/\/www.dolomitiprealpi.it\/de\/event\/ottobre-2025-con-le-guide-mazarol-4\/\"]}]},{\"@type\":\"BreadcrumbList\",\"@id\":\"https:\/\/www.dolomitiprealpi.it\/de\/event\/ottobre-2025-con-le-guide-mazarol-4\/#breadcrumb\",\"itemListElement\":[{\"@type\":\"ListItem\",\"position\":1,\"name\":\"Home\",\"item\":\"https:\/\/www.dolomitiprealpi.it\/de\/\"},{\"@type\":\"ListItem\",\"position\":2,\"name\":\"Veranstaltungen\",\"item\":\"https:\/\/www.dolomitiprealpi.it\/de\/events\/\"},{\"@type\":\"ListItem\",\"position\":3,\"name\":\"Ottobre 2025 con le guide Mazarol\"}]},{\"@type\":\"WebSite\",\"@id\":\"https:\/\/www.dolomitiprealpi.it\/de\/#website\",\"url\":\"https:\/\/www.dolomitiprealpi.it\/de\/\",\"name\":\"Dolomiti Prealpi\",\"description\":\"\",\"publisher\":{\"@id\":\"https:\/\/www.dolomitiprealpi.it\/de\/#organization\"},\"potentialAction\":[{\"@type\":\"SearchAction\",\"target\":{\"@type\":\"EntryPoint\",\"urlTemplate\":\"https:\/\/www.dolomitiprealpi.it\/de\/?s={search_term_string}\"},\"query-input\":{\"@type\":\"PropertyValueSpecification\",\"valueRequired\":true,\"valueName\":\"search_term_string\"}}],\"inLanguage\":\"de-DE\"},{\"@type\":\"Organization\",\"@id\":\"https:\/\/www.dolomitiprealpi.it\/de\/#organization\",\"name\":\"Consorzio Dolomiti Prealpi\",\"url\":\"https:\/\/www.dolomitiprealpi.it\/de\/\",\"logo\":{\"@type\":\"ImageObject\",\"inLanguage\":\"de-DE\",\"@id\":\"https:\/\/www.dolomitiprealpi.it\/de\/#\/schema\/logo\/image\/\",\"url\":\"https:\/\/www.dolomitiprealpi.it\/wp-content\/uploads\/2023\/03\/dolomitiprealpi-favicon.jpg\",\"contentUrl\":\"https:\/\/www.dolomitiprealpi.it\/wp-content\/uploads\/2023\/03\/dolomitiprealpi-favicon.jpg\",\"width\":512,\"height\":512,\"caption\":\"Consorzio Dolomiti Prealpi\"},\"image\":{\"@id\":\"https:\/\/www.dolomitiprealpi.it\/de\/#\/schema\/logo\/image\/\"},\"sameAs\":[\"https:\/\/www.facebook.com\/dolomitiprealpi.it\/\",\"https:\/\/www.instagram.com\/dolomitiprealpi\/\"]}]}<\/script>\n<!-- \/ Yoast SEO plugin. -->","yoast_head_json":{"title":"Ottobre 2025 con le guide Mazarol - Dolomiti Prealpi","robots":{"index":"index","follow":"follow","max-snippet":"max-snippet:-1","max-image-preview":"max-image-preview:large","max-video-preview":"max-video-preview:-1"},"canonical":"https:\/\/www.dolomitiprealpi.it\/de\/event\/ottobre-2025-con-le-guide-mazarol-4\/","og_locale":"de_DE","og_type":"article","og_title":"Ottobre 2025 con le guide Mazarol - Dolomiti Prealpi","og_description":"Zweit\u00e4gige Trekkingtour mit Guide Yuri &#8211; Croda da LagoHERBSTFARBEN IN DEN DOLOMITEN AM CRODA DA LAGO &#8211; zwei Tage und eine Nacht \u2013 GUIDE YURI Im Herzen der bekanntesten Dolomiten","og_url":"https:\/\/www.dolomitiprealpi.it\/de\/event\/ottobre-2025-con-le-guide-mazarol-4\/","og_site_name":"Dolomiti Prealpi","article_publisher":"https:\/\/www.facebook.com\/dolomitiprealpi.it\/","article_modified_time":"2026-03-20T11:42:01+00:00","og_image":[{"width":2048,"height":1888,"url":"https:\/\/www.dolomitiprealpi.it\/wp-content\/uploads\/2022\/11\/C.-Timpone-Foto-archivio-Consorzio-turistico-Dolomiti-Prealpi-Nevegal-Belluno-Bike-18-2.jpg","type":"image\/jpeg"}],"twitter_card":"summary_large_image","twitter_misc":{"Est. reading time":"1 minute"},"schema":{"@context":"https:\/\/schema.org","@graph":[{"@type":"WebPage","@id":"https:\/\/www.dolomitiprealpi.it\/de\/event\/ottobre-2025-con-le-guide-mazarol-4\/","url":"https:\/\/www.dolomitiprealpi.it\/de\/event\/ottobre-2025-con-le-guide-mazarol-4\/","name":"Ottobre 2025 con le guide Mazarol - Dolomiti Prealpi","isPartOf":{"@id":"https:\/\/www.dolomitiprealpi.it\/de\/#website"},"datePublished":"2026-02-15T11:01:31+00:00","dateModified":"2026-03-20T11:42:01+00:00","breadcrumb":{"@id":"https:\/\/www.dolomitiprealpi.it\/de\/event\/ottobre-2025-con-le-guide-mazarol-4\/#breadcrumb"},"inLanguage":"de-DE","potentialAction":[{"@type":"ReadAction","target":["https:\/\/www.dolomitiprealpi.it\/de\/event\/ottobre-2025-con-le-guide-mazarol-4\/"]}]},{"@type":"BreadcrumbList","@id":"https:\/\/www.dolomitiprealpi.it\/de\/event\/ottobre-2025-con-le-guide-mazarol-4\/#breadcrumb","itemListElement":[{"@type":"ListItem","position":1,"name":"Home","item":"https:\/\/www.dolomitiprealpi.it\/de\/"},{"@type":"ListItem","position":2,"name":"Veranstaltungen","item":"https:\/\/www.dolomitiprealpi.it\/de\/events\/"},{"@type":"ListItem","position":3,"name":"Ottobre 2025 con le guide Mazarol"}]},{"@type":"WebSite","@id":"https:\/\/www.dolomitiprealpi.it\/de\/#website","url":"https:\/\/www.dolomitiprealpi.it\/de\/","name":"Dolomiti Prealpi","description":"","publisher":{"@id":"https:\/\/www.dolomitiprealpi.it\/de\/#organization"},"potentialAction":[{"@type":"SearchAction","target":{"@type":"EntryPoint","urlTemplate":"https:\/\/www.dolomitiprealpi.it\/de\/?s={search_term_string}"},"query-input":{"@type":"PropertyValueSpecification","valueRequired":true,"valueName":"search_term_string"}}],"inLanguage":"de-DE"},{"@type":"Organization","@id":"https:\/\/www.dolomitiprealpi.it\/de\/#organization","name":"Consorzio Dolomiti Prealpi","url":"https:\/\/www.dolomitiprealpi.it\/de\/","logo":{"@type":"ImageObject","inLanguage":"de-DE","@id":"https:\/\/www.dolomitiprealpi.it\/de\/#\/schema\/logo\/image\/","url":"https:\/\/www.dolomitiprealpi.it\/wp-content\/uploads\/2023\/03\/dolomitiprealpi-favicon.jpg","contentUrl":"https:\/\/www.dolomitiprealpi.it\/wp-content\/uploads\/2023\/03\/dolomitiprealpi-favicon.jpg","width":512,"height":512,"caption":"Consorzio Dolomiti Prealpi"},"image":{"@id":"https:\/\/www.dolomitiprealpi.it\/de\/#\/schema\/logo\/image\/"},"sameAs":["https:\/\/www.facebook.com\/dolomitiprealpi.it\/","https:\/\/www.instagram.com\/dolomitiprealpi\/"]}]}},"_links":{"self":[{"href":"https:\/\/www.dolomitiprealpi.it\/de\/wp-json\/wp\/v2\/tribe_events\/88377","targetHints":{"allow":["GET"]}}],"collection":[{"href":"https:\/\/www.dolomitiprealpi.it\/de\/wp-json\/wp\/v2\/tribe_events"}],"about":[{"href":"https:\/\/www.dolomitiprealpi.it\/de\/wp-json\/wp\/v2\/types\/tribe_events"}],"version-history":[{"count":1,"href":"https:\/\/www.dolomitiprealpi.it\/de\/wp-json\/wp\/v2\/tribe_events\/88377\/revisions"}],"predecessor-version":[{"id":89069,"href":"https:\/\/www.dolomitiprealpi.it\/de\/wp-json\/wp\/v2\/tribe_events\/88377\/revisions\/89069"}],"wp:attachment":[{"href":"https:\/\/www.dolomitiprealpi.it\/de\/wp-json\/wp\/v2\/media?parent=88377"}],"wp:term":[{"taxonomy":"post_tag","embeddable":true,"href":"https:\/\/www.dolomitiprealpi.it\/de\/wp-json\/wp\/v2\/tags?post=88377"},{"taxonomy":"tribe_events_cat","embeddable":true,"href":"https:\/\/www.dolomitiprealpi.it\/de\/wp-json\/wp\/v2\/tribe_events_cat?post=88377"}],"curies":[{"name":"wp","href":"https:\/\/api.w.org\/{rel}","templated":true}]}}

<p>Zweitägige Trekkingtour mit Guide Yuri &#8211; Croda da LagoHERBSTFARBEN IN DEN DOLOMITEN AM CRODA DA LAGO &#8211; zwei Tage und eine Nacht – GUIDE YURI Im Herzen der bekanntesten Dolomiten mit spektakulären Ausblicken, Natur und Wunder zwischen den magischen Farben des Herbstes. Und die wunderschöne Hütte Palmieri am See, warm und gemütlich, wo man einen unvergesslichen Abend in Gesellschaft verbringen kann&#8230; und es gibt auch die Sauna unter den Sternen! Kosten für den Guide-Service: 140 Euro/Teilnehmer – maximal 9 Teilnehmer erlaubt – Zusätzliche Kosten: Übernachtung und Mahlzeiten in der Hütte, die direkt beim Hüttenwirt zu zahlen sind &#8211; Informationen und Anmeldungen: 3290040808 &#8211; guide.pndb@gmail.com &#8211; in Zusammenarbeit mit dem Reisebüro “Alpinia Itinera” in Santa Giustina</p>

<p>Zweitägige Trekkingtour mit Guide Yuri &#8211; Croda da LagoHERBSTFARBEN IN DEN DOLOMITEN AM CRODA DA LAGO &#8211; zwei Tage und eine Nacht – GUIDE YURI Im Herzen der bekanntesten Dolomiten</p>

<!-- This site is optimized with the Yoast SEO plugin v25.7 - https://yoast.com/wordpress/plugins/seo/ -->
<title>Ottobre 2025 con le guide Mazarol - Dolomiti Prealpi</title>
<meta name="robots" content="index, follow, max-snippet:-1, max-image-preview:large, max-video-preview:-1" />
<link rel="canonical" href="https://www.dolomitiprealpi.it/de/event/ottobre-2025-con-le-guide-mazarol-4/" />
<meta property="og:locale" content="de_DE" />
<meta property="og:type" content="article" />
<meta property="og:title" content="Ottobre 2025 con le guide Mazarol - Dolomiti Prealpi" />
<meta property="og:description" content="Zweitägige Trekkingtour mit Guide Yuri &#8211; Croda da LagoHERBSTFARBEN IN DEN DOLOMITEN AM CRODA DA LAGO &#8211; zwei Tage und eine Nacht – GUIDE YURI Im Herzen der bekanntesten Dolomiten" />
<meta property="og:url" content="https://www.dolomitiprealpi.it/de/event/ottobre-2025-con-le-guide-mazarol-4/" />
<meta property="og:site_name" content="Dolomiti Prealpi" />
<meta property="article:publisher" content="https://www.facebook.com/dolomitiprealpi.it/" />
<meta property="article:modified_time" content="2026-03-20T11:42:01+00:00" />
<meta property="og:image" content="https://www.dolomitiprealpi.it/wp-content/uploads/2022/11/C.-Timpone-Foto-archivio-Consorzio-turistico-Dolomiti-Prealpi-Nevegal-Belluno-Bike-18-2.jpg" />
	<meta property="og:image:width" content="2048" />
	<meta property="og:image:height" content="1888" />
	<meta property="og:image:type" content="image/jpeg" />
<meta name="twitter:card" content="summary_large_image" />
<meta name="twitter:label1" content="Est. reading time" />
	<meta name="twitter:data1" content="1 minute" />
<script type="application/ld+json" class="yoast-schema-graph">{"@context":"https://schema.org","@graph":[{"@type":"WebPage","@id":"https://www.dolomitiprealpi.it/de/event/ottobre-2025-con-le-guide-mazarol-4/","url":"https://www.dolomitiprealpi.it/de/event/ottobre-2025-con-le-guide-mazarol-4/","name":"Ottobre 2025 con le guide Mazarol - Dolomiti Prealpi","isPartOf":{"@id":"https://www.dolomitiprealpi.it/de/#website"},"datePublished":"2026-02-15T11:01:31+00:00","dateModified":"2026-03-20T11:42:01+00:00","breadcrumb":{"@id":"https://www.dolomitiprealpi.it/de/event/ottobre-2025-con-le-guide-mazarol-4/#breadcrumb"},"inLanguage":"de-DE","potentialAction":[{"@type":"ReadAction","target":["https://www.dolomitiprealpi.it/de/event/ottobre-2025-con-le-guide-mazarol-4/"]}]},{"@type":"BreadcrumbList","@id":"https://www.dolomitiprealpi.it/de/event/ottobre-2025-con-le-guide-mazarol-4/#breadcrumb","itemListElement":[{"@type":"ListItem","position":1,"name":"Home","item":"https://www.dolomitiprealpi.it/de/"},{"@type":"ListItem","position":2,"name":"Veranstaltungen","item":"https://www.dolomitiprealpi.it/de/events/"},{"@type":"ListItem","position":3,"name":"Ottobre 2025 con le guide Mazarol"}]},{"@type":"WebSite","@id":"https://www.dolomitiprealpi.it/de/#website","url":"https://www.dolomitiprealpi.it/de/","name":"Dolomiti Prealpi","description":"","publisher":{"@id":"https://www.dolomitiprealpi.it/de/#organization"},"potentialAction":[{"@type":"SearchAction","target":{"@type":"EntryPoint","urlTemplate":"https://www.dolomitiprealpi.it/de/?s={search_term_string}"},"query-input":{"@type":"PropertyValueSpecification","valueRequired":true,"valueName":"search_term_string"}}],"inLanguage":"de-DE"},{"@type":"Organization","@id":"https://www.dolomitiprealpi.it/de/#organization","name":"Consorzio Dolomiti Prealpi","url":"https://www.dolomitiprealpi.it/de/","logo":{"@type":"ImageObject","inLanguage":"de-DE","@id":"https://www.dolomitiprealpi.it/de/#/schema/logo/image/","url":"https://www.dolomitiprealpi.it/wp-content/uploads/2023/03/dolomitiprealpi-favicon.jpg","contentUrl":"https://www.dolomitiprealpi.it/wp-content/uploads/2023/03/dolomitiprealpi-favicon.jpg","width":512,"height":512,"caption":"Consorzio Dolomiti Prealpi"},"image":{"@id":"https://www.dolomitiprealpi.it/de/#/schema/logo/image/"},"sameAs":["https://www.facebook.com/dolomitiprealpi.it/","https://www.instagram.com/dolomitiprealpi/"]}]}</script>
<!-- / Yoast SEO plugin. -->

Zweitägige Trekkingtour mit Guide Yuri &#8211; Croda da LagoHERBSTFARBEN IN DEN DOLOMITEN AM CRODA DA LAGO &#8211; zwei Tage und eine Nacht – GUIDE YURI Im Herzen der bekanntesten Dolomiten
