{"id":88374,"date":"2026-02-15T12:01:19","date_gmt":"2026-02-15T11:01:19","guid":{"rendered":"https:\/\/www.dolomitiprealpi.it\/event\/open-day-tiro-a-segno-nazionale\/"},"modified":"2026-03-20T12:41:47","modified_gmt":"2026-03-20T11:41:47","slug":"open-day-tiro-a-segno-nazionale","status":"publish","type":"tribe_events","link":"https:\/\/www.dolomitiprealpi.it\/de\/event\/open-day-tiro-a-segno-nazionale\/","title":{"rendered":"Open day tiro a segno nazionale"},"content":{"rendered":"<p>Im Hinblick auf die Olympischen und Paralympischen Spiele Mailand Cortina 2026 hat die Gemeinde Belluno in Zusammenarbeit mit dem Nationalen Sch\u00fctzenverein, Sektion Belluno, einen Tag der offenen T\u00fcr f\u00fcr die Disziplin des Nationalen Schie\u00dfens organisiert.<\/p>\n<p>Im Schie\u00dfstand von Belluno, in der Lokalit\u00e4t Mussoi, beginnt um 9:30 Uhr die Anmeldung zur Veranstaltung.<\/p>\n<p>Um 9:45 Uhr wird es eine Begr\u00fc\u00dfung von Renato Cafiero, dem Pr\u00e4sidenten der Sektion Belluno, geben.<\/p>\n<p>Es wird auch einen Beitrag von Daniele Pusnich, dem Pr\u00e4sidenten des Regionalkomitees Veneto U.I.T.S., geben. Um 10:45 Uhr findet das Interview mit dem Team von Belluno statt, gefolgt von einem Interview mit dem Olympioniken Francesco Bruno.<\/p>\n<p>Anschlie\u00dfend werden um 11:15 Uhr die \u00dcbungen der beiden olympischen Schie\u00dfdisziplinen P10\/C10 angeboten und es wird die M\u00f6glichkeit bestehen, das Luftgewehr auszuprobieren.<\/p>\n<p>Um 13:00 Uhr wird allen Teilnehmern ein leichtes Mittagessen angeboten.<\/p>\n<p>Nach dem Mittagessen kann mit den praktischen \u00dcbungen fortgefahren werden.<\/p>\n<p>Die Veranstaltung ist kostenlos und offen f\u00fcr alle B\u00fcrger.<\/p>\n<p>Es wird darauf hingewiesen, dass die Veranstaltung Teil des Projekts \u201eZiel Olympiade: Goldmedaille f\u00fcr ein Gebiet\u201c ist und von der Fondazione Cariverona finanziert wird.<\/p>\n<p>In Vorbereitung auf die Olympischen und Paralympischen Spiele in Mailand Cortina 2026 hat die Gemeinde Belluno in Zusammenarbeit mit dem Nationalen Schie\u00dfsportverband, Sektion Belluno, einen Tag der offenen T\u00fcr f\u00fcr die Disziplin des Nationalen Schie\u00dfsports organisiert.<\/p>\n","protected":false},"excerpt":{"rendered":"<p>Im Hinblick auf die Olympischen und Paralympischen Spiele Mailand Cortina 2026 hat die Gemeinde Belluno in Zusammenarbeit mit dem Nationalen Sch\u00fctzenverein, Sektion Belluno, einen Tag der offenen T\u00fcr f\u00fcr die<\/p>\n","protected":false},"author":0,"featured_media":0,"template":"","meta":{"_acf_changed":false,"inline_featured_image":false,"_tribe_events_status":"","_tribe_events_status_reason":"","footnotes":""},"tags":[259],"tribe_events_cat":[],"class_list":["post-88374","tribe_events","type-tribe_events","status-publish","hentry","tag-eventi-feratel"],"acf":[],"yoast_head":"<!-- This site is optimized with the Yoast SEO plugin v25.7 - https:\/\/yoast.com\/wordpress\/plugins\/seo\/ -->\n<title>Open day tiro a segno nazionale - Dolomiti Prealpi<\/title>\n<meta name=\"robots\" content=\"index, follow, max-snippet:-1, max-image-preview:large, max-video-preview:-1\" \/>\n<link rel=\"canonical\" href=\"https:\/\/www.dolomitiprealpi.it\/de\/event\/open-day-tiro-a-segno-nazionale\/\" \/>\n<meta property=\"og:locale\" content=\"de_DE\" \/>\n<meta property=\"og:type\" content=\"article\" \/>\n<meta property=\"og:title\" content=\"Open day tiro a segno nazionale - Dolomiti Prealpi\" \/>\n<meta property=\"og:description\" content=\"Im Hinblick auf die Olympischen und Paralympischen Spiele Mailand Cortina 2026 hat die Gemeinde Belluno in Zusammenarbeit mit dem Nationalen Sch\u00fctzenverein, Sektion Belluno, einen Tag der offenen T\u00fcr f\u00fcr die\" \/>\n<meta property=\"og:url\" content=\"https:\/\/www.dolomitiprealpi.it\/de\/event\/open-day-tiro-a-segno-nazionale\/\" \/>\n<meta property=\"og:site_name\" content=\"Dolomiti Prealpi\" \/>\n<meta property=\"article:publisher\" content=\"https:\/\/www.facebook.com\/dolomitiprealpi.it\/\" \/>\n<meta property=\"article:modified_time\" content=\"2026-03-20T11:41:47+00:00\" \/>\n<meta property=\"og:image\" content=\"https:\/\/www.dolomitiprealpi.it\/wp-content\/uploads\/2022\/11\/C.-Timpone-Foto-archivio-Consorzio-turistico-Dolomiti-Prealpi-Nevegal-Belluno-Bike-18-2.jpg\" \/>\n\t<meta property=\"og:image:width\" content=\"2048\" \/>\n\t<meta property=\"og:image:height\" content=\"1888\" \/>\n\t<meta property=\"og:image:type\" content=\"image\/jpeg\" \/>\n<meta name=\"twitter:card\" content=\"summary_large_image\" \/>\n<meta name=\"twitter:label1\" content=\"Est. reading time\" \/>\n\t<meta name=\"twitter:data1\" content=\"1 minute\" \/>\n<script type=\"application\/ld+json\" class=\"yoast-schema-graph\">{\"@context\":\"https:\/\/schema.org\",\"@graph\":[{\"@type\":\"WebPage\",\"@id\":\"https:\/\/www.dolomitiprealpi.it\/de\/event\/open-day-tiro-a-segno-nazionale\/\",\"url\":\"https:\/\/www.dolomitiprealpi.it\/de\/event\/open-day-tiro-a-segno-nazionale\/\",\"name\":\"Open day tiro a segno nazionale - Dolomiti Prealpi\",\"isPartOf\":{\"@id\":\"https:\/\/www.dolomitiprealpi.it\/de\/#website\"},\"datePublished\":\"2026-02-15T11:01:19+00:00\",\"dateModified\":\"2026-03-20T11:41:47+00:00\",\"breadcrumb\":{\"@id\":\"https:\/\/www.dolomitiprealpi.it\/de\/event\/open-day-tiro-a-segno-nazionale\/#breadcrumb\"},\"inLanguage\":\"de-DE\",\"potentialAction\":[{\"@type\":\"ReadAction\",\"target\":[\"https:\/\/www.dolomitiprealpi.it\/de\/event\/open-day-tiro-a-segno-nazionale\/\"]}]},{\"@type\":\"BreadcrumbList\",\"@id\":\"https:\/\/www.dolomitiprealpi.it\/de\/event\/open-day-tiro-a-segno-nazionale\/#breadcrumb\",\"itemListElement\":[{\"@type\":\"ListItem\",\"position\":1,\"name\":\"Home\",\"item\":\"https:\/\/www.dolomitiprealpi.it\/de\/\"},{\"@type\":\"ListItem\",\"position\":2,\"name\":\"Veranstaltungen\",\"item\":\"https:\/\/www.dolomitiprealpi.it\/de\/events\/\"},{\"@type\":\"ListItem\",\"position\":3,\"name\":\"Open day tiro a segno nazionale\"}]},{\"@type\":\"WebSite\",\"@id\":\"https:\/\/www.dolomitiprealpi.it\/de\/#website\",\"url\":\"https:\/\/www.dolomitiprealpi.it\/de\/\",\"name\":\"Dolomiti Prealpi\",\"description\":\"\",\"publisher\":{\"@id\":\"https:\/\/www.dolomitiprealpi.it\/de\/#organization\"},\"potentialAction\":[{\"@type\":\"SearchAction\",\"target\":{\"@type\":\"EntryPoint\",\"urlTemplate\":\"https:\/\/www.dolomitiprealpi.it\/de\/?s={search_term_string}\"},\"query-input\":{\"@type\":\"PropertyValueSpecification\",\"valueRequired\":true,\"valueName\":\"search_term_string\"}}],\"inLanguage\":\"de-DE\"},{\"@type\":\"Organization\",\"@id\":\"https:\/\/www.dolomitiprealpi.it\/de\/#organization\",\"name\":\"Consorzio Dolomiti Prealpi\",\"url\":\"https:\/\/www.dolomitiprealpi.it\/de\/\",\"logo\":{\"@type\":\"ImageObject\",\"inLanguage\":\"de-DE\",\"@id\":\"https:\/\/www.dolomitiprealpi.it\/de\/#\/schema\/logo\/image\/\",\"url\":\"https:\/\/www.dolomitiprealpi.it\/wp-content\/uploads\/2023\/03\/dolomitiprealpi-favicon.jpg\",\"contentUrl\":\"https:\/\/www.dolomitiprealpi.it\/wp-content\/uploads\/2023\/03\/dolomitiprealpi-favicon.jpg\",\"width\":512,\"height\":512,\"caption\":\"Consorzio Dolomiti Prealpi\"},\"image\":{\"@id\":\"https:\/\/www.dolomitiprealpi.it\/de\/#\/schema\/logo\/image\/\"},\"sameAs\":[\"https:\/\/www.facebook.com\/dolomitiprealpi.it\/\",\"https:\/\/www.instagram.com\/dolomitiprealpi\/\"]}]}<\/script>\n<!-- \/ Yoast SEO plugin. -->","yoast_head_json":{"title":"Open day tiro a segno nazionale - Dolomiti Prealpi","robots":{"index":"index","follow":"follow","max-snippet":"max-snippet:-1","max-image-preview":"max-image-preview:large","max-video-preview":"max-video-preview:-1"},"canonical":"https:\/\/www.dolomitiprealpi.it\/de\/event\/open-day-tiro-a-segno-nazionale\/","og_locale":"de_DE","og_type":"article","og_title":"Open day tiro a segno nazionale - Dolomiti Prealpi","og_description":"Im Hinblick auf die Olympischen und Paralympischen Spiele Mailand Cortina 2026 hat die Gemeinde Belluno in Zusammenarbeit mit dem Nationalen Sch\u00fctzenverein, Sektion Belluno, einen Tag der offenen T\u00fcr f\u00fcr die","og_url":"https:\/\/www.dolomitiprealpi.it\/de\/event\/open-day-tiro-a-segno-nazionale\/","og_site_name":"Dolomiti Prealpi","article_publisher":"https:\/\/www.facebook.com\/dolomitiprealpi.it\/","article_modified_time":"2026-03-20T11:41:47+00:00","og_image":[{"width":2048,"height":1888,"url":"https:\/\/www.dolomitiprealpi.it\/wp-content\/uploads\/2022\/11\/C.-Timpone-Foto-archivio-Consorzio-turistico-Dolomiti-Prealpi-Nevegal-Belluno-Bike-18-2.jpg","type":"image\/jpeg"}],"twitter_card":"summary_large_image","twitter_misc":{"Est. reading time":"1 minute"},"schema":{"@context":"https:\/\/schema.org","@graph":[{"@type":"WebPage","@id":"https:\/\/www.dolomitiprealpi.it\/de\/event\/open-day-tiro-a-segno-nazionale\/","url":"https:\/\/www.dolomitiprealpi.it\/de\/event\/open-day-tiro-a-segno-nazionale\/","name":"Open day tiro a segno nazionale - Dolomiti Prealpi","isPartOf":{"@id":"https:\/\/www.dolomitiprealpi.it\/de\/#website"},"datePublished":"2026-02-15T11:01:19+00:00","dateModified":"2026-03-20T11:41:47+00:00","breadcrumb":{"@id":"https:\/\/www.dolomitiprealpi.it\/de\/event\/open-day-tiro-a-segno-nazionale\/#breadcrumb"},"inLanguage":"de-DE","potentialAction":[{"@type":"ReadAction","target":["https:\/\/www.dolomitiprealpi.it\/de\/event\/open-day-tiro-a-segno-nazionale\/"]}]},{"@type":"BreadcrumbList","@id":"https:\/\/www.dolomitiprealpi.it\/de\/event\/open-day-tiro-a-segno-nazionale\/#breadcrumb","itemListElement":[{"@type":"ListItem","position":1,"name":"Home","item":"https:\/\/www.dolomitiprealpi.it\/de\/"},{"@type":"ListItem","position":2,"name":"Veranstaltungen","item":"https:\/\/www.dolomitiprealpi.it\/de\/events\/"},{"@type":"ListItem","position":3,"name":"Open day tiro a segno nazionale"}]},{"@type":"WebSite","@id":"https:\/\/www.dolomitiprealpi.it\/de\/#website","url":"https:\/\/www.dolomitiprealpi.it\/de\/","name":"Dolomiti Prealpi","description":"","publisher":{"@id":"https:\/\/www.dolomitiprealpi.it\/de\/#organization"},"potentialAction":[{"@type":"SearchAction","target":{"@type":"EntryPoint","urlTemplate":"https:\/\/www.dolomitiprealpi.it\/de\/?s={search_term_string}"},"query-input":{"@type":"PropertyValueSpecification","valueRequired":true,"valueName":"search_term_string"}}],"inLanguage":"de-DE"},{"@type":"Organization","@id":"https:\/\/www.dolomitiprealpi.it\/de\/#organization","name":"Consorzio Dolomiti Prealpi","url":"https:\/\/www.dolomitiprealpi.it\/de\/","logo":{"@type":"ImageObject","inLanguage":"de-DE","@id":"https:\/\/www.dolomitiprealpi.it\/de\/#\/schema\/logo\/image\/","url":"https:\/\/www.dolomitiprealpi.it\/wp-content\/uploads\/2023\/03\/dolomitiprealpi-favicon.jpg","contentUrl":"https:\/\/www.dolomitiprealpi.it\/wp-content\/uploads\/2023\/03\/dolomitiprealpi-favicon.jpg","width":512,"height":512,"caption":"Consorzio Dolomiti Prealpi"},"image":{"@id":"https:\/\/www.dolomitiprealpi.it\/de\/#\/schema\/logo\/image\/"},"sameAs":["https:\/\/www.facebook.com\/dolomitiprealpi.it\/","https:\/\/www.instagram.com\/dolomitiprealpi\/"]}]}},"_links":{"self":[{"href":"https:\/\/www.dolomitiprealpi.it\/de\/wp-json\/wp\/v2\/tribe_events\/88374","targetHints":{"allow":["GET"]}}],"collection":[{"href":"https:\/\/www.dolomitiprealpi.it\/de\/wp-json\/wp\/v2\/tribe_events"}],"about":[{"href":"https:\/\/www.dolomitiprealpi.it\/de\/wp-json\/wp\/v2\/types\/tribe_events"}],"version-history":[{"count":1,"href":"https:\/\/www.dolomitiprealpi.it\/de\/wp-json\/wp\/v2\/tribe_events\/88374\/revisions"}],"predecessor-version":[{"id":89066,"href":"https:\/\/www.dolomitiprealpi.it\/de\/wp-json\/wp\/v2\/tribe_events\/88374\/revisions\/89066"}],"wp:attachment":[{"href":"https:\/\/www.dolomitiprealpi.it\/de\/wp-json\/wp\/v2\/media?parent=88374"}],"wp:term":[{"taxonomy":"post_tag","embeddable":true,"href":"https:\/\/www.dolomitiprealpi.it\/de\/wp-json\/wp\/v2\/tags?post=88374"},{"taxonomy":"tribe_events_cat","embeddable":true,"href":"https:\/\/www.dolomitiprealpi.it\/de\/wp-json\/wp\/v2\/tribe_events_cat?post=88374"}],"curies":[{"name":"wp","href":"https:\/\/api.w.org\/{rel}","templated":true}]}}

<p>Im Hinblick auf die Olympischen und Paralympischen Spiele Mailand Cortina 2026 hat die Gemeinde Belluno in Zusammenarbeit mit dem Nationalen Schützenverein, Sektion Belluno, einen Tag der offenen Tür für die Disziplin des Nationalen Schießens organisiert.</p>
<p>Im Schießstand von Belluno, in der Lokalität Mussoi, beginnt um 9:30 Uhr die Anmeldung zur Veranstaltung.</p>
<p>Um 9:45 Uhr wird es eine Begrüßung von Renato Cafiero, dem Präsidenten der Sektion Belluno, geben.</p>
<p>Es wird auch einen Beitrag von Daniele Pusnich, dem Präsidenten des Regionalkomitees Veneto U.I.T.S., geben. Um 10:45 Uhr findet das Interview mit dem Team von Belluno statt, gefolgt von einem Interview mit dem Olympioniken Francesco Bruno.</p>
<p>Anschließend werden um 11:15 Uhr die Übungen der beiden olympischen Schießdisziplinen P10/C10 angeboten und es wird die Möglichkeit bestehen, das Luftgewehr auszuprobieren.</p>
<p>Um 13:00 Uhr wird allen Teilnehmern ein leichtes Mittagessen angeboten.</p>
<p>Nach dem Mittagessen kann mit den praktischen Übungen fortgefahren werden.</p>
<p>Die Veranstaltung ist kostenlos und offen für alle Bürger.</p>
<p>Es wird darauf hingewiesen, dass die Veranstaltung Teil des Projekts „Ziel Olympiade: Goldmedaille für ein Gebiet“ ist und von der Fondazione Cariverona finanziert wird.</p>
<p>In Vorbereitung auf die Olympischen und Paralympischen Spiele in Mailand Cortina 2026 hat die Gemeinde Belluno in Zusammenarbeit mit dem Nationalen Schießsportverband, Sektion Belluno, einen Tag der offenen Tür für die Disziplin des Nationalen Schießsports organisiert.</p>

<p>Im Hinblick auf die Olympischen und Paralympischen Spiele Mailand Cortina 2026 hat die Gemeinde Belluno in Zusammenarbeit mit dem Nationalen Schützenverein, Sektion Belluno, einen Tag der offenen Tür für die</p>

<!-- This site is optimized with the Yoast SEO plugin v25.7 - https://yoast.com/wordpress/plugins/seo/ -->
<title>Open day tiro a segno nazionale - Dolomiti Prealpi</title>
<meta name="robots" content="index, follow, max-snippet:-1, max-image-preview:large, max-video-preview:-1" />
<link rel="canonical" href="https://www.dolomitiprealpi.it/de/event/open-day-tiro-a-segno-nazionale/" />
<meta property="og:locale" content="de_DE" />
<meta property="og:type" content="article" />
<meta property="og:title" content="Open day tiro a segno nazionale - Dolomiti Prealpi" />
<meta property="og:description" content="Im Hinblick auf die Olympischen und Paralympischen Spiele Mailand Cortina 2026 hat die Gemeinde Belluno in Zusammenarbeit mit dem Nationalen Schützenverein, Sektion Belluno, einen Tag der offenen Tür für die" />
<meta property="og:url" content="https://www.dolomitiprealpi.it/de/event/open-day-tiro-a-segno-nazionale/" />
<meta property="og:site_name" content="Dolomiti Prealpi" />
<meta property="article:publisher" content="https://www.facebook.com/dolomitiprealpi.it/" />
<meta property="article:modified_time" content="2026-03-20T11:41:47+00:00" />
<meta property="og:image" content="https://www.dolomitiprealpi.it/wp-content/uploads/2022/11/C.-Timpone-Foto-archivio-Consorzio-turistico-Dolomiti-Prealpi-Nevegal-Belluno-Bike-18-2.jpg" />
	<meta property="og:image:width" content="2048" />
	<meta property="og:image:height" content="1888" />
	<meta property="og:image:type" content="image/jpeg" />
<meta name="twitter:card" content="summary_large_image" />
<meta name="twitter:label1" content="Est. reading time" />
	<meta name="twitter:data1" content="1 minute" />
<script type="application/ld+json" class="yoast-schema-graph">{"@context":"https://schema.org","@graph":[{"@type":"WebPage","@id":"https://www.dolomitiprealpi.it/de/event/open-day-tiro-a-segno-nazionale/","url":"https://www.dolomitiprealpi.it/de/event/open-day-tiro-a-segno-nazionale/","name":"Open day tiro a segno nazionale - Dolomiti Prealpi","isPartOf":{"@id":"https://www.dolomitiprealpi.it/de/#website"},"datePublished":"2026-02-15T11:01:19+00:00","dateModified":"2026-03-20T11:41:47+00:00","breadcrumb":{"@id":"https://www.dolomitiprealpi.it/de/event/open-day-tiro-a-segno-nazionale/#breadcrumb"},"inLanguage":"de-DE","potentialAction":[{"@type":"ReadAction","target":["https://www.dolomitiprealpi.it/de/event/open-day-tiro-a-segno-nazionale/"]}]},{"@type":"BreadcrumbList","@id":"https://www.dolomitiprealpi.it/de/event/open-day-tiro-a-segno-nazionale/#breadcrumb","itemListElement":[{"@type":"ListItem","position":1,"name":"Home","item":"https://www.dolomitiprealpi.it/de/"},{"@type":"ListItem","position":2,"name":"Veranstaltungen","item":"https://www.dolomitiprealpi.it/de/events/"},{"@type":"ListItem","position":3,"name":"Open day tiro a segno nazionale"}]},{"@type":"WebSite","@id":"https://www.dolomitiprealpi.it/de/#website","url":"https://www.dolomitiprealpi.it/de/","name":"Dolomiti Prealpi","description":"","publisher":{"@id":"https://www.dolomitiprealpi.it/de/#organization"},"potentialAction":[{"@type":"SearchAction","target":{"@type":"EntryPoint","urlTemplate":"https://www.dolomitiprealpi.it/de/?s={search_term_string}"},"query-input":{"@type":"PropertyValueSpecification","valueRequired":true,"valueName":"search_term_string"}}],"inLanguage":"de-DE"},{"@type":"Organization","@id":"https://www.dolomitiprealpi.it/de/#organization","name":"Consorzio Dolomiti Prealpi","url":"https://www.dolomitiprealpi.it/de/","logo":{"@type":"ImageObject","inLanguage":"de-DE","@id":"https://www.dolomitiprealpi.it/de/#/schema/logo/image/","url":"https://www.dolomitiprealpi.it/wp-content/uploads/2023/03/dolomitiprealpi-favicon.jpg","contentUrl":"https://www.dolomitiprealpi.it/wp-content/uploads/2023/03/dolomitiprealpi-favicon.jpg","width":512,"height":512,"caption":"Consorzio Dolomiti Prealpi"},"image":{"@id":"https://www.dolomitiprealpi.it/de/#/schema/logo/image/"},"sameAs":["https://www.facebook.com/dolomitiprealpi.it/","https://www.instagram.com/dolomitiprealpi/"]}]}</script>
<!-- / Yoast SEO plugin. -->

Im Hinblick auf die Olympischen und Paralympischen Spiele Mailand Cortina 2026 hat die Gemeinde Belluno in Zusammenarbeit mit dem Nationalen Schützenverein, Sektion Belluno, einen Tag der offenen Tür für die
