{"id":88329,"date":"2026-02-15T11:58:37","date_gmt":"2026-02-15T10:58:37","guid":{"rendered":"https:\/\/www.dolomitiprealpi.it\/event\/il-bramito-dei-cervi-nelle-dolomiti-bellunesi\/"},"modified":"2026-03-20T12:38:42","modified_gmt":"2026-03-20T11:38:42","slug":"il-bramito-dei-cervi-nelle-dolomiti-bellunesi-3","status":"publish","type":"tribe_events","link":"https:\/\/www.dolomitiprealpi.it\/de\/event\/il-bramito-dei-cervi-nelle-dolomiti-bellunesi-3\/","title":{"rendered":"Il bramito dei cervi nelle Dolomiti Bellunesi"},"content":{"rendered":"<p>Wir empfehlen, warme, bequeme, sportliche Kleidung in Schichten zu tragen. An den F\u00fc\u00dfen technische Socken aus Wolle oder dicker Baumwolle (KEINE Sneakersocken), Wanderschuhe, Trekkingstiefel oder Schuhe mit profilierter Sohle, die sich f\u00fcr unwegsames Gel\u00e4nde eignen (KEINE Turnschuhe mit glatter Sohle). Windjacke, Regenjacke oder K-Way, Fleece oder Pullover, Regenschirm, M\u00fctze oder Bandana. Im Falle von Kindern immer einige Wechselkleider mitbringen. F\u00fcr rein tierbeobachtende Ausfl\u00fcge, vermeiden Sie grelle Farben und bevorzugen Sie Schwarz, Grau, Braun, Gr\u00fcn. <\/p>\n<p>Zu jeder Jahreszeit wei\u00df die Natur etwas Magisches und Aufregendes zu schenken.<\/p>\n<p>  Der Beginn des <b>Herbstes<\/b> entspricht der Saison der <b>Hirschliebe<\/b>: Die W\u00e4lder erwachen zum Leben und das Schweigen wird durch ihr R\u00f6hren gebrochen.  Gegen Mitte des Herbstes bilden die m\u00e4nnlichen Hirsche ein Harem aus vielen Weibchen und verteidigen dieses Harem mit allen Kr\u00e4ften und mit ihrer ganzen Stimme.<\/p>\n<p>Um den anderen M\u00e4nnchen zu zeigen, dass dies ihr Territorium ist, geben die Hirsche ein charakteristisches Ger\u00e4usch von sich, das R\u00f6hren, ein ergreifender Liebesruf, der selbst aus Kilometern Entfernung zu h\u00f6ren ist.  Auf Grundlage der Stimmkraft entstehen regelrechte Wettk\u00e4mpfe.<\/p>\n<p>In vielen F\u00e4llen bleibt der Vergleich auf &#8220;vocaler&#8221; Ebene, aber wenn die Kraft der R\u00f6hren der beiden Hirsche nicht ausreicht, um die \u00dcberlegenheit festzustellen, kommt es zu einem Wettkampf in Form einer Parade: Die beiden Hirsche studieren sich aus der Entfernung, f\u00fchren herausfordernde Bewegungen aus, ohne sich zu ber\u00fchren, und zeigen ihr(e) K\u00f6nnen. Derjenige mit dem beeindruckenderen K\u00f6rperbau und gr\u00f6\u00dferen Geweihen gewinnt.<\/p>\n<p>  Ein wirklich besonderer Monat, um die <b>Valbelluna<\/b> und einen der sch\u00f6nsten W\u00e4lder Europas, den <b>Cansiglio-Wald<\/b>, zu erleben.<\/p>\n<p>  Die Exkursionen finden am Nachmittag bis in den Abend statt, zwischen Licht und Dunkelheit.<\/p>\n<p>&nbsp; Die Kosten: 25 Euro f\u00fcr Erwachsene &#8211; kostenlos f\u00fcr Minderj\u00e4hrige zwischen 6 und 15 Jahren<\/p>\n<p>Der Monat der Hirschliebe beginnt, in dem die M\u00e4nnchen ihren Liebesgesang laut erklingen lassen.<\/p>\n","protected":false},"excerpt":{"rendered":"<p>Wir empfehlen, warme, bequeme, sportliche Kleidung in Schichten zu tragen. An den F\u00fc\u00dfen technische Socken aus Wolle oder dicker Baumwolle (KEINE Sneakersocken), Wanderschuhe, Trekkingstiefel oder Schuhe mit profilierter Sohle, die<\/p>\n","protected":false},"author":0,"featured_media":0,"template":"","meta":{"_acf_changed":false,"inline_featured_image":false,"_tribe_events_status":"","_tribe_events_status_reason":"","footnotes":""},"tags":[259],"tribe_events_cat":[],"class_list":["post-88329","tribe_events","type-tribe_events","status-publish","hentry","tag-eventi-feratel"],"acf":[],"yoast_head":"<!-- This site is optimized with the Yoast SEO plugin v25.7 - https:\/\/yoast.com\/wordpress\/plugins\/seo\/ -->\n<title>Il bramito dei cervi nelle Dolomiti Bellunesi - Dolomiti Prealpi<\/title>\n<meta name=\"robots\" content=\"index, follow, max-snippet:-1, max-image-preview:large, max-video-preview:-1\" \/>\n<link rel=\"canonical\" href=\"https:\/\/www.dolomitiprealpi.it\/de\/event\/il-bramito-dei-cervi-nelle-dolomiti-bellunesi-3\/\" \/>\n<meta property=\"og:locale\" content=\"de_DE\" \/>\n<meta property=\"og:type\" content=\"article\" \/>\n<meta property=\"og:title\" content=\"Il bramito dei cervi nelle Dolomiti Bellunesi - Dolomiti Prealpi\" \/>\n<meta property=\"og:description\" content=\"Wir empfehlen, warme, bequeme, sportliche Kleidung in Schichten zu tragen. An den F\u00fc\u00dfen technische Socken aus Wolle oder dicker Baumwolle (KEINE Sneakersocken), Wanderschuhe, Trekkingstiefel oder Schuhe mit profilierter Sohle, die\" \/>\n<meta property=\"og:url\" content=\"https:\/\/www.dolomitiprealpi.it\/de\/event\/il-bramito-dei-cervi-nelle-dolomiti-bellunesi-3\/\" \/>\n<meta property=\"og:site_name\" content=\"Dolomiti Prealpi\" \/>\n<meta property=\"article:publisher\" content=\"https:\/\/www.facebook.com\/dolomitiprealpi.it\/\" \/>\n<meta property=\"article:modified_time\" content=\"2026-03-20T11:38:42+00:00\" \/>\n<meta property=\"og:image\" content=\"https:\/\/www.dolomitiprealpi.it\/wp-content\/uploads\/2022\/11\/C.-Timpone-Foto-archivio-Consorzio-turistico-Dolomiti-Prealpi-Nevegal-Belluno-Bike-18-2.jpg\" \/>\n\t<meta property=\"og:image:width\" content=\"2048\" \/>\n\t<meta property=\"og:image:height\" content=\"1888\" \/>\n\t<meta property=\"og:image:type\" content=\"image\/jpeg\" \/>\n<meta name=\"twitter:card\" content=\"summary_large_image\" \/>\n<meta name=\"twitter:label1\" content=\"Est. reading time\" \/>\n\t<meta name=\"twitter:data1\" content=\"2 minutes\" \/>\n<script type=\"application\/ld+json\" class=\"yoast-schema-graph\">{\"@context\":\"https:\/\/schema.org\",\"@graph\":[{\"@type\":\"WebPage\",\"@id\":\"https:\/\/www.dolomitiprealpi.it\/de\/event\/il-bramito-dei-cervi-nelle-dolomiti-bellunesi-3\/\",\"url\":\"https:\/\/www.dolomitiprealpi.it\/de\/event\/il-bramito-dei-cervi-nelle-dolomiti-bellunesi-3\/\",\"name\":\"Il bramito dei cervi nelle Dolomiti Bellunesi - Dolomiti Prealpi\",\"isPartOf\":{\"@id\":\"https:\/\/www.dolomitiprealpi.it\/de\/#website\"},\"datePublished\":\"2026-02-15T10:58:37+00:00\",\"dateModified\":\"2026-03-20T11:38:42+00:00\",\"breadcrumb\":{\"@id\":\"https:\/\/www.dolomitiprealpi.it\/de\/event\/il-bramito-dei-cervi-nelle-dolomiti-bellunesi-3\/#breadcrumb\"},\"inLanguage\":\"de-DE\",\"potentialAction\":[{\"@type\":\"ReadAction\",\"target\":[\"https:\/\/www.dolomitiprealpi.it\/de\/event\/il-bramito-dei-cervi-nelle-dolomiti-bellunesi-3\/\"]}]},{\"@type\":\"BreadcrumbList\",\"@id\":\"https:\/\/www.dolomitiprealpi.it\/de\/event\/il-bramito-dei-cervi-nelle-dolomiti-bellunesi-3\/#breadcrumb\",\"itemListElement\":[{\"@type\":\"ListItem\",\"position\":1,\"name\":\"Home\",\"item\":\"https:\/\/www.dolomitiprealpi.it\/de\/\"},{\"@type\":\"ListItem\",\"position\":2,\"name\":\"Veranstaltungen\",\"item\":\"https:\/\/www.dolomitiprealpi.it\/de\/events\/\"},{\"@type\":\"ListItem\",\"position\":3,\"name\":\"Il bramito dei cervi nelle Dolomiti Bellunesi\"}]},{\"@type\":\"WebSite\",\"@id\":\"https:\/\/www.dolomitiprealpi.it\/de\/#website\",\"url\":\"https:\/\/www.dolomitiprealpi.it\/de\/\",\"name\":\"Dolomiti Prealpi\",\"description\":\"\",\"publisher\":{\"@id\":\"https:\/\/www.dolomitiprealpi.it\/de\/#organization\"},\"potentialAction\":[{\"@type\":\"SearchAction\",\"target\":{\"@type\":\"EntryPoint\",\"urlTemplate\":\"https:\/\/www.dolomitiprealpi.it\/de\/?s={search_term_string}\"},\"query-input\":{\"@type\":\"PropertyValueSpecification\",\"valueRequired\":true,\"valueName\":\"search_term_string\"}}],\"inLanguage\":\"de-DE\"},{\"@type\":\"Organization\",\"@id\":\"https:\/\/www.dolomitiprealpi.it\/de\/#organization\",\"name\":\"Consorzio Dolomiti Prealpi\",\"url\":\"https:\/\/www.dolomitiprealpi.it\/de\/\",\"logo\":{\"@type\":\"ImageObject\",\"inLanguage\":\"de-DE\",\"@id\":\"https:\/\/www.dolomitiprealpi.it\/de\/#\/schema\/logo\/image\/\",\"url\":\"https:\/\/www.dolomitiprealpi.it\/wp-content\/uploads\/2023\/03\/dolomitiprealpi-favicon.jpg\",\"contentUrl\":\"https:\/\/www.dolomitiprealpi.it\/wp-content\/uploads\/2023\/03\/dolomitiprealpi-favicon.jpg\",\"width\":512,\"height\":512,\"caption\":\"Consorzio Dolomiti Prealpi\"},\"image\":{\"@id\":\"https:\/\/www.dolomitiprealpi.it\/de\/#\/schema\/logo\/image\/\"},\"sameAs\":[\"https:\/\/www.facebook.com\/dolomitiprealpi.it\/\",\"https:\/\/www.instagram.com\/dolomitiprealpi\/\"]}]}<\/script>\n<!-- \/ Yoast SEO plugin. -->","yoast_head_json":{"title":"Il bramito dei cervi nelle Dolomiti Bellunesi - Dolomiti Prealpi","robots":{"index":"index","follow":"follow","max-snippet":"max-snippet:-1","max-image-preview":"max-image-preview:large","max-video-preview":"max-video-preview:-1"},"canonical":"https:\/\/www.dolomitiprealpi.it\/de\/event\/il-bramito-dei-cervi-nelle-dolomiti-bellunesi-3\/","og_locale":"de_DE","og_type":"article","og_title":"Il bramito dei cervi nelle Dolomiti Bellunesi - Dolomiti Prealpi","og_description":"Wir empfehlen, warme, bequeme, sportliche Kleidung in Schichten zu tragen. An den F\u00fc\u00dfen technische Socken aus Wolle oder dicker Baumwolle (KEINE Sneakersocken), Wanderschuhe, Trekkingstiefel oder Schuhe mit profilierter Sohle, die","og_url":"https:\/\/www.dolomitiprealpi.it\/de\/event\/il-bramito-dei-cervi-nelle-dolomiti-bellunesi-3\/","og_site_name":"Dolomiti Prealpi","article_publisher":"https:\/\/www.facebook.com\/dolomitiprealpi.it\/","article_modified_time":"2026-03-20T11:38:42+00:00","og_image":[{"width":2048,"height":1888,"url":"https:\/\/www.dolomitiprealpi.it\/wp-content\/uploads\/2022\/11\/C.-Timpone-Foto-archivio-Consorzio-turistico-Dolomiti-Prealpi-Nevegal-Belluno-Bike-18-2.jpg","type":"image\/jpeg"}],"twitter_card":"summary_large_image","twitter_misc":{"Est. reading time":"2 minutes"},"schema":{"@context":"https:\/\/schema.org","@graph":[{"@type":"WebPage","@id":"https:\/\/www.dolomitiprealpi.it\/de\/event\/il-bramito-dei-cervi-nelle-dolomiti-bellunesi-3\/","url":"https:\/\/www.dolomitiprealpi.it\/de\/event\/il-bramito-dei-cervi-nelle-dolomiti-bellunesi-3\/","name":"Il bramito dei cervi nelle Dolomiti Bellunesi - Dolomiti Prealpi","isPartOf":{"@id":"https:\/\/www.dolomitiprealpi.it\/de\/#website"},"datePublished":"2026-02-15T10:58:37+00:00","dateModified":"2026-03-20T11:38:42+00:00","breadcrumb":{"@id":"https:\/\/www.dolomitiprealpi.it\/de\/event\/il-bramito-dei-cervi-nelle-dolomiti-bellunesi-3\/#breadcrumb"},"inLanguage":"de-DE","potentialAction":[{"@type":"ReadAction","target":["https:\/\/www.dolomitiprealpi.it\/de\/event\/il-bramito-dei-cervi-nelle-dolomiti-bellunesi-3\/"]}]},{"@type":"BreadcrumbList","@id":"https:\/\/www.dolomitiprealpi.it\/de\/event\/il-bramito-dei-cervi-nelle-dolomiti-bellunesi-3\/#breadcrumb","itemListElement":[{"@type":"ListItem","position":1,"name":"Home","item":"https:\/\/www.dolomitiprealpi.it\/de\/"},{"@type":"ListItem","position":2,"name":"Veranstaltungen","item":"https:\/\/www.dolomitiprealpi.it\/de\/events\/"},{"@type":"ListItem","position":3,"name":"Il bramito dei cervi nelle Dolomiti Bellunesi"}]},{"@type":"WebSite","@id":"https:\/\/www.dolomitiprealpi.it\/de\/#website","url":"https:\/\/www.dolomitiprealpi.it\/de\/","name":"Dolomiti Prealpi","description":"","publisher":{"@id":"https:\/\/www.dolomitiprealpi.it\/de\/#organization"},"potentialAction":[{"@type":"SearchAction","target":{"@type":"EntryPoint","urlTemplate":"https:\/\/www.dolomitiprealpi.it\/de\/?s={search_term_string}"},"query-input":{"@type":"PropertyValueSpecification","valueRequired":true,"valueName":"search_term_string"}}],"inLanguage":"de-DE"},{"@type":"Organization","@id":"https:\/\/www.dolomitiprealpi.it\/de\/#organization","name":"Consorzio Dolomiti Prealpi","url":"https:\/\/www.dolomitiprealpi.it\/de\/","logo":{"@type":"ImageObject","inLanguage":"de-DE","@id":"https:\/\/www.dolomitiprealpi.it\/de\/#\/schema\/logo\/image\/","url":"https:\/\/www.dolomitiprealpi.it\/wp-content\/uploads\/2023\/03\/dolomitiprealpi-favicon.jpg","contentUrl":"https:\/\/www.dolomitiprealpi.it\/wp-content\/uploads\/2023\/03\/dolomitiprealpi-favicon.jpg","width":512,"height":512,"caption":"Consorzio Dolomiti Prealpi"},"image":{"@id":"https:\/\/www.dolomitiprealpi.it\/de\/#\/schema\/logo\/image\/"},"sameAs":["https:\/\/www.facebook.com\/dolomitiprealpi.it\/","https:\/\/www.instagram.com\/dolomitiprealpi\/"]}]}},"_links":{"self":[{"href":"https:\/\/www.dolomitiprealpi.it\/de\/wp-json\/wp\/v2\/tribe_events\/88329","targetHints":{"allow":["GET"]}}],"collection":[{"href":"https:\/\/www.dolomitiprealpi.it\/de\/wp-json\/wp\/v2\/tribe_events"}],"about":[{"href":"https:\/\/www.dolomitiprealpi.it\/de\/wp-json\/wp\/v2\/types\/tribe_events"}],"version-history":[{"count":1,"href":"https:\/\/www.dolomitiprealpi.it\/de\/wp-json\/wp\/v2\/tribe_events\/88329\/revisions"}],"predecessor-version":[{"id":89021,"href":"https:\/\/www.dolomitiprealpi.it\/de\/wp-json\/wp\/v2\/tribe_events\/88329\/revisions\/89021"}],"wp:attachment":[{"href":"https:\/\/www.dolomitiprealpi.it\/de\/wp-json\/wp\/v2\/media?parent=88329"}],"wp:term":[{"taxonomy":"post_tag","embeddable":true,"href":"https:\/\/www.dolomitiprealpi.it\/de\/wp-json\/wp\/v2\/tags?post=88329"},{"taxonomy":"tribe_events_cat","embeddable":true,"href":"https:\/\/www.dolomitiprealpi.it\/de\/wp-json\/wp\/v2\/tribe_events_cat?post=88329"}],"curies":[{"name":"wp","href":"https:\/\/api.w.org\/{rel}","templated":true}]}}

<p>Wir empfehlen, warme, bequeme, sportliche Kleidung in Schichten zu tragen. An den Füßen technische Socken aus Wolle oder dicker Baumwolle (KEINE Sneakersocken), Wanderschuhe, Trekkingstiefel oder Schuhe mit profilierter Sohle, die sich für unwegsames Gelände eignen (KEINE Turnschuhe mit glatter Sohle). Windjacke, Regenjacke oder K-Way, Fleece oder Pullover, Regenschirm, Mütze oder Bandana. Im Falle von Kindern immer einige Wechselkleider mitbringen. Für rein tierbeobachtende Ausflüge, vermeiden Sie grelle Farben und bevorzugen Sie Schwarz, Grau, Braun, Grün. </p>
<p>Zu jeder Jahreszeit weiß die Natur etwas Magisches und Aufregendes zu schenken.</p>
<p>  Der Beginn des <b>Herbstes</b> entspricht der Saison der <b>Hirschliebe</b>: Die Wälder erwachen zum Leben und das Schweigen wird durch ihr Röhren gebrochen.  Gegen Mitte des Herbstes bilden die männlichen Hirsche ein Harem aus vielen Weibchen und verteidigen dieses Harem mit allen Kräften und mit ihrer ganzen Stimme.</p>
<p>Um den anderen Männchen zu zeigen, dass dies ihr Territorium ist, geben die Hirsche ein charakteristisches Geräusch von sich, das Röhren, ein ergreifender Liebesruf, der selbst aus Kilometern Entfernung zu hören ist.  Auf Grundlage der Stimmkraft entstehen regelrechte Wettkämpfe.</p>
<p>In vielen Fällen bleibt der Vergleich auf &#8220;vocaler&#8221; Ebene, aber wenn die Kraft der Röhren der beiden Hirsche nicht ausreicht, um die Überlegenheit festzustellen, kommt es zu einem Wettkampf in Form einer Parade: Die beiden Hirsche studieren sich aus der Entfernung, führen herausfordernde Bewegungen aus, ohne sich zu berühren, und zeigen ihr(e) Können. Derjenige mit dem beeindruckenderen Körperbau und größeren Geweihen gewinnt.</p>
<p>  Ein wirklich besonderer Monat, um die <b>Valbelluna</b> und einen der schönsten Wälder Europas, den <b>Cansiglio-Wald</b>, zu erleben.</p>
<p>  Die Exkursionen finden am Nachmittag bis in den Abend statt, zwischen Licht und Dunkelheit.</p>
<p>&nbsp; Die Kosten: 25 Euro für Erwachsene &#8211; kostenlos für Minderjährige zwischen 6 und 15 Jahren</p>
<p>Der Monat der Hirschliebe beginnt, in dem die Männchen ihren Liebesgesang laut erklingen lassen.</p>

<p>Wir empfehlen, warme, bequeme, sportliche Kleidung in Schichten zu tragen. An den Füßen technische Socken aus Wolle oder dicker Baumwolle (KEINE Sneakersocken), Wanderschuhe, Trekkingstiefel oder Schuhe mit profilierter Sohle, die</p>

<!-- This site is optimized with the Yoast SEO plugin v25.7 - https://yoast.com/wordpress/plugins/seo/ -->
<title>Il bramito dei cervi nelle Dolomiti Bellunesi - Dolomiti Prealpi</title>
<meta name="robots" content="index, follow, max-snippet:-1, max-image-preview:large, max-video-preview:-1" />
<link rel="canonical" href="https://www.dolomitiprealpi.it/de/event/il-bramito-dei-cervi-nelle-dolomiti-bellunesi-3/" />
<meta property="og:locale" content="de_DE" />
<meta property="og:type" content="article" />
<meta property="og:title" content="Il bramito dei cervi nelle Dolomiti Bellunesi - Dolomiti Prealpi" />
<meta property="og:description" content="Wir empfehlen, warme, bequeme, sportliche Kleidung in Schichten zu tragen. An den Füßen technische Socken aus Wolle oder dicker Baumwolle (KEINE Sneakersocken), Wanderschuhe, Trekkingstiefel oder Schuhe mit profilierter Sohle, die" />
<meta property="og:url" content="https://www.dolomitiprealpi.it/de/event/il-bramito-dei-cervi-nelle-dolomiti-bellunesi-3/" />
<meta property="og:site_name" content="Dolomiti Prealpi" />
<meta property="article:publisher" content="https://www.facebook.com/dolomitiprealpi.it/" />
<meta property="article:modified_time" content="2026-03-20T11:38:42+00:00" />
<meta property="og:image" content="https://www.dolomitiprealpi.it/wp-content/uploads/2022/11/C.-Timpone-Foto-archivio-Consorzio-turistico-Dolomiti-Prealpi-Nevegal-Belluno-Bike-18-2.jpg" />
	<meta property="og:image:width" content="2048" />
	<meta property="og:image:height" content="1888" />
	<meta property="og:image:type" content="image/jpeg" />
<meta name="twitter:card" content="summary_large_image" />
<meta name="twitter:label1" content="Est. reading time" />
	<meta name="twitter:data1" content="2 minutes" />
<script type="application/ld+json" class="yoast-schema-graph">{"@context":"https://schema.org","@graph":[{"@type":"WebPage","@id":"https://www.dolomitiprealpi.it/de/event/il-bramito-dei-cervi-nelle-dolomiti-bellunesi-3/","url":"https://www.dolomitiprealpi.it/de/event/il-bramito-dei-cervi-nelle-dolomiti-bellunesi-3/","name":"Il bramito dei cervi nelle Dolomiti Bellunesi - Dolomiti Prealpi","isPartOf":{"@id":"https://www.dolomitiprealpi.it/de/#website"},"datePublished":"2026-02-15T10:58:37+00:00","dateModified":"2026-03-20T11:38:42+00:00","breadcrumb":{"@id":"https://www.dolomitiprealpi.it/de/event/il-bramito-dei-cervi-nelle-dolomiti-bellunesi-3/#breadcrumb"},"inLanguage":"de-DE","potentialAction":[{"@type":"ReadAction","target":["https://www.dolomitiprealpi.it/de/event/il-bramito-dei-cervi-nelle-dolomiti-bellunesi-3/"]}]},{"@type":"BreadcrumbList","@id":"https://www.dolomitiprealpi.it/de/event/il-bramito-dei-cervi-nelle-dolomiti-bellunesi-3/#breadcrumb","itemListElement":[{"@type":"ListItem","position":1,"name":"Home","item":"https://www.dolomitiprealpi.it/de/"},{"@type":"ListItem","position":2,"name":"Veranstaltungen","item":"https://www.dolomitiprealpi.it/de/events/"},{"@type":"ListItem","position":3,"name":"Il bramito dei cervi nelle Dolomiti Bellunesi"}]},{"@type":"WebSite","@id":"https://www.dolomitiprealpi.it/de/#website","url":"https://www.dolomitiprealpi.it/de/","name":"Dolomiti Prealpi","description":"","publisher":{"@id":"https://www.dolomitiprealpi.it/de/#organization"},"potentialAction":[{"@type":"SearchAction","target":{"@type":"EntryPoint","urlTemplate":"https://www.dolomitiprealpi.it/de/?s={search_term_string}"},"query-input":{"@type":"PropertyValueSpecification","valueRequired":true,"valueName":"search_term_string"}}],"inLanguage":"de-DE"},{"@type":"Organization","@id":"https://www.dolomitiprealpi.it/de/#organization","name":"Consorzio Dolomiti Prealpi","url":"https://www.dolomitiprealpi.it/de/","logo":{"@type":"ImageObject","inLanguage":"de-DE","@id":"https://www.dolomitiprealpi.it/de/#/schema/logo/image/","url":"https://www.dolomitiprealpi.it/wp-content/uploads/2023/03/dolomitiprealpi-favicon.jpg","contentUrl":"https://www.dolomitiprealpi.it/wp-content/uploads/2023/03/dolomitiprealpi-favicon.jpg","width":512,"height":512,"caption":"Consorzio Dolomiti Prealpi"},"image":{"@id":"https://www.dolomitiprealpi.it/de/#/schema/logo/image/"},"sameAs":["https://www.facebook.com/dolomitiprealpi.it/","https://www.instagram.com/dolomitiprealpi/"]}]}</script>
<!-- / Yoast SEO plugin. -->

Wir empfehlen, warme, bequeme, sportliche Kleidung in Schichten zu tragen. An den Füßen technische Socken aus Wolle oder dicker Baumwolle (KEINE Sneakersocken), Wanderschuhe, Trekkingstiefel oder Schuhe mit profilierter Sohle, die
