{"id":88272,"date":"2026-02-15T11:53:05","date_gmt":"2026-02-15T10:53:05","guid":{"rendered":"https:\/\/www.dolomitiprealpi.it\/event\/barch-art-festival-incontro\/"},"modified":"2026-03-20T12:31:49","modified_gmt":"2026-03-20T11:31:49","slug":"barch-art-festival-incontro-2","status":"publish","type":"tribe_events","link":"https:\/\/www.dolomitiprealpi.it\/de\/event\/barch-art-festival-incontro-2\/","title":{"rendered":"Barch Art Festival-   incontro"},"content":{"rendered":"<p>Ein Treffen mit dem wichtigsten italienischen Landschaftsforscher \u00fcber die Kunst des Begegnen, Erz\u00e4hlens und Beobachtens von D\u00f6rfern und Orten.<\/p>\n<p>Eine poetische und au\u00dferhalb traditioneller Dynamiken stattfindende Untersuchung auf der Suche nach den Formen der Sch\u00f6nheit des Territoriums.<\/p>\n<p>Durch intense Worte f\u00fchrt uns Franco Arminio auf eine emotionale Reise zwischen den D\u00f6rfern, den H\u00e4usern, den Landschaften und den Stille der inneren Italien \u2013 das, was dem Bev\u00f6lkerungsr\u00fcckgang widersteht, das Ged\u00e4chtnis und den Sinn von Gemeinschaft bewahrt.<\/p>\n<p>Treffen mit<i>&nbsp;Franco Arminio<\/i><i>, Landschaftsforscher<\/i><\/p>\n<p><b>pae.saggio &#8211; <\/b>Italien, das bleibt.<\/p>\n","protected":false},"excerpt":{"rendered":"<p>Ein Treffen mit dem wichtigsten italienischen Landschaftsforscher \u00fcber die Kunst des Begegnen, Erz\u00e4hlens und Beobachtens von D\u00f6rfern und Orten. Eine poetische und au\u00dferhalb traditioneller Dynamiken stattfindende Untersuchung auf der Suche<\/p>\n","protected":false},"author":0,"featured_media":0,"template":"","meta":{"_acf_changed":false,"inline_featured_image":false,"_tribe_events_status":"","_tribe_events_status_reason":"","footnotes":""},"tags":[259],"tribe_events_cat":[],"class_list":["post-88272","tribe_events","type-tribe_events","status-publish","hentry","tag-eventi-feratel"],"acf":[],"yoast_head":"<!-- This site is optimized with the Yoast SEO plugin v25.7 - https:\/\/yoast.com\/wordpress\/plugins\/seo\/ -->\n<title>Barch Art Festival-  incontro - Dolomiti Prealpi<\/title>\n<meta name=\"robots\" content=\"index, follow, max-snippet:-1, max-image-preview:large, max-video-preview:-1\" \/>\n<link rel=\"canonical\" href=\"https:\/\/www.dolomitiprealpi.it\/de\/event\/barch-art-festival-incontro-2\/\" \/>\n<meta property=\"og:locale\" content=\"de_DE\" \/>\n<meta property=\"og:type\" content=\"article\" \/>\n<meta property=\"og:title\" content=\"Barch Art Festival-  incontro - Dolomiti Prealpi\" \/>\n<meta property=\"og:description\" content=\"Ein Treffen mit dem wichtigsten italienischen Landschaftsforscher \u00fcber die Kunst des Begegnen, Erz\u00e4hlens und Beobachtens von D\u00f6rfern und Orten. Eine poetische und au\u00dferhalb traditioneller Dynamiken stattfindende Untersuchung auf der Suche\" \/>\n<meta property=\"og:url\" content=\"https:\/\/www.dolomitiprealpi.it\/de\/event\/barch-art-festival-incontro-2\/\" \/>\n<meta property=\"og:site_name\" content=\"Dolomiti Prealpi\" \/>\n<meta property=\"article:publisher\" content=\"https:\/\/www.facebook.com\/dolomitiprealpi.it\/\" \/>\n<meta property=\"article:modified_time\" content=\"2026-03-20T11:31:49+00:00\" \/>\n<meta property=\"og:image\" content=\"https:\/\/www.dolomitiprealpi.it\/wp-content\/uploads\/2022\/11\/C.-Timpone-Foto-archivio-Consorzio-turistico-Dolomiti-Prealpi-Nevegal-Belluno-Bike-18-2.jpg\" \/>\n\t<meta property=\"og:image:width\" content=\"2048\" \/>\n\t<meta property=\"og:image:height\" content=\"1888\" \/>\n\t<meta property=\"og:image:type\" content=\"image\/jpeg\" \/>\n<meta name=\"twitter:card\" content=\"summary_large_image\" \/>\n<script type=\"application\/ld+json\" class=\"yoast-schema-graph\">{\"@context\":\"https:\/\/schema.org\",\"@graph\":[{\"@type\":\"WebPage\",\"@id\":\"https:\/\/www.dolomitiprealpi.it\/de\/event\/barch-art-festival-incontro-2\/\",\"url\":\"https:\/\/www.dolomitiprealpi.it\/de\/event\/barch-art-festival-incontro-2\/\",\"name\":\"Barch Art Festival- incontro - Dolomiti Prealpi\",\"isPartOf\":{\"@id\":\"https:\/\/www.dolomitiprealpi.it\/de\/#website\"},\"datePublished\":\"2026-02-15T10:53:05+00:00\",\"dateModified\":\"2026-03-20T11:31:49+00:00\",\"breadcrumb\":{\"@id\":\"https:\/\/www.dolomitiprealpi.it\/de\/event\/barch-art-festival-incontro-2\/#breadcrumb\"},\"inLanguage\":\"de-DE\",\"potentialAction\":[{\"@type\":\"ReadAction\",\"target\":[\"https:\/\/www.dolomitiprealpi.it\/de\/event\/barch-art-festival-incontro-2\/\"]}]},{\"@type\":\"BreadcrumbList\",\"@id\":\"https:\/\/www.dolomitiprealpi.it\/de\/event\/barch-art-festival-incontro-2\/#breadcrumb\",\"itemListElement\":[{\"@type\":\"ListItem\",\"position\":1,\"name\":\"Home\",\"item\":\"https:\/\/www.dolomitiprealpi.it\/de\/\"},{\"@type\":\"ListItem\",\"position\":2,\"name\":\"Veranstaltungen\",\"item\":\"https:\/\/www.dolomitiprealpi.it\/de\/events\/\"},{\"@type\":\"ListItem\",\"position\":3,\"name\":\"Barch Art Festival- incontro\"}]},{\"@type\":\"WebSite\",\"@id\":\"https:\/\/www.dolomitiprealpi.it\/de\/#website\",\"url\":\"https:\/\/www.dolomitiprealpi.it\/de\/\",\"name\":\"Dolomiti Prealpi\",\"description\":\"\",\"publisher\":{\"@id\":\"https:\/\/www.dolomitiprealpi.it\/de\/#organization\"},\"potentialAction\":[{\"@type\":\"SearchAction\",\"target\":{\"@type\":\"EntryPoint\",\"urlTemplate\":\"https:\/\/www.dolomitiprealpi.it\/de\/?s={search_term_string}\"},\"query-input\":{\"@type\":\"PropertyValueSpecification\",\"valueRequired\":true,\"valueName\":\"search_term_string\"}}],\"inLanguage\":\"de-DE\"},{\"@type\":\"Organization\",\"@id\":\"https:\/\/www.dolomitiprealpi.it\/de\/#organization\",\"name\":\"Consorzio Dolomiti Prealpi\",\"url\":\"https:\/\/www.dolomitiprealpi.it\/de\/\",\"logo\":{\"@type\":\"ImageObject\",\"inLanguage\":\"de-DE\",\"@id\":\"https:\/\/www.dolomitiprealpi.it\/de\/#\/schema\/logo\/image\/\",\"url\":\"https:\/\/www.dolomitiprealpi.it\/wp-content\/uploads\/2023\/03\/dolomitiprealpi-favicon.jpg\",\"contentUrl\":\"https:\/\/www.dolomitiprealpi.it\/wp-content\/uploads\/2023\/03\/dolomitiprealpi-favicon.jpg\",\"width\":512,\"height\":512,\"caption\":\"Consorzio Dolomiti Prealpi\"},\"image\":{\"@id\":\"https:\/\/www.dolomitiprealpi.it\/de\/#\/schema\/logo\/image\/\"},\"sameAs\":[\"https:\/\/www.facebook.com\/dolomitiprealpi.it\/\",\"https:\/\/www.instagram.com\/dolomitiprealpi\/\"]}]}<\/script>\n<!-- \/ Yoast SEO plugin. -->","yoast_head_json":{"title":"Barch Art Festival-  incontro - Dolomiti Prealpi","robots":{"index":"index","follow":"follow","max-snippet":"max-snippet:-1","max-image-preview":"max-image-preview:large","max-video-preview":"max-video-preview:-1"},"canonical":"https:\/\/www.dolomitiprealpi.it\/de\/event\/barch-art-festival-incontro-2\/","og_locale":"de_DE","og_type":"article","og_title":"Barch Art Festival-  incontro - Dolomiti Prealpi","og_description":"Ein Treffen mit dem wichtigsten italienischen Landschaftsforscher \u00fcber die Kunst des Begegnen, Erz\u00e4hlens und Beobachtens von D\u00f6rfern und Orten. Eine poetische und au\u00dferhalb traditioneller Dynamiken stattfindende Untersuchung auf der Suche","og_url":"https:\/\/www.dolomitiprealpi.it\/de\/event\/barch-art-festival-incontro-2\/","og_site_name":"Dolomiti Prealpi","article_publisher":"https:\/\/www.facebook.com\/dolomitiprealpi.it\/","article_modified_time":"2026-03-20T11:31:49+00:00","og_image":[{"width":2048,"height":1888,"url":"https:\/\/www.dolomitiprealpi.it\/wp-content\/uploads\/2022\/11\/C.-Timpone-Foto-archivio-Consorzio-turistico-Dolomiti-Prealpi-Nevegal-Belluno-Bike-18-2.jpg","type":"image\/jpeg"}],"twitter_card":"summary_large_image","schema":{"@context":"https:\/\/schema.org","@graph":[{"@type":"WebPage","@id":"https:\/\/www.dolomitiprealpi.it\/de\/event\/barch-art-festival-incontro-2\/","url":"https:\/\/www.dolomitiprealpi.it\/de\/event\/barch-art-festival-incontro-2\/","name":"Barch Art Festival- incontro - Dolomiti Prealpi","isPartOf":{"@id":"https:\/\/www.dolomitiprealpi.it\/de\/#website"},"datePublished":"2026-02-15T10:53:05+00:00","dateModified":"2026-03-20T11:31:49+00:00","breadcrumb":{"@id":"https:\/\/www.dolomitiprealpi.it\/de\/event\/barch-art-festival-incontro-2\/#breadcrumb"},"inLanguage":"de-DE","potentialAction":[{"@type":"ReadAction","target":["https:\/\/www.dolomitiprealpi.it\/de\/event\/barch-art-festival-incontro-2\/"]}]},{"@type":"BreadcrumbList","@id":"https:\/\/www.dolomitiprealpi.it\/de\/event\/barch-art-festival-incontro-2\/#breadcrumb","itemListElement":[{"@type":"ListItem","position":1,"name":"Home","item":"https:\/\/www.dolomitiprealpi.it\/de\/"},{"@type":"ListItem","position":2,"name":"Veranstaltungen","item":"https:\/\/www.dolomitiprealpi.it\/de\/events\/"},{"@type":"ListItem","position":3,"name":"Barch Art Festival- incontro"}]},{"@type":"WebSite","@id":"https:\/\/www.dolomitiprealpi.it\/de\/#website","url":"https:\/\/www.dolomitiprealpi.it\/de\/","name":"Dolomiti Prealpi","description":"","publisher":{"@id":"https:\/\/www.dolomitiprealpi.it\/de\/#organization"},"potentialAction":[{"@type":"SearchAction","target":{"@type":"EntryPoint","urlTemplate":"https:\/\/www.dolomitiprealpi.it\/de\/?s={search_term_string}"},"query-input":{"@type":"PropertyValueSpecification","valueRequired":true,"valueName":"search_term_string"}}],"inLanguage":"de-DE"},{"@type":"Organization","@id":"https:\/\/www.dolomitiprealpi.it\/de\/#organization","name":"Consorzio Dolomiti Prealpi","url":"https:\/\/www.dolomitiprealpi.it\/de\/","logo":{"@type":"ImageObject","inLanguage":"de-DE","@id":"https:\/\/www.dolomitiprealpi.it\/de\/#\/schema\/logo\/image\/","url":"https:\/\/www.dolomitiprealpi.it\/wp-content\/uploads\/2023\/03\/dolomitiprealpi-favicon.jpg","contentUrl":"https:\/\/www.dolomitiprealpi.it\/wp-content\/uploads\/2023\/03\/dolomitiprealpi-favicon.jpg","width":512,"height":512,"caption":"Consorzio Dolomiti Prealpi"},"image":{"@id":"https:\/\/www.dolomitiprealpi.it\/de\/#\/schema\/logo\/image\/"},"sameAs":["https:\/\/www.facebook.com\/dolomitiprealpi.it\/","https:\/\/www.instagram.com\/dolomitiprealpi\/"]}]}},"_links":{"self":[{"href":"https:\/\/www.dolomitiprealpi.it\/de\/wp-json\/wp\/v2\/tribe_events\/88272","targetHints":{"allow":["GET"]}}],"collection":[{"href":"https:\/\/www.dolomitiprealpi.it\/de\/wp-json\/wp\/v2\/tribe_events"}],"about":[{"href":"https:\/\/www.dolomitiprealpi.it\/de\/wp-json\/wp\/v2\/types\/tribe_events"}],"version-history":[{"count":1,"href":"https:\/\/www.dolomitiprealpi.it\/de\/wp-json\/wp\/v2\/tribe_events\/88272\/revisions"}],"predecessor-version":[{"id":88988,"href":"https:\/\/www.dolomitiprealpi.it\/de\/wp-json\/wp\/v2\/tribe_events\/88272\/revisions\/88988"}],"wp:attachment":[{"href":"https:\/\/www.dolomitiprealpi.it\/de\/wp-json\/wp\/v2\/media?parent=88272"}],"wp:term":[{"taxonomy":"post_tag","embeddable":true,"href":"https:\/\/www.dolomitiprealpi.it\/de\/wp-json\/wp\/v2\/tags?post=88272"},{"taxonomy":"tribe_events_cat","embeddable":true,"href":"https:\/\/www.dolomitiprealpi.it\/de\/wp-json\/wp\/v2\/tribe_events_cat?post=88272"}],"curies":[{"name":"wp","href":"https:\/\/api.w.org\/{rel}","templated":true}]}}

<p>Ein Treffen mit dem wichtigsten italienischen Landschaftsforscher über die Kunst des Begegnen, Erzählens und Beobachtens von Dörfern und Orten.</p>
<p>Eine poetische und außerhalb traditioneller Dynamiken stattfindende Untersuchung auf der Suche nach den Formen der Schönheit des Territoriums.</p>
<p>Durch intense Worte führt uns Franco Arminio auf eine emotionale Reise zwischen den Dörfern, den Häusern, den Landschaften und den Stille der inneren Italien – das, was dem Bevölkerungsrückgang widersteht, das Gedächtnis und den Sinn von Gemeinschaft bewahrt.</p>
<p>Treffen mit<i>&nbsp;Franco Arminio</i><i>, Landschaftsforscher</i></p>
<p><b>pae.saggio &#8211; </b>Italien, das bleibt.</p>

<p>Ein Treffen mit dem wichtigsten italienischen Landschaftsforscher über die Kunst des Begegnen, Erzählens und Beobachtens von Dörfern und Orten. Eine poetische und außerhalb traditioneller Dynamiken stattfindende Untersuchung auf der Suche</p>

<!-- This site is optimized with the Yoast SEO plugin v25.7 - https://yoast.com/wordpress/plugins/seo/ -->
<title>Barch Art Festival-  incontro - Dolomiti Prealpi</title>
<meta name="robots" content="index, follow, max-snippet:-1, max-image-preview:large, max-video-preview:-1" />
<link rel="canonical" href="https://www.dolomitiprealpi.it/de/event/barch-art-festival-incontro-2/" />
<meta property="og:locale" content="de_DE" />
<meta property="og:type" content="article" />
<meta property="og:title" content="Barch Art Festival-  incontro - Dolomiti Prealpi" />
<meta property="og:description" content="Ein Treffen mit dem wichtigsten italienischen Landschaftsforscher über die Kunst des Begegnen, Erzählens und Beobachtens von Dörfern und Orten. Eine poetische und außerhalb traditioneller Dynamiken stattfindende Untersuchung auf der Suche" />
<meta property="og:url" content="https://www.dolomitiprealpi.it/de/event/barch-art-festival-incontro-2/" />
<meta property="og:site_name" content="Dolomiti Prealpi" />
<meta property="article:publisher" content="https://www.facebook.com/dolomitiprealpi.it/" />
<meta property="article:modified_time" content="2026-03-20T11:31:49+00:00" />
<meta property="og:image" content="https://www.dolomitiprealpi.it/wp-content/uploads/2022/11/C.-Timpone-Foto-archivio-Consorzio-turistico-Dolomiti-Prealpi-Nevegal-Belluno-Bike-18-2.jpg" />
	<meta property="og:image:width" content="2048" />
	<meta property="og:image:height" content="1888" />
	<meta property="og:image:type" content="image/jpeg" />
<meta name="twitter:card" content="summary_large_image" />
<script type="application/ld+json" class="yoast-schema-graph">{"@context":"https://schema.org","@graph":[{"@type":"WebPage","@id":"https://www.dolomitiprealpi.it/de/event/barch-art-festival-incontro-2/","url":"https://www.dolomitiprealpi.it/de/event/barch-art-festival-incontro-2/","name":"Barch Art Festival- incontro - Dolomiti Prealpi","isPartOf":{"@id":"https://www.dolomitiprealpi.it/de/#website"},"datePublished":"2026-02-15T10:53:05+00:00","dateModified":"2026-03-20T11:31:49+00:00","breadcrumb":{"@id":"https://www.dolomitiprealpi.it/de/event/barch-art-festival-incontro-2/#breadcrumb"},"inLanguage":"de-DE","potentialAction":[{"@type":"ReadAction","target":["https://www.dolomitiprealpi.it/de/event/barch-art-festival-incontro-2/"]}]},{"@type":"BreadcrumbList","@id":"https://www.dolomitiprealpi.it/de/event/barch-art-festival-incontro-2/#breadcrumb","itemListElement":[{"@type":"ListItem","position":1,"name":"Home","item":"https://www.dolomitiprealpi.it/de/"},{"@type":"ListItem","position":2,"name":"Veranstaltungen","item":"https://www.dolomitiprealpi.it/de/events/"},{"@type":"ListItem","position":3,"name":"Barch Art Festival- incontro"}]},{"@type":"WebSite","@id":"https://www.dolomitiprealpi.it/de/#website","url":"https://www.dolomitiprealpi.it/de/","name":"Dolomiti Prealpi","description":"","publisher":{"@id":"https://www.dolomitiprealpi.it/de/#organization"},"potentialAction":[{"@type":"SearchAction","target":{"@type":"EntryPoint","urlTemplate":"https://www.dolomitiprealpi.it/de/?s={search_term_string}"},"query-input":{"@type":"PropertyValueSpecification","valueRequired":true,"valueName":"search_term_string"}}],"inLanguage":"de-DE"},{"@type":"Organization","@id":"https://www.dolomitiprealpi.it/de/#organization","name":"Consorzio Dolomiti Prealpi","url":"https://www.dolomitiprealpi.it/de/","logo":{"@type":"ImageObject","inLanguage":"de-DE","@id":"https://www.dolomitiprealpi.it/de/#/schema/logo/image/","url":"https://www.dolomitiprealpi.it/wp-content/uploads/2023/03/dolomitiprealpi-favicon.jpg","contentUrl":"https://www.dolomitiprealpi.it/wp-content/uploads/2023/03/dolomitiprealpi-favicon.jpg","width":512,"height":512,"caption":"Consorzio Dolomiti Prealpi"},"image":{"@id":"https://www.dolomitiprealpi.it/de/#/schema/logo/image/"},"sameAs":["https://www.facebook.com/dolomitiprealpi.it/","https://www.instagram.com/dolomitiprealpi/"]}]}</script>
<!-- / Yoast SEO plugin. -->

Ein Treffen mit dem wichtigsten italienischen Landschaftsforscher über die Kunst des Begegnen, Erzählens und Beobachtens von Dörfern und Orten. Eine poetische und außerhalb traditioneller Dynamiken stattfindende Untersuchung auf der Suche
