{"id":88253,"date":"2026-02-15T11:50:58","date_gmt":"2026-02-15T10:50:58","guid":{"rendered":"https:\/\/www.dolomitiprealpi.it\/event\/belluno-1925\/"},"modified":"2026-03-20T12:28:52","modified_gmt":"2026-03-20T11:28:52","slug":"belluno-1925-2","status":"publish","type":"tribe_events","link":"https:\/\/www.dolomitiprealpi.it\/de\/event\/belluno-1925-2\/","title":{"rendered":"Belluno 1925"},"content":{"rendered":"<p>Im Rahmen der Veranstaltung &#8220;<b>Sonntag des Papiers<\/b>&#8220;, die jedes Jahr von der  Generaldirektion Archive des Ministeriums f\u00fcr Kultur angeboten wird, \u00f6ffnet das Staatsarchiv von Belluno seine T\u00fcren mit der Veranstaltung &#8220;<b>Belluno 1925 &#8211; Die Stadt und das Gebiet vor einem Jahrhundert in Archivdokumenten<\/b>&#8220;.<\/p>\n<p>Die Ausstellung hat das Ziel, das Bild der Stadt und des Gebiets vor einem  Jahrhundert darzustellen, in allen Aspekten, die durch die Dokumente belegt sind, die im Staatsarchiv  und im Stadtarchiv von Belluno aufbewahrt werden: die Politik, die Wirtschaft, das Soziale, mit  besonderem Augenmerk auf die Ver\u00e4nderungen, die das Stadtgef\u00fcge  in den Jahren 1924-1926 betrafen. <\/p>\n<p>Es wird m\u00f6glich sein, das architektonische Ensemble von S.Maria dei Battuti (Kirche, Kapitelsaal und Garten), Sitz  des Staatsarchivs, zu besuchen. Die Besichtigungen finden von 09:00 bis 13:00 Uhr statt, f\u00fcr  Gruppen von maximal 25 Personen pro Stunde. <\/p>\n<p><u>Kostenlose Veranstaltung, Reservierung erforderlich<\/u>.  F\u00fcr Informationen und Reservierungen: 0437 940061 \u2013 as-bl@cultura.gov.it<\/p>\n<p>&nbsp;<\/p>\n<p>Dokumentationsausstellung mit gef\u00fchrten Besichtigungen<\/p>\n<p>Anl\u00e4sslich der <b>\u201eNacht der Archive\u201c<\/b> bietet das Staatsarchiv Belluno eine Sonder\u00f6ffnung mit dem Titel <b>\u201eZwischen Dokumenten und Noten\u201c<\/b> an. Die Veranstaltung umfasst gef\u00fchrte Besichtigungen des architektonischen Komplexes Santa Maria dei Battuti (Kirche, Kapitelssaal und Garten) sowie die M\u00f6glichkeit, auch die Dokumentenausstellung <b>\u201e30 Jahre Ausstellungen im Staatsarchiv Belluno\u201c<\/b> zu erkunden.<\/p>\n<p><b>Besuchszeiten:<br \/><\/b><br \/>09:00 Uhr \u2013 max. 25 Personen<br \/>10:00 Uhr \u2013 max. 25 Personen<br \/>11:00 Uhr \u2013 max. 50 Personen (mit musikalischer Begleitung der st\u00e4dtischen Musikschule \u201eA. Miari\u201c) <br \/>12:00 Uhr \u2013 max. 25 Personen<\/p>\n<p>Eine einmalige Gelegenheit, das historische und dokumentarische Erbe der Stadt zu entdecken, bereichert durch faszinierende Live-Musikauff\u00fchrungen.<\/p>\n","protected":false},"excerpt":{"rendered":"<p>Im Rahmen der Veranstaltung &#8220;Sonntag des Papiers&#8220;, die jedes Jahr von der Generaldirektion Archive des Ministeriums f\u00fcr Kultur angeboten wird, \u00f6ffnet das Staatsarchiv von Belluno seine T\u00fcren mit der Veranstaltung<\/p>\n","protected":false},"author":0,"featured_media":0,"template":"","meta":{"_acf_changed":false,"inline_featured_image":false,"_tribe_events_status":"","_tribe_events_status_reason":"","footnotes":""},"tags":[259],"tribe_events_cat":[],"class_list":["post-88253","tribe_events","type-tribe_events","status-publish","hentry","tag-eventi-feratel"],"acf":[],"yoast_head":"<!-- This site is optimized with the Yoast SEO plugin v25.7 - https:\/\/yoast.com\/wordpress\/plugins\/seo\/ -->\n<title>Belluno 1925 - Dolomiti Prealpi<\/title>\n<meta name=\"robots\" content=\"index, follow, max-snippet:-1, max-image-preview:large, max-video-preview:-1\" \/>\n<link rel=\"canonical\" href=\"https:\/\/www.dolomitiprealpi.it\/de\/event\/belluno-1925-2\/\" \/>\n<meta property=\"og:locale\" content=\"de_DE\" \/>\n<meta property=\"og:type\" content=\"article\" \/>\n<meta property=\"og:title\" content=\"Belluno 1925 - Dolomiti Prealpi\" \/>\n<meta property=\"og:description\" content=\"Im Rahmen der Veranstaltung &#8220;Sonntag des Papiers&#8220;, die jedes Jahr von der Generaldirektion Archive des Ministeriums f\u00fcr Kultur angeboten wird, \u00f6ffnet das Staatsarchiv von Belluno seine T\u00fcren mit der Veranstaltung\" \/>\n<meta property=\"og:url\" content=\"https:\/\/www.dolomitiprealpi.it\/de\/event\/belluno-1925-2\/\" \/>\n<meta property=\"og:site_name\" content=\"Dolomiti Prealpi\" \/>\n<meta property=\"article:publisher\" content=\"https:\/\/www.facebook.com\/dolomitiprealpi.it\/\" \/>\n<meta property=\"article:modified_time\" content=\"2026-03-20T11:28:52+00:00\" \/>\n<meta property=\"og:image\" content=\"https:\/\/www.dolomitiprealpi.it\/wp-content\/uploads\/2022\/11\/C.-Timpone-Foto-archivio-Consorzio-turistico-Dolomiti-Prealpi-Nevegal-Belluno-Bike-18-2.jpg\" \/>\n\t<meta property=\"og:image:width\" content=\"2048\" \/>\n\t<meta property=\"og:image:height\" content=\"1888\" \/>\n\t<meta property=\"og:image:type\" content=\"image\/jpeg\" \/>\n<meta name=\"twitter:card\" content=\"summary_large_image\" \/>\n<meta name=\"twitter:label1\" content=\"Est. reading time\" \/>\n\t<meta name=\"twitter:data1\" content=\"1 minute\" \/>\n<script type=\"application\/ld+json\" class=\"yoast-schema-graph\">{\"@context\":\"https:\/\/schema.org\",\"@graph\":[{\"@type\":\"WebPage\",\"@id\":\"https:\/\/www.dolomitiprealpi.it\/de\/event\/belluno-1925-2\/\",\"url\":\"https:\/\/www.dolomitiprealpi.it\/de\/event\/belluno-1925-2\/\",\"name\":\"Belluno 1925 - Dolomiti Prealpi\",\"isPartOf\":{\"@id\":\"https:\/\/www.dolomitiprealpi.it\/de\/#website\"},\"datePublished\":\"2026-02-15T10:50:58+00:00\",\"dateModified\":\"2026-03-20T11:28:52+00:00\",\"breadcrumb\":{\"@id\":\"https:\/\/www.dolomitiprealpi.it\/de\/event\/belluno-1925-2\/#breadcrumb\"},\"inLanguage\":\"de-DE\",\"potentialAction\":[{\"@type\":\"ReadAction\",\"target\":[\"https:\/\/www.dolomitiprealpi.it\/de\/event\/belluno-1925-2\/\"]}]},{\"@type\":\"BreadcrumbList\",\"@id\":\"https:\/\/www.dolomitiprealpi.it\/de\/event\/belluno-1925-2\/#breadcrumb\",\"itemListElement\":[{\"@type\":\"ListItem\",\"position\":1,\"name\":\"Home\",\"item\":\"https:\/\/www.dolomitiprealpi.it\/de\/\"},{\"@type\":\"ListItem\",\"position\":2,\"name\":\"Veranstaltungen\",\"item\":\"https:\/\/www.dolomitiprealpi.it\/de\/events\/\"},{\"@type\":\"ListItem\",\"position\":3,\"name\":\"Belluno 1925\"}]},{\"@type\":\"WebSite\",\"@id\":\"https:\/\/www.dolomitiprealpi.it\/de\/#website\",\"url\":\"https:\/\/www.dolomitiprealpi.it\/de\/\",\"name\":\"Dolomiti Prealpi\",\"description\":\"\",\"publisher\":{\"@id\":\"https:\/\/www.dolomitiprealpi.it\/de\/#organization\"},\"potentialAction\":[{\"@type\":\"SearchAction\",\"target\":{\"@type\":\"EntryPoint\",\"urlTemplate\":\"https:\/\/www.dolomitiprealpi.it\/de\/?s={search_term_string}\"},\"query-input\":{\"@type\":\"PropertyValueSpecification\",\"valueRequired\":true,\"valueName\":\"search_term_string\"}}],\"inLanguage\":\"de-DE\"},{\"@type\":\"Organization\",\"@id\":\"https:\/\/www.dolomitiprealpi.it\/de\/#organization\",\"name\":\"Consorzio Dolomiti Prealpi\",\"url\":\"https:\/\/www.dolomitiprealpi.it\/de\/\",\"logo\":{\"@type\":\"ImageObject\",\"inLanguage\":\"de-DE\",\"@id\":\"https:\/\/www.dolomitiprealpi.it\/de\/#\/schema\/logo\/image\/\",\"url\":\"https:\/\/www.dolomitiprealpi.it\/wp-content\/uploads\/2023\/03\/dolomitiprealpi-favicon.jpg\",\"contentUrl\":\"https:\/\/www.dolomitiprealpi.it\/wp-content\/uploads\/2023\/03\/dolomitiprealpi-favicon.jpg\",\"width\":512,\"height\":512,\"caption\":\"Consorzio Dolomiti Prealpi\"},\"image\":{\"@id\":\"https:\/\/www.dolomitiprealpi.it\/de\/#\/schema\/logo\/image\/\"},\"sameAs\":[\"https:\/\/www.facebook.com\/dolomitiprealpi.it\/\",\"https:\/\/www.instagram.com\/dolomitiprealpi\/\"]}]}<\/script>\n<!-- \/ Yoast SEO plugin. -->","yoast_head_json":{"title":"Belluno 1925 - Dolomiti Prealpi","robots":{"index":"index","follow":"follow","max-snippet":"max-snippet:-1","max-image-preview":"max-image-preview:large","max-video-preview":"max-video-preview:-1"},"canonical":"https:\/\/www.dolomitiprealpi.it\/de\/event\/belluno-1925-2\/","og_locale":"de_DE","og_type":"article","og_title":"Belluno 1925 - Dolomiti Prealpi","og_description":"Im Rahmen der Veranstaltung &#8220;Sonntag des Papiers&#8220;, die jedes Jahr von der Generaldirektion Archive des Ministeriums f\u00fcr Kultur angeboten wird, \u00f6ffnet das Staatsarchiv von Belluno seine T\u00fcren mit der Veranstaltung","og_url":"https:\/\/www.dolomitiprealpi.it\/de\/event\/belluno-1925-2\/","og_site_name":"Dolomiti Prealpi","article_publisher":"https:\/\/www.facebook.com\/dolomitiprealpi.it\/","article_modified_time":"2026-03-20T11:28:52+00:00","og_image":[{"width":2048,"height":1888,"url":"https:\/\/www.dolomitiprealpi.it\/wp-content\/uploads\/2022\/11\/C.-Timpone-Foto-archivio-Consorzio-turistico-Dolomiti-Prealpi-Nevegal-Belluno-Bike-18-2.jpg","type":"image\/jpeg"}],"twitter_card":"summary_large_image","twitter_misc":{"Est. reading time":"1 minute"},"schema":{"@context":"https:\/\/schema.org","@graph":[{"@type":"WebPage","@id":"https:\/\/www.dolomitiprealpi.it\/de\/event\/belluno-1925-2\/","url":"https:\/\/www.dolomitiprealpi.it\/de\/event\/belluno-1925-2\/","name":"Belluno 1925 - Dolomiti Prealpi","isPartOf":{"@id":"https:\/\/www.dolomitiprealpi.it\/de\/#website"},"datePublished":"2026-02-15T10:50:58+00:00","dateModified":"2026-03-20T11:28:52+00:00","breadcrumb":{"@id":"https:\/\/www.dolomitiprealpi.it\/de\/event\/belluno-1925-2\/#breadcrumb"},"inLanguage":"de-DE","potentialAction":[{"@type":"ReadAction","target":["https:\/\/www.dolomitiprealpi.it\/de\/event\/belluno-1925-2\/"]}]},{"@type":"BreadcrumbList","@id":"https:\/\/www.dolomitiprealpi.it\/de\/event\/belluno-1925-2\/#breadcrumb","itemListElement":[{"@type":"ListItem","position":1,"name":"Home","item":"https:\/\/www.dolomitiprealpi.it\/de\/"},{"@type":"ListItem","position":2,"name":"Veranstaltungen","item":"https:\/\/www.dolomitiprealpi.it\/de\/events\/"},{"@type":"ListItem","position":3,"name":"Belluno 1925"}]},{"@type":"WebSite","@id":"https:\/\/www.dolomitiprealpi.it\/de\/#website","url":"https:\/\/www.dolomitiprealpi.it\/de\/","name":"Dolomiti Prealpi","description":"","publisher":{"@id":"https:\/\/www.dolomitiprealpi.it\/de\/#organization"},"potentialAction":[{"@type":"SearchAction","target":{"@type":"EntryPoint","urlTemplate":"https:\/\/www.dolomitiprealpi.it\/de\/?s={search_term_string}"},"query-input":{"@type":"PropertyValueSpecification","valueRequired":true,"valueName":"search_term_string"}}],"inLanguage":"de-DE"},{"@type":"Organization","@id":"https:\/\/www.dolomitiprealpi.it\/de\/#organization","name":"Consorzio Dolomiti Prealpi","url":"https:\/\/www.dolomitiprealpi.it\/de\/","logo":{"@type":"ImageObject","inLanguage":"de-DE","@id":"https:\/\/www.dolomitiprealpi.it\/de\/#\/schema\/logo\/image\/","url":"https:\/\/www.dolomitiprealpi.it\/wp-content\/uploads\/2023\/03\/dolomitiprealpi-favicon.jpg","contentUrl":"https:\/\/www.dolomitiprealpi.it\/wp-content\/uploads\/2023\/03\/dolomitiprealpi-favicon.jpg","width":512,"height":512,"caption":"Consorzio Dolomiti Prealpi"},"image":{"@id":"https:\/\/www.dolomitiprealpi.it\/de\/#\/schema\/logo\/image\/"},"sameAs":["https:\/\/www.facebook.com\/dolomitiprealpi.it\/","https:\/\/www.instagram.com\/dolomitiprealpi\/"]}]}},"_links":{"self":[{"href":"https:\/\/www.dolomitiprealpi.it\/de\/wp-json\/wp\/v2\/tribe_events\/88253","targetHints":{"allow":["GET"]}}],"collection":[{"href":"https:\/\/www.dolomitiprealpi.it\/de\/wp-json\/wp\/v2\/tribe_events"}],"about":[{"href":"https:\/\/www.dolomitiprealpi.it\/de\/wp-json\/wp\/v2\/types\/tribe_events"}],"version-history":[{"count":1,"href":"https:\/\/www.dolomitiprealpi.it\/de\/wp-json\/wp\/v2\/tribe_events\/88253\/revisions"}],"predecessor-version":[{"id":88972,"href":"https:\/\/www.dolomitiprealpi.it\/de\/wp-json\/wp\/v2\/tribe_events\/88253\/revisions\/88972"}],"wp:attachment":[{"href":"https:\/\/www.dolomitiprealpi.it\/de\/wp-json\/wp\/v2\/media?parent=88253"}],"wp:term":[{"taxonomy":"post_tag","embeddable":true,"href":"https:\/\/www.dolomitiprealpi.it\/de\/wp-json\/wp\/v2\/tags?post=88253"},{"taxonomy":"tribe_events_cat","embeddable":true,"href":"https:\/\/www.dolomitiprealpi.it\/de\/wp-json\/wp\/v2\/tribe_events_cat?post=88253"}],"curies":[{"name":"wp","href":"https:\/\/api.w.org\/{rel}","templated":true}]}}

<p>Im Rahmen der Veranstaltung &#8220;<b>Sonntag des Papiers</b>&#8220;, die jedes Jahr von der  Generaldirektion Archive des Ministeriums für Kultur angeboten wird, öffnet das Staatsarchiv von Belluno seine Türen mit der Veranstaltung &#8220;<b>Belluno 1925 &#8211; Die Stadt und das Gebiet vor einem Jahrhundert in Archivdokumenten</b>&#8220;.</p>
<p>Die Ausstellung hat das Ziel, das Bild der Stadt und des Gebiets vor einem  Jahrhundert darzustellen, in allen Aspekten, die durch die Dokumente belegt sind, die im Staatsarchiv  und im Stadtarchiv von Belluno aufbewahrt werden: die Politik, die Wirtschaft, das Soziale, mit  besonderem Augenmerk auf die Veränderungen, die das Stadtgefüge  in den Jahren 1924-1926 betrafen. </p>
<p>Es wird möglich sein, das architektonische Ensemble von S.Maria dei Battuti (Kirche, Kapitelsaal und Garten), Sitz  des Staatsarchivs, zu besuchen. Die Besichtigungen finden von 09:00 bis 13:00 Uhr statt, für  Gruppen von maximal 25 Personen pro Stunde. </p>
<p><u>Kostenlose Veranstaltung, Reservierung erforderlich</u>.  Für Informationen und Reservierungen: 0437 940061 – as-bl@cultura.gov.it</p>
<p>&nbsp;</p>
<p>Dokumentationsausstellung mit geführten Besichtigungen</p>
<p>Anlässlich der <b>„Nacht der Archive“</b> bietet das Staatsarchiv Belluno eine Sonderöffnung mit dem Titel <b>„Zwischen Dokumenten und Noten“</b> an. Die Veranstaltung umfasst geführte Besichtigungen des architektonischen Komplexes Santa Maria dei Battuti (Kirche, Kapitelssaal und Garten) sowie die Möglichkeit, auch die Dokumentenausstellung <b>„30 Jahre Ausstellungen im Staatsarchiv Belluno“</b> zu erkunden.</p>
<p><b>Besuchszeiten:<br /></b><br />09:00 Uhr – max. 25 Personen<br />10:00 Uhr – max. 25 Personen<br />11:00 Uhr – max. 50 Personen (mit musikalischer Begleitung der städtischen Musikschule „A. Miari“) <br />12:00 Uhr – max. 25 Personen</p>
<p>Eine einmalige Gelegenheit, das historische und dokumentarische Erbe der Stadt zu entdecken, bereichert durch faszinierende Live-Musikaufführungen.</p>

<p>Im Rahmen der Veranstaltung &#8220;Sonntag des Papiers&#8220;, die jedes Jahr von der Generaldirektion Archive des Ministeriums für Kultur angeboten wird, öffnet das Staatsarchiv von Belluno seine Türen mit der Veranstaltung</p>

<!-- This site is optimized with the Yoast SEO plugin v25.7 - https://yoast.com/wordpress/plugins/seo/ -->
<title>Belluno 1925 - Dolomiti Prealpi</title>
<meta name="robots" content="index, follow, max-snippet:-1, max-image-preview:large, max-video-preview:-1" />
<link rel="canonical" href="https://www.dolomitiprealpi.it/de/event/belluno-1925-2/" />
<meta property="og:locale" content="de_DE" />
<meta property="og:type" content="article" />
<meta property="og:title" content="Belluno 1925 - Dolomiti Prealpi" />
<meta property="og:description" content="Im Rahmen der Veranstaltung &#8220;Sonntag des Papiers&#8220;, die jedes Jahr von der Generaldirektion Archive des Ministeriums für Kultur angeboten wird, öffnet das Staatsarchiv von Belluno seine Türen mit der Veranstaltung" />
<meta property="og:url" content="https://www.dolomitiprealpi.it/de/event/belluno-1925-2/" />
<meta property="og:site_name" content="Dolomiti Prealpi" />
<meta property="article:publisher" content="https://www.facebook.com/dolomitiprealpi.it/" />
<meta property="article:modified_time" content="2026-03-20T11:28:52+00:00" />
<meta property="og:image" content="https://www.dolomitiprealpi.it/wp-content/uploads/2022/11/C.-Timpone-Foto-archivio-Consorzio-turistico-Dolomiti-Prealpi-Nevegal-Belluno-Bike-18-2.jpg" />
	<meta property="og:image:width" content="2048" />
	<meta property="og:image:height" content="1888" />
	<meta property="og:image:type" content="image/jpeg" />
<meta name="twitter:card" content="summary_large_image" />
<meta name="twitter:label1" content="Est. reading time" />
	<meta name="twitter:data1" content="1 minute" />
<script type="application/ld+json" class="yoast-schema-graph">{"@context":"https://schema.org","@graph":[{"@type":"WebPage","@id":"https://www.dolomitiprealpi.it/de/event/belluno-1925-2/","url":"https://www.dolomitiprealpi.it/de/event/belluno-1925-2/","name":"Belluno 1925 - Dolomiti Prealpi","isPartOf":{"@id":"https://www.dolomitiprealpi.it/de/#website"},"datePublished":"2026-02-15T10:50:58+00:00","dateModified":"2026-03-20T11:28:52+00:00","breadcrumb":{"@id":"https://www.dolomitiprealpi.it/de/event/belluno-1925-2/#breadcrumb"},"inLanguage":"de-DE","potentialAction":[{"@type":"ReadAction","target":["https://www.dolomitiprealpi.it/de/event/belluno-1925-2/"]}]},{"@type":"BreadcrumbList","@id":"https://www.dolomitiprealpi.it/de/event/belluno-1925-2/#breadcrumb","itemListElement":[{"@type":"ListItem","position":1,"name":"Home","item":"https://www.dolomitiprealpi.it/de/"},{"@type":"ListItem","position":2,"name":"Veranstaltungen","item":"https://www.dolomitiprealpi.it/de/events/"},{"@type":"ListItem","position":3,"name":"Belluno 1925"}]},{"@type":"WebSite","@id":"https://www.dolomitiprealpi.it/de/#website","url":"https://www.dolomitiprealpi.it/de/","name":"Dolomiti Prealpi","description":"","publisher":{"@id":"https://www.dolomitiprealpi.it/de/#organization"},"potentialAction":[{"@type":"SearchAction","target":{"@type":"EntryPoint","urlTemplate":"https://www.dolomitiprealpi.it/de/?s={search_term_string}"},"query-input":{"@type":"PropertyValueSpecification","valueRequired":true,"valueName":"search_term_string"}}],"inLanguage":"de-DE"},{"@type":"Organization","@id":"https://www.dolomitiprealpi.it/de/#organization","name":"Consorzio Dolomiti Prealpi","url":"https://www.dolomitiprealpi.it/de/","logo":{"@type":"ImageObject","inLanguage":"de-DE","@id":"https://www.dolomitiprealpi.it/de/#/schema/logo/image/","url":"https://www.dolomitiprealpi.it/wp-content/uploads/2023/03/dolomitiprealpi-favicon.jpg","contentUrl":"https://www.dolomitiprealpi.it/wp-content/uploads/2023/03/dolomitiprealpi-favicon.jpg","width":512,"height":512,"caption":"Consorzio Dolomiti Prealpi"},"image":{"@id":"https://www.dolomitiprealpi.it/de/#/schema/logo/image/"},"sameAs":["https://www.facebook.com/dolomitiprealpi.it/","https://www.instagram.com/dolomitiprealpi/"]}]}</script>
<!-- / Yoast SEO plugin. -->

Im Rahmen der Veranstaltung &#8220;Sonntag des Papiers&#8220;, die jedes Jahr von der Generaldirektion Archive des Ministeriums für Kultur angeboten wird, öffnet das Staatsarchiv von Belluno seine Türen mit der Veranstaltung
