{"id":88209,"date":"2026-02-15T11:46:53","date_gmt":"2026-02-15T10:46:53","guid":{"rendered":"https:\/\/www.dolomitiprealpi.it\/event\/lodissea-delle-donne\/"},"modified":"2026-03-20T12:24:34","modified_gmt":"2026-03-20T11:24:34","slug":"lodissea-delle-donne","status":"publish","type":"tribe_events","link":"https:\/\/www.dolomitiprealpi.it\/de\/event\/lodissea-delle-donne\/","title":{"rendered":"L&#8217;Odissea delle donne"},"content":{"rendered":"<p>Zur\u00fcck in Borgo Piave, f\u00fcr seine f\u00fcnfte Ausgabe, die Veranstaltung, die Illustrationen, Musik und Worte in einer Reise zwischen Kunst, Sprachen und Kl\u00e4ngen vereint, die die Frauen der Odyssee feiern.<\/p>\n<p>Am Sonntag, den 5. Oktober, findet um 15.00 Uhr im Raum \u201eda Rosalina\u201c von Borgo Piave ETC aps die f\u00fcnfte Ausgabe des theaterischen Lesens mit musikalischer Begleitung, organisiert von Gocce di Sole APS, statt, begleitend zur Ausstellung der Grafikschau Melimmagino, die von Rosy Tese\u2019 f\u00fcr den Verein Vivamelio konzipiert und kuratiert wurde und in diesem Jahr das Thema die Odyssee hat. <\/p>\n<p>Im Lesen wird der Fokus jedoch nicht auf dem homerischen Helden, sondern auf den wahren Protagonistinnen des Werkes, den Frauen, liegen. <\/p>\n<p>In der Odyssee ist die Rolle der Frauen entscheidend f\u00fcr ihr Schicksal und das Schicksal des schlauen Helden: ohne die Frauen h\u00e4tte der Herrscher von Ithaka nach dem Verlust seiner gesamten Flotte keine Hilfe gefunden, er h\u00e4tte keine Hinweise erhalten, um in seine Heimat zur\u00fcckzukehren, h\u00e4tte nicht die Regeln der Gastfreundschaft und des zivilen Lebens wiedergefunden und schlie\u00dflich h\u00e4tte er sein Land nicht wieder gesehen, seine Familie nicht umarmt und den Thron nicht behalten. <\/p>\n<p>Dank der Frauen ist die Geschichte des Helden bis zu uns gelangt, und der Name Odysseus ist im Ged\u00e4chtnis der Menschen unsterblich geblieben. <\/p>\n<p>Die aus der Odyssee ausgew\u00e4hlten Passagen werden in drei Sprachen \u2013 Griechisch, Italienisch und dem Dialekt von Belluno \u2013 in der von Professor Thomas Pellegrini erarbeiteten Version vorgetragen, was zeigt, wie das epische Werk \u00fcber alle Epochen und Kulturen hinweg relevant ist. <\/p>\n<p>Es ist in der Tat das Epos der gesamten Menschheit, der Emotionen und Gef\u00fchle von M\u00e4nnern und Frauen, die sich noch heute in Odysseus, in Kalypso, in Kirke, in Penelope wiedererkennen. <\/p>\n<p>Kommt und lernt die homerischen Heldinnen kennen und findet viele Eigenschaften der modernen Frauen wieder! <\/p>\n<p>Die Ausstellung, der Eintritt ist frei, ist von 10.00 bis 12.00 Uhr und von 14.00 bis 15.00 Uhr zu besichtigen.<\/p>\n<p>Das theaterische Lesen beginnt um 15.00 Uhr mit begrenzten Pl\u00e4tzen. <\/p>\n<p>Eine Reservierung wird daher empfohlen, indem Sie an segreteria@borgopiaveetc.it schreiben, sowie ein bewusster Beitrag, der den Aktivit\u00e4ten des Vereins zugutekommt.<\/p>\n","protected":false},"excerpt":{"rendered":"<p>Zur\u00fcck in Borgo Piave, f\u00fcr seine f\u00fcnfte Ausgabe, die Veranstaltung, die Illustrationen, Musik und Worte in einer Reise zwischen Kunst, Sprachen und Kl\u00e4ngen vereint, die die Frauen der Odyssee feiern.<\/p>\n","protected":false},"author":0,"featured_media":0,"template":"","meta":{"_acf_changed":false,"inline_featured_image":false,"_tribe_events_status":"","_tribe_events_status_reason":"","footnotes":""},"tags":[259],"tribe_events_cat":[],"class_list":["post-88209","tribe_events","type-tribe_events","status-publish","hentry","tag-eventi-feratel"],"acf":[],"yoast_head":"<!-- This site is optimized with the Yoast SEO plugin v25.7 - https:\/\/yoast.com\/wordpress\/plugins\/seo\/ -->\n<title>L&#039;Odissea delle donne - Dolomiti Prealpi<\/title>\n<meta name=\"robots\" content=\"index, follow, max-snippet:-1, max-image-preview:large, max-video-preview:-1\" \/>\n<link rel=\"canonical\" href=\"https:\/\/www.dolomitiprealpi.it\/de\/event\/lodissea-delle-donne\/\" \/>\n<meta property=\"og:locale\" content=\"de_DE\" \/>\n<meta property=\"og:type\" content=\"article\" \/>\n<meta property=\"og:title\" content=\"L&#039;Odissea delle donne - Dolomiti Prealpi\" \/>\n<meta property=\"og:description\" content=\"Zur\u00fcck in Borgo Piave, f\u00fcr seine f\u00fcnfte Ausgabe, die Veranstaltung, die Illustrationen, Musik und Worte in einer Reise zwischen Kunst, Sprachen und Kl\u00e4ngen vereint, die die Frauen der Odyssee feiern.\" \/>\n<meta property=\"og:url\" content=\"https:\/\/www.dolomitiprealpi.it\/de\/event\/lodissea-delle-donne\/\" \/>\n<meta property=\"og:site_name\" content=\"Dolomiti Prealpi\" \/>\n<meta property=\"article:publisher\" content=\"https:\/\/www.facebook.com\/dolomitiprealpi.it\/\" \/>\n<meta property=\"article:modified_time\" content=\"2026-03-20T11:24:34+00:00\" \/>\n<meta property=\"og:image\" content=\"https:\/\/www.dolomitiprealpi.it\/wp-content\/uploads\/2022\/11\/C.-Timpone-Foto-archivio-Consorzio-turistico-Dolomiti-Prealpi-Nevegal-Belluno-Bike-18-2.jpg\" \/>\n\t<meta property=\"og:image:width\" content=\"2048\" \/>\n\t<meta property=\"og:image:height\" content=\"1888\" \/>\n\t<meta property=\"og:image:type\" content=\"image\/jpeg\" \/>\n<meta name=\"twitter:card\" content=\"summary_large_image\" \/>\n<meta name=\"twitter:label1\" content=\"Est. reading time\" \/>\n\t<meta name=\"twitter:data1\" content=\"2 minutes\" \/>\n<script type=\"application\/ld+json\" class=\"yoast-schema-graph\">{\"@context\":\"https:\/\/schema.org\",\"@graph\":[{\"@type\":\"WebPage\",\"@id\":\"https:\/\/www.dolomitiprealpi.it\/de\/event\/lodissea-delle-donne\/\",\"url\":\"https:\/\/www.dolomitiprealpi.it\/de\/event\/lodissea-delle-donne\/\",\"name\":\"L'Odissea delle donne - Dolomiti Prealpi\",\"isPartOf\":{\"@id\":\"https:\/\/www.dolomitiprealpi.it\/de\/#website\"},\"datePublished\":\"2026-02-15T10:46:53+00:00\",\"dateModified\":\"2026-03-20T11:24:34+00:00\",\"breadcrumb\":{\"@id\":\"https:\/\/www.dolomitiprealpi.it\/de\/event\/lodissea-delle-donne\/#breadcrumb\"},\"inLanguage\":\"de-DE\",\"potentialAction\":[{\"@type\":\"ReadAction\",\"target\":[\"https:\/\/www.dolomitiprealpi.it\/de\/event\/lodissea-delle-donne\/\"]}]},{\"@type\":\"BreadcrumbList\",\"@id\":\"https:\/\/www.dolomitiprealpi.it\/de\/event\/lodissea-delle-donne\/#breadcrumb\",\"itemListElement\":[{\"@type\":\"ListItem\",\"position\":1,\"name\":\"Home\",\"item\":\"https:\/\/www.dolomitiprealpi.it\/de\/\"},{\"@type\":\"ListItem\",\"position\":2,\"name\":\"Veranstaltungen\",\"item\":\"https:\/\/www.dolomitiprealpi.it\/de\/events\/\"},{\"@type\":\"ListItem\",\"position\":3,\"name\":\"L&#8217;Odissea delle donne\"}]},{\"@type\":\"WebSite\",\"@id\":\"https:\/\/www.dolomitiprealpi.it\/de\/#website\",\"url\":\"https:\/\/www.dolomitiprealpi.it\/de\/\",\"name\":\"Dolomiti Prealpi\",\"description\":\"\",\"publisher\":{\"@id\":\"https:\/\/www.dolomitiprealpi.it\/de\/#organization\"},\"potentialAction\":[{\"@type\":\"SearchAction\",\"target\":{\"@type\":\"EntryPoint\",\"urlTemplate\":\"https:\/\/www.dolomitiprealpi.it\/de\/?s={search_term_string}\"},\"query-input\":{\"@type\":\"PropertyValueSpecification\",\"valueRequired\":true,\"valueName\":\"search_term_string\"}}],\"inLanguage\":\"de-DE\"},{\"@type\":\"Organization\",\"@id\":\"https:\/\/www.dolomitiprealpi.it\/de\/#organization\",\"name\":\"Consorzio Dolomiti Prealpi\",\"url\":\"https:\/\/www.dolomitiprealpi.it\/de\/\",\"logo\":{\"@type\":\"ImageObject\",\"inLanguage\":\"de-DE\",\"@id\":\"https:\/\/www.dolomitiprealpi.it\/de\/#\/schema\/logo\/image\/\",\"url\":\"https:\/\/www.dolomitiprealpi.it\/wp-content\/uploads\/2023\/03\/dolomitiprealpi-favicon.jpg\",\"contentUrl\":\"https:\/\/www.dolomitiprealpi.it\/wp-content\/uploads\/2023\/03\/dolomitiprealpi-favicon.jpg\",\"width\":512,\"height\":512,\"caption\":\"Consorzio Dolomiti Prealpi\"},\"image\":{\"@id\":\"https:\/\/www.dolomitiprealpi.it\/de\/#\/schema\/logo\/image\/\"},\"sameAs\":[\"https:\/\/www.facebook.com\/dolomitiprealpi.it\/\",\"https:\/\/www.instagram.com\/dolomitiprealpi\/\"]}]}<\/script>\n<!-- \/ Yoast SEO plugin. -->","yoast_head_json":{"title":"L'Odissea delle donne - Dolomiti Prealpi","robots":{"index":"index","follow":"follow","max-snippet":"max-snippet:-1","max-image-preview":"max-image-preview:large","max-video-preview":"max-video-preview:-1"},"canonical":"https:\/\/www.dolomitiprealpi.it\/de\/event\/lodissea-delle-donne\/","og_locale":"de_DE","og_type":"article","og_title":"L'Odissea delle donne - Dolomiti Prealpi","og_description":"Zur\u00fcck in Borgo Piave, f\u00fcr seine f\u00fcnfte Ausgabe, die Veranstaltung, die Illustrationen, Musik und Worte in einer Reise zwischen Kunst, Sprachen und Kl\u00e4ngen vereint, die die Frauen der Odyssee feiern.","og_url":"https:\/\/www.dolomitiprealpi.it\/de\/event\/lodissea-delle-donne\/","og_site_name":"Dolomiti Prealpi","article_publisher":"https:\/\/www.facebook.com\/dolomitiprealpi.it\/","article_modified_time":"2026-03-20T11:24:34+00:00","og_image":[{"width":2048,"height":1888,"url":"https:\/\/www.dolomitiprealpi.it\/wp-content\/uploads\/2022\/11\/C.-Timpone-Foto-archivio-Consorzio-turistico-Dolomiti-Prealpi-Nevegal-Belluno-Bike-18-2.jpg","type":"image\/jpeg"}],"twitter_card":"summary_large_image","twitter_misc":{"Est. reading time":"2 minutes"},"schema":{"@context":"https:\/\/schema.org","@graph":[{"@type":"WebPage","@id":"https:\/\/www.dolomitiprealpi.it\/de\/event\/lodissea-delle-donne\/","url":"https:\/\/www.dolomitiprealpi.it\/de\/event\/lodissea-delle-donne\/","name":"L'Odissea delle donne - Dolomiti Prealpi","isPartOf":{"@id":"https:\/\/www.dolomitiprealpi.it\/de\/#website"},"datePublished":"2026-02-15T10:46:53+00:00","dateModified":"2026-03-20T11:24:34+00:00","breadcrumb":{"@id":"https:\/\/www.dolomitiprealpi.it\/de\/event\/lodissea-delle-donne\/#breadcrumb"},"inLanguage":"de-DE","potentialAction":[{"@type":"ReadAction","target":["https:\/\/www.dolomitiprealpi.it\/de\/event\/lodissea-delle-donne\/"]}]},{"@type":"BreadcrumbList","@id":"https:\/\/www.dolomitiprealpi.it\/de\/event\/lodissea-delle-donne\/#breadcrumb","itemListElement":[{"@type":"ListItem","position":1,"name":"Home","item":"https:\/\/www.dolomitiprealpi.it\/de\/"},{"@type":"ListItem","position":2,"name":"Veranstaltungen","item":"https:\/\/www.dolomitiprealpi.it\/de\/events\/"},{"@type":"ListItem","position":3,"name":"L&#8217;Odissea delle donne"}]},{"@type":"WebSite","@id":"https:\/\/www.dolomitiprealpi.it\/de\/#website","url":"https:\/\/www.dolomitiprealpi.it\/de\/","name":"Dolomiti Prealpi","description":"","publisher":{"@id":"https:\/\/www.dolomitiprealpi.it\/de\/#organization"},"potentialAction":[{"@type":"SearchAction","target":{"@type":"EntryPoint","urlTemplate":"https:\/\/www.dolomitiprealpi.it\/de\/?s={search_term_string}"},"query-input":{"@type":"PropertyValueSpecification","valueRequired":true,"valueName":"search_term_string"}}],"inLanguage":"de-DE"},{"@type":"Organization","@id":"https:\/\/www.dolomitiprealpi.it\/de\/#organization","name":"Consorzio Dolomiti Prealpi","url":"https:\/\/www.dolomitiprealpi.it\/de\/","logo":{"@type":"ImageObject","inLanguage":"de-DE","@id":"https:\/\/www.dolomitiprealpi.it\/de\/#\/schema\/logo\/image\/","url":"https:\/\/www.dolomitiprealpi.it\/wp-content\/uploads\/2023\/03\/dolomitiprealpi-favicon.jpg","contentUrl":"https:\/\/www.dolomitiprealpi.it\/wp-content\/uploads\/2023\/03\/dolomitiprealpi-favicon.jpg","width":512,"height":512,"caption":"Consorzio Dolomiti Prealpi"},"image":{"@id":"https:\/\/www.dolomitiprealpi.it\/de\/#\/schema\/logo\/image\/"},"sameAs":["https:\/\/www.facebook.com\/dolomitiprealpi.it\/","https:\/\/www.instagram.com\/dolomitiprealpi\/"]}]}},"_links":{"self":[{"href":"https:\/\/www.dolomitiprealpi.it\/de\/wp-json\/wp\/v2\/tribe_events\/88209","targetHints":{"allow":["GET"]}}],"collection":[{"href":"https:\/\/www.dolomitiprealpi.it\/de\/wp-json\/wp\/v2\/tribe_events"}],"about":[{"href":"https:\/\/www.dolomitiprealpi.it\/de\/wp-json\/wp\/v2\/types\/tribe_events"}],"version-history":[{"count":1,"href":"https:\/\/www.dolomitiprealpi.it\/de\/wp-json\/wp\/v2\/tribe_events\/88209\/revisions"}],"predecessor-version":[{"id":88928,"href":"https:\/\/www.dolomitiprealpi.it\/de\/wp-json\/wp\/v2\/tribe_events\/88209\/revisions\/88928"}],"wp:attachment":[{"href":"https:\/\/www.dolomitiprealpi.it\/de\/wp-json\/wp\/v2\/media?parent=88209"}],"wp:term":[{"taxonomy":"post_tag","embeddable":true,"href":"https:\/\/www.dolomitiprealpi.it\/de\/wp-json\/wp\/v2\/tags?post=88209"},{"taxonomy":"tribe_events_cat","embeddable":true,"href":"https:\/\/www.dolomitiprealpi.it\/de\/wp-json\/wp\/v2\/tribe_events_cat?post=88209"}],"curies":[{"name":"wp","href":"https:\/\/api.w.org\/{rel}","templated":true}]}}

<p>Zurück in Borgo Piave, für seine fünfte Ausgabe, die Veranstaltung, die Illustrationen, Musik und Worte in einer Reise zwischen Kunst, Sprachen und Klängen vereint, die die Frauen der Odyssee feiern.</p>
<p>Am Sonntag, den 5. Oktober, findet um 15.00 Uhr im Raum „da Rosalina“ von Borgo Piave ETC aps die fünfte Ausgabe des theaterischen Lesens mit musikalischer Begleitung, organisiert von Gocce di Sole APS, statt, begleitend zur Ausstellung der Grafikschau Melimmagino, die von Rosy Tese’ für den Verein Vivamelio konzipiert und kuratiert wurde und in diesem Jahr das Thema die Odyssee hat. </p>
<p>Im Lesen wird der Fokus jedoch nicht auf dem homerischen Helden, sondern auf den wahren Protagonistinnen des Werkes, den Frauen, liegen. </p>
<p>In der Odyssee ist die Rolle der Frauen entscheidend für ihr Schicksal und das Schicksal des schlauen Helden: ohne die Frauen hätte der Herrscher von Ithaka nach dem Verlust seiner gesamten Flotte keine Hilfe gefunden, er hätte keine Hinweise erhalten, um in seine Heimat zurückzukehren, hätte nicht die Regeln der Gastfreundschaft und des zivilen Lebens wiedergefunden und schließlich hätte er sein Land nicht wieder gesehen, seine Familie nicht umarmt und den Thron nicht behalten. </p>
<p>Dank der Frauen ist die Geschichte des Helden bis zu uns gelangt, und der Name Odysseus ist im Gedächtnis der Menschen unsterblich geblieben. </p>
<p>Die aus der Odyssee ausgewählten Passagen werden in drei Sprachen – Griechisch, Italienisch und dem Dialekt von Belluno – in der von Professor Thomas Pellegrini erarbeiteten Version vorgetragen, was zeigt, wie das epische Werk über alle Epochen und Kulturen hinweg relevant ist. </p>
<p>Es ist in der Tat das Epos der gesamten Menschheit, der Emotionen und Gefühle von Männern und Frauen, die sich noch heute in Odysseus, in Kalypso, in Kirke, in Penelope wiedererkennen. </p>
<p>Kommt und lernt die homerischen Heldinnen kennen und findet viele Eigenschaften der modernen Frauen wieder! </p>
<p>Die Ausstellung, der Eintritt ist frei, ist von 10.00 bis 12.00 Uhr und von 14.00 bis 15.00 Uhr zu besichtigen.</p>
<p>Das theaterische Lesen beginnt um 15.00 Uhr mit begrenzten Plätzen. </p>
<p>Eine Reservierung wird daher empfohlen, indem Sie an segreteria@borgopiaveetc.it schreiben, sowie ein bewusster Beitrag, der den Aktivitäten des Vereins zugutekommt.</p>

<p>Zurück in Borgo Piave, für seine fünfte Ausgabe, die Veranstaltung, die Illustrationen, Musik und Worte in einer Reise zwischen Kunst, Sprachen und Klängen vereint, die die Frauen der Odyssee feiern.</p>

<!-- This site is optimized with the Yoast SEO plugin v25.7 - https://yoast.com/wordpress/plugins/seo/ -->
<title>L&#039;Odissea delle donne - Dolomiti Prealpi</title>
<meta name="robots" content="index, follow, max-snippet:-1, max-image-preview:large, max-video-preview:-1" />
<link rel="canonical" href="https://www.dolomitiprealpi.it/de/event/lodissea-delle-donne/" />
<meta property="og:locale" content="de_DE" />
<meta property="og:type" content="article" />
<meta property="og:title" content="L&#039;Odissea delle donne - Dolomiti Prealpi" />
<meta property="og:description" content="Zurück in Borgo Piave, für seine fünfte Ausgabe, die Veranstaltung, die Illustrationen, Musik und Worte in einer Reise zwischen Kunst, Sprachen und Klängen vereint, die die Frauen der Odyssee feiern." />
<meta property="og:url" content="https://www.dolomitiprealpi.it/de/event/lodissea-delle-donne/" />
<meta property="og:site_name" content="Dolomiti Prealpi" />
<meta property="article:publisher" content="https://www.facebook.com/dolomitiprealpi.it/" />
<meta property="article:modified_time" content="2026-03-20T11:24:34+00:00" />
<meta property="og:image" content="https://www.dolomitiprealpi.it/wp-content/uploads/2022/11/C.-Timpone-Foto-archivio-Consorzio-turistico-Dolomiti-Prealpi-Nevegal-Belluno-Bike-18-2.jpg" />
	<meta property="og:image:width" content="2048" />
	<meta property="og:image:height" content="1888" />
	<meta property="og:image:type" content="image/jpeg" />
<meta name="twitter:card" content="summary_large_image" />
<meta name="twitter:label1" content="Est. reading time" />
	<meta name="twitter:data1" content="2 minutes" />
<script type="application/ld+json" class="yoast-schema-graph">{"@context":"https://schema.org","@graph":[{"@type":"WebPage","@id":"https://www.dolomitiprealpi.it/de/event/lodissea-delle-donne/","url":"https://www.dolomitiprealpi.it/de/event/lodissea-delle-donne/","name":"L'Odissea delle donne - Dolomiti Prealpi","isPartOf":{"@id":"https://www.dolomitiprealpi.it/de/#website"},"datePublished":"2026-02-15T10:46:53+00:00","dateModified":"2026-03-20T11:24:34+00:00","breadcrumb":{"@id":"https://www.dolomitiprealpi.it/de/event/lodissea-delle-donne/#breadcrumb"},"inLanguage":"de-DE","potentialAction":[{"@type":"ReadAction","target":["https://www.dolomitiprealpi.it/de/event/lodissea-delle-donne/"]}]},{"@type":"BreadcrumbList","@id":"https://www.dolomitiprealpi.it/de/event/lodissea-delle-donne/#breadcrumb","itemListElement":[{"@type":"ListItem","position":1,"name":"Home","item":"https://www.dolomitiprealpi.it/de/"},{"@type":"ListItem","position":2,"name":"Veranstaltungen","item":"https://www.dolomitiprealpi.it/de/events/"},{"@type":"ListItem","position":3,"name":"L&#8217;Odissea delle donne"}]},{"@type":"WebSite","@id":"https://www.dolomitiprealpi.it/de/#website","url":"https://www.dolomitiprealpi.it/de/","name":"Dolomiti Prealpi","description":"","publisher":{"@id":"https://www.dolomitiprealpi.it/de/#organization"},"potentialAction":[{"@type":"SearchAction","target":{"@type":"EntryPoint","urlTemplate":"https://www.dolomitiprealpi.it/de/?s={search_term_string}"},"query-input":{"@type":"PropertyValueSpecification","valueRequired":true,"valueName":"search_term_string"}}],"inLanguage":"de-DE"},{"@type":"Organization","@id":"https://www.dolomitiprealpi.it/de/#organization","name":"Consorzio Dolomiti Prealpi","url":"https://www.dolomitiprealpi.it/de/","logo":{"@type":"ImageObject","inLanguage":"de-DE","@id":"https://www.dolomitiprealpi.it/de/#/schema/logo/image/","url":"https://www.dolomitiprealpi.it/wp-content/uploads/2023/03/dolomitiprealpi-favicon.jpg","contentUrl":"https://www.dolomitiprealpi.it/wp-content/uploads/2023/03/dolomitiprealpi-favicon.jpg","width":512,"height":512,"caption":"Consorzio Dolomiti Prealpi"},"image":{"@id":"https://www.dolomitiprealpi.it/de/#/schema/logo/image/"},"sameAs":["https://www.facebook.com/dolomitiprealpi.it/","https://www.instagram.com/dolomitiprealpi/"]}]}</script>
<!-- / Yoast SEO plugin. -->

Zurück in Borgo Piave, für seine fünfte Ausgabe, die Veranstaltung, die Illustrationen, Musik und Worte in einer Reise zwischen Kunst, Sprachen und Klängen vereint, die die Frauen der Odyssee feiern.
