{"id":88171,"date":"2026-02-15T11:42:59","date_gmt":"2026-02-15T10:42:59","guid":{"rendered":"https:\/\/www.dolomitiprealpi.it\/event\/capire-per-accompagnare\/"},"modified":"2026-03-20T12:20:31","modified_gmt":"2026-03-20T11:20:31","slug":"capire-per-accompagnare","status":"publish","type":"tribe_events","link":"https:\/\/www.dolomitiprealpi.it\/de\/event\/capire-per-accompagnare\/","title":{"rendered":"Capire per accompagnare"},"content":{"rendered":"<p>Am Freitag, den&nbsp;3. Oktober 2025, von&nbsp;17:30 bis 19:30 Uhr, findet im&nbsp;Theater Comunale Dino Buzzati in Belluno das \u00f6ffentliche Symposium mit dem Titel&nbsp;\u201c<b>Verstehen, um zu begleiten: eine Br\u00fccke zwischen Institutionen und Familien<\/b>\u201d statt, das der Pr\u00e4vention und dem gemeinsamen Umgang mit emotionalen und Verhaltensproblemen von Minderj\u00e4hrigen gewidmet ist.<\/p>\n<p>Die Initiative, gef\u00f6rdert vom Amt f\u00fcr Schulwesen der Provinz Belluno, der&nbsp;Konferenz der B\u00fcrgermeister, der&nbsp;Gemeinde Belluno&nbsp;und der ULSS 1 Dolomiti, ist Teil der Aktivit\u00e4ten des&nbsp;Interinstitutionellen Tisches auf Provinzebene f\u00fcr emotionale und Verhaltensprobleme in den Schulen von Belluno, der seit drei Jahren aktiv ist.<\/p>\n<p>Die <b>Referenten<\/b> werden sein:<br \/>&#8211; Prof. Daniele Fedeli, Ordinarius f\u00fcr Sonderp\u00e4dagogik \u2013 Universit\u00e4t Udine, wissenschaftlicher Betreuer des Interinstitutionellen Tisches.<br \/>&#8211; Prof. Stefano Vicari, Ordinarius f\u00fcr Kinder- und Jugendpsychiatrie \u2013 Katholische Universit\u00e4t vom Heiligen Herzen in Rom, einer der f\u00fchrenden italienischen Experten auf diesem Gebiet.<br \/>Der Moderator der Veranstaltung wird&nbsp;Gianluca Corsetti, Pr\u00e4sident des Kooperationsausschusses von Belluno, sein.<\/p>\n<p>Das Symposium richtet sich an Vertreter der Institutionen, Schulleiter, sozialmedizinische Fachkr\u00e4fte, Lehrkr\u00e4fte, Ehrenamtliche, Eltern und an <b>die gesamte B\u00fcrgerschaft<\/b>.<br \/>Es wird eine Gelegenheit sein, gemeinsam \u00fcber die Bedeutung der fr\u00fchen Erkennung von Schwierigkeiten bei Kindern und Jugendlichen nachzudenken, bew\u00e4hrte Praktiken auszutauschen und das Netzwerk der Zusammenarbeit zwischen Familien, Schule und Diensten zu st\u00e4rken.<\/p>\n<p>W\u00e4hrend der Veranstaltung wird eine Kopie des&nbsp;\u201cGeneralplans zur Bew\u00e4ltigung und Pr\u00e4vention von Verhaltenskrisen in der Schule\u201d verteilt, der dank der Unterst\u00fctzung des&nbsp;Soroptimist Club Belluno-Feltre erstellt wurde.<\/p>\n<p><u>Die Teilnahme ist kostenlos und f\u00fcr die gesamte B\u00fcrgerschaft offen.<\/u><\/p>\n<p><\/p>\n<p>Konferenz<\/p>\n","protected":false},"excerpt":{"rendered":"<p>Am Freitag, den&nbsp;3. Oktober 2025, von&nbsp;17:30 bis 19:30 Uhr, findet im&nbsp;Theater Comunale Dino Buzzati in Belluno das \u00f6ffentliche Symposium mit dem Titel&nbsp;\u201cVerstehen, um zu begleiten: eine Br\u00fccke zwischen Institutionen und<\/p>\n","protected":false},"author":0,"featured_media":0,"template":"","meta":{"_acf_changed":false,"inline_featured_image":false,"_tribe_events_status":"","_tribe_events_status_reason":"","footnotes":""},"tags":[259],"tribe_events_cat":[],"class_list":["post-88171","tribe_events","type-tribe_events","status-publish","hentry","tag-eventi-feratel"],"acf":[],"yoast_head":"<!-- This site is optimized with the Yoast SEO plugin v25.7 - https:\/\/yoast.com\/wordpress\/plugins\/seo\/ -->\n<title>Capire per accompagnare - Dolomiti Prealpi<\/title>\n<meta name=\"robots\" content=\"index, follow, max-snippet:-1, max-image-preview:large, max-video-preview:-1\" \/>\n<link rel=\"canonical\" href=\"https:\/\/www.dolomitiprealpi.it\/de\/event\/capire-per-accompagnare\/\" \/>\n<meta property=\"og:locale\" content=\"de_DE\" \/>\n<meta property=\"og:type\" content=\"article\" \/>\n<meta property=\"og:title\" content=\"Capire per accompagnare - Dolomiti Prealpi\" \/>\n<meta property=\"og:description\" content=\"Am Freitag, den&nbsp;3. Oktober 2025, von&nbsp;17:30 bis 19:30 Uhr, findet im&nbsp;Theater Comunale Dino Buzzati in Belluno das \u00f6ffentliche Symposium mit dem Titel&nbsp;\u201cVerstehen, um zu begleiten: eine Br\u00fccke zwischen Institutionen und\" \/>\n<meta property=\"og:url\" content=\"https:\/\/www.dolomitiprealpi.it\/de\/event\/capire-per-accompagnare\/\" \/>\n<meta property=\"og:site_name\" content=\"Dolomiti Prealpi\" \/>\n<meta property=\"article:publisher\" content=\"https:\/\/www.facebook.com\/dolomitiprealpi.it\/\" \/>\n<meta property=\"article:modified_time\" content=\"2026-03-20T11:20:31+00:00\" \/>\n<meta property=\"og:image\" content=\"https:\/\/www.dolomitiprealpi.it\/wp-content\/uploads\/2022\/11\/C.-Timpone-Foto-archivio-Consorzio-turistico-Dolomiti-Prealpi-Nevegal-Belluno-Bike-18-2.jpg\" \/>\n\t<meta property=\"og:image:width\" content=\"2048\" \/>\n\t<meta property=\"og:image:height\" content=\"1888\" \/>\n\t<meta property=\"og:image:type\" content=\"image\/jpeg\" \/>\n<meta name=\"twitter:card\" content=\"summary_large_image\" \/>\n<meta name=\"twitter:label1\" content=\"Est. reading time\" \/>\n\t<meta name=\"twitter:data1\" content=\"1 minute\" \/>\n<script type=\"application\/ld+json\" class=\"yoast-schema-graph\">{\"@context\":\"https:\/\/schema.org\",\"@graph\":[{\"@type\":\"WebPage\",\"@id\":\"https:\/\/www.dolomitiprealpi.it\/de\/event\/capire-per-accompagnare\/\",\"url\":\"https:\/\/www.dolomitiprealpi.it\/de\/event\/capire-per-accompagnare\/\",\"name\":\"Capire per accompagnare - Dolomiti Prealpi\",\"isPartOf\":{\"@id\":\"https:\/\/www.dolomitiprealpi.it\/de\/#website\"},\"datePublished\":\"2026-02-15T10:42:59+00:00\",\"dateModified\":\"2026-03-20T11:20:31+00:00\",\"breadcrumb\":{\"@id\":\"https:\/\/www.dolomitiprealpi.it\/de\/event\/capire-per-accompagnare\/#breadcrumb\"},\"inLanguage\":\"de-DE\",\"potentialAction\":[{\"@type\":\"ReadAction\",\"target\":[\"https:\/\/www.dolomitiprealpi.it\/de\/event\/capire-per-accompagnare\/\"]}]},{\"@type\":\"BreadcrumbList\",\"@id\":\"https:\/\/www.dolomitiprealpi.it\/de\/event\/capire-per-accompagnare\/#breadcrumb\",\"itemListElement\":[{\"@type\":\"ListItem\",\"position\":1,\"name\":\"Home\",\"item\":\"https:\/\/www.dolomitiprealpi.it\/de\/\"},{\"@type\":\"ListItem\",\"position\":2,\"name\":\"Veranstaltungen\",\"item\":\"https:\/\/www.dolomitiprealpi.it\/de\/events\/\"},{\"@type\":\"ListItem\",\"position\":3,\"name\":\"Capire per accompagnare\"}]},{\"@type\":\"WebSite\",\"@id\":\"https:\/\/www.dolomitiprealpi.it\/de\/#website\",\"url\":\"https:\/\/www.dolomitiprealpi.it\/de\/\",\"name\":\"Dolomiti Prealpi\",\"description\":\"\",\"publisher\":{\"@id\":\"https:\/\/www.dolomitiprealpi.it\/de\/#organization\"},\"potentialAction\":[{\"@type\":\"SearchAction\",\"target\":{\"@type\":\"EntryPoint\",\"urlTemplate\":\"https:\/\/www.dolomitiprealpi.it\/de\/?s={search_term_string}\"},\"query-input\":{\"@type\":\"PropertyValueSpecification\",\"valueRequired\":true,\"valueName\":\"search_term_string\"}}],\"inLanguage\":\"de-DE\"},{\"@type\":\"Organization\",\"@id\":\"https:\/\/www.dolomitiprealpi.it\/de\/#organization\",\"name\":\"Consorzio Dolomiti Prealpi\",\"url\":\"https:\/\/www.dolomitiprealpi.it\/de\/\",\"logo\":{\"@type\":\"ImageObject\",\"inLanguage\":\"de-DE\",\"@id\":\"https:\/\/www.dolomitiprealpi.it\/de\/#\/schema\/logo\/image\/\",\"url\":\"https:\/\/www.dolomitiprealpi.it\/wp-content\/uploads\/2023\/03\/dolomitiprealpi-favicon.jpg\",\"contentUrl\":\"https:\/\/www.dolomitiprealpi.it\/wp-content\/uploads\/2023\/03\/dolomitiprealpi-favicon.jpg\",\"width\":512,\"height\":512,\"caption\":\"Consorzio Dolomiti Prealpi\"},\"image\":{\"@id\":\"https:\/\/www.dolomitiprealpi.it\/de\/#\/schema\/logo\/image\/\"},\"sameAs\":[\"https:\/\/www.facebook.com\/dolomitiprealpi.it\/\",\"https:\/\/www.instagram.com\/dolomitiprealpi\/\"]}]}<\/script>\n<!-- \/ Yoast SEO plugin. -->","yoast_head_json":{"title":"Capire per accompagnare - Dolomiti Prealpi","robots":{"index":"index","follow":"follow","max-snippet":"max-snippet:-1","max-image-preview":"max-image-preview:large","max-video-preview":"max-video-preview:-1"},"canonical":"https:\/\/www.dolomitiprealpi.it\/de\/event\/capire-per-accompagnare\/","og_locale":"de_DE","og_type":"article","og_title":"Capire per accompagnare - Dolomiti Prealpi","og_description":"Am Freitag, den&nbsp;3. Oktober 2025, von&nbsp;17:30 bis 19:30 Uhr, findet im&nbsp;Theater Comunale Dino Buzzati in Belluno das \u00f6ffentliche Symposium mit dem Titel&nbsp;\u201cVerstehen, um zu begleiten: eine Br\u00fccke zwischen Institutionen und","og_url":"https:\/\/www.dolomitiprealpi.it\/de\/event\/capire-per-accompagnare\/","og_site_name":"Dolomiti Prealpi","article_publisher":"https:\/\/www.facebook.com\/dolomitiprealpi.it\/","article_modified_time":"2026-03-20T11:20:31+00:00","og_image":[{"width":2048,"height":1888,"url":"https:\/\/www.dolomitiprealpi.it\/wp-content\/uploads\/2022\/11\/C.-Timpone-Foto-archivio-Consorzio-turistico-Dolomiti-Prealpi-Nevegal-Belluno-Bike-18-2.jpg","type":"image\/jpeg"}],"twitter_card":"summary_large_image","twitter_misc":{"Est. reading time":"1 minute"},"schema":{"@context":"https:\/\/schema.org","@graph":[{"@type":"WebPage","@id":"https:\/\/www.dolomitiprealpi.it\/de\/event\/capire-per-accompagnare\/","url":"https:\/\/www.dolomitiprealpi.it\/de\/event\/capire-per-accompagnare\/","name":"Capire per accompagnare - Dolomiti Prealpi","isPartOf":{"@id":"https:\/\/www.dolomitiprealpi.it\/de\/#website"},"datePublished":"2026-02-15T10:42:59+00:00","dateModified":"2026-03-20T11:20:31+00:00","breadcrumb":{"@id":"https:\/\/www.dolomitiprealpi.it\/de\/event\/capire-per-accompagnare\/#breadcrumb"},"inLanguage":"de-DE","potentialAction":[{"@type":"ReadAction","target":["https:\/\/www.dolomitiprealpi.it\/de\/event\/capire-per-accompagnare\/"]}]},{"@type":"BreadcrumbList","@id":"https:\/\/www.dolomitiprealpi.it\/de\/event\/capire-per-accompagnare\/#breadcrumb","itemListElement":[{"@type":"ListItem","position":1,"name":"Home","item":"https:\/\/www.dolomitiprealpi.it\/de\/"},{"@type":"ListItem","position":2,"name":"Veranstaltungen","item":"https:\/\/www.dolomitiprealpi.it\/de\/events\/"},{"@type":"ListItem","position":3,"name":"Capire per accompagnare"}]},{"@type":"WebSite","@id":"https:\/\/www.dolomitiprealpi.it\/de\/#website","url":"https:\/\/www.dolomitiprealpi.it\/de\/","name":"Dolomiti Prealpi","description":"","publisher":{"@id":"https:\/\/www.dolomitiprealpi.it\/de\/#organization"},"potentialAction":[{"@type":"SearchAction","target":{"@type":"EntryPoint","urlTemplate":"https:\/\/www.dolomitiprealpi.it\/de\/?s={search_term_string}"},"query-input":{"@type":"PropertyValueSpecification","valueRequired":true,"valueName":"search_term_string"}}],"inLanguage":"de-DE"},{"@type":"Organization","@id":"https:\/\/www.dolomitiprealpi.it\/de\/#organization","name":"Consorzio Dolomiti Prealpi","url":"https:\/\/www.dolomitiprealpi.it\/de\/","logo":{"@type":"ImageObject","inLanguage":"de-DE","@id":"https:\/\/www.dolomitiprealpi.it\/de\/#\/schema\/logo\/image\/","url":"https:\/\/www.dolomitiprealpi.it\/wp-content\/uploads\/2023\/03\/dolomitiprealpi-favicon.jpg","contentUrl":"https:\/\/www.dolomitiprealpi.it\/wp-content\/uploads\/2023\/03\/dolomitiprealpi-favicon.jpg","width":512,"height":512,"caption":"Consorzio Dolomiti Prealpi"},"image":{"@id":"https:\/\/www.dolomitiprealpi.it\/de\/#\/schema\/logo\/image\/"},"sameAs":["https:\/\/www.facebook.com\/dolomitiprealpi.it\/","https:\/\/www.instagram.com\/dolomitiprealpi\/"]}]}},"_links":{"self":[{"href":"https:\/\/www.dolomitiprealpi.it\/de\/wp-json\/wp\/v2\/tribe_events\/88171","targetHints":{"allow":["GET"]}}],"collection":[{"href":"https:\/\/www.dolomitiprealpi.it\/de\/wp-json\/wp\/v2\/tribe_events"}],"about":[{"href":"https:\/\/www.dolomitiprealpi.it\/de\/wp-json\/wp\/v2\/types\/tribe_events"}],"version-history":[{"count":1,"href":"https:\/\/www.dolomitiprealpi.it\/de\/wp-json\/wp\/v2\/tribe_events\/88171\/revisions"}],"predecessor-version":[{"id":88870,"href":"https:\/\/www.dolomitiprealpi.it\/de\/wp-json\/wp\/v2\/tribe_events\/88171\/revisions\/88870"}],"wp:attachment":[{"href":"https:\/\/www.dolomitiprealpi.it\/de\/wp-json\/wp\/v2\/media?parent=88171"}],"wp:term":[{"taxonomy":"post_tag","embeddable":true,"href":"https:\/\/www.dolomitiprealpi.it\/de\/wp-json\/wp\/v2\/tags?post=88171"},{"taxonomy":"tribe_events_cat","embeddable":true,"href":"https:\/\/www.dolomitiprealpi.it\/de\/wp-json\/wp\/v2\/tribe_events_cat?post=88171"}],"curies":[{"name":"wp","href":"https:\/\/api.w.org\/{rel}","templated":true}]}}

<p>Am Freitag, den&nbsp;3. Oktober 2025, von&nbsp;17:30 bis 19:30 Uhr, findet im&nbsp;Theater Comunale Dino Buzzati in Belluno das öffentliche Symposium mit dem Titel&nbsp;“<b>Verstehen, um zu begleiten: eine Brücke zwischen Institutionen und Familien</b>” statt, das der Prävention und dem gemeinsamen Umgang mit emotionalen und Verhaltensproblemen von Minderjährigen gewidmet ist.</p>
<p>Die Initiative, gefördert vom Amt für Schulwesen der Provinz Belluno, der&nbsp;Konferenz der Bürgermeister, der&nbsp;Gemeinde Belluno&nbsp;und der ULSS 1 Dolomiti, ist Teil der Aktivitäten des&nbsp;Interinstitutionellen Tisches auf Provinzebene für emotionale und Verhaltensprobleme in den Schulen von Belluno, der seit drei Jahren aktiv ist.</p>
<p>Die <b>Referenten</b> werden sein:<br />&#8211; Prof. Daniele Fedeli, Ordinarius für Sonderpädagogik – Universität Udine, wissenschaftlicher Betreuer des Interinstitutionellen Tisches.<br />&#8211; Prof. Stefano Vicari, Ordinarius für Kinder- und Jugendpsychiatrie – Katholische Universität vom Heiligen Herzen in Rom, einer der führenden italienischen Experten auf diesem Gebiet.<br />Der Moderator der Veranstaltung wird&nbsp;Gianluca Corsetti, Präsident des Kooperationsausschusses von Belluno, sein.</p>
<p>Das Symposium richtet sich an Vertreter der Institutionen, Schulleiter, sozialmedizinische Fachkräfte, Lehrkräfte, Ehrenamtliche, Eltern und an <b>die gesamte Bürgerschaft</b>.<br />Es wird eine Gelegenheit sein, gemeinsam über die Bedeutung der frühen Erkennung von Schwierigkeiten bei Kindern und Jugendlichen nachzudenken, bewährte Praktiken auszutauschen und das Netzwerk der Zusammenarbeit zwischen Familien, Schule und Diensten zu stärken.</p>
<p>Während der Veranstaltung wird eine Kopie des&nbsp;“Generalplans zur Bewältigung und Prävention von Verhaltenskrisen in der Schule” verteilt, der dank der Unterstützung des&nbsp;Soroptimist Club Belluno-Feltre erstellt wurde.</p>
<p><u>Die Teilnahme ist kostenlos und für die gesamte Bürgerschaft offen.</u></p>
<p></p>
<p>Konferenz</p>

<p>Am Freitag, den&nbsp;3. Oktober 2025, von&nbsp;17:30 bis 19:30 Uhr, findet im&nbsp;Theater Comunale Dino Buzzati in Belluno das öffentliche Symposium mit dem Titel&nbsp;“Verstehen, um zu begleiten: eine Brücke zwischen Institutionen und</p>

<!-- This site is optimized with the Yoast SEO plugin v25.7 - https://yoast.com/wordpress/plugins/seo/ -->
<title>Capire per accompagnare - Dolomiti Prealpi</title>
<meta name="robots" content="index, follow, max-snippet:-1, max-image-preview:large, max-video-preview:-1" />
<link rel="canonical" href="https://www.dolomitiprealpi.it/de/event/capire-per-accompagnare/" />
<meta property="og:locale" content="de_DE" />
<meta property="og:type" content="article" />
<meta property="og:title" content="Capire per accompagnare - Dolomiti Prealpi" />
<meta property="og:description" content="Am Freitag, den&nbsp;3. Oktober 2025, von&nbsp;17:30 bis 19:30 Uhr, findet im&nbsp;Theater Comunale Dino Buzzati in Belluno das öffentliche Symposium mit dem Titel&nbsp;“Verstehen, um zu begleiten: eine Brücke zwischen Institutionen und" />
<meta property="og:url" content="https://www.dolomitiprealpi.it/de/event/capire-per-accompagnare/" />
<meta property="og:site_name" content="Dolomiti Prealpi" />
<meta property="article:publisher" content="https://www.facebook.com/dolomitiprealpi.it/" />
<meta property="article:modified_time" content="2026-03-20T11:20:31+00:00" />
<meta property="og:image" content="https://www.dolomitiprealpi.it/wp-content/uploads/2022/11/C.-Timpone-Foto-archivio-Consorzio-turistico-Dolomiti-Prealpi-Nevegal-Belluno-Bike-18-2.jpg" />
	<meta property="og:image:width" content="2048" />
	<meta property="og:image:height" content="1888" />
	<meta property="og:image:type" content="image/jpeg" />
<meta name="twitter:card" content="summary_large_image" />
<meta name="twitter:label1" content="Est. reading time" />
	<meta name="twitter:data1" content="1 minute" />
<script type="application/ld+json" class="yoast-schema-graph">{"@context":"https://schema.org","@graph":[{"@type":"WebPage","@id":"https://www.dolomitiprealpi.it/de/event/capire-per-accompagnare/","url":"https://www.dolomitiprealpi.it/de/event/capire-per-accompagnare/","name":"Capire per accompagnare - Dolomiti Prealpi","isPartOf":{"@id":"https://www.dolomitiprealpi.it/de/#website"},"datePublished":"2026-02-15T10:42:59+00:00","dateModified":"2026-03-20T11:20:31+00:00","breadcrumb":{"@id":"https://www.dolomitiprealpi.it/de/event/capire-per-accompagnare/#breadcrumb"},"inLanguage":"de-DE","potentialAction":[{"@type":"ReadAction","target":["https://www.dolomitiprealpi.it/de/event/capire-per-accompagnare/"]}]},{"@type":"BreadcrumbList","@id":"https://www.dolomitiprealpi.it/de/event/capire-per-accompagnare/#breadcrumb","itemListElement":[{"@type":"ListItem","position":1,"name":"Home","item":"https://www.dolomitiprealpi.it/de/"},{"@type":"ListItem","position":2,"name":"Veranstaltungen","item":"https://www.dolomitiprealpi.it/de/events/"},{"@type":"ListItem","position":3,"name":"Capire per accompagnare"}]},{"@type":"WebSite","@id":"https://www.dolomitiprealpi.it/de/#website","url":"https://www.dolomitiprealpi.it/de/","name":"Dolomiti Prealpi","description":"","publisher":{"@id":"https://www.dolomitiprealpi.it/de/#organization"},"potentialAction":[{"@type":"SearchAction","target":{"@type":"EntryPoint","urlTemplate":"https://www.dolomitiprealpi.it/de/?s={search_term_string}"},"query-input":{"@type":"PropertyValueSpecification","valueRequired":true,"valueName":"search_term_string"}}],"inLanguage":"de-DE"},{"@type":"Organization","@id":"https://www.dolomitiprealpi.it/de/#organization","name":"Consorzio Dolomiti Prealpi","url":"https://www.dolomitiprealpi.it/de/","logo":{"@type":"ImageObject","inLanguage":"de-DE","@id":"https://www.dolomitiprealpi.it/de/#/schema/logo/image/","url":"https://www.dolomitiprealpi.it/wp-content/uploads/2023/03/dolomitiprealpi-favicon.jpg","contentUrl":"https://www.dolomitiprealpi.it/wp-content/uploads/2023/03/dolomitiprealpi-favicon.jpg","width":512,"height":512,"caption":"Consorzio Dolomiti Prealpi"},"image":{"@id":"https://www.dolomitiprealpi.it/de/#/schema/logo/image/"},"sameAs":["https://www.facebook.com/dolomitiprealpi.it/","https://www.instagram.com/dolomitiprealpi/"]}]}</script>
<!-- / Yoast SEO plugin. -->

Am Freitag, den&nbsp;3. Oktober 2025, von&nbsp;17:30 bis 19:30 Uhr, findet im&nbsp;Theater Comunale Dino Buzzati in Belluno das öffentliche Symposium mit dem Titel&nbsp;“Verstehen, um zu begleiten: eine Brücke zwischen Institutionen und
