{"id":87183,"date":"2026-02-15T12:18:31","date_gmt":"2026-02-15T11:18:31","guid":{"rendered":"https:\/\/www.dolomitiprealpi.it\/event\/vertigini-festival-improvvisazione-radicale\/"},"modified":"2026-04-17T13:11:58","modified_gmt":"2026-04-17T11:11:58","slug":"vertigini-festival-improvvisazione-radicale","status":"publish","type":"tribe_events","link":"https:\/\/www.dolomitiprealpi.it\/de\/event\/vertigini-festival-improvvisazione-radicale\/","title":{"rendered":"Vertigini festival. Improvvisazione Radicale"},"content":{"rendered":"<p>Radikale Improvisation beim Vertigni Festival<\/p>\n<p>Paolo Sanna ist Schlagzeuger und Klangk\u00fcnstler, der seit \u00fcber vierzig Jahren in der europ\u00e4ischen Szene der freien Improvisation aktiv ist.<\/p>\n<p>Erforscher ritueller Instrumente und Konstrukteur von Klangskulpturen, verwebt Field Recordings, Stille und eine umfangreiche Sammlung von im Laufe der Zeit assemblierte Perkussion.<\/p>\n<p>Er hat \u00fcber 70 Arbeiten ver\u00f6ffentlicht, darunter 12 Solo-Alben, und ist Gr\u00fcnder des variablen Projekts OKRA.<\/p>\n<p>Die Ticketverkaufsstelle ist ge\u00f6ffnet &#8211; im Studio von SlowMachine in der Via del Piave 4 jeden Mittwoch und Freitag von 17:00 bis 19:00 Uhr &#8211; im Hangar 11 in der Via Tiziano Vecellio, 82\/n eineinhalb Stunden vor der Vorstellung.<\/p>\n<p>ticket@slowmachine.org &#8211; 3290898743<\/p>\n<p>Es ist m\u00f6glich, den Bonus Cultura 18app und die Lehrerkarte zu nutzen.<\/p>\n<p>Um Zugang zum Hangar 11 zu erhalten, ist eine Mitgliedschaft bei SlowMachine APS ETS erforderlich: https:\/\/forms.gle\/eF1vxAj1eMsBokvh6<\/p>\n","protected":false},"excerpt":{"rendered":"<p>Radikale Improvisation beim Vertigni Festival Paolo Sanna ist Schlagzeuger und Klangk\u00fcnstler, der seit \u00fcber vierzig Jahren in der europ\u00e4ischen Szene der freien Improvisation aktiv ist. Erforscher ritueller Instrumente und Konstrukteur<\/p>\n","protected":false},"author":0,"featured_media":0,"template":"","meta":{"_acf_changed":false,"inline_featured_image":false,"_tribe_events_status":"","_tribe_events_status_reason":"","footnotes":""},"tags":[259],"tribe_events_cat":[],"class_list":["post-87183","tribe_events","type-tribe_events","status-publish","hentry","tag-eventi-feratel"],"acf":[],"yoast_head":"<!-- This site is optimized with the Yoast SEO plugin v25.7 - https:\/\/yoast.com\/wordpress\/plugins\/seo\/ -->\n<title>Vertigini festival. Improvvisazione Radicale - Dolomiti Prealpi<\/title>\n<meta name=\"robots\" content=\"index, follow, max-snippet:-1, max-image-preview:large, max-video-preview:-1\" \/>\n<link rel=\"canonical\" href=\"https:\/\/www.dolomitiprealpi.it\/de\/event\/vertigini-festival-improvvisazione-radicale\/\" \/>\n<meta property=\"og:locale\" content=\"de_DE\" \/>\n<meta property=\"og:type\" content=\"article\" \/>\n<meta property=\"og:title\" content=\"Vertigini festival. Improvvisazione Radicale - Dolomiti Prealpi\" \/>\n<meta property=\"og:description\" content=\"Radikale Improvisation beim Vertigni Festival Paolo Sanna ist Schlagzeuger und Klangk\u00fcnstler, der seit \u00fcber vierzig Jahren in der europ\u00e4ischen Szene der freien Improvisation aktiv ist. Erforscher ritueller Instrumente und Konstrukteur\" \/>\n<meta property=\"og:url\" content=\"https:\/\/www.dolomitiprealpi.it\/de\/event\/vertigini-festival-improvvisazione-radicale\/\" \/>\n<meta property=\"og:site_name\" content=\"Dolomiti Prealpi\" \/>\n<meta property=\"article:publisher\" content=\"https:\/\/www.facebook.com\/dolomitiprealpi.it\/\" \/>\n<meta property=\"article:modified_time\" content=\"2026-04-17T11:11:58+00:00\" \/>\n<meta property=\"og:image\" content=\"https:\/\/www.dolomitiprealpi.it\/wp-content\/uploads\/2022\/11\/C.-Timpone-Foto-archivio-Consorzio-turistico-Dolomiti-Prealpi-Nevegal-Belluno-Bike-18-2.jpg\" \/>\n\t<meta property=\"og:image:width\" content=\"2048\" \/>\n\t<meta property=\"og:image:height\" content=\"1888\" \/>\n\t<meta property=\"og:image:type\" content=\"image\/jpeg\" \/>\n<meta name=\"twitter:card\" content=\"summary_large_image\" \/>\n<meta name=\"twitter:label1\" content=\"Est. reading time\" \/>\n\t<meta name=\"twitter:data1\" content=\"1 minute\" \/>\n<script type=\"application\/ld+json\" class=\"yoast-schema-graph\">{\"@context\":\"https:\/\/schema.org\",\"@graph\":[{\"@type\":\"WebPage\",\"@id\":\"https:\/\/www.dolomitiprealpi.it\/de\/event\/vertigini-festival-improvvisazione-radicale\/\",\"url\":\"https:\/\/www.dolomitiprealpi.it\/de\/event\/vertigini-festival-improvvisazione-radicale\/\",\"name\":\"Vertigini festival. Improvvisazione Radicale - Dolomiti Prealpi\",\"isPartOf\":{\"@id\":\"https:\/\/www.dolomitiprealpi.it\/de\/#website\"},\"datePublished\":\"2026-02-15T11:18:31+00:00\",\"dateModified\":\"2026-04-17T11:11:58+00:00\",\"breadcrumb\":{\"@id\":\"https:\/\/www.dolomitiprealpi.it\/de\/event\/vertigini-festival-improvvisazione-radicale\/#breadcrumb\"},\"inLanguage\":\"de-DE\",\"potentialAction\":[{\"@type\":\"ReadAction\",\"target\":[\"https:\/\/www.dolomitiprealpi.it\/de\/event\/vertigini-festival-improvvisazione-radicale\/\"]}]},{\"@type\":\"BreadcrumbList\",\"@id\":\"https:\/\/www.dolomitiprealpi.it\/de\/event\/vertigini-festival-improvvisazione-radicale\/#breadcrumb\",\"itemListElement\":[{\"@type\":\"ListItem\",\"position\":1,\"name\":\"Home\",\"item\":\"https:\/\/www.dolomitiprealpi.it\/de\/\"},{\"@type\":\"ListItem\",\"position\":2,\"name\":\"Veranstaltungen\",\"item\":\"https:\/\/www.dolomitiprealpi.it\/de\/events\/\"},{\"@type\":\"ListItem\",\"position\":3,\"name\":\"Vertigini festival. Improvvisazione Radicale\"}]},{\"@type\":\"WebSite\",\"@id\":\"https:\/\/www.dolomitiprealpi.it\/de\/#website\",\"url\":\"https:\/\/www.dolomitiprealpi.it\/de\/\",\"name\":\"Dolomiti Prealpi\",\"description\":\"\",\"publisher\":{\"@id\":\"https:\/\/www.dolomitiprealpi.it\/de\/#organization\"},\"potentialAction\":[{\"@type\":\"SearchAction\",\"target\":{\"@type\":\"EntryPoint\",\"urlTemplate\":\"https:\/\/www.dolomitiprealpi.it\/de\/?s={search_term_string}\"},\"query-input\":{\"@type\":\"PropertyValueSpecification\",\"valueRequired\":true,\"valueName\":\"search_term_string\"}}],\"inLanguage\":\"de-DE\"},{\"@type\":\"Organization\",\"@id\":\"https:\/\/www.dolomitiprealpi.it\/de\/#organization\",\"name\":\"Consorzio Dolomiti Prealpi\",\"url\":\"https:\/\/www.dolomitiprealpi.it\/de\/\",\"logo\":{\"@type\":\"ImageObject\",\"inLanguage\":\"de-DE\",\"@id\":\"https:\/\/www.dolomitiprealpi.it\/de\/#\/schema\/logo\/image\/\",\"url\":\"https:\/\/www.dolomitiprealpi.it\/wp-content\/uploads\/2023\/03\/dolomitiprealpi-favicon.jpg\",\"contentUrl\":\"https:\/\/www.dolomitiprealpi.it\/wp-content\/uploads\/2023\/03\/dolomitiprealpi-favicon.jpg\",\"width\":512,\"height\":512,\"caption\":\"Consorzio Dolomiti Prealpi\"},\"image\":{\"@id\":\"https:\/\/www.dolomitiprealpi.it\/de\/#\/schema\/logo\/image\/\"},\"sameAs\":[\"https:\/\/www.facebook.com\/dolomitiprealpi.it\/\",\"https:\/\/www.instagram.com\/dolomitiprealpi\/\"]}]}<\/script>\n<!-- \/ Yoast SEO plugin. -->","yoast_head_json":{"title":"Vertigini festival. Improvvisazione Radicale - Dolomiti Prealpi","robots":{"index":"index","follow":"follow","max-snippet":"max-snippet:-1","max-image-preview":"max-image-preview:large","max-video-preview":"max-video-preview:-1"},"canonical":"https:\/\/www.dolomitiprealpi.it\/de\/event\/vertigini-festival-improvvisazione-radicale\/","og_locale":"de_DE","og_type":"article","og_title":"Vertigini festival. Improvvisazione Radicale - Dolomiti Prealpi","og_description":"Radikale Improvisation beim Vertigni Festival Paolo Sanna ist Schlagzeuger und Klangk\u00fcnstler, der seit \u00fcber vierzig Jahren in der europ\u00e4ischen Szene der freien Improvisation aktiv ist. Erforscher ritueller Instrumente und Konstrukteur","og_url":"https:\/\/www.dolomitiprealpi.it\/de\/event\/vertigini-festival-improvvisazione-radicale\/","og_site_name":"Dolomiti Prealpi","article_publisher":"https:\/\/www.facebook.com\/dolomitiprealpi.it\/","article_modified_time":"2026-04-17T11:11:58+00:00","og_image":[{"width":2048,"height":1888,"url":"https:\/\/www.dolomitiprealpi.it\/wp-content\/uploads\/2022\/11\/C.-Timpone-Foto-archivio-Consorzio-turistico-Dolomiti-Prealpi-Nevegal-Belluno-Bike-18-2.jpg","type":"image\/jpeg"}],"twitter_card":"summary_large_image","twitter_misc":{"Est. reading time":"1 minute"},"schema":{"@context":"https:\/\/schema.org","@graph":[{"@type":"WebPage","@id":"https:\/\/www.dolomitiprealpi.it\/de\/event\/vertigini-festival-improvvisazione-radicale\/","url":"https:\/\/www.dolomitiprealpi.it\/de\/event\/vertigini-festival-improvvisazione-radicale\/","name":"Vertigini festival. Improvvisazione Radicale - Dolomiti Prealpi","isPartOf":{"@id":"https:\/\/www.dolomitiprealpi.it\/de\/#website"},"datePublished":"2026-02-15T11:18:31+00:00","dateModified":"2026-04-17T11:11:58+00:00","breadcrumb":{"@id":"https:\/\/www.dolomitiprealpi.it\/de\/event\/vertigini-festival-improvvisazione-radicale\/#breadcrumb"},"inLanguage":"de-DE","potentialAction":[{"@type":"ReadAction","target":["https:\/\/www.dolomitiprealpi.it\/de\/event\/vertigini-festival-improvvisazione-radicale\/"]}]},{"@type":"BreadcrumbList","@id":"https:\/\/www.dolomitiprealpi.it\/de\/event\/vertigini-festival-improvvisazione-radicale\/#breadcrumb","itemListElement":[{"@type":"ListItem","position":1,"name":"Home","item":"https:\/\/www.dolomitiprealpi.it\/de\/"},{"@type":"ListItem","position":2,"name":"Veranstaltungen","item":"https:\/\/www.dolomitiprealpi.it\/de\/events\/"},{"@type":"ListItem","position":3,"name":"Vertigini festival. Improvvisazione Radicale"}]},{"@type":"WebSite","@id":"https:\/\/www.dolomitiprealpi.it\/de\/#website","url":"https:\/\/www.dolomitiprealpi.it\/de\/","name":"Dolomiti Prealpi","description":"","publisher":{"@id":"https:\/\/www.dolomitiprealpi.it\/de\/#organization"},"potentialAction":[{"@type":"SearchAction","target":{"@type":"EntryPoint","urlTemplate":"https:\/\/www.dolomitiprealpi.it\/de\/?s={search_term_string}"},"query-input":{"@type":"PropertyValueSpecification","valueRequired":true,"valueName":"search_term_string"}}],"inLanguage":"de-DE"},{"@type":"Organization","@id":"https:\/\/www.dolomitiprealpi.it\/de\/#organization","name":"Consorzio Dolomiti Prealpi","url":"https:\/\/www.dolomitiprealpi.it\/de\/","logo":{"@type":"ImageObject","inLanguage":"de-DE","@id":"https:\/\/www.dolomitiprealpi.it\/de\/#\/schema\/logo\/image\/","url":"https:\/\/www.dolomitiprealpi.it\/wp-content\/uploads\/2023\/03\/dolomitiprealpi-favicon.jpg","contentUrl":"https:\/\/www.dolomitiprealpi.it\/wp-content\/uploads\/2023\/03\/dolomitiprealpi-favicon.jpg","width":512,"height":512,"caption":"Consorzio Dolomiti Prealpi"},"image":{"@id":"https:\/\/www.dolomitiprealpi.it\/de\/#\/schema\/logo\/image\/"},"sameAs":["https:\/\/www.facebook.com\/dolomitiprealpi.it\/","https:\/\/www.instagram.com\/dolomitiprealpi\/"]}]}},"_links":{"self":[{"href":"https:\/\/www.dolomitiprealpi.it\/de\/wp-json\/wp\/v2\/tribe_events\/87183","targetHints":{"allow":["GET"]}}],"collection":[{"href":"https:\/\/www.dolomitiprealpi.it\/de\/wp-json\/wp\/v2\/tribe_events"}],"about":[{"href":"https:\/\/www.dolomitiprealpi.it\/de\/wp-json\/wp\/v2\/types\/tribe_events"}],"version-history":[{"count":1,"href":"https:\/\/www.dolomitiprealpi.it\/de\/wp-json\/wp\/v2\/tribe_events\/87183\/revisions"}],"predecessor-version":[{"id":88518,"href":"https:\/\/www.dolomitiprealpi.it\/de\/wp-json\/wp\/v2\/tribe_events\/87183\/revisions\/88518"}],"wp:attachment":[{"href":"https:\/\/www.dolomitiprealpi.it\/de\/wp-json\/wp\/v2\/media?parent=87183"}],"wp:term":[{"taxonomy":"post_tag","embeddable":true,"href":"https:\/\/www.dolomitiprealpi.it\/de\/wp-json\/wp\/v2\/tags?post=87183"},{"taxonomy":"tribe_events_cat","embeddable":true,"href":"https:\/\/www.dolomitiprealpi.it\/de\/wp-json\/wp\/v2\/tribe_events_cat?post=87183"}],"curies":[{"name":"wp","href":"https:\/\/api.w.org\/{rel}","templated":true}]}}

<p>Radikale Improvisation beim Vertigni Festival</p>
<p>Paolo Sanna ist Schlagzeuger und Klangkünstler, der seit über vierzig Jahren in der europäischen Szene der freien Improvisation aktiv ist.</p>
<p>Erforscher ritueller Instrumente und Konstrukteur von Klangskulpturen, verwebt Field Recordings, Stille und eine umfangreiche Sammlung von im Laufe der Zeit assemblierte Perkussion.</p>
<p>Er hat über 70 Arbeiten veröffentlicht, darunter 12 Solo-Alben, und ist Gründer des variablen Projekts OKRA.</p>
<p>Die Ticketverkaufsstelle ist geöffnet &#8211; im Studio von SlowMachine in der Via del Piave 4 jeden Mittwoch und Freitag von 17:00 bis 19:00 Uhr &#8211; im Hangar 11 in der Via Tiziano Vecellio, 82/n eineinhalb Stunden vor der Vorstellung.</p>
<p>ticket@slowmachine.org &#8211; 3290898743</p>
<p>Es ist möglich, den Bonus Cultura 18app und die Lehrerkarte zu nutzen.</p>
<p>Um Zugang zum Hangar 11 zu erhalten, ist eine Mitgliedschaft bei SlowMachine APS ETS erforderlich: https://forms.gle/eF1vxAj1eMsBokvh6</p>

<p>Radikale Improvisation beim Vertigni Festival Paolo Sanna ist Schlagzeuger und Klangkünstler, der seit über vierzig Jahren in der europäischen Szene der freien Improvisation aktiv ist. Erforscher ritueller Instrumente und Konstrukteur</p>

<!-- This site is optimized with the Yoast SEO plugin v25.7 - https://yoast.com/wordpress/plugins/seo/ -->
<title>Vertigini festival. Improvvisazione Radicale - Dolomiti Prealpi</title>
<meta name="robots" content="index, follow, max-snippet:-1, max-image-preview:large, max-video-preview:-1" />
<link rel="canonical" href="https://www.dolomitiprealpi.it/de/event/vertigini-festival-improvvisazione-radicale/" />
<meta property="og:locale" content="de_DE" />
<meta property="og:type" content="article" />
<meta property="og:title" content="Vertigini festival. Improvvisazione Radicale - Dolomiti Prealpi" />
<meta property="og:description" content="Radikale Improvisation beim Vertigni Festival Paolo Sanna ist Schlagzeuger und Klangkünstler, der seit über vierzig Jahren in der europäischen Szene der freien Improvisation aktiv ist. Erforscher ritueller Instrumente und Konstrukteur" />
<meta property="og:url" content="https://www.dolomitiprealpi.it/de/event/vertigini-festival-improvvisazione-radicale/" />
<meta property="og:site_name" content="Dolomiti Prealpi" />
<meta property="article:publisher" content="https://www.facebook.com/dolomitiprealpi.it/" />
<meta property="article:modified_time" content="2026-04-17T11:11:58+00:00" />
<meta property="og:image" content="https://www.dolomitiprealpi.it/wp-content/uploads/2022/11/C.-Timpone-Foto-archivio-Consorzio-turistico-Dolomiti-Prealpi-Nevegal-Belluno-Bike-18-2.jpg" />
	<meta property="og:image:width" content="2048" />
	<meta property="og:image:height" content="1888" />
	<meta property="og:image:type" content="image/jpeg" />
<meta name="twitter:card" content="summary_large_image" />
<meta name="twitter:label1" content="Est. reading time" />
	<meta name="twitter:data1" content="1 minute" />
<script type="application/ld+json" class="yoast-schema-graph">{"@context":"https://schema.org","@graph":[{"@type":"WebPage","@id":"https://www.dolomitiprealpi.it/de/event/vertigini-festival-improvvisazione-radicale/","url":"https://www.dolomitiprealpi.it/de/event/vertigini-festival-improvvisazione-radicale/","name":"Vertigini festival. Improvvisazione Radicale - Dolomiti Prealpi","isPartOf":{"@id":"https://www.dolomitiprealpi.it/de/#website"},"datePublished":"2026-02-15T11:18:31+00:00","dateModified":"2026-04-17T11:11:58+00:00","breadcrumb":{"@id":"https://www.dolomitiprealpi.it/de/event/vertigini-festival-improvvisazione-radicale/#breadcrumb"},"inLanguage":"de-DE","potentialAction":[{"@type":"ReadAction","target":["https://www.dolomitiprealpi.it/de/event/vertigini-festival-improvvisazione-radicale/"]}]},{"@type":"BreadcrumbList","@id":"https://www.dolomitiprealpi.it/de/event/vertigini-festival-improvvisazione-radicale/#breadcrumb","itemListElement":[{"@type":"ListItem","position":1,"name":"Home","item":"https://www.dolomitiprealpi.it/de/"},{"@type":"ListItem","position":2,"name":"Veranstaltungen","item":"https://www.dolomitiprealpi.it/de/events/"},{"@type":"ListItem","position":3,"name":"Vertigini festival. Improvvisazione Radicale"}]},{"@type":"WebSite","@id":"https://www.dolomitiprealpi.it/de/#website","url":"https://www.dolomitiprealpi.it/de/","name":"Dolomiti Prealpi","description":"","publisher":{"@id":"https://www.dolomitiprealpi.it/de/#organization"},"potentialAction":[{"@type":"SearchAction","target":{"@type":"EntryPoint","urlTemplate":"https://www.dolomitiprealpi.it/de/?s={search_term_string}"},"query-input":{"@type":"PropertyValueSpecification","valueRequired":true,"valueName":"search_term_string"}}],"inLanguage":"de-DE"},{"@type":"Organization","@id":"https://www.dolomitiprealpi.it/de/#organization","name":"Consorzio Dolomiti Prealpi","url":"https://www.dolomitiprealpi.it/de/","logo":{"@type":"ImageObject","inLanguage":"de-DE","@id":"https://www.dolomitiprealpi.it/de/#/schema/logo/image/","url":"https://www.dolomitiprealpi.it/wp-content/uploads/2023/03/dolomitiprealpi-favicon.jpg","contentUrl":"https://www.dolomitiprealpi.it/wp-content/uploads/2023/03/dolomitiprealpi-favicon.jpg","width":512,"height":512,"caption":"Consorzio Dolomiti Prealpi"},"image":{"@id":"https://www.dolomitiprealpi.it/de/#/schema/logo/image/"},"sameAs":["https://www.facebook.com/dolomitiprealpi.it/","https://www.instagram.com/dolomitiprealpi/"]}]}</script>
<!-- / Yoast SEO plugin. -->

Radikale Improvisation beim Vertigni Festival Paolo Sanna ist Schlagzeuger und Klangkünstler, der seit über vierzig Jahren in der europäischen Szene der freien Improvisation aktiv ist. Erforscher ritueller Instrumente und Konstrukteur
