{"id":86725,"date":"2026-02-15T12:03:09","date_gmt":"2026-02-15T11:03:09","guid":{"rendered":"https:\/\/www.dolomitiprealpi.it\/event\/vertigini-festival-atlante-delle-rive-capitolo1\/"},"modified":"2026-03-20T12:43:28","modified_gmt":"2026-03-20T11:43:28","slug":"vertigini-festival-atlante-delle-rive-capitolo1","status":"publish","type":"tribe_events","link":"https:\/\/www.dolomitiprealpi.it\/de\/event\/vertigini-festival-atlante-delle-rive-capitolo1\/","title":{"rendered":"Vertigini festival. Atlante delle rive Capitolo1"},"content":{"rendered":"<p>Am 28. September, dem Welttag der Fl\u00fcsse, \u00f6ffnet das Ergebnis des Theatralabors Atlante delle Rive f\u00fcr die \u00d6ffentlichkeit.<\/p>\n<p>Teil des von Marco Paolini kuratierten Projekts und eingebettet in das Kooperationsnetzwerk der Fabbrica del Mondo, hat das Labor B\u00fcrger in einen Prozess der Erkundung, Sammlung von Erinnerungen und gemeinschaftlichen Schreibens der Landschaft und der Fl\u00fcsse einbezogen.<\/p>\n<p>Ein lebendiger Atlas, der zur B\u00fchne wird: kollektive Stimme und geteilte Reflexion \u00fcber unsere Beziehung zu Wasser, Territorien und dem Klimawandel.<\/p>\n<p>Mit den Teilnehmern des Theatralabors Atlante delle Rive, Regie von Rajeev Badhan und der Produktion von SlowMachine 2025.<\/p>\n<p>K\u00fcstenatlas &#8211; Kapitel 1 <\/p>\n<p>Territoriale Deklination von Rajeev Badhan \u2013 SlowMachine f\u00fcr Belluno und die H\u00f6henlagen des Piave.<\/p>\n","protected":false},"excerpt":{"rendered":"<p>Am 28. September, dem Welttag der Fl\u00fcsse, \u00f6ffnet das Ergebnis des Theatralabors Atlante delle Rive f\u00fcr die \u00d6ffentlichkeit. Teil des von Marco Paolini kuratierten Projekts und eingebettet in das Kooperationsnetzwerk<\/p>\n","protected":false},"author":0,"featured_media":0,"template":"","meta":{"_acf_changed":false,"inline_featured_image":false,"_tribe_events_status":"","_tribe_events_status_reason":"","footnotes":""},"tags":[259],"tribe_events_cat":[],"class_list":["post-86725","tribe_events","type-tribe_events","status-publish","hentry","tag-eventi-feratel"],"acf":[],"yoast_head":"<!-- This site is optimized with the Yoast SEO plugin v25.7 - https:\/\/yoast.com\/wordpress\/plugins\/seo\/ -->\n<title>Vertigini festival. Atlante delle rive Capitolo1 - Dolomiti Prealpi<\/title>\n<meta name=\"robots\" content=\"index, follow, max-snippet:-1, max-image-preview:large, max-video-preview:-1\" \/>\n<link rel=\"canonical\" href=\"https:\/\/www.dolomitiprealpi.it\/de\/event\/vertigini-festival-atlante-delle-rive-capitolo1\/\" \/>\n<meta property=\"og:locale\" content=\"de_DE\" \/>\n<meta property=\"og:type\" content=\"article\" \/>\n<meta property=\"og:title\" content=\"Vertigini festival. Atlante delle rive Capitolo1 - Dolomiti Prealpi\" \/>\n<meta property=\"og:description\" content=\"Am 28. September, dem Welttag der Fl\u00fcsse, \u00f6ffnet das Ergebnis des Theatralabors Atlante delle Rive f\u00fcr die \u00d6ffentlichkeit. Teil des von Marco Paolini kuratierten Projekts und eingebettet in das Kooperationsnetzwerk\" \/>\n<meta property=\"og:url\" content=\"https:\/\/www.dolomitiprealpi.it\/de\/event\/vertigini-festival-atlante-delle-rive-capitolo1\/\" \/>\n<meta property=\"og:site_name\" content=\"Dolomiti Prealpi\" \/>\n<meta property=\"article:publisher\" content=\"https:\/\/www.facebook.com\/dolomitiprealpi.it\/\" \/>\n<meta property=\"article:modified_time\" content=\"2026-03-20T11:43:28+00:00\" \/>\n<meta property=\"og:image\" content=\"https:\/\/www.dolomitiprealpi.it\/wp-content\/uploads\/2022\/11\/C.-Timpone-Foto-archivio-Consorzio-turistico-Dolomiti-Prealpi-Nevegal-Belluno-Bike-18-2.jpg\" \/>\n\t<meta property=\"og:image:width\" content=\"2048\" \/>\n\t<meta property=\"og:image:height\" content=\"1888\" \/>\n\t<meta property=\"og:image:type\" content=\"image\/jpeg\" \/>\n<meta name=\"twitter:card\" content=\"summary_large_image\" \/>\n<meta name=\"twitter:label1\" content=\"Est. reading time\" \/>\n\t<meta name=\"twitter:data1\" content=\"1 minute\" \/>\n<script type=\"application\/ld+json\" class=\"yoast-schema-graph\">{\"@context\":\"https:\/\/schema.org\",\"@graph\":[{\"@type\":\"WebPage\",\"@id\":\"https:\/\/www.dolomitiprealpi.it\/de\/event\/vertigini-festival-atlante-delle-rive-capitolo1\/\",\"url\":\"https:\/\/www.dolomitiprealpi.it\/de\/event\/vertigini-festival-atlante-delle-rive-capitolo1\/\",\"name\":\"Vertigini festival. Atlante delle rive Capitolo1 - Dolomiti Prealpi\",\"isPartOf\":{\"@id\":\"https:\/\/www.dolomitiprealpi.it\/de\/#website\"},\"datePublished\":\"2026-02-15T11:03:09+00:00\",\"dateModified\":\"2026-03-20T11:43:28+00:00\",\"breadcrumb\":{\"@id\":\"https:\/\/www.dolomitiprealpi.it\/de\/event\/vertigini-festival-atlante-delle-rive-capitolo1\/#breadcrumb\"},\"inLanguage\":\"de-DE\",\"potentialAction\":[{\"@type\":\"ReadAction\",\"target\":[\"https:\/\/www.dolomitiprealpi.it\/de\/event\/vertigini-festival-atlante-delle-rive-capitolo1\/\"]}]},{\"@type\":\"BreadcrumbList\",\"@id\":\"https:\/\/www.dolomitiprealpi.it\/de\/event\/vertigini-festival-atlante-delle-rive-capitolo1\/#breadcrumb\",\"itemListElement\":[{\"@type\":\"ListItem\",\"position\":1,\"name\":\"Home\",\"item\":\"https:\/\/www.dolomitiprealpi.it\/de\/\"},{\"@type\":\"ListItem\",\"position\":2,\"name\":\"Veranstaltungen\",\"item\":\"https:\/\/www.dolomitiprealpi.it\/de\/events\/\"},{\"@type\":\"ListItem\",\"position\":3,\"name\":\"Vertigini festival. Atlante delle rive Capitolo1\"}]},{\"@type\":\"WebSite\",\"@id\":\"https:\/\/www.dolomitiprealpi.it\/de\/#website\",\"url\":\"https:\/\/www.dolomitiprealpi.it\/de\/\",\"name\":\"Dolomiti Prealpi\",\"description\":\"\",\"publisher\":{\"@id\":\"https:\/\/www.dolomitiprealpi.it\/de\/#organization\"},\"potentialAction\":[{\"@type\":\"SearchAction\",\"target\":{\"@type\":\"EntryPoint\",\"urlTemplate\":\"https:\/\/www.dolomitiprealpi.it\/de\/?s={search_term_string}\"},\"query-input\":{\"@type\":\"PropertyValueSpecification\",\"valueRequired\":true,\"valueName\":\"search_term_string\"}}],\"inLanguage\":\"de-DE\"},{\"@type\":\"Organization\",\"@id\":\"https:\/\/www.dolomitiprealpi.it\/de\/#organization\",\"name\":\"Consorzio Dolomiti Prealpi\",\"url\":\"https:\/\/www.dolomitiprealpi.it\/de\/\",\"logo\":{\"@type\":\"ImageObject\",\"inLanguage\":\"de-DE\",\"@id\":\"https:\/\/www.dolomitiprealpi.it\/de\/#\/schema\/logo\/image\/\",\"url\":\"https:\/\/www.dolomitiprealpi.it\/wp-content\/uploads\/2023\/03\/dolomitiprealpi-favicon.jpg\",\"contentUrl\":\"https:\/\/www.dolomitiprealpi.it\/wp-content\/uploads\/2023\/03\/dolomitiprealpi-favicon.jpg\",\"width\":512,\"height\":512,\"caption\":\"Consorzio Dolomiti Prealpi\"},\"image\":{\"@id\":\"https:\/\/www.dolomitiprealpi.it\/de\/#\/schema\/logo\/image\/\"},\"sameAs\":[\"https:\/\/www.facebook.com\/dolomitiprealpi.it\/\",\"https:\/\/www.instagram.com\/dolomitiprealpi\/\"]}]}<\/script>\n<!-- \/ Yoast SEO plugin. -->","yoast_head_json":{"title":"Vertigini festival. Atlante delle rive Capitolo1 - Dolomiti Prealpi","robots":{"index":"index","follow":"follow","max-snippet":"max-snippet:-1","max-image-preview":"max-image-preview:large","max-video-preview":"max-video-preview:-1"},"canonical":"https:\/\/www.dolomitiprealpi.it\/de\/event\/vertigini-festival-atlante-delle-rive-capitolo1\/","og_locale":"de_DE","og_type":"article","og_title":"Vertigini festival. Atlante delle rive Capitolo1 - Dolomiti Prealpi","og_description":"Am 28. September, dem Welttag der Fl\u00fcsse, \u00f6ffnet das Ergebnis des Theatralabors Atlante delle Rive f\u00fcr die \u00d6ffentlichkeit. Teil des von Marco Paolini kuratierten Projekts und eingebettet in das Kooperationsnetzwerk","og_url":"https:\/\/www.dolomitiprealpi.it\/de\/event\/vertigini-festival-atlante-delle-rive-capitolo1\/","og_site_name":"Dolomiti Prealpi","article_publisher":"https:\/\/www.facebook.com\/dolomitiprealpi.it\/","article_modified_time":"2026-03-20T11:43:28+00:00","og_image":[{"width":2048,"height":1888,"url":"https:\/\/www.dolomitiprealpi.it\/wp-content\/uploads\/2022\/11\/C.-Timpone-Foto-archivio-Consorzio-turistico-Dolomiti-Prealpi-Nevegal-Belluno-Bike-18-2.jpg","type":"image\/jpeg"}],"twitter_card":"summary_large_image","twitter_misc":{"Est. reading time":"1 minute"},"schema":{"@context":"https:\/\/schema.org","@graph":[{"@type":"WebPage","@id":"https:\/\/www.dolomitiprealpi.it\/de\/event\/vertigini-festival-atlante-delle-rive-capitolo1\/","url":"https:\/\/www.dolomitiprealpi.it\/de\/event\/vertigini-festival-atlante-delle-rive-capitolo1\/","name":"Vertigini festival. Atlante delle rive Capitolo1 - Dolomiti Prealpi","isPartOf":{"@id":"https:\/\/www.dolomitiprealpi.it\/de\/#website"},"datePublished":"2026-02-15T11:03:09+00:00","dateModified":"2026-03-20T11:43:28+00:00","breadcrumb":{"@id":"https:\/\/www.dolomitiprealpi.it\/de\/event\/vertigini-festival-atlante-delle-rive-capitolo1\/#breadcrumb"},"inLanguage":"de-DE","potentialAction":[{"@type":"ReadAction","target":["https:\/\/www.dolomitiprealpi.it\/de\/event\/vertigini-festival-atlante-delle-rive-capitolo1\/"]}]},{"@type":"BreadcrumbList","@id":"https:\/\/www.dolomitiprealpi.it\/de\/event\/vertigini-festival-atlante-delle-rive-capitolo1\/#breadcrumb","itemListElement":[{"@type":"ListItem","position":1,"name":"Home","item":"https:\/\/www.dolomitiprealpi.it\/de\/"},{"@type":"ListItem","position":2,"name":"Veranstaltungen","item":"https:\/\/www.dolomitiprealpi.it\/de\/events\/"},{"@type":"ListItem","position":3,"name":"Vertigini festival. Atlante delle rive Capitolo1"}]},{"@type":"WebSite","@id":"https:\/\/www.dolomitiprealpi.it\/de\/#website","url":"https:\/\/www.dolomitiprealpi.it\/de\/","name":"Dolomiti Prealpi","description":"","publisher":{"@id":"https:\/\/www.dolomitiprealpi.it\/de\/#organization"},"potentialAction":[{"@type":"SearchAction","target":{"@type":"EntryPoint","urlTemplate":"https:\/\/www.dolomitiprealpi.it\/de\/?s={search_term_string}"},"query-input":{"@type":"PropertyValueSpecification","valueRequired":true,"valueName":"search_term_string"}}],"inLanguage":"de-DE"},{"@type":"Organization","@id":"https:\/\/www.dolomitiprealpi.it\/de\/#organization","name":"Consorzio Dolomiti Prealpi","url":"https:\/\/www.dolomitiprealpi.it\/de\/","logo":{"@type":"ImageObject","inLanguage":"de-DE","@id":"https:\/\/www.dolomitiprealpi.it\/de\/#\/schema\/logo\/image\/","url":"https:\/\/www.dolomitiprealpi.it\/wp-content\/uploads\/2023\/03\/dolomitiprealpi-favicon.jpg","contentUrl":"https:\/\/www.dolomitiprealpi.it\/wp-content\/uploads\/2023\/03\/dolomitiprealpi-favicon.jpg","width":512,"height":512,"caption":"Consorzio Dolomiti Prealpi"},"image":{"@id":"https:\/\/www.dolomitiprealpi.it\/de\/#\/schema\/logo\/image\/"},"sameAs":["https:\/\/www.facebook.com\/dolomitiprealpi.it\/","https:\/\/www.instagram.com\/dolomitiprealpi\/"]}]}},"_links":{"self":[{"href":"https:\/\/www.dolomitiprealpi.it\/de\/wp-json\/wp\/v2\/tribe_events\/86725","targetHints":{"allow":["GET"]}}],"collection":[{"href":"https:\/\/www.dolomitiprealpi.it\/de\/wp-json\/wp\/v2\/tribe_events"}],"about":[{"href":"https:\/\/www.dolomitiprealpi.it\/de\/wp-json\/wp\/v2\/types\/tribe_events"}],"version-history":[{"count":1,"href":"https:\/\/www.dolomitiprealpi.it\/de\/wp-json\/wp\/v2\/tribe_events\/86725\/revisions"}],"predecessor-version":[{"id":88393,"href":"https:\/\/www.dolomitiprealpi.it\/de\/wp-json\/wp\/v2\/tribe_events\/86725\/revisions\/88393"}],"wp:attachment":[{"href":"https:\/\/www.dolomitiprealpi.it\/de\/wp-json\/wp\/v2\/media?parent=86725"}],"wp:term":[{"taxonomy":"post_tag","embeddable":true,"href":"https:\/\/www.dolomitiprealpi.it\/de\/wp-json\/wp\/v2\/tags?post=86725"},{"taxonomy":"tribe_events_cat","embeddable":true,"href":"https:\/\/www.dolomitiprealpi.it\/de\/wp-json\/wp\/v2\/tribe_events_cat?post=86725"}],"curies":[{"name":"wp","href":"https:\/\/api.w.org\/{rel}","templated":true}]}}

<p>Am 28. September, dem Welttag der Flüsse, öffnet das Ergebnis des Theatralabors Atlante delle Rive für die Öffentlichkeit.</p>
<p>Teil des von Marco Paolini kuratierten Projekts und eingebettet in das Kooperationsnetzwerk der Fabbrica del Mondo, hat das Labor Bürger in einen Prozess der Erkundung, Sammlung von Erinnerungen und gemeinschaftlichen Schreibens der Landschaft und der Flüsse einbezogen.</p>
<p>Ein lebendiger Atlas, der zur Bühne wird: kollektive Stimme und geteilte Reflexion über unsere Beziehung zu Wasser, Territorien und dem Klimawandel.</p>
<p>Mit den Teilnehmern des Theatralabors Atlante delle Rive, Regie von Rajeev Badhan und der Produktion von SlowMachine 2025.</p>
<p>Küstenatlas &#8211; Kapitel 1 </p>
<p>Territoriale Deklination von Rajeev Badhan – SlowMachine für Belluno und die Höhenlagen des Piave.</p>

<p>Am 28. September, dem Welttag der Flüsse, öffnet das Ergebnis des Theatralabors Atlante delle Rive für die Öffentlichkeit. Teil des von Marco Paolini kuratierten Projekts und eingebettet in das Kooperationsnetzwerk</p>

<!-- This site is optimized with the Yoast SEO plugin v25.7 - https://yoast.com/wordpress/plugins/seo/ -->
<title>Vertigini festival. Atlante delle rive Capitolo1 - Dolomiti Prealpi</title>
<meta name="robots" content="index, follow, max-snippet:-1, max-image-preview:large, max-video-preview:-1" />
<link rel="canonical" href="https://www.dolomitiprealpi.it/de/event/vertigini-festival-atlante-delle-rive-capitolo1/" />
<meta property="og:locale" content="de_DE" />
<meta property="og:type" content="article" />
<meta property="og:title" content="Vertigini festival. Atlante delle rive Capitolo1 - Dolomiti Prealpi" />
<meta property="og:description" content="Am 28. September, dem Welttag der Flüsse, öffnet das Ergebnis des Theatralabors Atlante delle Rive für die Öffentlichkeit. Teil des von Marco Paolini kuratierten Projekts und eingebettet in das Kooperationsnetzwerk" />
<meta property="og:url" content="https://www.dolomitiprealpi.it/de/event/vertigini-festival-atlante-delle-rive-capitolo1/" />
<meta property="og:site_name" content="Dolomiti Prealpi" />
<meta property="article:publisher" content="https://www.facebook.com/dolomitiprealpi.it/" />
<meta property="article:modified_time" content="2026-03-20T11:43:28+00:00" />
<meta property="og:image" content="https://www.dolomitiprealpi.it/wp-content/uploads/2022/11/C.-Timpone-Foto-archivio-Consorzio-turistico-Dolomiti-Prealpi-Nevegal-Belluno-Bike-18-2.jpg" />
	<meta property="og:image:width" content="2048" />
	<meta property="og:image:height" content="1888" />
	<meta property="og:image:type" content="image/jpeg" />
<meta name="twitter:card" content="summary_large_image" />
<meta name="twitter:label1" content="Est. reading time" />
	<meta name="twitter:data1" content="1 minute" />
<script type="application/ld+json" class="yoast-schema-graph">{"@context":"https://schema.org","@graph":[{"@type":"WebPage","@id":"https://www.dolomitiprealpi.it/de/event/vertigini-festival-atlante-delle-rive-capitolo1/","url":"https://www.dolomitiprealpi.it/de/event/vertigini-festival-atlante-delle-rive-capitolo1/","name":"Vertigini festival. Atlante delle rive Capitolo1 - Dolomiti Prealpi","isPartOf":{"@id":"https://www.dolomitiprealpi.it/de/#website"},"datePublished":"2026-02-15T11:03:09+00:00","dateModified":"2026-03-20T11:43:28+00:00","breadcrumb":{"@id":"https://www.dolomitiprealpi.it/de/event/vertigini-festival-atlante-delle-rive-capitolo1/#breadcrumb"},"inLanguage":"de-DE","potentialAction":[{"@type":"ReadAction","target":["https://www.dolomitiprealpi.it/de/event/vertigini-festival-atlante-delle-rive-capitolo1/"]}]},{"@type":"BreadcrumbList","@id":"https://www.dolomitiprealpi.it/de/event/vertigini-festival-atlante-delle-rive-capitolo1/#breadcrumb","itemListElement":[{"@type":"ListItem","position":1,"name":"Home","item":"https://www.dolomitiprealpi.it/de/"},{"@type":"ListItem","position":2,"name":"Veranstaltungen","item":"https://www.dolomitiprealpi.it/de/events/"},{"@type":"ListItem","position":3,"name":"Vertigini festival. Atlante delle rive Capitolo1"}]},{"@type":"WebSite","@id":"https://www.dolomitiprealpi.it/de/#website","url":"https://www.dolomitiprealpi.it/de/","name":"Dolomiti Prealpi","description":"","publisher":{"@id":"https://www.dolomitiprealpi.it/de/#organization"},"potentialAction":[{"@type":"SearchAction","target":{"@type":"EntryPoint","urlTemplate":"https://www.dolomitiprealpi.it/de/?s={search_term_string}"},"query-input":{"@type":"PropertyValueSpecification","valueRequired":true,"valueName":"search_term_string"}}],"inLanguage":"de-DE"},{"@type":"Organization","@id":"https://www.dolomitiprealpi.it/de/#organization","name":"Consorzio Dolomiti Prealpi","url":"https://www.dolomitiprealpi.it/de/","logo":{"@type":"ImageObject","inLanguage":"de-DE","@id":"https://www.dolomitiprealpi.it/de/#/schema/logo/image/","url":"https://www.dolomitiprealpi.it/wp-content/uploads/2023/03/dolomitiprealpi-favicon.jpg","contentUrl":"https://www.dolomitiprealpi.it/wp-content/uploads/2023/03/dolomitiprealpi-favicon.jpg","width":512,"height":512,"caption":"Consorzio Dolomiti Prealpi"},"image":{"@id":"https://www.dolomitiprealpi.it/de/#/schema/logo/image/"},"sameAs":["https://www.facebook.com/dolomitiprealpi.it/","https://www.instagram.com/dolomitiprealpi/"]}]}</script>
<!-- / Yoast SEO plugin. -->

Am 28. September, dem Welttag der Flüsse, öffnet das Ergebnis des Theatralabors Atlante delle Rive für die Öffentlichkeit. Teil des von Marco Paolini kuratierten Projekts und eingebettet in das Kooperationsnetzwerk
