{"id":86494,"date":"2026-02-15T11:57:08","date_gmt":"2026-02-15T10:57:08","guid":{"rendered":"https:\/\/www.dolomitiprealpi.it\/event\/museo-regionale-delluomo-in-cansiglio-e-centro-etnografico-e-di-cultura-cimbra\/"},"modified":"2026-03-20T12:36:40","modified_gmt":"2026-03-20T11:36:40","slug":"museo-regionale-delluomo-in-cansiglio-e-centro-etnografico-e-di-cultura-cimbra-3","status":"publish","type":"tribe_events","link":"https:\/\/www.dolomitiprealpi.it\/de\/event\/museo-regionale-delluomo-in-cansiglio-e-centro-etnografico-e-di-cultura-cimbra-3\/","title":{"rendered":"Museo regionale dell&#8217;Uomo in Cansiglio e Centro etnografico e di cultura cimbra"},"content":{"rendered":"<p><b>Programm Sonntag, 14. September:<br \/><\/b>Um 15:00 Uhr F\u00fchrung im Museum \u201eKartographie des Cansiglio\u201c.<\/p>\n<p><b>\u00d6ffnungszeiten:<br \/><\/b>vom 1. Juni bis 30. September: Donnerstag und Freitag 14-18&nbsp;\/\/ Samstag, Sonntag und Feiertage 10-12:30 und 14-18.<br \/>Ganzj\u00e4hrig f\u00fcr Gruppen auf Anfrage ge\u00f6ffnet.<\/p>\n<p>Der Cansiglio ist ein voralpine Hochebene zwischen den Provinzen Belluno, Treviso und Pordenone. Mit seiner charakteristischen Schalenform ist er ein wahres Paradies f\u00fcr Wanderer aufgrund seines Waldes, der der zweitgr\u00f6\u00dfte in Italien ist. In diesem Gebiet gibt es eine ethnische Siedlung der Zimber, die auf Anfang des 19. Jahrhunderts zur\u00fcckgeht. Diese germanische Bev\u00f6lkerung stammt aus Roana, einer der sieben Gemeinden des vicentinischen Hochlands, die sich hier wegen der reichhaltigen Buchenw\u00e4lder, einer Pflanzenart, die f\u00fcr handwerkliche Arbeiten geeignet ist, niederlie\u00df.<br \/>Derzeit werden die D\u00f6rfer Campon und Pian Osteria von den Zimber bewohnt, w\u00e4hrend es in Le Rotte, Vallorch, I Pich, Pian Canaie, Canaie, Pian dei Lovi und Valbona noch Spuren einiger typischer Bauwerke gibt. Das historische Geb\u00e4ude in Pian Osteria beherbergt das ethnografische Museum und Museum f\u00fcr Zimbrokultur; es ist t\u00e4glich vom 15. Juni bis 15. September ge\u00f6ffnet und kann auch in anderen Jahreszeiten nach vorheriger Anmeldung besucht werden. Zu den drei Abteilungen geh\u00f6rt die erste, die den Holzverarbeitungen gewidmet ist; die zweite ist den handwerklichen T\u00e4tigkeiten der Zimber gewidmet; die dritte ist der Bibliothek und der Vorf\u00fchrung von Videos \u00fcber den Cansiglio und die Zimbrokultur, seiner Geschichte und seinen Legenden gewidmet. Schlie\u00dflich die gute K\u00fcche: Die Restaurants im Cansiglio bieten auch Zimbrezepte, die \u00fcber Generationen weitergegeben wurden.<br \/>Kontaktinformationen unter der Nummer 333 3513668 oder per E-Mail an francescoazzalini@libero.it.<\/p>\n","protected":false},"excerpt":{"rendered":"<p>Programm Sonntag, 14. September:Um 15:00 Uhr F\u00fchrung im Museum \u201eKartographie des Cansiglio\u201c. \u00d6ffnungszeiten:vom 1. Juni bis 30. September: Donnerstag und Freitag 14-18&nbsp;\/\/ Samstag, Sonntag und Feiertage 10-12:30 und 14-18.Ganzj\u00e4hrig f\u00fcr<\/p>\n","protected":false},"author":0,"featured_media":0,"template":"","meta":{"_acf_changed":false,"inline_featured_image":false,"_tribe_events_status":"","_tribe_events_status_reason":"","footnotes":""},"tags":[259],"tribe_events_cat":[],"class_list":["post-86494","tribe_events","type-tribe_events","status-publish","hentry","tag-eventi-feratel"],"acf":[],"yoast_head":"<!-- This site is optimized with the Yoast SEO plugin v25.7 - https:\/\/yoast.com\/wordpress\/plugins\/seo\/ -->\n<title>Museo regionale dell&#039;Uomo in Cansiglio e Centro etnografico e di cultura cimbra - Dolomiti Prealpi<\/title>\n<meta name=\"robots\" content=\"index, follow, max-snippet:-1, max-image-preview:large, max-video-preview:-1\" \/>\n<link rel=\"canonical\" href=\"https:\/\/www.dolomitiprealpi.it\/de\/event\/museo-regionale-delluomo-in-cansiglio-e-centro-etnografico-e-di-cultura-cimbra-3\/\" \/>\n<meta property=\"og:locale\" content=\"de_DE\" \/>\n<meta property=\"og:type\" content=\"article\" \/>\n<meta property=\"og:title\" content=\"Museo regionale dell&#039;Uomo in Cansiglio e Centro etnografico e di cultura cimbra - Dolomiti Prealpi\" \/>\n<meta property=\"og:description\" content=\"Programm Sonntag, 14. September:Um 15:00 Uhr F\u00fchrung im Museum \u201eKartographie des Cansiglio\u201c. \u00d6ffnungszeiten:vom 1. Juni bis 30. September: Donnerstag und Freitag 14-18&nbsp;\/\/ Samstag, Sonntag und Feiertage 10-12:30 und 14-18.Ganzj\u00e4hrig f\u00fcr\" \/>\n<meta property=\"og:url\" content=\"https:\/\/www.dolomitiprealpi.it\/de\/event\/museo-regionale-delluomo-in-cansiglio-e-centro-etnografico-e-di-cultura-cimbra-3\/\" \/>\n<meta property=\"og:site_name\" content=\"Dolomiti Prealpi\" \/>\n<meta property=\"article:publisher\" content=\"https:\/\/www.facebook.com\/dolomitiprealpi.it\/\" \/>\n<meta property=\"article:modified_time\" content=\"2026-03-20T11:36:40+00:00\" \/>\n<meta property=\"og:image\" content=\"https:\/\/www.dolomitiprealpi.it\/wp-content\/uploads\/2022\/11\/C.-Timpone-Foto-archivio-Consorzio-turistico-Dolomiti-Prealpi-Nevegal-Belluno-Bike-18-2.jpg\" \/>\n\t<meta property=\"og:image:width\" content=\"2048\" \/>\n\t<meta property=\"og:image:height\" content=\"1888\" \/>\n\t<meta property=\"og:image:type\" content=\"image\/jpeg\" \/>\n<meta name=\"twitter:card\" content=\"summary_large_image\" \/>\n<meta name=\"twitter:label1\" content=\"Est. reading time\" \/>\n\t<meta name=\"twitter:data1\" content=\"1 minute\" \/>\n<script type=\"application\/ld+json\" class=\"yoast-schema-graph\">{\"@context\":\"https:\/\/schema.org\",\"@graph\":[{\"@type\":\"WebPage\",\"@id\":\"https:\/\/www.dolomitiprealpi.it\/de\/event\/museo-regionale-delluomo-in-cansiglio-e-centro-etnografico-e-di-cultura-cimbra-3\/\",\"url\":\"https:\/\/www.dolomitiprealpi.it\/de\/event\/museo-regionale-delluomo-in-cansiglio-e-centro-etnografico-e-di-cultura-cimbra-3\/\",\"name\":\"Museo regionale dell'Uomo in Cansiglio e Centro etnografico e di cultura cimbra - Dolomiti Prealpi\",\"isPartOf\":{\"@id\":\"https:\/\/www.dolomitiprealpi.it\/de\/#website\"},\"datePublished\":\"2026-02-15T10:57:08+00:00\",\"dateModified\":\"2026-03-20T11:36:40+00:00\",\"breadcrumb\":{\"@id\":\"https:\/\/www.dolomitiprealpi.it\/de\/event\/museo-regionale-delluomo-in-cansiglio-e-centro-etnografico-e-di-cultura-cimbra-3\/#breadcrumb\"},\"inLanguage\":\"de-DE\",\"potentialAction\":[{\"@type\":\"ReadAction\",\"target\":[\"https:\/\/www.dolomitiprealpi.it\/de\/event\/museo-regionale-delluomo-in-cansiglio-e-centro-etnografico-e-di-cultura-cimbra-3\/\"]}]},{\"@type\":\"BreadcrumbList\",\"@id\":\"https:\/\/www.dolomitiprealpi.it\/de\/event\/museo-regionale-delluomo-in-cansiglio-e-centro-etnografico-e-di-cultura-cimbra-3\/#breadcrumb\",\"itemListElement\":[{\"@type\":\"ListItem\",\"position\":1,\"name\":\"Home\",\"item\":\"https:\/\/www.dolomitiprealpi.it\/de\/\"},{\"@type\":\"ListItem\",\"position\":2,\"name\":\"Veranstaltungen\",\"item\":\"https:\/\/www.dolomitiprealpi.it\/de\/events\/\"},{\"@type\":\"ListItem\",\"position\":3,\"name\":\"Museo regionale dell&#8217;Uomo in Cansiglio e Centro etnografico e di cultura cimbra\"}]},{\"@type\":\"WebSite\",\"@id\":\"https:\/\/www.dolomitiprealpi.it\/de\/#website\",\"url\":\"https:\/\/www.dolomitiprealpi.it\/de\/\",\"name\":\"Dolomiti Prealpi\",\"description\":\"\",\"publisher\":{\"@id\":\"https:\/\/www.dolomitiprealpi.it\/de\/#organization\"},\"potentialAction\":[{\"@type\":\"SearchAction\",\"target\":{\"@type\":\"EntryPoint\",\"urlTemplate\":\"https:\/\/www.dolomitiprealpi.it\/de\/?s={search_term_string}\"},\"query-input\":{\"@type\":\"PropertyValueSpecification\",\"valueRequired\":true,\"valueName\":\"search_term_string\"}}],\"inLanguage\":\"de-DE\"},{\"@type\":\"Organization\",\"@id\":\"https:\/\/www.dolomitiprealpi.it\/de\/#organization\",\"name\":\"Consorzio Dolomiti Prealpi\",\"url\":\"https:\/\/www.dolomitiprealpi.it\/de\/\",\"logo\":{\"@type\":\"ImageObject\",\"inLanguage\":\"de-DE\",\"@id\":\"https:\/\/www.dolomitiprealpi.it\/de\/#\/schema\/logo\/image\/\",\"url\":\"https:\/\/www.dolomitiprealpi.it\/wp-content\/uploads\/2023\/03\/dolomitiprealpi-favicon.jpg\",\"contentUrl\":\"https:\/\/www.dolomitiprealpi.it\/wp-content\/uploads\/2023\/03\/dolomitiprealpi-favicon.jpg\",\"width\":512,\"height\":512,\"caption\":\"Consorzio Dolomiti Prealpi\"},\"image\":{\"@id\":\"https:\/\/www.dolomitiprealpi.it\/de\/#\/schema\/logo\/image\/\"},\"sameAs\":[\"https:\/\/www.facebook.com\/dolomitiprealpi.it\/\",\"https:\/\/www.instagram.com\/dolomitiprealpi\/\"]}]}<\/script>\n<!-- \/ Yoast SEO plugin. -->","yoast_head_json":{"title":"Museo regionale dell'Uomo in Cansiglio e Centro etnografico e di cultura cimbra - Dolomiti Prealpi","robots":{"index":"index","follow":"follow","max-snippet":"max-snippet:-1","max-image-preview":"max-image-preview:large","max-video-preview":"max-video-preview:-1"},"canonical":"https:\/\/www.dolomitiprealpi.it\/de\/event\/museo-regionale-delluomo-in-cansiglio-e-centro-etnografico-e-di-cultura-cimbra-3\/","og_locale":"de_DE","og_type":"article","og_title":"Museo regionale dell'Uomo in Cansiglio e Centro etnografico e di cultura cimbra - Dolomiti Prealpi","og_description":"Programm Sonntag, 14. September:Um 15:00 Uhr F\u00fchrung im Museum \u201eKartographie des Cansiglio\u201c. \u00d6ffnungszeiten:vom 1. Juni bis 30. September: Donnerstag und Freitag 14-18&nbsp;\/\/ Samstag, Sonntag und Feiertage 10-12:30 und 14-18.Ganzj\u00e4hrig f\u00fcr","og_url":"https:\/\/www.dolomitiprealpi.it\/de\/event\/museo-regionale-delluomo-in-cansiglio-e-centro-etnografico-e-di-cultura-cimbra-3\/","og_site_name":"Dolomiti Prealpi","article_publisher":"https:\/\/www.facebook.com\/dolomitiprealpi.it\/","article_modified_time":"2026-03-20T11:36:40+00:00","og_image":[{"width":2048,"height":1888,"url":"https:\/\/www.dolomitiprealpi.it\/wp-content\/uploads\/2022\/11\/C.-Timpone-Foto-archivio-Consorzio-turistico-Dolomiti-Prealpi-Nevegal-Belluno-Bike-18-2.jpg","type":"image\/jpeg"}],"twitter_card":"summary_large_image","twitter_misc":{"Est. reading time":"1 minute"},"schema":{"@context":"https:\/\/schema.org","@graph":[{"@type":"WebPage","@id":"https:\/\/www.dolomitiprealpi.it\/de\/event\/museo-regionale-delluomo-in-cansiglio-e-centro-etnografico-e-di-cultura-cimbra-3\/","url":"https:\/\/www.dolomitiprealpi.it\/de\/event\/museo-regionale-delluomo-in-cansiglio-e-centro-etnografico-e-di-cultura-cimbra-3\/","name":"Museo regionale dell'Uomo in Cansiglio e Centro etnografico e di cultura cimbra - Dolomiti Prealpi","isPartOf":{"@id":"https:\/\/www.dolomitiprealpi.it\/de\/#website"},"datePublished":"2026-02-15T10:57:08+00:00","dateModified":"2026-03-20T11:36:40+00:00","breadcrumb":{"@id":"https:\/\/www.dolomitiprealpi.it\/de\/event\/museo-regionale-delluomo-in-cansiglio-e-centro-etnografico-e-di-cultura-cimbra-3\/#breadcrumb"},"inLanguage":"de-DE","potentialAction":[{"@type":"ReadAction","target":["https:\/\/www.dolomitiprealpi.it\/de\/event\/museo-regionale-delluomo-in-cansiglio-e-centro-etnografico-e-di-cultura-cimbra-3\/"]}]},{"@type":"BreadcrumbList","@id":"https:\/\/www.dolomitiprealpi.it\/de\/event\/museo-regionale-delluomo-in-cansiglio-e-centro-etnografico-e-di-cultura-cimbra-3\/#breadcrumb","itemListElement":[{"@type":"ListItem","position":1,"name":"Home","item":"https:\/\/www.dolomitiprealpi.it\/de\/"},{"@type":"ListItem","position":2,"name":"Veranstaltungen","item":"https:\/\/www.dolomitiprealpi.it\/de\/events\/"},{"@type":"ListItem","position":3,"name":"Museo regionale dell&#8217;Uomo in Cansiglio e Centro etnografico e di cultura cimbra"}]},{"@type":"WebSite","@id":"https:\/\/www.dolomitiprealpi.it\/de\/#website","url":"https:\/\/www.dolomitiprealpi.it\/de\/","name":"Dolomiti Prealpi","description":"","publisher":{"@id":"https:\/\/www.dolomitiprealpi.it\/de\/#organization"},"potentialAction":[{"@type":"SearchAction","target":{"@type":"EntryPoint","urlTemplate":"https:\/\/www.dolomitiprealpi.it\/de\/?s={search_term_string}"},"query-input":{"@type":"PropertyValueSpecification","valueRequired":true,"valueName":"search_term_string"}}],"inLanguage":"de-DE"},{"@type":"Organization","@id":"https:\/\/www.dolomitiprealpi.it\/de\/#organization","name":"Consorzio Dolomiti Prealpi","url":"https:\/\/www.dolomitiprealpi.it\/de\/","logo":{"@type":"ImageObject","inLanguage":"de-DE","@id":"https:\/\/www.dolomitiprealpi.it\/de\/#\/schema\/logo\/image\/","url":"https:\/\/www.dolomitiprealpi.it\/wp-content\/uploads\/2023\/03\/dolomitiprealpi-favicon.jpg","contentUrl":"https:\/\/www.dolomitiprealpi.it\/wp-content\/uploads\/2023\/03\/dolomitiprealpi-favicon.jpg","width":512,"height":512,"caption":"Consorzio Dolomiti Prealpi"},"image":{"@id":"https:\/\/www.dolomitiprealpi.it\/de\/#\/schema\/logo\/image\/"},"sameAs":["https:\/\/www.facebook.com\/dolomitiprealpi.it\/","https:\/\/www.instagram.com\/dolomitiprealpi\/"]}]}},"_links":{"self":[{"href":"https:\/\/www.dolomitiprealpi.it\/de\/wp-json\/wp\/v2\/tribe_events\/86494","targetHints":{"allow":["GET"]}}],"collection":[{"href":"https:\/\/www.dolomitiprealpi.it\/de\/wp-json\/wp\/v2\/tribe_events"}],"about":[{"href":"https:\/\/www.dolomitiprealpi.it\/de\/wp-json\/wp\/v2\/types\/tribe_events"}],"version-history":[{"count":1,"href":"https:\/\/www.dolomitiprealpi.it\/de\/wp-json\/wp\/v2\/tribe_events\/86494\/revisions"}],"predecessor-version":[{"id":88314,"href":"https:\/\/www.dolomitiprealpi.it\/de\/wp-json\/wp\/v2\/tribe_events\/86494\/revisions\/88314"}],"wp:attachment":[{"href":"https:\/\/www.dolomitiprealpi.it\/de\/wp-json\/wp\/v2\/media?parent=86494"}],"wp:term":[{"taxonomy":"post_tag","embeddable":true,"href":"https:\/\/www.dolomitiprealpi.it\/de\/wp-json\/wp\/v2\/tags?post=86494"},{"taxonomy":"tribe_events_cat","embeddable":true,"href":"https:\/\/www.dolomitiprealpi.it\/de\/wp-json\/wp\/v2\/tribe_events_cat?post=86494"}],"curies":[{"name":"wp","href":"https:\/\/api.w.org\/{rel}","templated":true}]}}

<p><b>Programm Sonntag, 14. September:<br /></b>Um 15:00 Uhr Führung im Museum „Kartographie des Cansiglio“.</p>
<p><b>Öffnungszeiten:<br /></b>vom 1. Juni bis 30. September: Donnerstag und Freitag 14-18&nbsp;// Samstag, Sonntag und Feiertage 10-12:30 und 14-18.<br />Ganzjährig für Gruppen auf Anfrage geöffnet.</p>
<p>Der Cansiglio ist ein voralpine Hochebene zwischen den Provinzen Belluno, Treviso und Pordenone. Mit seiner charakteristischen Schalenform ist er ein wahres Paradies für Wanderer aufgrund seines Waldes, der der zweitgrößte in Italien ist. In diesem Gebiet gibt es eine ethnische Siedlung der Zimber, die auf Anfang des 19. Jahrhunderts zurückgeht. Diese germanische Bevölkerung stammt aus Roana, einer der sieben Gemeinden des vicentinischen Hochlands, die sich hier wegen der reichhaltigen Buchenwälder, einer Pflanzenart, die für handwerkliche Arbeiten geeignet ist, niederließ.<br />Derzeit werden die Dörfer Campon und Pian Osteria von den Zimber bewohnt, während es in Le Rotte, Vallorch, I Pich, Pian Canaie, Canaie, Pian dei Lovi und Valbona noch Spuren einiger typischer Bauwerke gibt. Das historische Gebäude in Pian Osteria beherbergt das ethnografische Museum und Museum für Zimbrokultur; es ist täglich vom 15. Juni bis 15. September geöffnet und kann auch in anderen Jahreszeiten nach vorheriger Anmeldung besucht werden. Zu den drei Abteilungen gehört die erste, die den Holzverarbeitungen gewidmet ist; die zweite ist den handwerklichen Tätigkeiten der Zimber gewidmet; die dritte ist der Bibliothek und der Vorführung von Videos über den Cansiglio und die Zimbrokultur, seiner Geschichte und seinen Legenden gewidmet. Schließlich die gute Küche: Die Restaurants im Cansiglio bieten auch Zimbrezepte, die über Generationen weitergegeben wurden.<br />Kontaktinformationen unter der Nummer 333 3513668 oder per E-Mail an francescoazzalini@libero.it.</p>

<p>Programm Sonntag, 14. September:Um 15:00 Uhr Führung im Museum „Kartographie des Cansiglio“. Öffnungszeiten:vom 1. Juni bis 30. September: Donnerstag und Freitag 14-18&nbsp;// Samstag, Sonntag und Feiertage 10-12:30 und 14-18.Ganzjährig für</p>

<!-- This site is optimized with the Yoast SEO plugin v25.7 - https://yoast.com/wordpress/plugins/seo/ -->
<title>Museo regionale dell&#039;Uomo in Cansiglio e Centro etnografico e di cultura cimbra - Dolomiti Prealpi</title>
<meta name="robots" content="index, follow, max-snippet:-1, max-image-preview:large, max-video-preview:-1" />
<link rel="canonical" href="https://www.dolomitiprealpi.it/de/event/museo-regionale-delluomo-in-cansiglio-e-centro-etnografico-e-di-cultura-cimbra-3/" />
<meta property="og:locale" content="de_DE" />
<meta property="og:type" content="article" />
<meta property="og:title" content="Museo regionale dell&#039;Uomo in Cansiglio e Centro etnografico e di cultura cimbra - Dolomiti Prealpi" />
<meta property="og:description" content="Programm Sonntag, 14. September:Um 15:00 Uhr Führung im Museum „Kartographie des Cansiglio“. Öffnungszeiten:vom 1. Juni bis 30. September: Donnerstag und Freitag 14-18&nbsp;// Samstag, Sonntag und Feiertage 10-12:30 und 14-18.Ganzjährig für" />
<meta property="og:url" content="https://www.dolomitiprealpi.it/de/event/museo-regionale-delluomo-in-cansiglio-e-centro-etnografico-e-di-cultura-cimbra-3/" />
<meta property="og:site_name" content="Dolomiti Prealpi" />
<meta property="article:publisher" content="https://www.facebook.com/dolomitiprealpi.it/" />
<meta property="article:modified_time" content="2026-03-20T11:36:40+00:00" />
<meta property="og:image" content="https://www.dolomitiprealpi.it/wp-content/uploads/2022/11/C.-Timpone-Foto-archivio-Consorzio-turistico-Dolomiti-Prealpi-Nevegal-Belluno-Bike-18-2.jpg" />
	<meta property="og:image:width" content="2048" />
	<meta property="og:image:height" content="1888" />
	<meta property="og:image:type" content="image/jpeg" />
<meta name="twitter:card" content="summary_large_image" />
<meta name="twitter:label1" content="Est. reading time" />
	<meta name="twitter:data1" content="1 minute" />
<script type="application/ld+json" class="yoast-schema-graph">{"@context":"https://schema.org","@graph":[{"@type":"WebPage","@id":"https://www.dolomitiprealpi.it/de/event/museo-regionale-delluomo-in-cansiglio-e-centro-etnografico-e-di-cultura-cimbra-3/","url":"https://www.dolomitiprealpi.it/de/event/museo-regionale-delluomo-in-cansiglio-e-centro-etnografico-e-di-cultura-cimbra-3/","name":"Museo regionale dell'Uomo in Cansiglio e Centro etnografico e di cultura cimbra - Dolomiti Prealpi","isPartOf":{"@id":"https://www.dolomitiprealpi.it/de/#website"},"datePublished":"2026-02-15T10:57:08+00:00","dateModified":"2026-03-20T11:36:40+00:00","breadcrumb":{"@id":"https://www.dolomitiprealpi.it/de/event/museo-regionale-delluomo-in-cansiglio-e-centro-etnografico-e-di-cultura-cimbra-3/#breadcrumb"},"inLanguage":"de-DE","potentialAction":[{"@type":"ReadAction","target":["https://www.dolomitiprealpi.it/de/event/museo-regionale-delluomo-in-cansiglio-e-centro-etnografico-e-di-cultura-cimbra-3/"]}]},{"@type":"BreadcrumbList","@id":"https://www.dolomitiprealpi.it/de/event/museo-regionale-delluomo-in-cansiglio-e-centro-etnografico-e-di-cultura-cimbra-3/#breadcrumb","itemListElement":[{"@type":"ListItem","position":1,"name":"Home","item":"https://www.dolomitiprealpi.it/de/"},{"@type":"ListItem","position":2,"name":"Veranstaltungen","item":"https://www.dolomitiprealpi.it/de/events/"},{"@type":"ListItem","position":3,"name":"Museo regionale dell&#8217;Uomo in Cansiglio e Centro etnografico e di cultura cimbra"}]},{"@type":"WebSite","@id":"https://www.dolomitiprealpi.it/de/#website","url":"https://www.dolomitiprealpi.it/de/","name":"Dolomiti Prealpi","description":"","publisher":{"@id":"https://www.dolomitiprealpi.it/de/#organization"},"potentialAction":[{"@type":"SearchAction","target":{"@type":"EntryPoint","urlTemplate":"https://www.dolomitiprealpi.it/de/?s={search_term_string}"},"query-input":{"@type":"PropertyValueSpecification","valueRequired":true,"valueName":"search_term_string"}}],"inLanguage":"de-DE"},{"@type":"Organization","@id":"https://www.dolomitiprealpi.it/de/#organization","name":"Consorzio Dolomiti Prealpi","url":"https://www.dolomitiprealpi.it/de/","logo":{"@type":"ImageObject","inLanguage":"de-DE","@id":"https://www.dolomitiprealpi.it/de/#/schema/logo/image/","url":"https://www.dolomitiprealpi.it/wp-content/uploads/2023/03/dolomitiprealpi-favicon.jpg","contentUrl":"https://www.dolomitiprealpi.it/wp-content/uploads/2023/03/dolomitiprealpi-favicon.jpg","width":512,"height":512,"caption":"Consorzio Dolomiti Prealpi"},"image":{"@id":"https://www.dolomitiprealpi.it/de/#/schema/logo/image/"},"sameAs":["https://www.facebook.com/dolomitiprealpi.it/","https://www.instagram.com/dolomitiprealpi/"]}]}</script>
<!-- / Yoast SEO plugin. -->

Programm Sonntag, 14. September:Um 15:00 Uhr Führung im Museum „Kartographie des Cansiglio“. Öffnungszeiten:vom 1. Juni bis 30. September: Donnerstag und Freitag 14-18&nbsp;// Samstag, Sonntag und Feiertage 10-12:30 und 14-18.Ganzjährig für
