{"id":85242,"date":"2025-08-30T14:13:34","date_gmt":"2025-08-30T12:13:34","guid":{"rendered":"https:\/\/www.dolomitiprealpi.it\/event\/palio-di-san-vigilio\/"},"modified":"2025-12-19T15:52:13","modified_gmt":"2025-12-19T14:52:13","slug":"palio-di-san-vigilio","status":"publish","type":"tribe_events","link":"https:\/\/www.dolomitiprealpi.it\/de\/event\/palio-di-san-vigilio\/","title":{"rendered":"Palio di San Vigilio"},"content":{"rendered":"<p><b>Programm Samstag, 21.<\/b><br \/>Dreiecksturniere zwischen den Fraktionen (Farra, Puos und Pieve):<br \/>09:00 Uhr Tennis-Turnier auf dem Tennisplatz in Farra;<br \/>15:00 Uhr Volleyball-Turnier;<br \/>16:30 Uhr Rugby-Turnier;<br \/>18:00 Uhr gemischter Staffellauf auf der Bahn;<br \/>18:30 Uhr Fu\u00dfball-Turnier;<br \/>20:30 Uhr Tauziehen;<br \/>21:30 Uhr Preisverleihung des Palio.<\/p>\n<p>Den ganzen Nachmittag Musik und ein Kiosk, ab 18:30 Uhr gastronomischer Stand mit Spezialit\u00e4ten des Abends Polenta und Baccal\u00e0. F\u00fcr Reservierungen rufen Sie die Nummer 371 316 6940 an oder senden Sie eine Nachricht an 349 613 3903.<br \/>Ab 21:30 Uhr Live-Musik mit den Gran Caf\u00e8 Italia, gefolgt von einer Party mit DJ Riccrdo Bortoluzzi.<\/p>\n<p><b>Programm Sonntag, 22.<\/b><br \/>Palio der Kinder 6-11 Jahre:<br \/>09:30 Uhr Treffen und Bildung der Teams;<br \/>10:00 Uhr Beginn der Spiele und der Tradition;<br \/>12:00 Uhr gastronomischer Stand mit Spezialit\u00e4ten Spie\u00df und Polenta, f\u00fcr Reservierungen rufen Sie 371 316 6940 an oder senden Sie eine Nachricht an 349 613 3903;<br \/>14:30 Uhr Preisverleihung des Palio der Kinder.<\/p>\n<p><\/p>\n<p> Wie jedes Jahr erwartet euch der Palio di San Vigilio zahlreich.<\/p>\n<p>Das Palio di San Vigilio ist ein sehr erwartetes Ereignis, das jedes Jahr zu Ehren des Schutzpatrons des Ortes stattfindet. Die Tage&nbsp;zeichnen sich durch zahlreiche Aktivit\u00e4ten und Veranstaltungen aus. Die festliche Atmosph\u00e4re breitet sich im ganzen Dorf aus, das von den Farben, Kl\u00e4ngen und D\u00fcften der lokalen Tradition belebt wird. W\u00e4hrend der Tage werden auch zahlreiche Sportaktivit\u00e4ten organisiert, die f\u00fcr alle offen sind, die neue Disziplinen ausprobieren und Spa\u00df haben m\u00f6chten.<br \/>Der H\u00f6hepunkt des Tages sind die Herausforderungen des Palio, ein Wettbewerb, bei dem die verschiedenen Stadtviertel des Ortes in traditionellen Spielen und Wettk\u00e4mpfen gegeneinander antreten. Die Herausforderungen sind spannend und beziehen die gesamte Gemeinschaft ein, die sich versammelt, um ihre Vertreter zu unterst\u00fctzen und das Spektakel zu genie\u00dfen.<br \/>Das Palio di San Vigilio ist somit ein Tag, den man nicht verpassen sollte, reich an Tradition, Spa\u00df und Gemeinschaftsgeist.<\/p>\n<p>F\u00fcr Informationen und Anmeldungen:<br \/>Wettk\u00e4mpfe am Samstag: Roberto unter 346 181 1000;<br \/>Palio der Kinder: Beatrice 345 738 6867.<\/p>\n","protected":false},"excerpt":{"rendered":"<p>Programm Samstag, 21.Dreiecksturniere zwischen den Fraktionen (Farra, Puos und Pieve):09:00 Uhr Tennis-Turnier auf dem Tennisplatz in Farra;15:00 Uhr Volleyball-Turnier;16:30 Uhr Rugby-Turnier;18:00 Uhr gemischter Staffellauf auf der Bahn;18:30 Uhr Fu\u00dfball-Turnier;20:30 Uhr<\/p>\n","protected":false},"author":0,"featured_media":0,"template":"","meta":{"_acf_changed":false,"inline_featured_image":false,"_tribe_events_status":"","_tribe_events_status_reason":"","footnotes":""},"tags":[259],"tribe_events_cat":[],"class_list":["post-85242","tribe_events","type-tribe_events","status-publish","hentry","tag-eventi-feratel"],"acf":[],"yoast_head":"<!-- This site is optimized with the Yoast SEO plugin v25.7 - https:\/\/yoast.com\/wordpress\/plugins\/seo\/ -->\n<title>Palio di San Vigilio - Dolomiti Prealpi<\/title>\n<meta name=\"robots\" content=\"index, follow, max-snippet:-1, max-image-preview:large, max-video-preview:-1\" \/>\n<link rel=\"canonical\" href=\"https:\/\/www.dolomitiprealpi.it\/de\/event\/palio-di-san-vigilio\/\" \/>\n<meta property=\"og:locale\" content=\"de_DE\" \/>\n<meta property=\"og:type\" content=\"article\" \/>\n<meta property=\"og:title\" content=\"Palio di San Vigilio - Dolomiti Prealpi\" \/>\n<meta property=\"og:description\" content=\"Programm Samstag, 21.Dreiecksturniere zwischen den Fraktionen (Farra, Puos und Pieve):09:00 Uhr Tennis-Turnier auf dem Tennisplatz in Farra;15:00 Uhr Volleyball-Turnier;16:30 Uhr Rugby-Turnier;18:00 Uhr gemischter Staffellauf auf der Bahn;18:30 Uhr Fu\u00dfball-Turnier;20:30 Uhr\" \/>\n<meta property=\"og:url\" content=\"https:\/\/www.dolomitiprealpi.it\/de\/event\/palio-di-san-vigilio\/\" \/>\n<meta property=\"og:site_name\" content=\"Dolomiti Prealpi\" \/>\n<meta property=\"article:publisher\" content=\"https:\/\/www.facebook.com\/dolomitiprealpi.it\/\" \/>\n<meta property=\"article:modified_time\" content=\"2025-12-19T14:52:13+00:00\" \/>\n<meta property=\"og:image\" content=\"https:\/\/www.dolomitiprealpi.it\/wp-content\/uploads\/2022\/11\/C.-Timpone-Foto-archivio-Consorzio-turistico-Dolomiti-Prealpi-Nevegal-Belluno-Bike-18-2.jpg\" \/>\n\t<meta property=\"og:image:width\" content=\"2048\" \/>\n\t<meta property=\"og:image:height\" content=\"1888\" \/>\n\t<meta property=\"og:image:type\" content=\"image\/jpeg\" \/>\n<meta name=\"twitter:card\" content=\"summary_large_image\" \/>\n<meta name=\"twitter:label1\" content=\"Est. reading time\" \/>\n\t<meta name=\"twitter:data1\" content=\"2 minutes\" \/>\n<script type=\"application\/ld+json\" class=\"yoast-schema-graph\">{\"@context\":\"https:\/\/schema.org\",\"@graph\":[{\"@type\":\"WebPage\",\"@id\":\"https:\/\/www.dolomitiprealpi.it\/de\/event\/palio-di-san-vigilio\/\",\"url\":\"https:\/\/www.dolomitiprealpi.it\/de\/event\/palio-di-san-vigilio\/\",\"name\":\"Palio di San Vigilio - Dolomiti Prealpi\",\"isPartOf\":{\"@id\":\"https:\/\/www.dolomitiprealpi.it\/de\/#website\"},\"datePublished\":\"2025-08-30T12:13:34+00:00\",\"dateModified\":\"2025-12-19T14:52:13+00:00\",\"breadcrumb\":{\"@id\":\"https:\/\/www.dolomitiprealpi.it\/de\/event\/palio-di-san-vigilio\/#breadcrumb\"},\"inLanguage\":\"de-DE\",\"potentialAction\":[{\"@type\":\"ReadAction\",\"target\":[\"https:\/\/www.dolomitiprealpi.it\/de\/event\/palio-di-san-vigilio\/\"]}]},{\"@type\":\"BreadcrumbList\",\"@id\":\"https:\/\/www.dolomitiprealpi.it\/de\/event\/palio-di-san-vigilio\/#breadcrumb\",\"itemListElement\":[{\"@type\":\"ListItem\",\"position\":1,\"name\":\"Home\",\"item\":\"https:\/\/www.dolomitiprealpi.it\/de\/\"},{\"@type\":\"ListItem\",\"position\":2,\"name\":\"Veranstaltungen\",\"item\":\"https:\/\/www.dolomitiprealpi.it\/de\/events\/\"},{\"@type\":\"ListItem\",\"position\":3,\"name\":\"Palio di San Vigilio\"}]},{\"@type\":\"WebSite\",\"@id\":\"https:\/\/www.dolomitiprealpi.it\/de\/#website\",\"url\":\"https:\/\/www.dolomitiprealpi.it\/de\/\",\"name\":\"Dolomiti Prealpi\",\"description\":\"\",\"publisher\":{\"@id\":\"https:\/\/www.dolomitiprealpi.it\/de\/#organization\"},\"potentialAction\":[{\"@type\":\"SearchAction\",\"target\":{\"@type\":\"EntryPoint\",\"urlTemplate\":\"https:\/\/www.dolomitiprealpi.it\/de\/?s={search_term_string}\"},\"query-input\":{\"@type\":\"PropertyValueSpecification\",\"valueRequired\":true,\"valueName\":\"search_term_string\"}}],\"inLanguage\":\"de-DE\"},{\"@type\":\"Organization\",\"@id\":\"https:\/\/www.dolomitiprealpi.it\/de\/#organization\",\"name\":\"Consorzio Dolomiti Prealpi\",\"url\":\"https:\/\/www.dolomitiprealpi.it\/de\/\",\"logo\":{\"@type\":\"ImageObject\",\"inLanguage\":\"de-DE\",\"@id\":\"https:\/\/www.dolomitiprealpi.it\/de\/#\/schema\/logo\/image\/\",\"url\":\"https:\/\/www.dolomitiprealpi.it\/wp-content\/uploads\/2023\/03\/dolomitiprealpi-favicon.jpg\",\"contentUrl\":\"https:\/\/www.dolomitiprealpi.it\/wp-content\/uploads\/2023\/03\/dolomitiprealpi-favicon.jpg\",\"width\":512,\"height\":512,\"caption\":\"Consorzio Dolomiti Prealpi\"},\"image\":{\"@id\":\"https:\/\/www.dolomitiprealpi.it\/de\/#\/schema\/logo\/image\/\"},\"sameAs\":[\"https:\/\/www.facebook.com\/dolomitiprealpi.it\/\",\"https:\/\/www.instagram.com\/dolomitiprealpi\/\"]}]}<\/script>\n<!-- \/ Yoast SEO plugin. -->","yoast_head_json":{"title":"Palio di San Vigilio - Dolomiti Prealpi","robots":{"index":"index","follow":"follow","max-snippet":"max-snippet:-1","max-image-preview":"max-image-preview:large","max-video-preview":"max-video-preview:-1"},"canonical":"https:\/\/www.dolomitiprealpi.it\/de\/event\/palio-di-san-vigilio\/","og_locale":"de_DE","og_type":"article","og_title":"Palio di San Vigilio - Dolomiti Prealpi","og_description":"Programm Samstag, 21.Dreiecksturniere zwischen den Fraktionen (Farra, Puos und Pieve):09:00 Uhr Tennis-Turnier auf dem Tennisplatz in Farra;15:00 Uhr Volleyball-Turnier;16:30 Uhr Rugby-Turnier;18:00 Uhr gemischter Staffellauf auf der Bahn;18:30 Uhr Fu\u00dfball-Turnier;20:30 Uhr","og_url":"https:\/\/www.dolomitiprealpi.it\/de\/event\/palio-di-san-vigilio\/","og_site_name":"Dolomiti Prealpi","article_publisher":"https:\/\/www.facebook.com\/dolomitiprealpi.it\/","article_modified_time":"2025-12-19T14:52:13+00:00","og_image":[{"width":2048,"height":1888,"url":"https:\/\/www.dolomitiprealpi.it\/wp-content\/uploads\/2022\/11\/C.-Timpone-Foto-archivio-Consorzio-turistico-Dolomiti-Prealpi-Nevegal-Belluno-Bike-18-2.jpg","type":"image\/jpeg"}],"twitter_card":"summary_large_image","twitter_misc":{"Est. reading time":"2 minutes"},"schema":{"@context":"https:\/\/schema.org","@graph":[{"@type":"WebPage","@id":"https:\/\/www.dolomitiprealpi.it\/de\/event\/palio-di-san-vigilio\/","url":"https:\/\/www.dolomitiprealpi.it\/de\/event\/palio-di-san-vigilio\/","name":"Palio di San Vigilio - Dolomiti Prealpi","isPartOf":{"@id":"https:\/\/www.dolomitiprealpi.it\/de\/#website"},"datePublished":"2025-08-30T12:13:34+00:00","dateModified":"2025-12-19T14:52:13+00:00","breadcrumb":{"@id":"https:\/\/www.dolomitiprealpi.it\/de\/event\/palio-di-san-vigilio\/#breadcrumb"},"inLanguage":"de-DE","potentialAction":[{"@type":"ReadAction","target":["https:\/\/www.dolomitiprealpi.it\/de\/event\/palio-di-san-vigilio\/"]}]},{"@type":"BreadcrumbList","@id":"https:\/\/www.dolomitiprealpi.it\/de\/event\/palio-di-san-vigilio\/#breadcrumb","itemListElement":[{"@type":"ListItem","position":1,"name":"Home","item":"https:\/\/www.dolomitiprealpi.it\/de\/"},{"@type":"ListItem","position":2,"name":"Veranstaltungen","item":"https:\/\/www.dolomitiprealpi.it\/de\/events\/"},{"@type":"ListItem","position":3,"name":"Palio di San Vigilio"}]},{"@type":"WebSite","@id":"https:\/\/www.dolomitiprealpi.it\/de\/#website","url":"https:\/\/www.dolomitiprealpi.it\/de\/","name":"Dolomiti Prealpi","description":"","publisher":{"@id":"https:\/\/www.dolomitiprealpi.it\/de\/#organization"},"potentialAction":[{"@type":"SearchAction","target":{"@type":"EntryPoint","urlTemplate":"https:\/\/www.dolomitiprealpi.it\/de\/?s={search_term_string}"},"query-input":{"@type":"PropertyValueSpecification","valueRequired":true,"valueName":"search_term_string"}}],"inLanguage":"de-DE"},{"@type":"Organization","@id":"https:\/\/www.dolomitiprealpi.it\/de\/#organization","name":"Consorzio Dolomiti Prealpi","url":"https:\/\/www.dolomitiprealpi.it\/de\/","logo":{"@type":"ImageObject","inLanguage":"de-DE","@id":"https:\/\/www.dolomitiprealpi.it\/de\/#\/schema\/logo\/image\/","url":"https:\/\/www.dolomitiprealpi.it\/wp-content\/uploads\/2023\/03\/dolomitiprealpi-favicon.jpg","contentUrl":"https:\/\/www.dolomitiprealpi.it\/wp-content\/uploads\/2023\/03\/dolomitiprealpi-favicon.jpg","width":512,"height":512,"caption":"Consorzio Dolomiti Prealpi"},"image":{"@id":"https:\/\/www.dolomitiprealpi.it\/de\/#\/schema\/logo\/image\/"},"sameAs":["https:\/\/www.facebook.com\/dolomitiprealpi.it\/","https:\/\/www.instagram.com\/dolomitiprealpi\/"]}]}},"_links":{"self":[{"href":"https:\/\/www.dolomitiprealpi.it\/de\/wp-json\/wp\/v2\/tribe_events\/85242","targetHints":{"allow":["GET"]}}],"collection":[{"href":"https:\/\/www.dolomitiprealpi.it\/de\/wp-json\/wp\/v2\/tribe_events"}],"about":[{"href":"https:\/\/www.dolomitiprealpi.it\/de\/wp-json\/wp\/v2\/types\/tribe_events"}],"version-history":[{"count":1,"href":"https:\/\/www.dolomitiprealpi.it\/de\/wp-json\/wp\/v2\/tribe_events\/85242\/revisions"}],"predecessor-version":[{"id":87956,"href":"https:\/\/www.dolomitiprealpi.it\/de\/wp-json\/wp\/v2\/tribe_events\/85242\/revisions\/87956"}],"wp:attachment":[{"href":"https:\/\/www.dolomitiprealpi.it\/de\/wp-json\/wp\/v2\/media?parent=85242"}],"wp:term":[{"taxonomy":"post_tag","embeddable":true,"href":"https:\/\/www.dolomitiprealpi.it\/de\/wp-json\/wp\/v2\/tags?post=85242"},{"taxonomy":"tribe_events_cat","embeddable":true,"href":"https:\/\/www.dolomitiprealpi.it\/de\/wp-json\/wp\/v2\/tribe_events_cat?post=85242"}],"curies":[{"name":"wp","href":"https:\/\/api.w.org\/{rel}","templated":true}]}}

<p><b>Programm Samstag, 21.</b><br />Dreiecksturniere zwischen den Fraktionen (Farra, Puos und Pieve):<br />09:00 Uhr Tennis-Turnier auf dem Tennisplatz in Farra;<br />15:00 Uhr Volleyball-Turnier;<br />16:30 Uhr Rugby-Turnier;<br />18:00 Uhr gemischter Staffellauf auf der Bahn;<br />18:30 Uhr Fußball-Turnier;<br />20:30 Uhr Tauziehen;<br />21:30 Uhr Preisverleihung des Palio.</p>
<p>Den ganzen Nachmittag Musik und ein Kiosk, ab 18:30 Uhr gastronomischer Stand mit Spezialitäten des Abends Polenta und Baccalà. Für Reservierungen rufen Sie die Nummer 371 316 6940 an oder senden Sie eine Nachricht an 349 613 3903.<br />Ab 21:30 Uhr Live-Musik mit den Gran Cafè Italia, gefolgt von einer Party mit DJ Riccrdo Bortoluzzi.</p>
<p><b>Programm Sonntag, 22.</b><br />Palio der Kinder 6-11 Jahre:<br />09:30 Uhr Treffen und Bildung der Teams;<br />10:00 Uhr Beginn der Spiele und der Tradition;<br />12:00 Uhr gastronomischer Stand mit Spezialitäten Spieß und Polenta, für Reservierungen rufen Sie 371 316 6940 an oder senden Sie eine Nachricht an 349 613 3903;<br />14:30 Uhr Preisverleihung des Palio der Kinder.</p>
<p></p>
<p> Wie jedes Jahr erwartet euch der Palio di San Vigilio zahlreich.</p>
<p>Das Palio di San Vigilio ist ein sehr erwartetes Ereignis, das jedes Jahr zu Ehren des Schutzpatrons des Ortes stattfindet. Die Tage&nbsp;zeichnen sich durch zahlreiche Aktivitäten und Veranstaltungen aus. Die festliche Atmosphäre breitet sich im ganzen Dorf aus, das von den Farben, Klängen und Düften der lokalen Tradition belebt wird. Während der Tage werden auch zahlreiche Sportaktivitäten organisiert, die für alle offen sind, die neue Disziplinen ausprobieren und Spaß haben möchten.<br />Der Höhepunkt des Tages sind die Herausforderungen des Palio, ein Wettbewerb, bei dem die verschiedenen Stadtviertel des Ortes in traditionellen Spielen und Wettkämpfen gegeneinander antreten. Die Herausforderungen sind spannend und beziehen die gesamte Gemeinschaft ein, die sich versammelt, um ihre Vertreter zu unterstützen und das Spektakel zu genießen.<br />Das Palio di San Vigilio ist somit ein Tag, den man nicht verpassen sollte, reich an Tradition, Spaß und Gemeinschaftsgeist.</p>
<p>Für Informationen und Anmeldungen:<br />Wettkämpfe am Samstag: Roberto unter 346 181 1000;<br />Palio der Kinder: Beatrice 345 738 6867.</p>

<p>Programm Samstag, 21.Dreiecksturniere zwischen den Fraktionen (Farra, Puos und Pieve):09:00 Uhr Tennis-Turnier auf dem Tennisplatz in Farra;15:00 Uhr Volleyball-Turnier;16:30 Uhr Rugby-Turnier;18:00 Uhr gemischter Staffellauf auf der Bahn;18:30 Uhr Fußball-Turnier;20:30 Uhr</p>

<!-- This site is optimized with the Yoast SEO plugin v25.7 - https://yoast.com/wordpress/plugins/seo/ -->
<title>Palio di San Vigilio - Dolomiti Prealpi</title>
<meta name="robots" content="index, follow, max-snippet:-1, max-image-preview:large, max-video-preview:-1" />
<link rel="canonical" href="https://www.dolomitiprealpi.it/de/event/palio-di-san-vigilio/" />
<meta property="og:locale" content="de_DE" />
<meta property="og:type" content="article" />
<meta property="og:title" content="Palio di San Vigilio - Dolomiti Prealpi" />
<meta property="og:description" content="Programm Samstag, 21.Dreiecksturniere zwischen den Fraktionen (Farra, Puos und Pieve):09:00 Uhr Tennis-Turnier auf dem Tennisplatz in Farra;15:00 Uhr Volleyball-Turnier;16:30 Uhr Rugby-Turnier;18:00 Uhr gemischter Staffellauf auf der Bahn;18:30 Uhr Fußball-Turnier;20:30 Uhr" />
<meta property="og:url" content="https://www.dolomitiprealpi.it/de/event/palio-di-san-vigilio/" />
<meta property="og:site_name" content="Dolomiti Prealpi" />
<meta property="article:publisher" content="https://www.facebook.com/dolomitiprealpi.it/" />
<meta property="article:modified_time" content="2025-12-19T14:52:13+00:00" />
<meta property="og:image" content="https://www.dolomitiprealpi.it/wp-content/uploads/2022/11/C.-Timpone-Foto-archivio-Consorzio-turistico-Dolomiti-Prealpi-Nevegal-Belluno-Bike-18-2.jpg" />
	<meta property="og:image:width" content="2048" />
	<meta property="og:image:height" content="1888" />
	<meta property="og:image:type" content="image/jpeg" />
<meta name="twitter:card" content="summary_large_image" />
<meta name="twitter:label1" content="Est. reading time" />
	<meta name="twitter:data1" content="2 minutes" />
<script type="application/ld+json" class="yoast-schema-graph">{"@context":"https://schema.org","@graph":[{"@type":"WebPage","@id":"https://www.dolomitiprealpi.it/de/event/palio-di-san-vigilio/","url":"https://www.dolomitiprealpi.it/de/event/palio-di-san-vigilio/","name":"Palio di San Vigilio - Dolomiti Prealpi","isPartOf":{"@id":"https://www.dolomitiprealpi.it/de/#website"},"datePublished":"2025-08-30T12:13:34+00:00","dateModified":"2025-12-19T14:52:13+00:00","breadcrumb":{"@id":"https://www.dolomitiprealpi.it/de/event/palio-di-san-vigilio/#breadcrumb"},"inLanguage":"de-DE","potentialAction":[{"@type":"ReadAction","target":["https://www.dolomitiprealpi.it/de/event/palio-di-san-vigilio/"]}]},{"@type":"BreadcrumbList","@id":"https://www.dolomitiprealpi.it/de/event/palio-di-san-vigilio/#breadcrumb","itemListElement":[{"@type":"ListItem","position":1,"name":"Home","item":"https://www.dolomitiprealpi.it/de/"},{"@type":"ListItem","position":2,"name":"Veranstaltungen","item":"https://www.dolomitiprealpi.it/de/events/"},{"@type":"ListItem","position":3,"name":"Palio di San Vigilio"}]},{"@type":"WebSite","@id":"https://www.dolomitiprealpi.it/de/#website","url":"https://www.dolomitiprealpi.it/de/","name":"Dolomiti Prealpi","description":"","publisher":{"@id":"https://www.dolomitiprealpi.it/de/#organization"},"potentialAction":[{"@type":"SearchAction","target":{"@type":"EntryPoint","urlTemplate":"https://www.dolomitiprealpi.it/de/?s={search_term_string}"},"query-input":{"@type":"PropertyValueSpecification","valueRequired":true,"valueName":"search_term_string"}}],"inLanguage":"de-DE"},{"@type":"Organization","@id":"https://www.dolomitiprealpi.it/de/#organization","name":"Consorzio Dolomiti Prealpi","url":"https://www.dolomitiprealpi.it/de/","logo":{"@type":"ImageObject","inLanguage":"de-DE","@id":"https://www.dolomitiprealpi.it/de/#/schema/logo/image/","url":"https://www.dolomitiprealpi.it/wp-content/uploads/2023/03/dolomitiprealpi-favicon.jpg","contentUrl":"https://www.dolomitiprealpi.it/wp-content/uploads/2023/03/dolomitiprealpi-favicon.jpg","width":512,"height":512,"caption":"Consorzio Dolomiti Prealpi"},"image":{"@id":"https://www.dolomitiprealpi.it/de/#/schema/logo/image/"},"sameAs":["https://www.facebook.com/dolomitiprealpi.it/","https://www.instagram.com/dolomitiprealpi/"]}]}</script>
<!-- / Yoast SEO plugin. -->

Programm Samstag, 21.Dreiecksturniere zwischen den Fraktionen (Farra, Puos und Pieve):09:00 Uhr Tennis-Turnier auf dem Tennisplatz in Farra;15:00 Uhr Volleyball-Turnier;16:30 Uhr Rugby-Turnier;18:00 Uhr gemischter Staffellauf auf der Bahn;18:30 Uhr Fußball-Turnier;20:30 Uhr
