{"id":85003,"date":"2025-08-30T14:09:35","date_gmt":"2025-08-30T12:09:35","guid":{"rendered":"https:\/\/www.dolomitiprealpi.it\/event\/1945-2025-80-anniversario-della-liberazione\/"},"modified":"2025-09-21T14:06:04","modified_gmt":"2025-09-21T12:06:04","slug":"1945-2025-80-anniversario-della-liberazione","status":"publish","type":"tribe_events","link":"https:\/\/www.dolomitiprealpi.it\/de\/event\/1945-2025-80-anniversario-della-liberazione\/","title":{"rendered":"1945-2025 80\u00b0 anniversario della Liberazione"},"content":{"rendered":"<p>Pr\u00e4sentation des Buches von Toni Sirena,<i> Das sagt sich leicht Spion. Alpenvorland 1943-45 eine umstrittene Geschichte des Widerstands.<\/i><\/p>\n<p>Anl\u00e4sslich des 80. Jahrestages der Befreiung sowie des 80. Jahrestages der tragischen Ereignisse, die sich im Bosco delle Castagne (10. M\u00e4rz 1945) und auf der Piazza dei Martiri (17. M\u00e4rz 1945) in Belluno abspielten, organisieren Anpi Belluno, Isbrec und die kulturelle Vereinigung Tina Merlin die Pr\u00e4sentation des Buches von Toni Sirena, <i>Es klingt schnell nach Spion.<\/i> <i>Alpenvorland 1943-45 eine umstrittene Geschichte des Widerstands.<\/i> (Cierre, 2025).<\/p>\n<p>Nach den Begr\u00fc\u00dfungen wird der Autor mit Sonia Residori von der Universit\u00e4t Padua diskutieren.<\/p>\n<p>Das Buch: <i>Es klingt schnell nach Spion.<\/i> <i>Alpenvorland 1943-45 eine umstrittene Geschichte des Widerstands.<\/i><\/p>\n<p>Es gibt die bezahlte Spionin, die unter Folter spricht, die aus Drohung oder Angst nachgibt. <\/p>\n<p>Wer hinter die feindlichen Linien abgeworfen wird, um Sabotageakte durchzuf\u00fchren oder Informationen zu sammeln. Wer, einmal gefangen genommen, um sein Leben zu retten, sich entscheidet, doppelt oder manchmal sogar dreifach zu spielen. <\/p>\n<p>Und es gibt auch den, der, beschuldigt worden zu sein, ein Spion zu sein, nach dem Ende des Krieges get\u00f6tet wird, um andere zu retten. <\/p>\n<p>Dieses Buch, zwischen Geschichte und Erz\u00e4hlung, rekonstruiert eine wahre Begebenheit, die w\u00e4hrend des Widerstands zwischen 1944 und 1945 im Operationsgebiet der Voralpen, dem Alpenvorland O.Z., stattfand, das Teil des Reichs wurde. <\/p>\n<p>Das Buch beleuchtet einige bisher ungel\u00f6ste Fragen: wie die Gestapo es schaffte, die F\u00fchrung der Widerstandsbewegung zu ermitteln, indem sie alle Mitglieder des Cln von Bozen und des regionalen Cln in Venetien verhaftete; wie der amerikanische Agent Steve Hall in Cortina gefangen genommen und sp\u00e4ter in Bozen ermordet wurde. <\/p>\n<p>Der Band erz\u00e4hlt, wer in Wirklichkeit die geheimnisvolle und faszinierende Isabel de Obligado war und welche Rolle sie im Bellunese spielte; welche internen Konflikte es im repressiven Apparat der SS gab; aus welchem realen Grund im Mai 1945 die Amerikaner Cesare Caramalli, &#8220;Tell&#8221;, einen Partisanen der garibaldinischen Brigade Calvi, die im Cadore operierte, t\u00f6teten.<\/p>\n<p>Der Autor, Toni Sirena, Journalist und Historiker, ist in Belluno geboren und lebt dort. Er hat seit 1984 f\u00fcr die \u201cNuova Venezia\u201d, die \u201cMattino di Padova\u201d, die \u201cTribuna di Treviso\u201d und seit 1994 f\u00fcr den \u201cCorriere delle Alpi\u201d, \u201cTrentino\u201d und \u201cAlto Adige\u201d gearbeitet. <\/p>\n<p>Zu seinen zahlreichen Publikationen geh\u00f6ren I delitti di Alleghe, le verit\u00e0 oscurate (2008), Morte al tiranno (2011), Il ponte delle disgrazie (2017), La Falcadina (2021). Er ist Mitglied des Vorstands des Isbrec.<\/p>\n<p>Die Veranstaltung ist frei zug\u00e4nglich.<\/p>\n","protected":false},"excerpt":{"rendered":"<p>Pr\u00e4sentation des Buches von Toni Sirena, Das sagt sich leicht Spion. Alpenvorland 1943-45 eine umstrittene Geschichte des Widerstands. Anl\u00e4sslich des 80. Jahrestages der Befreiung sowie des 80. Jahrestages der tragischen<\/p>\n","protected":false},"author":0,"featured_media":0,"template":"","meta":{"_acf_changed":false,"inline_featured_image":false,"_tribe_events_status":"","_tribe_events_status_reason":"","footnotes":""},"tags":[259],"tribe_events_cat":[],"class_list":["post-85003","tribe_events","type-tribe_events","status-publish","hentry","tag-eventi-feratel"],"acf":[],"yoast_head":"<!-- This site is optimized with the Yoast SEO plugin v25.7 - https:\/\/yoast.com\/wordpress\/plugins\/seo\/ -->\n<title>1945-2025 80\u00b0 anniversario della Liberazione - Dolomiti Prealpi<\/title>\n<meta name=\"robots\" content=\"index, follow, max-snippet:-1, max-image-preview:large, max-video-preview:-1\" \/>\n<link rel=\"canonical\" href=\"https:\/\/www.dolomitiprealpi.it\/de\/event\/1945-2025-80-anniversario-della-liberazione\/\" \/>\n<meta property=\"og:locale\" content=\"de_DE\" \/>\n<meta property=\"og:type\" content=\"article\" \/>\n<meta property=\"og:title\" content=\"1945-2025 80\u00b0 anniversario della Liberazione - Dolomiti Prealpi\" \/>\n<meta property=\"og:description\" content=\"Pr\u00e4sentation des Buches von Toni Sirena, Das sagt sich leicht Spion. Alpenvorland 1943-45 eine umstrittene Geschichte des Widerstands. Anl\u00e4sslich des 80. Jahrestages der Befreiung sowie des 80. Jahrestages der tragischen\" \/>\n<meta property=\"og:url\" content=\"https:\/\/www.dolomitiprealpi.it\/de\/event\/1945-2025-80-anniversario-della-liberazione\/\" \/>\n<meta property=\"og:site_name\" content=\"Dolomiti Prealpi\" \/>\n<meta property=\"article:publisher\" content=\"https:\/\/www.facebook.com\/dolomitiprealpi.it\/\" \/>\n<meta property=\"article:modified_time\" content=\"2025-09-21T12:06:04+00:00\" \/>\n<meta property=\"og:image\" content=\"https:\/\/www.dolomitiprealpi.it\/wp-content\/uploads\/2022\/11\/C.-Timpone-Foto-archivio-Consorzio-turistico-Dolomiti-Prealpi-Nevegal-Belluno-Bike-18-2.jpg\" \/>\n\t<meta property=\"og:image:width\" content=\"2048\" \/>\n\t<meta property=\"og:image:height\" content=\"1888\" \/>\n\t<meta property=\"og:image:type\" content=\"image\/jpeg\" \/>\n<meta name=\"twitter:card\" content=\"summary_large_image\" \/>\n<meta name=\"twitter:label1\" content=\"Est. reading time\" \/>\n\t<meta name=\"twitter:data1\" content=\"2 minutes\" \/>\n<script type=\"application\/ld+json\" class=\"yoast-schema-graph\">{\"@context\":\"https:\/\/schema.org\",\"@graph\":[{\"@type\":\"WebPage\",\"@id\":\"https:\/\/www.dolomitiprealpi.it\/de\/event\/1945-2025-80-anniversario-della-liberazione\/\",\"url\":\"https:\/\/www.dolomitiprealpi.it\/de\/event\/1945-2025-80-anniversario-della-liberazione\/\",\"name\":\"1945-2025 80\u00b0 anniversario della Liberazione - Dolomiti Prealpi\",\"isPartOf\":{\"@id\":\"https:\/\/www.dolomitiprealpi.it\/de\/#website\"},\"datePublished\":\"2025-08-30T12:09:35+00:00\",\"dateModified\":\"2025-09-21T12:06:04+00:00\",\"breadcrumb\":{\"@id\":\"https:\/\/www.dolomitiprealpi.it\/de\/event\/1945-2025-80-anniversario-della-liberazione\/#breadcrumb\"},\"inLanguage\":\"de-DE\",\"potentialAction\":[{\"@type\":\"ReadAction\",\"target\":[\"https:\/\/www.dolomitiprealpi.it\/de\/event\/1945-2025-80-anniversario-della-liberazione\/\"]}]},{\"@type\":\"BreadcrumbList\",\"@id\":\"https:\/\/www.dolomitiprealpi.it\/de\/event\/1945-2025-80-anniversario-della-liberazione\/#breadcrumb\",\"itemListElement\":[{\"@type\":\"ListItem\",\"position\":1,\"name\":\"Home\",\"item\":\"https:\/\/www.dolomitiprealpi.it\/de\/\"},{\"@type\":\"ListItem\",\"position\":2,\"name\":\"Veranstaltungen\",\"item\":\"https:\/\/www.dolomitiprealpi.it\/de\/events\/\"},{\"@type\":\"ListItem\",\"position\":3,\"name\":\"1945-2025 80\u00b0 anniversario della Liberazione\"}]},{\"@type\":\"WebSite\",\"@id\":\"https:\/\/www.dolomitiprealpi.it\/de\/#website\",\"url\":\"https:\/\/www.dolomitiprealpi.it\/de\/\",\"name\":\"Dolomiti Prealpi\",\"description\":\"\",\"publisher\":{\"@id\":\"https:\/\/www.dolomitiprealpi.it\/de\/#organization\"},\"potentialAction\":[{\"@type\":\"SearchAction\",\"target\":{\"@type\":\"EntryPoint\",\"urlTemplate\":\"https:\/\/www.dolomitiprealpi.it\/de\/?s={search_term_string}\"},\"query-input\":{\"@type\":\"PropertyValueSpecification\",\"valueRequired\":true,\"valueName\":\"search_term_string\"}}],\"inLanguage\":\"de-DE\"},{\"@type\":\"Organization\",\"@id\":\"https:\/\/www.dolomitiprealpi.it\/de\/#organization\",\"name\":\"Consorzio Dolomiti Prealpi\",\"url\":\"https:\/\/www.dolomitiprealpi.it\/de\/\",\"logo\":{\"@type\":\"ImageObject\",\"inLanguage\":\"de-DE\",\"@id\":\"https:\/\/www.dolomitiprealpi.it\/de\/#\/schema\/logo\/image\/\",\"url\":\"https:\/\/www.dolomitiprealpi.it\/wp-content\/uploads\/2023\/03\/dolomitiprealpi-favicon.jpg\",\"contentUrl\":\"https:\/\/www.dolomitiprealpi.it\/wp-content\/uploads\/2023\/03\/dolomitiprealpi-favicon.jpg\",\"width\":512,\"height\":512,\"caption\":\"Consorzio Dolomiti Prealpi\"},\"image\":{\"@id\":\"https:\/\/www.dolomitiprealpi.it\/de\/#\/schema\/logo\/image\/\"},\"sameAs\":[\"https:\/\/www.facebook.com\/dolomitiprealpi.it\/\",\"https:\/\/www.instagram.com\/dolomitiprealpi\/\"]}]}<\/script>\n<!-- \/ Yoast SEO plugin. -->","yoast_head_json":{"title":"1945-2025 80\u00b0 anniversario della Liberazione - Dolomiti Prealpi","robots":{"index":"index","follow":"follow","max-snippet":"max-snippet:-1","max-image-preview":"max-image-preview:large","max-video-preview":"max-video-preview:-1"},"canonical":"https:\/\/www.dolomitiprealpi.it\/de\/event\/1945-2025-80-anniversario-della-liberazione\/","og_locale":"de_DE","og_type":"article","og_title":"1945-2025 80\u00b0 anniversario della Liberazione - Dolomiti Prealpi","og_description":"Pr\u00e4sentation des Buches von Toni Sirena, Das sagt sich leicht Spion. Alpenvorland 1943-45 eine umstrittene Geschichte des Widerstands. Anl\u00e4sslich des 80. Jahrestages der Befreiung sowie des 80. Jahrestages der tragischen","og_url":"https:\/\/www.dolomitiprealpi.it\/de\/event\/1945-2025-80-anniversario-della-liberazione\/","og_site_name":"Dolomiti Prealpi","article_publisher":"https:\/\/www.facebook.com\/dolomitiprealpi.it\/","article_modified_time":"2025-09-21T12:06:04+00:00","og_image":[{"width":2048,"height":1888,"url":"https:\/\/www.dolomitiprealpi.it\/wp-content\/uploads\/2022\/11\/C.-Timpone-Foto-archivio-Consorzio-turistico-Dolomiti-Prealpi-Nevegal-Belluno-Bike-18-2.jpg","type":"image\/jpeg"}],"twitter_card":"summary_large_image","twitter_misc":{"Est. reading time":"2 minutes"},"schema":{"@context":"https:\/\/schema.org","@graph":[{"@type":"WebPage","@id":"https:\/\/www.dolomitiprealpi.it\/de\/event\/1945-2025-80-anniversario-della-liberazione\/","url":"https:\/\/www.dolomitiprealpi.it\/de\/event\/1945-2025-80-anniversario-della-liberazione\/","name":"1945-2025 80\u00b0 anniversario della Liberazione - Dolomiti Prealpi","isPartOf":{"@id":"https:\/\/www.dolomitiprealpi.it\/de\/#website"},"datePublished":"2025-08-30T12:09:35+00:00","dateModified":"2025-09-21T12:06:04+00:00","breadcrumb":{"@id":"https:\/\/www.dolomitiprealpi.it\/de\/event\/1945-2025-80-anniversario-della-liberazione\/#breadcrumb"},"inLanguage":"de-DE","potentialAction":[{"@type":"ReadAction","target":["https:\/\/www.dolomitiprealpi.it\/de\/event\/1945-2025-80-anniversario-della-liberazione\/"]}]},{"@type":"BreadcrumbList","@id":"https:\/\/www.dolomitiprealpi.it\/de\/event\/1945-2025-80-anniversario-della-liberazione\/#breadcrumb","itemListElement":[{"@type":"ListItem","position":1,"name":"Home","item":"https:\/\/www.dolomitiprealpi.it\/de\/"},{"@type":"ListItem","position":2,"name":"Veranstaltungen","item":"https:\/\/www.dolomitiprealpi.it\/de\/events\/"},{"@type":"ListItem","position":3,"name":"1945-2025 80\u00b0 anniversario della Liberazione"}]},{"@type":"WebSite","@id":"https:\/\/www.dolomitiprealpi.it\/de\/#website","url":"https:\/\/www.dolomitiprealpi.it\/de\/","name":"Dolomiti Prealpi","description":"","publisher":{"@id":"https:\/\/www.dolomitiprealpi.it\/de\/#organization"},"potentialAction":[{"@type":"SearchAction","target":{"@type":"EntryPoint","urlTemplate":"https:\/\/www.dolomitiprealpi.it\/de\/?s={search_term_string}"},"query-input":{"@type":"PropertyValueSpecification","valueRequired":true,"valueName":"search_term_string"}}],"inLanguage":"de-DE"},{"@type":"Organization","@id":"https:\/\/www.dolomitiprealpi.it\/de\/#organization","name":"Consorzio Dolomiti Prealpi","url":"https:\/\/www.dolomitiprealpi.it\/de\/","logo":{"@type":"ImageObject","inLanguage":"de-DE","@id":"https:\/\/www.dolomitiprealpi.it\/de\/#\/schema\/logo\/image\/","url":"https:\/\/www.dolomitiprealpi.it\/wp-content\/uploads\/2023\/03\/dolomitiprealpi-favicon.jpg","contentUrl":"https:\/\/www.dolomitiprealpi.it\/wp-content\/uploads\/2023\/03\/dolomitiprealpi-favicon.jpg","width":512,"height":512,"caption":"Consorzio Dolomiti Prealpi"},"image":{"@id":"https:\/\/www.dolomitiprealpi.it\/de\/#\/schema\/logo\/image\/"},"sameAs":["https:\/\/www.facebook.com\/dolomitiprealpi.it\/","https:\/\/www.instagram.com\/dolomitiprealpi\/"]}]}},"_links":{"self":[{"href":"https:\/\/www.dolomitiprealpi.it\/de\/wp-json\/wp\/v2\/tribe_events\/85003","targetHints":{"allow":["GET"]}}],"collection":[{"href":"https:\/\/www.dolomitiprealpi.it\/de\/wp-json\/wp\/v2\/tribe_events"}],"about":[{"href":"https:\/\/www.dolomitiprealpi.it\/de\/wp-json\/wp\/v2\/types\/tribe_events"}],"version-history":[{"count":1,"href":"https:\/\/www.dolomitiprealpi.it\/de\/wp-json\/wp\/v2\/tribe_events\/85003\/revisions"}],"predecessor-version":[{"id":87833,"href":"https:\/\/www.dolomitiprealpi.it\/de\/wp-json\/wp\/v2\/tribe_events\/85003\/revisions\/87833"}],"wp:attachment":[{"href":"https:\/\/www.dolomitiprealpi.it\/de\/wp-json\/wp\/v2\/media?parent=85003"}],"wp:term":[{"taxonomy":"post_tag","embeddable":true,"href":"https:\/\/www.dolomitiprealpi.it\/de\/wp-json\/wp\/v2\/tags?post=85003"},{"taxonomy":"tribe_events_cat","embeddable":true,"href":"https:\/\/www.dolomitiprealpi.it\/de\/wp-json\/wp\/v2\/tribe_events_cat?post=85003"}],"curies":[{"name":"wp","href":"https:\/\/api.w.org\/{rel}","templated":true}]}}

<p>Präsentation des Buches von Toni Sirena,<i> Das sagt sich leicht Spion. Alpenvorland 1943-45 eine umstrittene Geschichte des Widerstands.</i></p>
<p>Anlässlich des 80. Jahrestages der Befreiung sowie des 80. Jahrestages der tragischen Ereignisse, die sich im Bosco delle Castagne (10. März 1945) und auf der Piazza dei Martiri (17. März 1945) in Belluno abspielten, organisieren Anpi Belluno, Isbrec und die kulturelle Vereinigung Tina Merlin die Präsentation des Buches von Toni Sirena, <i>Es klingt schnell nach Spion.</i> <i>Alpenvorland 1943-45 eine umstrittene Geschichte des Widerstands.</i> (Cierre, 2025).</p>
<p>Nach den Begrüßungen wird der Autor mit Sonia Residori von der Universität Padua diskutieren.</p>
<p>Das Buch: <i>Es klingt schnell nach Spion.</i> <i>Alpenvorland 1943-45 eine umstrittene Geschichte des Widerstands.</i></p>
<p>Es gibt die bezahlte Spionin, die unter Folter spricht, die aus Drohung oder Angst nachgibt. </p>
<p>Wer hinter die feindlichen Linien abgeworfen wird, um Sabotageakte durchzuführen oder Informationen zu sammeln. Wer, einmal gefangen genommen, um sein Leben zu retten, sich entscheidet, doppelt oder manchmal sogar dreifach zu spielen. </p>
<p>Und es gibt auch den, der, beschuldigt worden zu sein, ein Spion zu sein, nach dem Ende des Krieges getötet wird, um andere zu retten. </p>
<p>Dieses Buch, zwischen Geschichte und Erzählung, rekonstruiert eine wahre Begebenheit, die während des Widerstands zwischen 1944 und 1945 im Operationsgebiet der Voralpen, dem Alpenvorland O.Z., stattfand, das Teil des Reichs wurde. </p>
<p>Das Buch beleuchtet einige bisher ungelöste Fragen: wie die Gestapo es schaffte, die Führung der Widerstandsbewegung zu ermitteln, indem sie alle Mitglieder des Cln von Bozen und des regionalen Cln in Venetien verhaftete; wie der amerikanische Agent Steve Hall in Cortina gefangen genommen und später in Bozen ermordet wurde. </p>
<p>Der Band erzählt, wer in Wirklichkeit die geheimnisvolle und faszinierende Isabel de Obligado war und welche Rolle sie im Bellunese spielte; welche internen Konflikte es im repressiven Apparat der SS gab; aus welchem realen Grund im Mai 1945 die Amerikaner Cesare Caramalli, &#8220;Tell&#8221;, einen Partisanen der garibaldinischen Brigade Calvi, die im Cadore operierte, töteten.</p>
<p>Der Autor, Toni Sirena, Journalist und Historiker, ist in Belluno geboren und lebt dort. Er hat seit 1984 für die “Nuova Venezia”, die “Mattino di Padova”, die “Tribuna di Treviso” und seit 1994 für den “Corriere delle Alpi”, “Trentino” und “Alto Adige” gearbeitet. </p>
<p>Zu seinen zahlreichen Publikationen gehören I delitti di Alleghe, le verità oscurate (2008), Morte al tiranno (2011), Il ponte delle disgrazie (2017), La Falcadina (2021). Er ist Mitglied des Vorstands des Isbrec.</p>
<p>Die Veranstaltung ist frei zugänglich.</p>

<p>Präsentation des Buches von Toni Sirena, Das sagt sich leicht Spion. Alpenvorland 1943-45 eine umstrittene Geschichte des Widerstands. Anlässlich des 80. Jahrestages der Befreiung sowie des 80. Jahrestages der tragischen</p>

<!-- This site is optimized with the Yoast SEO plugin v25.7 - https://yoast.com/wordpress/plugins/seo/ -->
<title>1945-2025 80° anniversario della Liberazione - Dolomiti Prealpi</title>
<meta name="robots" content="index, follow, max-snippet:-1, max-image-preview:large, max-video-preview:-1" />
<link rel="canonical" href="https://www.dolomitiprealpi.it/de/event/1945-2025-80-anniversario-della-liberazione/" />
<meta property="og:locale" content="de_DE" />
<meta property="og:type" content="article" />
<meta property="og:title" content="1945-2025 80° anniversario della Liberazione - Dolomiti Prealpi" />
<meta property="og:description" content="Präsentation des Buches von Toni Sirena, Das sagt sich leicht Spion. Alpenvorland 1943-45 eine umstrittene Geschichte des Widerstands. Anlässlich des 80. Jahrestages der Befreiung sowie des 80. Jahrestages der tragischen" />
<meta property="og:url" content="https://www.dolomitiprealpi.it/de/event/1945-2025-80-anniversario-della-liberazione/" />
<meta property="og:site_name" content="Dolomiti Prealpi" />
<meta property="article:publisher" content="https://www.facebook.com/dolomitiprealpi.it/" />
<meta property="article:modified_time" content="2025-09-21T12:06:04+00:00" />
<meta property="og:image" content="https://www.dolomitiprealpi.it/wp-content/uploads/2022/11/C.-Timpone-Foto-archivio-Consorzio-turistico-Dolomiti-Prealpi-Nevegal-Belluno-Bike-18-2.jpg" />
	<meta property="og:image:width" content="2048" />
	<meta property="og:image:height" content="1888" />
	<meta property="og:image:type" content="image/jpeg" />
<meta name="twitter:card" content="summary_large_image" />
<meta name="twitter:label1" content="Est. reading time" />
	<meta name="twitter:data1" content="2 minutes" />
<script type="application/ld+json" class="yoast-schema-graph">{"@context":"https://schema.org","@graph":[{"@type":"WebPage","@id":"https://www.dolomitiprealpi.it/de/event/1945-2025-80-anniversario-della-liberazione/","url":"https://www.dolomitiprealpi.it/de/event/1945-2025-80-anniversario-della-liberazione/","name":"1945-2025 80° anniversario della Liberazione - Dolomiti Prealpi","isPartOf":{"@id":"https://www.dolomitiprealpi.it/de/#website"},"datePublished":"2025-08-30T12:09:35+00:00","dateModified":"2025-09-21T12:06:04+00:00","breadcrumb":{"@id":"https://www.dolomitiprealpi.it/de/event/1945-2025-80-anniversario-della-liberazione/#breadcrumb"},"inLanguage":"de-DE","potentialAction":[{"@type":"ReadAction","target":["https://www.dolomitiprealpi.it/de/event/1945-2025-80-anniversario-della-liberazione/"]}]},{"@type":"BreadcrumbList","@id":"https://www.dolomitiprealpi.it/de/event/1945-2025-80-anniversario-della-liberazione/#breadcrumb","itemListElement":[{"@type":"ListItem","position":1,"name":"Home","item":"https://www.dolomitiprealpi.it/de/"},{"@type":"ListItem","position":2,"name":"Veranstaltungen","item":"https://www.dolomitiprealpi.it/de/events/"},{"@type":"ListItem","position":3,"name":"1945-2025 80° anniversario della Liberazione"}]},{"@type":"WebSite","@id":"https://www.dolomitiprealpi.it/de/#website","url":"https://www.dolomitiprealpi.it/de/","name":"Dolomiti Prealpi","description":"","publisher":{"@id":"https://www.dolomitiprealpi.it/de/#organization"},"potentialAction":[{"@type":"SearchAction","target":{"@type":"EntryPoint","urlTemplate":"https://www.dolomitiprealpi.it/de/?s={search_term_string}"},"query-input":{"@type":"PropertyValueSpecification","valueRequired":true,"valueName":"search_term_string"}}],"inLanguage":"de-DE"},{"@type":"Organization","@id":"https://www.dolomitiprealpi.it/de/#organization","name":"Consorzio Dolomiti Prealpi","url":"https://www.dolomitiprealpi.it/de/","logo":{"@type":"ImageObject","inLanguage":"de-DE","@id":"https://www.dolomitiprealpi.it/de/#/schema/logo/image/","url":"https://www.dolomitiprealpi.it/wp-content/uploads/2023/03/dolomitiprealpi-favicon.jpg","contentUrl":"https://www.dolomitiprealpi.it/wp-content/uploads/2023/03/dolomitiprealpi-favicon.jpg","width":512,"height":512,"caption":"Consorzio Dolomiti Prealpi"},"image":{"@id":"https://www.dolomitiprealpi.it/de/#/schema/logo/image/"},"sameAs":["https://www.facebook.com/dolomitiprealpi.it/","https://www.instagram.com/dolomitiprealpi/"]}]}</script>
<!-- / Yoast SEO plugin. -->

Präsentation des Buches von Toni Sirena, Das sagt sich leicht Spion. Alpenvorland 1943-45 eine umstrittene Geschichte des Widerstands. Anlässlich des 80. Jahrestages der Befreiung sowie des 80. Jahrestages der tragischen
