{"id":84966,"date":"2026-02-15T12:36:08","date_gmt":"2026-02-15T11:36:08","guid":{"rendered":"https:\/\/www.dolomitiprealpi.it\/event\/luci-care-luci-belle\/"},"modified":"2026-03-20T13:18:43","modified_gmt":"2026-03-20T12:18:43","slug":"luci-care-luci-belle-3","status":"publish","type":"tribe_events","link":"https:\/\/www.dolomitiprealpi.it\/de\/event\/luci-care-luci-belle-3\/","title":{"rendered":"Luci care, luci belle"},"content":{"rendered":"<p>VERPFLICHTENDE BUCHUNG: <b>zanandreacarlo@gmail.com<\/b><\/p>\n<p> Konzert f\u00fcr Stimmen und Klarinetten<\/p>\n<p>Gelegentlich verwandelt sich das Planetarium des Astronomischen Zentrums, unterst\u00fctzt durch die hervorragende Akustik, in einen funktionalen Konzertsaal. <\/p>\n<p>Bei dieser Gelegenheit wird es eine wertvolle Exzellenz des Belluneser Gebiets beherbergen, den Vokalgruppen Crystal Tears (GVCT), eine seit Jahren etablierte Chorgemeinschaft, zusammen mit einer Gruppe junger Klarinettisten, die an der Schule von Alessandro Muscatello an der Miari-Schule und am Renier-Gymnasium in Belluno ausgebildet wurden. Das Konzert wird sich \u00fcber die beiden Richtungen erstrecken, die schon immer den Geist und die Interessen des GVCT gepr\u00e4gt haben, indem es sich einerseits mit der Musik der klassischen Epoche auseinandersetzt, hier vertreten durch das Triumvirat Haydn-Mozart-van Beethoven, und andererseits mit zeitgen\u00f6ssischer Musik, wobei von beiden die besonders ungew\u00f6hnlichen und wenig praktizierten Aspekte erfasst werden. Tats\u00e4chlich werden dem Publikum ungew\u00f6hnliche und selten geh\u00f6rte Werke und St\u00fccke von ansonsten sehr ber\u00fchmten Komponisten pr\u00e4sentiert: frische und brillante Musik, die vollst\u00e4ndig zur Auff\u00fchrung in einem wenig \u201einstitutionellen\u201c Kontext wie dem Planetarium geeignet ist. Auch werden dem Publikum zwei Urauff\u00fchrungen pr\u00e4sentiert, von denen eine, Meteors (Planctus coeli), in der Sterne und Planeten die Hauptrollen spielen, speziell f\u00fcr diesen Anlass vom Maestro Irlando Danieli, Professor am Konservatorium von Mailand und Komponist, der an der Scala, an der Fenice und in den wichtigsten europ\u00e4ischen Theatern vertreten ist, geschrieben wurde. <\/p>\n<p>Zwischen den verschiedenen Musikst\u00fccken werden Illustrationen des Sternenhimmels im Planetarium wechseln.<\/p>\n<p><\/p>\n","protected":false},"excerpt":{"rendered":"<p>VERPFLICHTENDE BUCHUNG: zanandreacarlo@gmail.com Konzert f\u00fcr Stimmen und Klarinetten Gelegentlich verwandelt sich das Planetarium des Astronomischen Zentrums, unterst\u00fctzt durch die hervorragende Akustik, in einen funktionalen Konzertsaal. Bei dieser Gelegenheit wird es<\/p>\n","protected":false},"author":0,"featured_media":0,"template":"","meta":{"_acf_changed":false,"inline_featured_image":false,"_tribe_events_status":"","_tribe_events_status_reason":"","footnotes":""},"tags":[259],"tribe_events_cat":[],"class_list":["post-84966","tribe_events","type-tribe_events","status-publish","hentry","tag-eventi-feratel"],"acf":[],"yoast_head":"<!-- This site is optimized with the Yoast SEO plugin v25.7 - https:\/\/yoast.com\/wordpress\/plugins\/seo\/ -->\n<title>Luci care, luci belle - Dolomiti Prealpi<\/title>\n<meta name=\"robots\" content=\"index, follow, max-snippet:-1, max-image-preview:large, max-video-preview:-1\" \/>\n<link rel=\"canonical\" href=\"https:\/\/www.dolomitiprealpi.it\/de\/event\/luci-care-luci-belle-3\/\" \/>\n<meta property=\"og:locale\" content=\"de_DE\" \/>\n<meta property=\"og:type\" content=\"article\" \/>\n<meta property=\"og:title\" content=\"Luci care, luci belle - Dolomiti Prealpi\" \/>\n<meta property=\"og:description\" content=\"VERPFLICHTENDE BUCHUNG: zanandreacarlo@gmail.com Konzert f\u00fcr Stimmen und Klarinetten Gelegentlich verwandelt sich das Planetarium des Astronomischen Zentrums, unterst\u00fctzt durch die hervorragende Akustik, in einen funktionalen Konzertsaal. Bei dieser Gelegenheit wird es\" \/>\n<meta property=\"og:url\" content=\"https:\/\/www.dolomitiprealpi.it\/de\/event\/luci-care-luci-belle-3\/\" \/>\n<meta property=\"og:site_name\" content=\"Dolomiti Prealpi\" \/>\n<meta property=\"article:publisher\" content=\"https:\/\/www.facebook.com\/dolomitiprealpi.it\/\" \/>\n<meta property=\"article:modified_time\" content=\"2026-03-20T12:18:43+00:00\" \/>\n<meta property=\"og:image\" content=\"https:\/\/www.dolomitiprealpi.it\/wp-content\/uploads\/2022\/11\/C.-Timpone-Foto-archivio-Consorzio-turistico-Dolomiti-Prealpi-Nevegal-Belluno-Bike-18-2.jpg\" \/>\n\t<meta property=\"og:image:width\" content=\"2048\" \/>\n\t<meta property=\"og:image:height\" content=\"1888\" \/>\n\t<meta property=\"og:image:type\" content=\"image\/jpeg\" \/>\n<meta name=\"twitter:card\" content=\"summary_large_image\" \/>\n<meta name=\"twitter:label1\" content=\"Est. reading time\" \/>\n\t<meta name=\"twitter:data1\" content=\"1 minute\" \/>\n<script type=\"application\/ld+json\" class=\"yoast-schema-graph\">{\"@context\":\"https:\/\/schema.org\",\"@graph\":[{\"@type\":\"WebPage\",\"@id\":\"https:\/\/www.dolomitiprealpi.it\/de\/event\/luci-care-luci-belle-3\/\",\"url\":\"https:\/\/www.dolomitiprealpi.it\/de\/event\/luci-care-luci-belle-3\/\",\"name\":\"Luci care, luci belle - Dolomiti Prealpi\",\"isPartOf\":{\"@id\":\"https:\/\/www.dolomitiprealpi.it\/de\/#website\"},\"datePublished\":\"2026-02-15T11:36:08+00:00\",\"dateModified\":\"2026-03-20T12:18:43+00:00\",\"breadcrumb\":{\"@id\":\"https:\/\/www.dolomitiprealpi.it\/de\/event\/luci-care-luci-belle-3\/#breadcrumb\"},\"inLanguage\":\"de-DE\",\"potentialAction\":[{\"@type\":\"ReadAction\",\"target\":[\"https:\/\/www.dolomitiprealpi.it\/de\/event\/luci-care-luci-belle-3\/\"]}]},{\"@type\":\"BreadcrumbList\",\"@id\":\"https:\/\/www.dolomitiprealpi.it\/de\/event\/luci-care-luci-belle-3\/#breadcrumb\",\"itemListElement\":[{\"@type\":\"ListItem\",\"position\":1,\"name\":\"Home\",\"item\":\"https:\/\/www.dolomitiprealpi.it\/de\/\"},{\"@type\":\"ListItem\",\"position\":2,\"name\":\"Veranstaltungen\",\"item\":\"https:\/\/www.dolomitiprealpi.it\/de\/events\/\"},{\"@type\":\"ListItem\",\"position\":3,\"name\":\"Luci care, luci belle\"}]},{\"@type\":\"WebSite\",\"@id\":\"https:\/\/www.dolomitiprealpi.it\/de\/#website\",\"url\":\"https:\/\/www.dolomitiprealpi.it\/de\/\",\"name\":\"Dolomiti Prealpi\",\"description\":\"\",\"publisher\":{\"@id\":\"https:\/\/www.dolomitiprealpi.it\/de\/#organization\"},\"potentialAction\":[{\"@type\":\"SearchAction\",\"target\":{\"@type\":\"EntryPoint\",\"urlTemplate\":\"https:\/\/www.dolomitiprealpi.it\/de\/?s={search_term_string}\"},\"query-input\":{\"@type\":\"PropertyValueSpecification\",\"valueRequired\":true,\"valueName\":\"search_term_string\"}}],\"inLanguage\":\"de-DE\"},{\"@type\":\"Organization\",\"@id\":\"https:\/\/www.dolomitiprealpi.it\/de\/#organization\",\"name\":\"Consorzio Dolomiti Prealpi\",\"url\":\"https:\/\/www.dolomitiprealpi.it\/de\/\",\"logo\":{\"@type\":\"ImageObject\",\"inLanguage\":\"de-DE\",\"@id\":\"https:\/\/www.dolomitiprealpi.it\/de\/#\/schema\/logo\/image\/\",\"url\":\"https:\/\/www.dolomitiprealpi.it\/wp-content\/uploads\/2023\/03\/dolomitiprealpi-favicon.jpg\",\"contentUrl\":\"https:\/\/www.dolomitiprealpi.it\/wp-content\/uploads\/2023\/03\/dolomitiprealpi-favicon.jpg\",\"width\":512,\"height\":512,\"caption\":\"Consorzio Dolomiti Prealpi\"},\"image\":{\"@id\":\"https:\/\/www.dolomitiprealpi.it\/de\/#\/schema\/logo\/image\/\"},\"sameAs\":[\"https:\/\/www.facebook.com\/dolomitiprealpi.it\/\",\"https:\/\/www.instagram.com\/dolomitiprealpi\/\"]}]}<\/script>\n<!-- \/ Yoast SEO plugin. -->","yoast_head_json":{"title":"Luci care, luci belle - Dolomiti Prealpi","robots":{"index":"index","follow":"follow","max-snippet":"max-snippet:-1","max-image-preview":"max-image-preview:large","max-video-preview":"max-video-preview:-1"},"canonical":"https:\/\/www.dolomitiprealpi.it\/de\/event\/luci-care-luci-belle-3\/","og_locale":"de_DE","og_type":"article","og_title":"Luci care, luci belle - Dolomiti Prealpi","og_description":"VERPFLICHTENDE BUCHUNG: zanandreacarlo@gmail.com Konzert f\u00fcr Stimmen und Klarinetten Gelegentlich verwandelt sich das Planetarium des Astronomischen Zentrums, unterst\u00fctzt durch die hervorragende Akustik, in einen funktionalen Konzertsaal. Bei dieser Gelegenheit wird es","og_url":"https:\/\/www.dolomitiprealpi.it\/de\/event\/luci-care-luci-belle-3\/","og_site_name":"Dolomiti Prealpi","article_publisher":"https:\/\/www.facebook.com\/dolomitiprealpi.it\/","article_modified_time":"2026-03-20T12:18:43+00:00","og_image":[{"width":2048,"height":1888,"url":"https:\/\/www.dolomitiprealpi.it\/wp-content\/uploads\/2022\/11\/C.-Timpone-Foto-archivio-Consorzio-turistico-Dolomiti-Prealpi-Nevegal-Belluno-Bike-18-2.jpg","type":"image\/jpeg"}],"twitter_card":"summary_large_image","twitter_misc":{"Est. reading time":"1 minute"},"schema":{"@context":"https:\/\/schema.org","@graph":[{"@type":"WebPage","@id":"https:\/\/www.dolomitiprealpi.it\/de\/event\/luci-care-luci-belle-3\/","url":"https:\/\/www.dolomitiprealpi.it\/de\/event\/luci-care-luci-belle-3\/","name":"Luci care, luci belle - Dolomiti Prealpi","isPartOf":{"@id":"https:\/\/www.dolomitiprealpi.it\/de\/#website"},"datePublished":"2026-02-15T11:36:08+00:00","dateModified":"2026-03-20T12:18:43+00:00","breadcrumb":{"@id":"https:\/\/www.dolomitiprealpi.it\/de\/event\/luci-care-luci-belle-3\/#breadcrumb"},"inLanguage":"de-DE","potentialAction":[{"@type":"ReadAction","target":["https:\/\/www.dolomitiprealpi.it\/de\/event\/luci-care-luci-belle-3\/"]}]},{"@type":"BreadcrumbList","@id":"https:\/\/www.dolomitiprealpi.it\/de\/event\/luci-care-luci-belle-3\/#breadcrumb","itemListElement":[{"@type":"ListItem","position":1,"name":"Home","item":"https:\/\/www.dolomitiprealpi.it\/de\/"},{"@type":"ListItem","position":2,"name":"Veranstaltungen","item":"https:\/\/www.dolomitiprealpi.it\/de\/events\/"},{"@type":"ListItem","position":3,"name":"Luci care, luci belle"}]},{"@type":"WebSite","@id":"https:\/\/www.dolomitiprealpi.it\/de\/#website","url":"https:\/\/www.dolomitiprealpi.it\/de\/","name":"Dolomiti Prealpi","description":"","publisher":{"@id":"https:\/\/www.dolomitiprealpi.it\/de\/#organization"},"potentialAction":[{"@type":"SearchAction","target":{"@type":"EntryPoint","urlTemplate":"https:\/\/www.dolomitiprealpi.it\/de\/?s={search_term_string}"},"query-input":{"@type":"PropertyValueSpecification","valueRequired":true,"valueName":"search_term_string"}}],"inLanguage":"de-DE"},{"@type":"Organization","@id":"https:\/\/www.dolomitiprealpi.it\/de\/#organization","name":"Consorzio Dolomiti Prealpi","url":"https:\/\/www.dolomitiprealpi.it\/de\/","logo":{"@type":"ImageObject","inLanguage":"de-DE","@id":"https:\/\/www.dolomitiprealpi.it\/de\/#\/schema\/logo\/image\/","url":"https:\/\/www.dolomitiprealpi.it\/wp-content\/uploads\/2023\/03\/dolomitiprealpi-favicon.jpg","contentUrl":"https:\/\/www.dolomitiprealpi.it\/wp-content\/uploads\/2023\/03\/dolomitiprealpi-favicon.jpg","width":512,"height":512,"caption":"Consorzio Dolomiti Prealpi"},"image":{"@id":"https:\/\/www.dolomitiprealpi.it\/de\/#\/schema\/logo\/image\/"},"sameAs":["https:\/\/www.facebook.com\/dolomitiprealpi.it\/","https:\/\/www.instagram.com\/dolomitiprealpi\/"]}]}},"_links":{"self":[{"href":"https:\/\/www.dolomitiprealpi.it\/de\/wp-json\/wp\/v2\/tribe_events\/84966","targetHints":{"allow":["GET"]}}],"collection":[{"href":"https:\/\/www.dolomitiprealpi.it\/de\/wp-json\/wp\/v2\/tribe_events"}],"about":[{"href":"https:\/\/www.dolomitiprealpi.it\/de\/wp-json\/wp\/v2\/types\/tribe_events"}],"version-history":[{"count":1,"href":"https:\/\/www.dolomitiprealpi.it\/de\/wp-json\/wp\/v2\/tribe_events\/84966\/revisions"}],"predecessor-version":[{"id":87819,"href":"https:\/\/www.dolomitiprealpi.it\/de\/wp-json\/wp\/v2\/tribe_events\/84966\/revisions\/87819"}],"wp:attachment":[{"href":"https:\/\/www.dolomitiprealpi.it\/de\/wp-json\/wp\/v2\/media?parent=84966"}],"wp:term":[{"taxonomy":"post_tag","embeddable":true,"href":"https:\/\/www.dolomitiprealpi.it\/de\/wp-json\/wp\/v2\/tags?post=84966"},{"taxonomy":"tribe_events_cat","embeddable":true,"href":"https:\/\/www.dolomitiprealpi.it\/de\/wp-json\/wp\/v2\/tribe_events_cat?post=84966"}],"curies":[{"name":"wp","href":"https:\/\/api.w.org\/{rel}","templated":true}]}}

<p>VERPFLICHTENDE BUCHUNG: <b>zanandreacarlo@gmail.com</b></p>
<p> Konzert für Stimmen und Klarinetten</p>
<p>Gelegentlich verwandelt sich das Planetarium des Astronomischen Zentrums, unterstützt durch die hervorragende Akustik, in einen funktionalen Konzertsaal. </p>
<p>Bei dieser Gelegenheit wird es eine wertvolle Exzellenz des Belluneser Gebiets beherbergen, den Vokalgruppen Crystal Tears (GVCT), eine seit Jahren etablierte Chorgemeinschaft, zusammen mit einer Gruppe junger Klarinettisten, die an der Schule von Alessandro Muscatello an der Miari-Schule und am Renier-Gymnasium in Belluno ausgebildet wurden. Das Konzert wird sich über die beiden Richtungen erstrecken, die schon immer den Geist und die Interessen des GVCT geprägt haben, indem es sich einerseits mit der Musik der klassischen Epoche auseinandersetzt, hier vertreten durch das Triumvirat Haydn-Mozart-van Beethoven, und andererseits mit zeitgenössischer Musik, wobei von beiden die besonders ungewöhnlichen und wenig praktizierten Aspekte erfasst werden. Tatsächlich werden dem Publikum ungewöhnliche und selten gehörte Werke und Stücke von ansonsten sehr berühmten Komponisten präsentiert: frische und brillante Musik, die vollständig zur Aufführung in einem wenig „institutionellen“ Kontext wie dem Planetarium geeignet ist. Auch werden dem Publikum zwei Uraufführungen präsentiert, von denen eine, Meteors (Planctus coeli), in der Sterne und Planeten die Hauptrollen spielen, speziell für diesen Anlass vom Maestro Irlando Danieli, Professor am Konservatorium von Mailand und Komponist, der an der Scala, an der Fenice und in den wichtigsten europäischen Theatern vertreten ist, geschrieben wurde. </p>
<p>Zwischen den verschiedenen Musikstücken werden Illustrationen des Sternenhimmels im Planetarium wechseln.</p>
<p></p>

<p>VERPFLICHTENDE BUCHUNG: zanandreacarlo@gmail.com Konzert für Stimmen und Klarinetten Gelegentlich verwandelt sich das Planetarium des Astronomischen Zentrums, unterstützt durch die hervorragende Akustik, in einen funktionalen Konzertsaal. Bei dieser Gelegenheit wird es</p>

<!-- This site is optimized with the Yoast SEO plugin v25.7 - https://yoast.com/wordpress/plugins/seo/ -->
<title>Luci care, luci belle - Dolomiti Prealpi</title>
<meta name="robots" content="index, follow, max-snippet:-1, max-image-preview:large, max-video-preview:-1" />
<link rel="canonical" href="https://www.dolomitiprealpi.it/de/event/luci-care-luci-belle-3/" />
<meta property="og:locale" content="de_DE" />
<meta property="og:type" content="article" />
<meta property="og:title" content="Luci care, luci belle - Dolomiti Prealpi" />
<meta property="og:description" content="VERPFLICHTENDE BUCHUNG: zanandreacarlo@gmail.com Konzert für Stimmen und Klarinetten Gelegentlich verwandelt sich das Planetarium des Astronomischen Zentrums, unterstützt durch die hervorragende Akustik, in einen funktionalen Konzertsaal. Bei dieser Gelegenheit wird es" />
<meta property="og:url" content="https://www.dolomitiprealpi.it/de/event/luci-care-luci-belle-3/" />
<meta property="og:site_name" content="Dolomiti Prealpi" />
<meta property="article:publisher" content="https://www.facebook.com/dolomitiprealpi.it/" />
<meta property="article:modified_time" content="2026-03-20T12:18:43+00:00" />
<meta property="og:image" content="https://www.dolomitiprealpi.it/wp-content/uploads/2022/11/C.-Timpone-Foto-archivio-Consorzio-turistico-Dolomiti-Prealpi-Nevegal-Belluno-Bike-18-2.jpg" />
	<meta property="og:image:width" content="2048" />
	<meta property="og:image:height" content="1888" />
	<meta property="og:image:type" content="image/jpeg" />
<meta name="twitter:card" content="summary_large_image" />
<meta name="twitter:label1" content="Est. reading time" />
	<meta name="twitter:data1" content="1 minute" />
<script type="application/ld+json" class="yoast-schema-graph">{"@context":"https://schema.org","@graph":[{"@type":"WebPage","@id":"https://www.dolomitiprealpi.it/de/event/luci-care-luci-belle-3/","url":"https://www.dolomitiprealpi.it/de/event/luci-care-luci-belle-3/","name":"Luci care, luci belle - Dolomiti Prealpi","isPartOf":{"@id":"https://www.dolomitiprealpi.it/de/#website"},"datePublished":"2026-02-15T11:36:08+00:00","dateModified":"2026-03-20T12:18:43+00:00","breadcrumb":{"@id":"https://www.dolomitiprealpi.it/de/event/luci-care-luci-belle-3/#breadcrumb"},"inLanguage":"de-DE","potentialAction":[{"@type":"ReadAction","target":["https://www.dolomitiprealpi.it/de/event/luci-care-luci-belle-3/"]}]},{"@type":"BreadcrumbList","@id":"https://www.dolomitiprealpi.it/de/event/luci-care-luci-belle-3/#breadcrumb","itemListElement":[{"@type":"ListItem","position":1,"name":"Home","item":"https://www.dolomitiprealpi.it/de/"},{"@type":"ListItem","position":2,"name":"Veranstaltungen","item":"https://www.dolomitiprealpi.it/de/events/"},{"@type":"ListItem","position":3,"name":"Luci care, luci belle"}]},{"@type":"WebSite","@id":"https://www.dolomitiprealpi.it/de/#website","url":"https://www.dolomitiprealpi.it/de/","name":"Dolomiti Prealpi","description":"","publisher":{"@id":"https://www.dolomitiprealpi.it/de/#organization"},"potentialAction":[{"@type":"SearchAction","target":{"@type":"EntryPoint","urlTemplate":"https://www.dolomitiprealpi.it/de/?s={search_term_string}"},"query-input":{"@type":"PropertyValueSpecification","valueRequired":true,"valueName":"search_term_string"}}],"inLanguage":"de-DE"},{"@type":"Organization","@id":"https://www.dolomitiprealpi.it/de/#organization","name":"Consorzio Dolomiti Prealpi","url":"https://www.dolomitiprealpi.it/de/","logo":{"@type":"ImageObject","inLanguage":"de-DE","@id":"https://www.dolomitiprealpi.it/de/#/schema/logo/image/","url":"https://www.dolomitiprealpi.it/wp-content/uploads/2023/03/dolomitiprealpi-favicon.jpg","contentUrl":"https://www.dolomitiprealpi.it/wp-content/uploads/2023/03/dolomitiprealpi-favicon.jpg","width":512,"height":512,"caption":"Consorzio Dolomiti Prealpi"},"image":{"@id":"https://www.dolomitiprealpi.it/de/#/schema/logo/image/"},"sameAs":["https://www.facebook.com/dolomitiprealpi.it/","https://www.instagram.com/dolomitiprealpi/"]}]}</script>
<!-- / Yoast SEO plugin. -->

VERPFLICHTENDE BUCHUNG: zanandreacarlo@gmail.com Konzert für Stimmen und Klarinetten Gelegentlich verwandelt sich das Planetarium des Astronomischen Zentrums, unterstützt durch die hervorragende Akustik, in einen funktionalen Konzertsaal. Bei dieser Gelegenheit wird es
