{"id":84960,"date":"2026-02-15T12:35:58","date_gmt":"2026-02-15T11:35:58","guid":{"rendered":"https:\/\/www.dolomitiprealpi.it\/event\/battibecchi-dialoghi-comici-tra-omeni-e-femene\/"},"modified":"2026-02-21T16:53:02","modified_gmt":"2026-02-21T15:53:02","slug":"battibecchi-dialoghi-comici-tra-omeni-e-femene","status":"publish","type":"tribe_events","link":"https:\/\/www.dolomitiprealpi.it\/de\/event\/battibecchi-dialoghi-comici-tra-omeni-e-femene\/","title":{"rendered":"Battibecchi &#8211; dialoghi comici tra \u00f2meni e f\u00e9mene"},"content":{"rendered":"<p>In der Sommerrevue von Borgo Piave ETC aps kehren Paola Brolati und Charly Gamba mit einer Show, die zum Lachen anregt, in den ehemaligen Hafen der Stadt Belluno zur\u00fcck.Nach den Erfolgen im Sommer 2023 bei der Sommerausstellung von Borgo Piave ETC aps kehren Paola Brolati und Charly Gamba in den ehemaligen Hafen der Stadt Belluno zur\u00fcck, die uns an diesem hei\u00dfen Sommerabend zum Lachen bringen und zwei angenehme Abende bescheren werden. Vorausgesetzt, das Wetter spielt nicht gerade jetzt Scherze&#8230;<\/p>\n<p>Die erste Vorstellung wird ein Feuerwerk aus komischen Dialogen zwischen Frau und Mann aus der Zeit von Carlo Goldoni, Moderata Fonte, Andrea Calmo und anderen anonymen Autoren sein: zwischen alten Paaren und jungen Verliebten, Wirten und G\u00e4sten, Dienern und Herren pr\u00e4sentieren Paola Brolati und Charly Gamba das Beste aus fast zwanzig Jahren Theater, angereichert mit einigen schmackhaften Neuheiten.<\/p>\n<p>Mindestbeitrag von 5 Euro <\/p>\n<p>Begrenzte Pl\u00e4tze &#8211; Reservierungen sind erforderlich unter segreteria@borgopiaveetc.it oder \u00fcber WhatsApp unter +39 351 3785750 (die Reservierung dient auch dazu, informiert zu werden, falls es \u00c4nderungen im Programm gibt).<br \/>Bei Regen wird die Veranstaltung auf den 23. August verschoben.<\/p>\n","protected":false},"excerpt":{"rendered":"<p>In der Sommerrevue von Borgo Piave ETC aps kehren Paola Brolati und Charly Gamba mit einer Show, die zum Lachen anregt, in den ehemaligen Hafen der Stadt Belluno zur\u00fcck.Nach den<\/p>\n","protected":false},"author":0,"featured_media":0,"template":"","meta":{"_acf_changed":false,"inline_featured_image":false,"_tribe_events_status":"","_tribe_events_status_reason":"","footnotes":""},"tags":[259],"tribe_events_cat":[],"class_list":["post-84960","tribe_events","type-tribe_events","status-publish","hentry","tag-eventi-feratel"],"acf":[],"yoast_head":"<!-- This site is optimized with the Yoast SEO plugin v25.7 - https:\/\/yoast.com\/wordpress\/plugins\/seo\/ -->\n<title>Battibecchi - dialoghi comici tra \u00f2meni e f\u00e9mene - Dolomiti Prealpi<\/title>\n<meta name=\"robots\" content=\"index, follow, max-snippet:-1, max-image-preview:large, max-video-preview:-1\" \/>\n<link rel=\"canonical\" href=\"https:\/\/www.dolomitiprealpi.it\/de\/event\/battibecchi-dialoghi-comici-tra-omeni-e-femene\/\" \/>\n<meta property=\"og:locale\" content=\"de_DE\" \/>\n<meta property=\"og:type\" content=\"article\" \/>\n<meta property=\"og:title\" content=\"Battibecchi - dialoghi comici tra \u00f2meni e f\u00e9mene - Dolomiti Prealpi\" \/>\n<meta property=\"og:description\" content=\"In der Sommerrevue von Borgo Piave ETC aps kehren Paola Brolati und Charly Gamba mit einer Show, die zum Lachen anregt, in den ehemaligen Hafen der Stadt Belluno zur\u00fcck.Nach den\" \/>\n<meta property=\"og:url\" content=\"https:\/\/www.dolomitiprealpi.it\/de\/event\/battibecchi-dialoghi-comici-tra-omeni-e-femene\/\" \/>\n<meta property=\"og:site_name\" content=\"Dolomiti Prealpi\" \/>\n<meta property=\"article:publisher\" content=\"https:\/\/www.facebook.com\/dolomitiprealpi.it\/\" \/>\n<meta property=\"article:modified_time\" content=\"2026-02-21T15:53:02+00:00\" \/>\n<meta property=\"og:image\" content=\"https:\/\/www.dolomitiprealpi.it\/wp-content\/uploads\/2022\/11\/C.-Timpone-Foto-archivio-Consorzio-turistico-Dolomiti-Prealpi-Nevegal-Belluno-Bike-18-2.jpg\" \/>\n\t<meta property=\"og:image:width\" content=\"2048\" \/>\n\t<meta property=\"og:image:height\" content=\"1888\" \/>\n\t<meta property=\"og:image:type\" content=\"image\/jpeg\" \/>\n<meta name=\"twitter:card\" content=\"summary_large_image\" \/>\n<meta name=\"twitter:label1\" content=\"Est. reading time\" \/>\n\t<meta name=\"twitter:data1\" content=\"1 minute\" \/>\n<script type=\"application\/ld+json\" class=\"yoast-schema-graph\">{\"@context\":\"https:\/\/schema.org\",\"@graph\":[{\"@type\":\"WebPage\",\"@id\":\"https:\/\/www.dolomitiprealpi.it\/de\/event\/battibecchi-dialoghi-comici-tra-omeni-e-femene\/\",\"url\":\"https:\/\/www.dolomitiprealpi.it\/de\/event\/battibecchi-dialoghi-comici-tra-omeni-e-femene\/\",\"name\":\"Battibecchi - dialoghi comici tra \u00f2meni e f\u00e9mene - Dolomiti Prealpi\",\"isPartOf\":{\"@id\":\"https:\/\/www.dolomitiprealpi.it\/de\/#website\"},\"datePublished\":\"2026-02-15T11:35:58+00:00\",\"dateModified\":\"2026-02-21T15:53:02+00:00\",\"breadcrumb\":{\"@id\":\"https:\/\/www.dolomitiprealpi.it\/de\/event\/battibecchi-dialoghi-comici-tra-omeni-e-femene\/#breadcrumb\"},\"inLanguage\":\"de-DE\",\"potentialAction\":[{\"@type\":\"ReadAction\",\"target\":[\"https:\/\/www.dolomitiprealpi.it\/de\/event\/battibecchi-dialoghi-comici-tra-omeni-e-femene\/\"]}]},{\"@type\":\"BreadcrumbList\",\"@id\":\"https:\/\/www.dolomitiprealpi.it\/de\/event\/battibecchi-dialoghi-comici-tra-omeni-e-femene\/#breadcrumb\",\"itemListElement\":[{\"@type\":\"ListItem\",\"position\":1,\"name\":\"Home\",\"item\":\"https:\/\/www.dolomitiprealpi.it\/de\/\"},{\"@type\":\"ListItem\",\"position\":2,\"name\":\"Veranstaltungen\",\"item\":\"https:\/\/www.dolomitiprealpi.it\/de\/events\/\"},{\"@type\":\"ListItem\",\"position\":3,\"name\":\"Battibecchi &#8211; dialoghi comici tra \u00f2meni e f\u00e9mene\"}]},{\"@type\":\"WebSite\",\"@id\":\"https:\/\/www.dolomitiprealpi.it\/de\/#website\",\"url\":\"https:\/\/www.dolomitiprealpi.it\/de\/\",\"name\":\"Dolomiti Prealpi\",\"description\":\"\",\"publisher\":{\"@id\":\"https:\/\/www.dolomitiprealpi.it\/de\/#organization\"},\"potentialAction\":[{\"@type\":\"SearchAction\",\"target\":{\"@type\":\"EntryPoint\",\"urlTemplate\":\"https:\/\/www.dolomitiprealpi.it\/de\/?s={search_term_string}\"},\"query-input\":{\"@type\":\"PropertyValueSpecification\",\"valueRequired\":true,\"valueName\":\"search_term_string\"}}],\"inLanguage\":\"de-DE\"},{\"@type\":\"Organization\",\"@id\":\"https:\/\/www.dolomitiprealpi.it\/de\/#organization\",\"name\":\"Consorzio Dolomiti Prealpi\",\"url\":\"https:\/\/www.dolomitiprealpi.it\/de\/\",\"logo\":{\"@type\":\"ImageObject\",\"inLanguage\":\"de-DE\",\"@id\":\"https:\/\/www.dolomitiprealpi.it\/de\/#\/schema\/logo\/image\/\",\"url\":\"https:\/\/www.dolomitiprealpi.it\/wp-content\/uploads\/2023\/03\/dolomitiprealpi-favicon.jpg\",\"contentUrl\":\"https:\/\/www.dolomitiprealpi.it\/wp-content\/uploads\/2023\/03\/dolomitiprealpi-favicon.jpg\",\"width\":512,\"height\":512,\"caption\":\"Consorzio Dolomiti Prealpi\"},\"image\":{\"@id\":\"https:\/\/www.dolomitiprealpi.it\/de\/#\/schema\/logo\/image\/\"},\"sameAs\":[\"https:\/\/www.facebook.com\/dolomitiprealpi.it\/\",\"https:\/\/www.instagram.com\/dolomitiprealpi\/\"]}]}<\/script>\n<!-- \/ Yoast SEO plugin. -->","yoast_head_json":{"title":"Battibecchi - dialoghi comici tra \u00f2meni e f\u00e9mene - Dolomiti Prealpi","robots":{"index":"index","follow":"follow","max-snippet":"max-snippet:-1","max-image-preview":"max-image-preview:large","max-video-preview":"max-video-preview:-1"},"canonical":"https:\/\/www.dolomitiprealpi.it\/de\/event\/battibecchi-dialoghi-comici-tra-omeni-e-femene\/","og_locale":"de_DE","og_type":"article","og_title":"Battibecchi - dialoghi comici tra \u00f2meni e f\u00e9mene - Dolomiti Prealpi","og_description":"In der Sommerrevue von Borgo Piave ETC aps kehren Paola Brolati und Charly Gamba mit einer Show, die zum Lachen anregt, in den ehemaligen Hafen der Stadt Belluno zur\u00fcck.Nach den","og_url":"https:\/\/www.dolomitiprealpi.it\/de\/event\/battibecchi-dialoghi-comici-tra-omeni-e-femene\/","og_site_name":"Dolomiti Prealpi","article_publisher":"https:\/\/www.facebook.com\/dolomitiprealpi.it\/","article_modified_time":"2026-02-21T15:53:02+00:00","og_image":[{"width":2048,"height":1888,"url":"https:\/\/www.dolomitiprealpi.it\/wp-content\/uploads\/2022\/11\/C.-Timpone-Foto-archivio-Consorzio-turistico-Dolomiti-Prealpi-Nevegal-Belluno-Bike-18-2.jpg","type":"image\/jpeg"}],"twitter_card":"summary_large_image","twitter_misc":{"Est. reading time":"1 minute"},"schema":{"@context":"https:\/\/schema.org","@graph":[{"@type":"WebPage","@id":"https:\/\/www.dolomitiprealpi.it\/de\/event\/battibecchi-dialoghi-comici-tra-omeni-e-femene\/","url":"https:\/\/www.dolomitiprealpi.it\/de\/event\/battibecchi-dialoghi-comici-tra-omeni-e-femene\/","name":"Battibecchi - dialoghi comici tra \u00f2meni e f\u00e9mene - Dolomiti Prealpi","isPartOf":{"@id":"https:\/\/www.dolomitiprealpi.it\/de\/#website"},"datePublished":"2026-02-15T11:35:58+00:00","dateModified":"2026-02-21T15:53:02+00:00","breadcrumb":{"@id":"https:\/\/www.dolomitiprealpi.it\/de\/event\/battibecchi-dialoghi-comici-tra-omeni-e-femene\/#breadcrumb"},"inLanguage":"de-DE","potentialAction":[{"@type":"ReadAction","target":["https:\/\/www.dolomitiprealpi.it\/de\/event\/battibecchi-dialoghi-comici-tra-omeni-e-femene\/"]}]},{"@type":"BreadcrumbList","@id":"https:\/\/www.dolomitiprealpi.it\/de\/event\/battibecchi-dialoghi-comici-tra-omeni-e-femene\/#breadcrumb","itemListElement":[{"@type":"ListItem","position":1,"name":"Home","item":"https:\/\/www.dolomitiprealpi.it\/de\/"},{"@type":"ListItem","position":2,"name":"Veranstaltungen","item":"https:\/\/www.dolomitiprealpi.it\/de\/events\/"},{"@type":"ListItem","position":3,"name":"Battibecchi &#8211; dialoghi comici tra \u00f2meni e f\u00e9mene"}]},{"@type":"WebSite","@id":"https:\/\/www.dolomitiprealpi.it\/de\/#website","url":"https:\/\/www.dolomitiprealpi.it\/de\/","name":"Dolomiti Prealpi","description":"","publisher":{"@id":"https:\/\/www.dolomitiprealpi.it\/de\/#organization"},"potentialAction":[{"@type":"SearchAction","target":{"@type":"EntryPoint","urlTemplate":"https:\/\/www.dolomitiprealpi.it\/de\/?s={search_term_string}"},"query-input":{"@type":"PropertyValueSpecification","valueRequired":true,"valueName":"search_term_string"}}],"inLanguage":"de-DE"},{"@type":"Organization","@id":"https:\/\/www.dolomitiprealpi.it\/de\/#organization","name":"Consorzio Dolomiti Prealpi","url":"https:\/\/www.dolomitiprealpi.it\/de\/","logo":{"@type":"ImageObject","inLanguage":"de-DE","@id":"https:\/\/www.dolomitiprealpi.it\/de\/#\/schema\/logo\/image\/","url":"https:\/\/www.dolomitiprealpi.it\/wp-content\/uploads\/2023\/03\/dolomitiprealpi-favicon.jpg","contentUrl":"https:\/\/www.dolomitiprealpi.it\/wp-content\/uploads\/2023\/03\/dolomitiprealpi-favicon.jpg","width":512,"height":512,"caption":"Consorzio Dolomiti Prealpi"},"image":{"@id":"https:\/\/www.dolomitiprealpi.it\/de\/#\/schema\/logo\/image\/"},"sameAs":["https:\/\/www.facebook.com\/dolomitiprealpi.it\/","https:\/\/www.instagram.com\/dolomitiprealpi\/"]}]}},"_links":{"self":[{"href":"https:\/\/www.dolomitiprealpi.it\/de\/wp-json\/wp\/v2\/tribe_events\/84960","targetHints":{"allow":["GET"]}}],"collection":[{"href":"https:\/\/www.dolomitiprealpi.it\/de\/wp-json\/wp\/v2\/tribe_events"}],"about":[{"href":"https:\/\/www.dolomitiprealpi.it\/de\/wp-json\/wp\/v2\/types\/tribe_events"}],"version-history":[{"count":1,"href":"https:\/\/www.dolomitiprealpi.it\/de\/wp-json\/wp\/v2\/tribe_events\/84960\/revisions"}],"predecessor-version":[{"id":87815,"href":"https:\/\/www.dolomitiprealpi.it\/de\/wp-json\/wp\/v2\/tribe_events\/84960\/revisions\/87815"}],"wp:attachment":[{"href":"https:\/\/www.dolomitiprealpi.it\/de\/wp-json\/wp\/v2\/media?parent=84960"}],"wp:term":[{"taxonomy":"post_tag","embeddable":true,"href":"https:\/\/www.dolomitiprealpi.it\/de\/wp-json\/wp\/v2\/tags?post=84960"},{"taxonomy":"tribe_events_cat","embeddable":true,"href":"https:\/\/www.dolomitiprealpi.it\/de\/wp-json\/wp\/v2\/tribe_events_cat?post=84960"}],"curies":[{"name":"wp","href":"https:\/\/api.w.org\/{rel}","templated":true}]}}

Battibecchi &#8211; dialoghi comici tra òmeni e fémene

<p>In der Sommerrevue von Borgo Piave ETC aps kehren Paola Brolati und Charly Gamba mit einer Show, die zum Lachen anregt, in den ehemaligen Hafen der Stadt Belluno zurück.Nach den Erfolgen im Sommer 2023 bei der Sommerausstellung von Borgo Piave ETC aps kehren Paola Brolati und Charly Gamba in den ehemaligen Hafen der Stadt Belluno zurück, die uns an diesem heißen Sommerabend zum Lachen bringen und zwei angenehme Abende bescheren werden. Vorausgesetzt, das Wetter spielt nicht gerade jetzt Scherze&#8230;</p>
<p>Die erste Vorstellung wird ein Feuerwerk aus komischen Dialogen zwischen Frau und Mann aus der Zeit von Carlo Goldoni, Moderata Fonte, Andrea Calmo und anderen anonymen Autoren sein: zwischen alten Paaren und jungen Verliebten, Wirten und Gästen, Dienern und Herren präsentieren Paola Brolati und Charly Gamba das Beste aus fast zwanzig Jahren Theater, angereichert mit einigen schmackhaften Neuheiten.</p>
<p>Mindestbeitrag von 5 Euro </p>
<p>Begrenzte Plätze &#8211; Reservierungen sind erforderlich unter segreteria@borgopiaveetc.it oder über WhatsApp unter +39 351 3785750 (die Reservierung dient auch dazu, informiert zu werden, falls es Änderungen im Programm gibt).<br />Bei Regen wird die Veranstaltung auf den 23. August verschoben.</p>

<p>In der Sommerrevue von Borgo Piave ETC aps kehren Paola Brolati und Charly Gamba mit einer Show, die zum Lachen anregt, in den ehemaligen Hafen der Stadt Belluno zurück.Nach den</p>

<!-- This site is optimized with the Yoast SEO plugin v25.7 - https://yoast.com/wordpress/plugins/seo/ -->
<title>Battibecchi - dialoghi comici tra òmeni e fémene - Dolomiti Prealpi</title>
<meta name="robots" content="index, follow, max-snippet:-1, max-image-preview:large, max-video-preview:-1" />
<link rel="canonical" href="https://www.dolomitiprealpi.it/de/event/battibecchi-dialoghi-comici-tra-omeni-e-femene/" />
<meta property="og:locale" content="de_DE" />
<meta property="og:type" content="article" />
<meta property="og:title" content="Battibecchi - dialoghi comici tra òmeni e fémene - Dolomiti Prealpi" />
<meta property="og:description" content="In der Sommerrevue von Borgo Piave ETC aps kehren Paola Brolati und Charly Gamba mit einer Show, die zum Lachen anregt, in den ehemaligen Hafen der Stadt Belluno zurück.Nach den" />
<meta property="og:url" content="https://www.dolomitiprealpi.it/de/event/battibecchi-dialoghi-comici-tra-omeni-e-femene/" />
<meta property="og:site_name" content="Dolomiti Prealpi" />
<meta property="article:publisher" content="https://www.facebook.com/dolomitiprealpi.it/" />
<meta property="article:modified_time" content="2026-02-21T15:53:02+00:00" />
<meta property="og:image" content="https://www.dolomitiprealpi.it/wp-content/uploads/2022/11/C.-Timpone-Foto-archivio-Consorzio-turistico-Dolomiti-Prealpi-Nevegal-Belluno-Bike-18-2.jpg" />
	<meta property="og:image:width" content="2048" />
	<meta property="og:image:height" content="1888" />
	<meta property="og:image:type" content="image/jpeg" />
<meta name="twitter:card" content="summary_large_image" />
<meta name="twitter:label1" content="Est. reading time" />
	<meta name="twitter:data1" content="1 minute" />
<script type="application/ld+json" class="yoast-schema-graph">{"@context":"https://schema.org","@graph":[{"@type":"WebPage","@id":"https://www.dolomitiprealpi.it/de/event/battibecchi-dialoghi-comici-tra-omeni-e-femene/","url":"https://www.dolomitiprealpi.it/de/event/battibecchi-dialoghi-comici-tra-omeni-e-femene/","name":"Battibecchi - dialoghi comici tra òmeni e fémene - Dolomiti Prealpi","isPartOf":{"@id":"https://www.dolomitiprealpi.it/de/#website"},"datePublished":"2026-02-15T11:35:58+00:00","dateModified":"2026-02-21T15:53:02+00:00","breadcrumb":{"@id":"https://www.dolomitiprealpi.it/de/event/battibecchi-dialoghi-comici-tra-omeni-e-femene/#breadcrumb"},"inLanguage":"de-DE","potentialAction":[{"@type":"ReadAction","target":["https://www.dolomitiprealpi.it/de/event/battibecchi-dialoghi-comici-tra-omeni-e-femene/"]}]},{"@type":"BreadcrumbList","@id":"https://www.dolomitiprealpi.it/de/event/battibecchi-dialoghi-comici-tra-omeni-e-femene/#breadcrumb","itemListElement":[{"@type":"ListItem","position":1,"name":"Home","item":"https://www.dolomitiprealpi.it/de/"},{"@type":"ListItem","position":2,"name":"Veranstaltungen","item":"https://www.dolomitiprealpi.it/de/events/"},{"@type":"ListItem","position":3,"name":"Battibecchi &#8211; dialoghi comici tra òmeni e fémene"}]},{"@type":"WebSite","@id":"https://www.dolomitiprealpi.it/de/#website","url":"https://www.dolomitiprealpi.it/de/","name":"Dolomiti Prealpi","description":"","publisher":{"@id":"https://www.dolomitiprealpi.it/de/#organization"},"potentialAction":[{"@type":"SearchAction","target":{"@type":"EntryPoint","urlTemplate":"https://www.dolomitiprealpi.it/de/?s={search_term_string}"},"query-input":{"@type":"PropertyValueSpecification","valueRequired":true,"valueName":"search_term_string"}}],"inLanguage":"de-DE"},{"@type":"Organization","@id":"https://www.dolomitiprealpi.it/de/#organization","name":"Consorzio Dolomiti Prealpi","url":"https://www.dolomitiprealpi.it/de/","logo":{"@type":"ImageObject","inLanguage":"de-DE","@id":"https://www.dolomitiprealpi.it/de/#/schema/logo/image/","url":"https://www.dolomitiprealpi.it/wp-content/uploads/2023/03/dolomitiprealpi-favicon.jpg","contentUrl":"https://www.dolomitiprealpi.it/wp-content/uploads/2023/03/dolomitiprealpi-favicon.jpg","width":512,"height":512,"caption":"Consorzio Dolomiti Prealpi"},"image":{"@id":"https://www.dolomitiprealpi.it/de/#/schema/logo/image/"},"sameAs":["https://www.facebook.com/dolomitiprealpi.it/","https://www.instagram.com/dolomitiprealpi/"]}]}</script>
<!-- / Yoast SEO plugin. -->

Battibecchi - dialoghi comici tra òmeni e fémene - Dolomiti Prealpi

In der Sommerrevue von Borgo Piave ETC aps kehren Paola Brolati und Charly Gamba mit einer Show, die zum Lachen anregt, in den ehemaligen Hafen der Stadt Belluno zurück.Nach den
