{"id":84851,"date":"2026-02-15T12:33:26","date_gmt":"2026-02-15T11:33:26","guid":{"rendered":"https:\/\/www.dolomitiprealpi.it\/event\/il-zervoi-e-la-foresta-di-cajada-con-irene\/"},"modified":"2026-03-20T13:15:27","modified_gmt":"2026-03-20T12:15:27","slug":"il-zervoi-e-la-foresta-di-cajada-con-irene","status":"publish","type":"tribe_events","link":"https:\/\/www.dolomitiprealpi.it\/de\/event\/il-zervoi-e-la-foresta-di-cajada-con-irene\/","title":{"rendered":"Il Zervoi e la Foresta di Cajada con Irene"},"content":{"rendered":"<p>Kosten pro Person:<b> 25\u20ac<\/b>&nbsp;mit min. 4 und max. 15 Teilnehmern <\/p>\n<p>F\u00fcr Informationen und Anmeldungen: <b>349387800<\/b> &#8211; <b>irene.depellegrini@gmail.com <\/b>(Irene De Pellegrini)<\/p>\n<p> gef\u00fchrte Exkursion<\/p>\n<p>Ein Traumgipfel! Die Wanderung beginnt&nbsp;in der sch\u00f6nen und wenig bekannten Senke von Cajada, einem wertvollen Ort im Nationalpark Dolomiten von Belluno, mit seinem alten Wald, seiner jahrhundertealten K\u00f6nigin und in dieser Zeit&nbsp;kann man&nbsp;die ersten R\u00f6hren der liebenden Hirsche h\u00f6ren.&nbsp;Dann steigt man&nbsp;auf einen der Gipfel, die ihn von oben dominieren, den Zervoi:&nbsp;und man wird&nbsp;von den ehrfurchtgebietenden und faszinierenden Dolomiten der Schiara-Gruppe umgeben sein und vielleicht\u2026 von einigen G\u00e4msen. <\/p>\n<p>Picknick. <br \/>Strecke und H\u00f6henunterschied<b>: 11 km <\/b>&#8211; 650 m <br \/>Schwierigkeit und Dauer:<b> <\/b>MITTEL &#8211; <b>ca. 6 Stunden <\/b>inklusive Pausen <\/p>\n<p>Treffpunkt:<b> <\/b>Uhr <b>8.30 <\/b>bei Bistr\u00f2 51 in Fortogna<\/p>\n","protected":false},"excerpt":{"rendered":"<p>Kosten pro Person: 25\u20ac&nbsp;mit min. 4 und max. 15 Teilnehmern F\u00fcr Informationen und Anmeldungen: 349387800 &#8211; irene.depellegrini@gmail.com (Irene De Pellegrini) gef\u00fchrte Exkursion Ein Traumgipfel! Die Wanderung beginnt&nbsp;in der sch\u00f6nen und<\/p>\n","protected":false},"author":0,"featured_media":0,"template":"","meta":{"_acf_changed":false,"inline_featured_image":false,"_tribe_events_status":"","_tribe_events_status_reason":"","footnotes":""},"tags":[259],"tribe_events_cat":[],"class_list":["post-84851","tribe_events","type-tribe_events","status-publish","hentry","tag-eventi-feratel"],"acf":[],"yoast_head":"<!-- This site is optimized with the Yoast SEO plugin v25.7 - https:\/\/yoast.com\/wordpress\/plugins\/seo\/ -->\n<title>Il Zervoi e la Foresta di Cajada con Irene - Dolomiti Prealpi<\/title>\n<meta name=\"robots\" content=\"index, follow, max-snippet:-1, max-image-preview:large, max-video-preview:-1\" \/>\n<link rel=\"canonical\" href=\"https:\/\/www.dolomitiprealpi.it\/de\/event\/il-zervoi-e-la-foresta-di-cajada-con-irene\/\" \/>\n<meta property=\"og:locale\" content=\"de_DE\" \/>\n<meta property=\"og:type\" content=\"article\" \/>\n<meta property=\"og:title\" content=\"Il Zervoi e la Foresta di Cajada con Irene - Dolomiti Prealpi\" \/>\n<meta property=\"og:description\" content=\"Kosten pro Person: 25\u20ac&nbsp;mit min. 4 und max. 15 Teilnehmern F\u00fcr Informationen und Anmeldungen: 349387800 &#8211; irene.depellegrini@gmail.com (Irene De Pellegrini) gef\u00fchrte Exkursion Ein Traumgipfel! Die Wanderung beginnt&nbsp;in der sch\u00f6nen und\" \/>\n<meta property=\"og:url\" content=\"https:\/\/www.dolomitiprealpi.it\/de\/event\/il-zervoi-e-la-foresta-di-cajada-con-irene\/\" \/>\n<meta property=\"og:site_name\" content=\"Dolomiti Prealpi\" \/>\n<meta property=\"article:publisher\" content=\"https:\/\/www.facebook.com\/dolomitiprealpi.it\/\" \/>\n<meta property=\"article:modified_time\" content=\"2026-03-20T12:15:27+00:00\" \/>\n<meta property=\"og:image\" content=\"https:\/\/www.dolomitiprealpi.it\/wp-content\/uploads\/2022\/11\/C.-Timpone-Foto-archivio-Consorzio-turistico-Dolomiti-Prealpi-Nevegal-Belluno-Bike-18-2.jpg\" \/>\n\t<meta property=\"og:image:width\" content=\"2048\" \/>\n\t<meta property=\"og:image:height\" content=\"1888\" \/>\n\t<meta property=\"og:image:type\" content=\"image\/jpeg\" \/>\n<meta name=\"twitter:card\" content=\"summary_large_image\" \/>\n<meta name=\"twitter:label1\" content=\"Est. reading time\" \/>\n\t<meta name=\"twitter:data1\" content=\"1 minute\" \/>\n<script type=\"application\/ld+json\" class=\"yoast-schema-graph\">{\"@context\":\"https:\/\/schema.org\",\"@graph\":[{\"@type\":\"WebPage\",\"@id\":\"https:\/\/www.dolomitiprealpi.it\/de\/event\/il-zervoi-e-la-foresta-di-cajada-con-irene\/\",\"url\":\"https:\/\/www.dolomitiprealpi.it\/de\/event\/il-zervoi-e-la-foresta-di-cajada-con-irene\/\",\"name\":\"Il Zervoi e la Foresta di Cajada con Irene - Dolomiti Prealpi\",\"isPartOf\":{\"@id\":\"https:\/\/www.dolomitiprealpi.it\/de\/#website\"},\"datePublished\":\"2026-02-15T11:33:26+00:00\",\"dateModified\":\"2026-03-20T12:15:27+00:00\",\"breadcrumb\":{\"@id\":\"https:\/\/www.dolomitiprealpi.it\/de\/event\/il-zervoi-e-la-foresta-di-cajada-con-irene\/#breadcrumb\"},\"inLanguage\":\"de-DE\",\"potentialAction\":[{\"@type\":\"ReadAction\",\"target\":[\"https:\/\/www.dolomitiprealpi.it\/de\/event\/il-zervoi-e-la-foresta-di-cajada-con-irene\/\"]}]},{\"@type\":\"BreadcrumbList\",\"@id\":\"https:\/\/www.dolomitiprealpi.it\/de\/event\/il-zervoi-e-la-foresta-di-cajada-con-irene\/#breadcrumb\",\"itemListElement\":[{\"@type\":\"ListItem\",\"position\":1,\"name\":\"Home\",\"item\":\"https:\/\/www.dolomitiprealpi.it\/de\/\"},{\"@type\":\"ListItem\",\"position\":2,\"name\":\"Veranstaltungen\",\"item\":\"https:\/\/www.dolomitiprealpi.it\/de\/events\/\"},{\"@type\":\"ListItem\",\"position\":3,\"name\":\"Il Zervoi e la Foresta di Cajada con Irene\"}]},{\"@type\":\"WebSite\",\"@id\":\"https:\/\/www.dolomitiprealpi.it\/de\/#website\",\"url\":\"https:\/\/www.dolomitiprealpi.it\/de\/\",\"name\":\"Dolomiti Prealpi\",\"description\":\"\",\"publisher\":{\"@id\":\"https:\/\/www.dolomitiprealpi.it\/de\/#organization\"},\"potentialAction\":[{\"@type\":\"SearchAction\",\"target\":{\"@type\":\"EntryPoint\",\"urlTemplate\":\"https:\/\/www.dolomitiprealpi.it\/de\/?s={search_term_string}\"},\"query-input\":{\"@type\":\"PropertyValueSpecification\",\"valueRequired\":true,\"valueName\":\"search_term_string\"}}],\"inLanguage\":\"de-DE\"},{\"@type\":\"Organization\",\"@id\":\"https:\/\/www.dolomitiprealpi.it\/de\/#organization\",\"name\":\"Consorzio Dolomiti Prealpi\",\"url\":\"https:\/\/www.dolomitiprealpi.it\/de\/\",\"logo\":{\"@type\":\"ImageObject\",\"inLanguage\":\"de-DE\",\"@id\":\"https:\/\/www.dolomitiprealpi.it\/de\/#\/schema\/logo\/image\/\",\"url\":\"https:\/\/www.dolomitiprealpi.it\/wp-content\/uploads\/2023\/03\/dolomitiprealpi-favicon.jpg\",\"contentUrl\":\"https:\/\/www.dolomitiprealpi.it\/wp-content\/uploads\/2023\/03\/dolomitiprealpi-favicon.jpg\",\"width\":512,\"height\":512,\"caption\":\"Consorzio Dolomiti Prealpi\"},\"image\":{\"@id\":\"https:\/\/www.dolomitiprealpi.it\/de\/#\/schema\/logo\/image\/\"},\"sameAs\":[\"https:\/\/www.facebook.com\/dolomitiprealpi.it\/\",\"https:\/\/www.instagram.com\/dolomitiprealpi\/\"]}]}<\/script>\n<!-- \/ Yoast SEO plugin. -->","yoast_head_json":{"title":"Il Zervoi e la Foresta di Cajada con Irene - Dolomiti Prealpi","robots":{"index":"index","follow":"follow","max-snippet":"max-snippet:-1","max-image-preview":"max-image-preview:large","max-video-preview":"max-video-preview:-1"},"canonical":"https:\/\/www.dolomitiprealpi.it\/de\/event\/il-zervoi-e-la-foresta-di-cajada-con-irene\/","og_locale":"de_DE","og_type":"article","og_title":"Il Zervoi e la Foresta di Cajada con Irene - Dolomiti Prealpi","og_description":"Kosten pro Person: 25\u20ac&nbsp;mit min. 4 und max. 15 Teilnehmern F\u00fcr Informationen und Anmeldungen: 349387800 &#8211; irene.depellegrini@gmail.com (Irene De Pellegrini) gef\u00fchrte Exkursion Ein Traumgipfel! Die Wanderung beginnt&nbsp;in der sch\u00f6nen und","og_url":"https:\/\/www.dolomitiprealpi.it\/de\/event\/il-zervoi-e-la-foresta-di-cajada-con-irene\/","og_site_name":"Dolomiti Prealpi","article_publisher":"https:\/\/www.facebook.com\/dolomitiprealpi.it\/","article_modified_time":"2026-03-20T12:15:27+00:00","og_image":[{"width":2048,"height":1888,"url":"https:\/\/www.dolomitiprealpi.it\/wp-content\/uploads\/2022\/11\/C.-Timpone-Foto-archivio-Consorzio-turistico-Dolomiti-Prealpi-Nevegal-Belluno-Bike-18-2.jpg","type":"image\/jpeg"}],"twitter_card":"summary_large_image","twitter_misc":{"Est. reading time":"1 minute"},"schema":{"@context":"https:\/\/schema.org","@graph":[{"@type":"WebPage","@id":"https:\/\/www.dolomitiprealpi.it\/de\/event\/il-zervoi-e-la-foresta-di-cajada-con-irene\/","url":"https:\/\/www.dolomitiprealpi.it\/de\/event\/il-zervoi-e-la-foresta-di-cajada-con-irene\/","name":"Il Zervoi e la Foresta di Cajada con Irene - Dolomiti Prealpi","isPartOf":{"@id":"https:\/\/www.dolomitiprealpi.it\/de\/#website"},"datePublished":"2026-02-15T11:33:26+00:00","dateModified":"2026-03-20T12:15:27+00:00","breadcrumb":{"@id":"https:\/\/www.dolomitiprealpi.it\/de\/event\/il-zervoi-e-la-foresta-di-cajada-con-irene\/#breadcrumb"},"inLanguage":"de-DE","potentialAction":[{"@type":"ReadAction","target":["https:\/\/www.dolomitiprealpi.it\/de\/event\/il-zervoi-e-la-foresta-di-cajada-con-irene\/"]}]},{"@type":"BreadcrumbList","@id":"https:\/\/www.dolomitiprealpi.it\/de\/event\/il-zervoi-e-la-foresta-di-cajada-con-irene\/#breadcrumb","itemListElement":[{"@type":"ListItem","position":1,"name":"Home","item":"https:\/\/www.dolomitiprealpi.it\/de\/"},{"@type":"ListItem","position":2,"name":"Veranstaltungen","item":"https:\/\/www.dolomitiprealpi.it\/de\/events\/"},{"@type":"ListItem","position":3,"name":"Il Zervoi e la Foresta di Cajada con Irene"}]},{"@type":"WebSite","@id":"https:\/\/www.dolomitiprealpi.it\/de\/#website","url":"https:\/\/www.dolomitiprealpi.it\/de\/","name":"Dolomiti Prealpi","description":"","publisher":{"@id":"https:\/\/www.dolomitiprealpi.it\/de\/#organization"},"potentialAction":[{"@type":"SearchAction","target":{"@type":"EntryPoint","urlTemplate":"https:\/\/www.dolomitiprealpi.it\/de\/?s={search_term_string}"},"query-input":{"@type":"PropertyValueSpecification","valueRequired":true,"valueName":"search_term_string"}}],"inLanguage":"de-DE"},{"@type":"Organization","@id":"https:\/\/www.dolomitiprealpi.it\/de\/#organization","name":"Consorzio Dolomiti Prealpi","url":"https:\/\/www.dolomitiprealpi.it\/de\/","logo":{"@type":"ImageObject","inLanguage":"de-DE","@id":"https:\/\/www.dolomitiprealpi.it\/de\/#\/schema\/logo\/image\/","url":"https:\/\/www.dolomitiprealpi.it\/wp-content\/uploads\/2023\/03\/dolomitiprealpi-favicon.jpg","contentUrl":"https:\/\/www.dolomitiprealpi.it\/wp-content\/uploads\/2023\/03\/dolomitiprealpi-favicon.jpg","width":512,"height":512,"caption":"Consorzio Dolomiti Prealpi"},"image":{"@id":"https:\/\/www.dolomitiprealpi.it\/de\/#\/schema\/logo\/image\/"},"sameAs":["https:\/\/www.facebook.com\/dolomitiprealpi.it\/","https:\/\/www.instagram.com\/dolomitiprealpi\/"]}]}},"_links":{"self":[{"href":"https:\/\/www.dolomitiprealpi.it\/de\/wp-json\/wp\/v2\/tribe_events\/84851","targetHints":{"allow":["GET"]}}],"collection":[{"href":"https:\/\/www.dolomitiprealpi.it\/de\/wp-json\/wp\/v2\/tribe_events"}],"about":[{"href":"https:\/\/www.dolomitiprealpi.it\/de\/wp-json\/wp\/v2\/types\/tribe_events"}],"version-history":[{"count":1,"href":"https:\/\/www.dolomitiprealpi.it\/de\/wp-json\/wp\/v2\/tribe_events\/84851\/revisions"}],"predecessor-version":[{"id":87757,"href":"https:\/\/www.dolomitiprealpi.it\/de\/wp-json\/wp\/v2\/tribe_events\/84851\/revisions\/87757"}],"wp:attachment":[{"href":"https:\/\/www.dolomitiprealpi.it\/de\/wp-json\/wp\/v2\/media?parent=84851"}],"wp:term":[{"taxonomy":"post_tag","embeddable":true,"href":"https:\/\/www.dolomitiprealpi.it\/de\/wp-json\/wp\/v2\/tags?post=84851"},{"taxonomy":"tribe_events_cat","embeddable":true,"href":"https:\/\/www.dolomitiprealpi.it\/de\/wp-json\/wp\/v2\/tribe_events_cat?post=84851"}],"curies":[{"name":"wp","href":"https:\/\/api.w.org\/{rel}","templated":true}]}}

<p>Kosten pro Person:<b> 25€</b>&nbsp;mit min. 4 und max. 15 Teilnehmern </p>
<p>Für Informationen und Anmeldungen: <b>349387800</b> &#8211; <b>irene.depellegrini@gmail.com </b>(Irene De Pellegrini)</p>
<p> geführte Exkursion</p>
<p>Ein Traumgipfel! Die Wanderung beginnt&nbsp;in der schönen und wenig bekannten Senke von Cajada, einem wertvollen Ort im Nationalpark Dolomiten von Belluno, mit seinem alten Wald, seiner jahrhundertealten Königin und in dieser Zeit&nbsp;kann man&nbsp;die ersten Röhren der liebenden Hirsche hören.&nbsp;Dann steigt man&nbsp;auf einen der Gipfel, die ihn von oben dominieren, den Zervoi:&nbsp;und man wird&nbsp;von den ehrfurchtgebietenden und faszinierenden Dolomiten der Schiara-Gruppe umgeben sein und vielleicht… von einigen Gämsen. </p>
<p>Picknick. <br />Strecke und Höhenunterschied<b>: 11 km </b>&#8211; 650 m <br />Schwierigkeit und Dauer:<b> </b>MITTEL &#8211; <b>ca. 6 Stunden </b>inklusive Pausen </p>
<p>Treffpunkt:<b> </b>Uhr <b>8.30 </b>bei Bistrò 51 in Fortogna</p>

<p>Kosten pro Person: 25€&nbsp;mit min. 4 und max. 15 Teilnehmern Für Informationen und Anmeldungen: 349387800 &#8211; irene.depellegrini@gmail.com (Irene De Pellegrini) geführte Exkursion Ein Traumgipfel! Die Wanderung beginnt&nbsp;in der schönen und</p>

<!-- This site is optimized with the Yoast SEO plugin v25.7 - https://yoast.com/wordpress/plugins/seo/ -->
<title>Il Zervoi e la Foresta di Cajada con Irene - Dolomiti Prealpi</title>
<meta name="robots" content="index, follow, max-snippet:-1, max-image-preview:large, max-video-preview:-1" />
<link rel="canonical" href="https://www.dolomitiprealpi.it/de/event/il-zervoi-e-la-foresta-di-cajada-con-irene/" />
<meta property="og:locale" content="de_DE" />
<meta property="og:type" content="article" />
<meta property="og:title" content="Il Zervoi e la Foresta di Cajada con Irene - Dolomiti Prealpi" />
<meta property="og:description" content="Kosten pro Person: 25€&nbsp;mit min. 4 und max. 15 Teilnehmern Für Informationen und Anmeldungen: 349387800 &#8211; irene.depellegrini@gmail.com (Irene De Pellegrini) geführte Exkursion Ein Traumgipfel! Die Wanderung beginnt&nbsp;in der schönen und" />
<meta property="og:url" content="https://www.dolomitiprealpi.it/de/event/il-zervoi-e-la-foresta-di-cajada-con-irene/" />
<meta property="og:site_name" content="Dolomiti Prealpi" />
<meta property="article:publisher" content="https://www.facebook.com/dolomitiprealpi.it/" />
<meta property="article:modified_time" content="2026-03-20T12:15:27+00:00" />
<meta property="og:image" content="https://www.dolomitiprealpi.it/wp-content/uploads/2022/11/C.-Timpone-Foto-archivio-Consorzio-turistico-Dolomiti-Prealpi-Nevegal-Belluno-Bike-18-2.jpg" />
	<meta property="og:image:width" content="2048" />
	<meta property="og:image:height" content="1888" />
	<meta property="og:image:type" content="image/jpeg" />
<meta name="twitter:card" content="summary_large_image" />
<meta name="twitter:label1" content="Est. reading time" />
	<meta name="twitter:data1" content="1 minute" />
<script type="application/ld+json" class="yoast-schema-graph">{"@context":"https://schema.org","@graph":[{"@type":"WebPage","@id":"https://www.dolomitiprealpi.it/de/event/il-zervoi-e-la-foresta-di-cajada-con-irene/","url":"https://www.dolomitiprealpi.it/de/event/il-zervoi-e-la-foresta-di-cajada-con-irene/","name":"Il Zervoi e la Foresta di Cajada con Irene - Dolomiti Prealpi","isPartOf":{"@id":"https://www.dolomitiprealpi.it/de/#website"},"datePublished":"2026-02-15T11:33:26+00:00","dateModified":"2026-03-20T12:15:27+00:00","breadcrumb":{"@id":"https://www.dolomitiprealpi.it/de/event/il-zervoi-e-la-foresta-di-cajada-con-irene/#breadcrumb"},"inLanguage":"de-DE","potentialAction":[{"@type":"ReadAction","target":["https://www.dolomitiprealpi.it/de/event/il-zervoi-e-la-foresta-di-cajada-con-irene/"]}]},{"@type":"BreadcrumbList","@id":"https://www.dolomitiprealpi.it/de/event/il-zervoi-e-la-foresta-di-cajada-con-irene/#breadcrumb","itemListElement":[{"@type":"ListItem","position":1,"name":"Home","item":"https://www.dolomitiprealpi.it/de/"},{"@type":"ListItem","position":2,"name":"Veranstaltungen","item":"https://www.dolomitiprealpi.it/de/events/"},{"@type":"ListItem","position":3,"name":"Il Zervoi e la Foresta di Cajada con Irene"}]},{"@type":"WebSite","@id":"https://www.dolomitiprealpi.it/de/#website","url":"https://www.dolomitiprealpi.it/de/","name":"Dolomiti Prealpi","description":"","publisher":{"@id":"https://www.dolomitiprealpi.it/de/#organization"},"potentialAction":[{"@type":"SearchAction","target":{"@type":"EntryPoint","urlTemplate":"https://www.dolomitiprealpi.it/de/?s={search_term_string}"},"query-input":{"@type":"PropertyValueSpecification","valueRequired":true,"valueName":"search_term_string"}}],"inLanguage":"de-DE"},{"@type":"Organization","@id":"https://www.dolomitiprealpi.it/de/#organization","name":"Consorzio Dolomiti Prealpi","url":"https://www.dolomitiprealpi.it/de/","logo":{"@type":"ImageObject","inLanguage":"de-DE","@id":"https://www.dolomitiprealpi.it/de/#/schema/logo/image/","url":"https://www.dolomitiprealpi.it/wp-content/uploads/2023/03/dolomitiprealpi-favicon.jpg","contentUrl":"https://www.dolomitiprealpi.it/wp-content/uploads/2023/03/dolomitiprealpi-favicon.jpg","width":512,"height":512,"caption":"Consorzio Dolomiti Prealpi"},"image":{"@id":"https://www.dolomitiprealpi.it/de/#/schema/logo/image/"},"sameAs":["https://www.facebook.com/dolomitiprealpi.it/","https://www.instagram.com/dolomitiprealpi/"]}]}</script>
<!-- / Yoast SEO plugin. -->

Kosten pro Person: 25€&nbsp;mit min. 4 und max. 15 Teilnehmern Für Informationen und Anmeldungen: 349387800 &#8211; irene.depellegrini@gmail.com (Irene De Pellegrini) geführte Exkursion Ein Traumgipfel! Die Wanderung beginnt&nbsp;in der schönen und
