{"id":84755,"date":"2026-02-15T12:31:54","date_gmt":"2026-02-15T11:31:54","guid":{"rendered":"https:\/\/www.dolomitiprealpi.it\/event\/s-messa-in-onore-del-beato-albino-luciani-il-papa-del-sorriso\/"},"modified":"2026-03-20T13:13:56","modified_gmt":"2026-03-20T12:13:56","slug":"s-messa-in-onore-del-beato-albino-luciani-il-papa-del-sorriso","status":"publish","type":"tribe_events","link":"https:\/\/www.dolomitiprealpi.it\/de\/event\/s-messa-in-onore-del-beato-albino-luciani-il-papa-del-sorriso\/","title":{"rendered":"Concerto in onore del Beato Albino Luciani, il Papa del sorriso"},"content":{"rendered":"<p>Heilige Messe zu Ehren des seligen Johannes Paul I., mit Erinnerung an Loris Serafini und musikalischer Begleitung des Chors Castion.<\/p>\n<p>Wir laden Sie ein, an einem Moment tiefen Nachdenkens und Spiritualit\u00e4t anl\u00e4sslich der heiligen Messe zu Ehren von Seligen Johannes Paul I. teilzunehmen. <\/p>\n<p>Die Feier wird eine einzigartige Gelegenheit sein, das Leben und das spirituelle Erbe dieses gro\u00dfen Papstes durch Worte, Musik und Zeugnisse zu erinnern. <\/p>\n<p>W\u00e4hrend der heiligen Messe wird der <b>Coro&nbsp;Castion<\/b> die Liturgie mit beeindruckenden musikalischen Beitr\u00e4gen begleiten und eine Atmosph\u00e4re intensiver Teilnahme und Andacht schaffen. <\/p>\n<p>Die Stimmen des Chores werden die Gl\u00e4ubigen auf einen emotionalen Weg f\u00fchren, der Hingabe, Harmonie und Sch\u00f6nheit vereint. <\/p>\n<p>Besonders wird der Tag durch den Auftritt von <b>Loris Serafini<\/b>, Direktor des Museums Albino Luciani in Canale d\u2019Agordo, einem Forscher und Archivaren, bereichert, der seit Jahren leidenschaftlich die Erinnerung an den Seligen bewahrt und aufwertet. <\/p>\n<p>Mit Erinnerungen und pers\u00f6nlichen Zeugnissen wird er bedeutende Momente im Leben von Johannes Paul I. erz\u00e4hlen und Anregungen zur Reflexion und Inspiration f\u00fcr alle Anwesenden bieten. <\/p>\n<p>Die Feier hat eine besondere Bedeutung, da sie an den Todestag (28. September 1978) des Seligen Albino Luciani erinnert, des Papstes des L\u00e4chelns, dessen Pontifikat, obwohl sehr kurz, aufgrund seiner Menschlichkeit, Einfachheit und N\u00e4he zu den Gl\u00e4ubigen unausl\u00f6schliche Spuren hinterlassen hat. <\/p>\n<p>Durch Worte und Erinnerungen wird es m\u00f6glich sein, die Werte und Lehren, die der Selige in diesen wenigen Tagen vermittelt hat, wieder zu erleben und die Messe zu einer Gelegenheit zu machen, \u00fcber die universelle Botschaft der Hoffnung und Liebe nachzudenken, die er der Kirche und der Welt hinterlassen hat. <\/p>\n<p>Die Feier findet in der <b>Kirche San Giuseppe in Borgo Pra<\/b> statt, einem intimen und beschaulichen Ort, der den Charme vergangener Gemeinschaften bewahrt und seit jeher einen spirituellen Bezugspunkt f\u00fcr die Bewohner des Dorfes darstellt. <\/p>\n<p>Im Herzen eines der historischen Viertel von Belluno gelegen, bewahrt die Kirche eine Atmosph\u00e4re der Einfachheit und Stille, die zum Gebet und zur Reflexion einl\u00e4dt. <\/p>\n<p>Ihre W\u00e4nde, Zeugen von Glauben und Tradition, werden die Gl\u00e4ubigen in einer famili\u00e4ren und einladenden Umgebung empfangen, was die Feier zu Ehren des Seligen Johannes Paul I. noch intensiver macht.<\/p>\n","protected":false},"excerpt":{"rendered":"<p>Heilige Messe zu Ehren des seligen Johannes Paul I., mit Erinnerung an Loris Serafini und musikalischer Begleitung des Chors Castion. Wir laden Sie ein, an einem Moment tiefen Nachdenkens und<\/p>\n","protected":false},"author":0,"featured_media":0,"template":"","meta":{"_acf_changed":false,"inline_featured_image":false,"_tribe_events_status":"","_tribe_events_status_reason":"","footnotes":""},"tags":[259],"tribe_events_cat":[],"class_list":["post-84755","tribe_events","type-tribe_events","status-publish","hentry","tag-eventi-feratel"],"acf":[],"yoast_head":"<!-- This site is optimized with the Yoast SEO plugin v25.7 - https:\/\/yoast.com\/wordpress\/plugins\/seo\/ -->\n<title>Concerto in onore del Beato Albino Luciani, il Papa del sorriso - Dolomiti Prealpi<\/title>\n<meta name=\"robots\" content=\"index, follow, max-snippet:-1, max-image-preview:large, max-video-preview:-1\" \/>\n<link rel=\"canonical\" href=\"https:\/\/www.dolomitiprealpi.it\/de\/event\/s-messa-in-onore-del-beato-albino-luciani-il-papa-del-sorriso\/\" \/>\n<meta property=\"og:locale\" content=\"de_DE\" \/>\n<meta property=\"og:type\" content=\"article\" \/>\n<meta property=\"og:title\" content=\"Concerto in onore del Beato Albino Luciani, il Papa del sorriso - Dolomiti Prealpi\" \/>\n<meta property=\"og:description\" content=\"Heilige Messe zu Ehren des seligen Johannes Paul I., mit Erinnerung an Loris Serafini und musikalischer Begleitung des Chors Castion. Wir laden Sie ein, an einem Moment tiefen Nachdenkens und\" \/>\n<meta property=\"og:url\" content=\"https:\/\/www.dolomitiprealpi.it\/de\/event\/s-messa-in-onore-del-beato-albino-luciani-il-papa-del-sorriso\/\" \/>\n<meta property=\"og:site_name\" content=\"Dolomiti Prealpi\" \/>\n<meta property=\"article:publisher\" content=\"https:\/\/www.facebook.com\/dolomitiprealpi.it\/\" \/>\n<meta property=\"article:modified_time\" content=\"2026-03-20T12:13:56+00:00\" \/>\n<meta property=\"og:image\" content=\"https:\/\/www.dolomitiprealpi.it\/wp-content\/uploads\/2022\/11\/C.-Timpone-Foto-archivio-Consorzio-turistico-Dolomiti-Prealpi-Nevegal-Belluno-Bike-18-2.jpg\" \/>\n\t<meta property=\"og:image:width\" content=\"2048\" \/>\n\t<meta property=\"og:image:height\" content=\"1888\" \/>\n\t<meta property=\"og:image:type\" content=\"image\/jpeg\" \/>\n<meta name=\"twitter:card\" content=\"summary_large_image\" \/>\n<meta name=\"twitter:label1\" content=\"Est. reading time\" \/>\n\t<meta name=\"twitter:data1\" content=\"2 minutes\" \/>\n<script type=\"application\/ld+json\" class=\"yoast-schema-graph\">{\"@context\":\"https:\/\/schema.org\",\"@graph\":[{\"@type\":\"WebPage\",\"@id\":\"https:\/\/www.dolomitiprealpi.it\/de\/event\/s-messa-in-onore-del-beato-albino-luciani-il-papa-del-sorriso\/\",\"url\":\"https:\/\/www.dolomitiprealpi.it\/de\/event\/s-messa-in-onore-del-beato-albino-luciani-il-papa-del-sorriso\/\",\"name\":\"Concerto in onore del Beato Albino Luciani, il Papa del sorriso - Dolomiti Prealpi\",\"isPartOf\":{\"@id\":\"https:\/\/www.dolomitiprealpi.it\/de\/#website\"},\"datePublished\":\"2026-02-15T11:31:54+00:00\",\"dateModified\":\"2026-03-20T12:13:56+00:00\",\"breadcrumb\":{\"@id\":\"https:\/\/www.dolomitiprealpi.it\/de\/event\/s-messa-in-onore-del-beato-albino-luciani-il-papa-del-sorriso\/#breadcrumb\"},\"inLanguage\":\"de-DE\",\"potentialAction\":[{\"@type\":\"ReadAction\",\"target\":[\"https:\/\/www.dolomitiprealpi.it\/de\/event\/s-messa-in-onore-del-beato-albino-luciani-il-papa-del-sorriso\/\"]}]},{\"@type\":\"BreadcrumbList\",\"@id\":\"https:\/\/www.dolomitiprealpi.it\/de\/event\/s-messa-in-onore-del-beato-albino-luciani-il-papa-del-sorriso\/#breadcrumb\",\"itemListElement\":[{\"@type\":\"ListItem\",\"position\":1,\"name\":\"Home\",\"item\":\"https:\/\/www.dolomitiprealpi.it\/de\/\"},{\"@type\":\"ListItem\",\"position\":2,\"name\":\"Veranstaltungen\",\"item\":\"https:\/\/www.dolomitiprealpi.it\/de\/events\/\"},{\"@type\":\"ListItem\",\"position\":3,\"name\":\"Concerto in onore del Beato Albino Luciani, il Papa del sorriso\"}]},{\"@type\":\"WebSite\",\"@id\":\"https:\/\/www.dolomitiprealpi.it\/de\/#website\",\"url\":\"https:\/\/www.dolomitiprealpi.it\/de\/\",\"name\":\"Dolomiti Prealpi\",\"description\":\"\",\"publisher\":{\"@id\":\"https:\/\/www.dolomitiprealpi.it\/de\/#organization\"},\"potentialAction\":[{\"@type\":\"SearchAction\",\"target\":{\"@type\":\"EntryPoint\",\"urlTemplate\":\"https:\/\/www.dolomitiprealpi.it\/de\/?s={search_term_string}\"},\"query-input\":{\"@type\":\"PropertyValueSpecification\",\"valueRequired\":true,\"valueName\":\"search_term_string\"}}],\"inLanguage\":\"de-DE\"},{\"@type\":\"Organization\",\"@id\":\"https:\/\/www.dolomitiprealpi.it\/de\/#organization\",\"name\":\"Consorzio Dolomiti Prealpi\",\"url\":\"https:\/\/www.dolomitiprealpi.it\/de\/\",\"logo\":{\"@type\":\"ImageObject\",\"inLanguage\":\"de-DE\",\"@id\":\"https:\/\/www.dolomitiprealpi.it\/de\/#\/schema\/logo\/image\/\",\"url\":\"https:\/\/www.dolomitiprealpi.it\/wp-content\/uploads\/2023\/03\/dolomitiprealpi-favicon.jpg\",\"contentUrl\":\"https:\/\/www.dolomitiprealpi.it\/wp-content\/uploads\/2023\/03\/dolomitiprealpi-favicon.jpg\",\"width\":512,\"height\":512,\"caption\":\"Consorzio Dolomiti Prealpi\"},\"image\":{\"@id\":\"https:\/\/www.dolomitiprealpi.it\/de\/#\/schema\/logo\/image\/\"},\"sameAs\":[\"https:\/\/www.facebook.com\/dolomitiprealpi.it\/\",\"https:\/\/www.instagram.com\/dolomitiprealpi\/\"]}]}<\/script>\n<!-- \/ Yoast SEO plugin. -->","yoast_head_json":{"title":"Concerto in onore del Beato Albino Luciani, il Papa del sorriso - Dolomiti Prealpi","robots":{"index":"index","follow":"follow","max-snippet":"max-snippet:-1","max-image-preview":"max-image-preview:large","max-video-preview":"max-video-preview:-1"},"canonical":"https:\/\/www.dolomitiprealpi.it\/de\/event\/s-messa-in-onore-del-beato-albino-luciani-il-papa-del-sorriso\/","og_locale":"de_DE","og_type":"article","og_title":"Concerto in onore del Beato Albino Luciani, il Papa del sorriso - Dolomiti Prealpi","og_description":"Heilige Messe zu Ehren des seligen Johannes Paul I., mit Erinnerung an Loris Serafini und musikalischer Begleitung des Chors Castion. Wir laden Sie ein, an einem Moment tiefen Nachdenkens und","og_url":"https:\/\/www.dolomitiprealpi.it\/de\/event\/s-messa-in-onore-del-beato-albino-luciani-il-papa-del-sorriso\/","og_site_name":"Dolomiti Prealpi","article_publisher":"https:\/\/www.facebook.com\/dolomitiprealpi.it\/","article_modified_time":"2026-03-20T12:13:56+00:00","og_image":[{"width":2048,"height":1888,"url":"https:\/\/www.dolomitiprealpi.it\/wp-content\/uploads\/2022\/11\/C.-Timpone-Foto-archivio-Consorzio-turistico-Dolomiti-Prealpi-Nevegal-Belluno-Bike-18-2.jpg","type":"image\/jpeg"}],"twitter_card":"summary_large_image","twitter_misc":{"Est. reading time":"2 minutes"},"schema":{"@context":"https:\/\/schema.org","@graph":[{"@type":"WebPage","@id":"https:\/\/www.dolomitiprealpi.it\/de\/event\/s-messa-in-onore-del-beato-albino-luciani-il-papa-del-sorriso\/","url":"https:\/\/www.dolomitiprealpi.it\/de\/event\/s-messa-in-onore-del-beato-albino-luciani-il-papa-del-sorriso\/","name":"Concerto in onore del Beato Albino Luciani, il Papa del sorriso - Dolomiti Prealpi","isPartOf":{"@id":"https:\/\/www.dolomitiprealpi.it\/de\/#website"},"datePublished":"2026-02-15T11:31:54+00:00","dateModified":"2026-03-20T12:13:56+00:00","breadcrumb":{"@id":"https:\/\/www.dolomitiprealpi.it\/de\/event\/s-messa-in-onore-del-beato-albino-luciani-il-papa-del-sorriso\/#breadcrumb"},"inLanguage":"de-DE","potentialAction":[{"@type":"ReadAction","target":["https:\/\/www.dolomitiprealpi.it\/de\/event\/s-messa-in-onore-del-beato-albino-luciani-il-papa-del-sorriso\/"]}]},{"@type":"BreadcrumbList","@id":"https:\/\/www.dolomitiprealpi.it\/de\/event\/s-messa-in-onore-del-beato-albino-luciani-il-papa-del-sorriso\/#breadcrumb","itemListElement":[{"@type":"ListItem","position":1,"name":"Home","item":"https:\/\/www.dolomitiprealpi.it\/de\/"},{"@type":"ListItem","position":2,"name":"Veranstaltungen","item":"https:\/\/www.dolomitiprealpi.it\/de\/events\/"},{"@type":"ListItem","position":3,"name":"Concerto in onore del Beato Albino Luciani, il Papa del sorriso"}]},{"@type":"WebSite","@id":"https:\/\/www.dolomitiprealpi.it\/de\/#website","url":"https:\/\/www.dolomitiprealpi.it\/de\/","name":"Dolomiti Prealpi","description":"","publisher":{"@id":"https:\/\/www.dolomitiprealpi.it\/de\/#organization"},"potentialAction":[{"@type":"SearchAction","target":{"@type":"EntryPoint","urlTemplate":"https:\/\/www.dolomitiprealpi.it\/de\/?s={search_term_string}"},"query-input":{"@type":"PropertyValueSpecification","valueRequired":true,"valueName":"search_term_string"}}],"inLanguage":"de-DE"},{"@type":"Organization","@id":"https:\/\/www.dolomitiprealpi.it\/de\/#organization","name":"Consorzio Dolomiti Prealpi","url":"https:\/\/www.dolomitiprealpi.it\/de\/","logo":{"@type":"ImageObject","inLanguage":"de-DE","@id":"https:\/\/www.dolomitiprealpi.it\/de\/#\/schema\/logo\/image\/","url":"https:\/\/www.dolomitiprealpi.it\/wp-content\/uploads\/2023\/03\/dolomitiprealpi-favicon.jpg","contentUrl":"https:\/\/www.dolomitiprealpi.it\/wp-content\/uploads\/2023\/03\/dolomitiprealpi-favicon.jpg","width":512,"height":512,"caption":"Consorzio Dolomiti Prealpi"},"image":{"@id":"https:\/\/www.dolomitiprealpi.it\/de\/#\/schema\/logo\/image\/"},"sameAs":["https:\/\/www.facebook.com\/dolomitiprealpi.it\/","https:\/\/www.instagram.com\/dolomitiprealpi\/"]}]}},"_links":{"self":[{"href":"https:\/\/www.dolomitiprealpi.it\/de\/wp-json\/wp\/v2\/tribe_events\/84755","targetHints":{"allow":["GET"]}}],"collection":[{"href":"https:\/\/www.dolomitiprealpi.it\/de\/wp-json\/wp\/v2\/tribe_events"}],"about":[{"href":"https:\/\/www.dolomitiprealpi.it\/de\/wp-json\/wp\/v2\/types\/tribe_events"}],"version-history":[{"count":2,"href":"https:\/\/www.dolomitiprealpi.it\/de\/wp-json\/wp\/v2\/tribe_events\/84755\/revisions"}],"predecessor-version":[{"id":88648,"href":"https:\/\/www.dolomitiprealpi.it\/de\/wp-json\/wp\/v2\/tribe_events\/84755\/revisions\/88648"}],"wp:attachment":[{"href":"https:\/\/www.dolomitiprealpi.it\/de\/wp-json\/wp\/v2\/media?parent=84755"}],"wp:term":[{"taxonomy":"post_tag","embeddable":true,"href":"https:\/\/www.dolomitiprealpi.it\/de\/wp-json\/wp\/v2\/tags?post=84755"},{"taxonomy":"tribe_events_cat","embeddable":true,"href":"https:\/\/www.dolomitiprealpi.it\/de\/wp-json\/wp\/v2\/tribe_events_cat?post=84755"}],"curies":[{"name":"wp","href":"https:\/\/api.w.org\/{rel}","templated":true}]}}

<p>Heilige Messe zu Ehren des seligen Johannes Paul I., mit Erinnerung an Loris Serafini und musikalischer Begleitung des Chors Castion.</p>
<p>Wir laden Sie ein, an einem Moment tiefen Nachdenkens und Spiritualität anlässlich der heiligen Messe zu Ehren von Seligen Johannes Paul I. teilzunehmen. </p>
<p>Die Feier wird eine einzigartige Gelegenheit sein, das Leben und das spirituelle Erbe dieses großen Papstes durch Worte, Musik und Zeugnisse zu erinnern. </p>
<p>Während der heiligen Messe wird der <b>Coro&nbsp;Castion</b> die Liturgie mit beeindruckenden musikalischen Beiträgen begleiten und eine Atmosphäre intensiver Teilnahme und Andacht schaffen. </p>
<p>Die Stimmen des Chores werden die Gläubigen auf einen emotionalen Weg führen, der Hingabe, Harmonie und Schönheit vereint. </p>
<p>Besonders wird der Tag durch den Auftritt von <b>Loris Serafini</b>, Direktor des Museums Albino Luciani in Canale d’Agordo, einem Forscher und Archivaren, bereichert, der seit Jahren leidenschaftlich die Erinnerung an den Seligen bewahrt und aufwertet. </p>
<p>Mit Erinnerungen und persönlichen Zeugnissen wird er bedeutende Momente im Leben von Johannes Paul I. erzählen und Anregungen zur Reflexion und Inspiration für alle Anwesenden bieten. </p>
<p>Die Feier hat eine besondere Bedeutung, da sie an den Todestag (28. September 1978) des Seligen Albino Luciani erinnert, des Papstes des Lächelns, dessen Pontifikat, obwohl sehr kurz, aufgrund seiner Menschlichkeit, Einfachheit und Nähe zu den Gläubigen unauslöschliche Spuren hinterlassen hat. </p>
<p>Durch Worte und Erinnerungen wird es möglich sein, die Werte und Lehren, die der Selige in diesen wenigen Tagen vermittelt hat, wieder zu erleben und die Messe zu einer Gelegenheit zu machen, über die universelle Botschaft der Hoffnung und Liebe nachzudenken, die er der Kirche und der Welt hinterlassen hat. </p>
<p>Die Feier findet in der <b>Kirche San Giuseppe in Borgo Pra</b> statt, einem intimen und beschaulichen Ort, der den Charme vergangener Gemeinschaften bewahrt und seit jeher einen spirituellen Bezugspunkt für die Bewohner des Dorfes darstellt. </p>
<p>Im Herzen eines der historischen Viertel von Belluno gelegen, bewahrt die Kirche eine Atmosphäre der Einfachheit und Stille, die zum Gebet und zur Reflexion einlädt. </p>
<p>Ihre Wände, Zeugen von Glauben und Tradition, werden die Gläubigen in einer familiären und einladenden Umgebung empfangen, was die Feier zu Ehren des Seligen Johannes Paul I. noch intensiver macht.</p>
