{"id":84474,"date":"2025-12-29T11:15:53","date_gmt":"2025-12-29T10:15:53","guid":{"rendered":"https:\/\/www.dolomitiprealpi.it\/event\/lumaca-lucilla\/"},"modified":"2026-01-24T20:20:00","modified_gmt":"2026-01-24T19:20:00","slug":"lumaca-lucilla","status":"publish","type":"tribe_events","link":"https:\/\/www.dolomitiprealpi.it\/de\/event\/lumaca-lucilla\/","title":{"rendered":"Lumaca Lucilla"},"content":{"rendered":"<p>Theaterauff\u00fchrung f\u00fcr Kinder und Familien<\/p>\n<p>Schnecke Lucilla, eine unternehmungslustige Figur aus dem Volk der Schnecken,  liebt wie alle anderen die Langsamkeit und m\u00f6chte allen langsam erkl\u00e4ren, dass  Langsamkeit interessant, wundersch\u00f6n ist und \u00dcberraschungen bereith\u00e4lt!<\/p>\n<p>Vom Erz\u00e4hlen, von der Pr\u00e4senz des Publikums und vor allem von den Kindern  begeistert, wird sie zeigen, dass wer langsam, sehr sehr langsam geht, dann  schnell, ja sogar sehr schnell, sein kann.<\/p>\n<p>Eine Auff\u00fchrung voller Wendungen, mit komischen Jongliernummern und  einem grandiosen, seifigen Finale.  Die K\u00fcnstlerin nutzt die Figur der Schnecke als Vorwand, um mit dem  Publikum die Sch\u00f6nheit der Langsamkeit zu teilen, mit kleinen allt\u00e4glichen  Dingen zu spielen und Poesie selbst mit einem einfachen Blatt Papier zu  erschaffen.<\/p>\n<p>Der Spa\u00df entsteht im Wechselspiel von Momenten der S\u00fc\u00dfe und  sprudelnder \u00dcberraschung.<\/p>\n<p>Theaterauff\u00fchrung und Jonglage  von und mit Gianfranco Gallo, Kost\u00fcme von Maria Elena de Villaris.<\/p>\n<p>Die Veranstaltung ist Teil der Reihe \u201eL\u00e4nder, Geschichten und Kinder\u201c, die  die Gemeinden der Provinzen Treviso, Belluno, Padova und Venedig einbezieht.<\/p>\n<p>Je mehr Auff\u00fchrungen Sie besuchen, desto mehr Preise gewinnen Sie! Gehen Sie  zum Informationspunkt, den Sie an den Veranstaltungsorten finden, nehmen Sie Ihr  K\u00e4rtchen und holen Sie sich Ihren Preis ab.<\/p>\n<p>Bei schlechtem Wetter wird die Vorstellung auf ein noch bekannt zu gebendes  Datum verschoben.<\/p>\n<p>Folgen Sie allen Updates auf unseren Webseiten und sozialen  Medien.<\/p>\n<p>https:\/\/live.alcuni.it\/rassegna-paesi-storie-e-bambini\/<\/p>\n<p>https:\/\/www.facebook.com\/AlcuniTeatro\/<\/p>\n<p>https:\/\/www.instagram.com\/glialcuniteatro\/<\/p>\n","protected":false},"excerpt":{"rendered":"<p>Theaterauff\u00fchrung f\u00fcr Kinder und Familien Schnecke Lucilla, eine unternehmungslustige Figur aus dem Volk der Schnecken, liebt wie alle anderen die Langsamkeit und m\u00f6chte allen langsam erkl\u00e4ren, dass Langsamkeit interessant, wundersch\u00f6n<\/p>\n","protected":false},"author":0,"featured_media":0,"template":"","meta":{"_acf_changed":false,"inline_featured_image":false,"_tribe_events_status":"","_tribe_events_status_reason":"","footnotes":""},"tags":[259],"tribe_events_cat":[],"class_list":["post-84474","tribe_events","type-tribe_events","status-publish","hentry","tag-eventi-feratel"],"acf":[],"yoast_head":"<!-- This site is optimized with the Yoast SEO plugin v25.7 - https:\/\/yoast.com\/wordpress\/plugins\/seo\/ -->\n<title>Lumaca Lucilla - Dolomiti Prealpi<\/title>\n<meta name=\"robots\" content=\"index, follow, max-snippet:-1, max-image-preview:large, max-video-preview:-1\" \/>\n<link rel=\"canonical\" href=\"https:\/\/www.dolomitiprealpi.it\/de\/event\/lumaca-lucilla\/\" \/>\n<meta property=\"og:locale\" content=\"de_DE\" \/>\n<meta property=\"og:type\" content=\"article\" \/>\n<meta property=\"og:title\" content=\"Lumaca Lucilla - Dolomiti Prealpi\" \/>\n<meta property=\"og:description\" content=\"Theaterauff\u00fchrung f\u00fcr Kinder und Familien Schnecke Lucilla, eine unternehmungslustige Figur aus dem Volk der Schnecken, liebt wie alle anderen die Langsamkeit und m\u00f6chte allen langsam erkl\u00e4ren, dass Langsamkeit interessant, wundersch\u00f6n\" \/>\n<meta property=\"og:url\" content=\"https:\/\/www.dolomitiprealpi.it\/de\/event\/lumaca-lucilla\/\" \/>\n<meta property=\"og:site_name\" content=\"Dolomiti Prealpi\" \/>\n<meta property=\"article:publisher\" content=\"https:\/\/www.facebook.com\/dolomitiprealpi.it\/\" \/>\n<meta property=\"article:modified_time\" content=\"2026-01-24T19:20:00+00:00\" \/>\n<meta property=\"og:image\" content=\"https:\/\/www.dolomitiprealpi.it\/wp-content\/uploads\/2022\/11\/C.-Timpone-Foto-archivio-Consorzio-turistico-Dolomiti-Prealpi-Nevegal-Belluno-Bike-18-2.jpg\" \/>\n\t<meta property=\"og:image:width\" content=\"2048\" \/>\n\t<meta property=\"og:image:height\" content=\"1888\" \/>\n\t<meta property=\"og:image:type\" content=\"image\/jpeg\" \/>\n<meta name=\"twitter:card\" content=\"summary_large_image\" \/>\n<meta name=\"twitter:label1\" content=\"Est. reading time\" \/>\n\t<meta name=\"twitter:data1\" content=\"1 minute\" \/>\n<script type=\"application\/ld+json\" class=\"yoast-schema-graph\">{\"@context\":\"https:\/\/schema.org\",\"@graph\":[{\"@type\":\"WebPage\",\"@id\":\"https:\/\/www.dolomitiprealpi.it\/de\/event\/lumaca-lucilla\/\",\"url\":\"https:\/\/www.dolomitiprealpi.it\/de\/event\/lumaca-lucilla\/\",\"name\":\"Lumaca Lucilla - Dolomiti Prealpi\",\"isPartOf\":{\"@id\":\"https:\/\/www.dolomitiprealpi.it\/de\/#website\"},\"datePublished\":\"2025-12-29T10:15:53+00:00\",\"dateModified\":\"2026-01-24T19:20:00+00:00\",\"breadcrumb\":{\"@id\":\"https:\/\/www.dolomitiprealpi.it\/de\/event\/lumaca-lucilla\/#breadcrumb\"},\"inLanguage\":\"de-DE\",\"potentialAction\":[{\"@type\":\"ReadAction\",\"target\":[\"https:\/\/www.dolomitiprealpi.it\/de\/event\/lumaca-lucilla\/\"]}]},{\"@type\":\"BreadcrumbList\",\"@id\":\"https:\/\/www.dolomitiprealpi.it\/de\/event\/lumaca-lucilla\/#breadcrumb\",\"itemListElement\":[{\"@type\":\"ListItem\",\"position\":1,\"name\":\"Home\",\"item\":\"https:\/\/www.dolomitiprealpi.it\/de\/\"},{\"@type\":\"ListItem\",\"position\":2,\"name\":\"Veranstaltungen\",\"item\":\"https:\/\/www.dolomitiprealpi.it\/de\/events\/\"},{\"@type\":\"ListItem\",\"position\":3,\"name\":\"Lumaca Lucilla\"}]},{\"@type\":\"WebSite\",\"@id\":\"https:\/\/www.dolomitiprealpi.it\/de\/#website\",\"url\":\"https:\/\/www.dolomitiprealpi.it\/de\/\",\"name\":\"Dolomiti Prealpi\",\"description\":\"\",\"publisher\":{\"@id\":\"https:\/\/www.dolomitiprealpi.it\/de\/#organization\"},\"potentialAction\":[{\"@type\":\"SearchAction\",\"target\":{\"@type\":\"EntryPoint\",\"urlTemplate\":\"https:\/\/www.dolomitiprealpi.it\/de\/?s={search_term_string}\"},\"query-input\":{\"@type\":\"PropertyValueSpecification\",\"valueRequired\":true,\"valueName\":\"search_term_string\"}}],\"inLanguage\":\"de-DE\"},{\"@type\":\"Organization\",\"@id\":\"https:\/\/www.dolomitiprealpi.it\/de\/#organization\",\"name\":\"Consorzio Dolomiti Prealpi\",\"url\":\"https:\/\/www.dolomitiprealpi.it\/de\/\",\"logo\":{\"@type\":\"ImageObject\",\"inLanguage\":\"de-DE\",\"@id\":\"https:\/\/www.dolomitiprealpi.it\/de\/#\/schema\/logo\/image\/\",\"url\":\"https:\/\/www.dolomitiprealpi.it\/wp-content\/uploads\/2023\/03\/dolomitiprealpi-favicon.jpg\",\"contentUrl\":\"https:\/\/www.dolomitiprealpi.it\/wp-content\/uploads\/2023\/03\/dolomitiprealpi-favicon.jpg\",\"width\":512,\"height\":512,\"caption\":\"Consorzio Dolomiti Prealpi\"},\"image\":{\"@id\":\"https:\/\/www.dolomitiprealpi.it\/de\/#\/schema\/logo\/image\/\"},\"sameAs\":[\"https:\/\/www.facebook.com\/dolomitiprealpi.it\/\",\"https:\/\/www.instagram.com\/dolomitiprealpi\/\"]}]}<\/script>\n<!-- \/ Yoast SEO plugin. -->","yoast_head_json":{"title":"Lumaca Lucilla - Dolomiti Prealpi","robots":{"index":"index","follow":"follow","max-snippet":"max-snippet:-1","max-image-preview":"max-image-preview:large","max-video-preview":"max-video-preview:-1"},"canonical":"https:\/\/www.dolomitiprealpi.it\/de\/event\/lumaca-lucilla\/","og_locale":"de_DE","og_type":"article","og_title":"Lumaca Lucilla - Dolomiti Prealpi","og_description":"Theaterauff\u00fchrung f\u00fcr Kinder und Familien Schnecke Lucilla, eine unternehmungslustige Figur aus dem Volk der Schnecken, liebt wie alle anderen die Langsamkeit und m\u00f6chte allen langsam erkl\u00e4ren, dass Langsamkeit interessant, wundersch\u00f6n","og_url":"https:\/\/www.dolomitiprealpi.it\/de\/event\/lumaca-lucilla\/","og_site_name":"Dolomiti Prealpi","article_publisher":"https:\/\/www.facebook.com\/dolomitiprealpi.it\/","article_modified_time":"2026-01-24T19:20:00+00:00","og_image":[{"width":2048,"height":1888,"url":"https:\/\/www.dolomitiprealpi.it\/wp-content\/uploads\/2022\/11\/C.-Timpone-Foto-archivio-Consorzio-turistico-Dolomiti-Prealpi-Nevegal-Belluno-Bike-18-2.jpg","type":"image\/jpeg"}],"twitter_card":"summary_large_image","twitter_misc":{"Est. reading time":"1 minute"},"schema":{"@context":"https:\/\/schema.org","@graph":[{"@type":"WebPage","@id":"https:\/\/www.dolomitiprealpi.it\/de\/event\/lumaca-lucilla\/","url":"https:\/\/www.dolomitiprealpi.it\/de\/event\/lumaca-lucilla\/","name":"Lumaca Lucilla - Dolomiti Prealpi","isPartOf":{"@id":"https:\/\/www.dolomitiprealpi.it\/de\/#website"},"datePublished":"2025-12-29T10:15:53+00:00","dateModified":"2026-01-24T19:20:00+00:00","breadcrumb":{"@id":"https:\/\/www.dolomitiprealpi.it\/de\/event\/lumaca-lucilla\/#breadcrumb"},"inLanguage":"de-DE","potentialAction":[{"@type":"ReadAction","target":["https:\/\/www.dolomitiprealpi.it\/de\/event\/lumaca-lucilla\/"]}]},{"@type":"BreadcrumbList","@id":"https:\/\/www.dolomitiprealpi.it\/de\/event\/lumaca-lucilla\/#breadcrumb","itemListElement":[{"@type":"ListItem","position":1,"name":"Home","item":"https:\/\/www.dolomitiprealpi.it\/de\/"},{"@type":"ListItem","position":2,"name":"Veranstaltungen","item":"https:\/\/www.dolomitiprealpi.it\/de\/events\/"},{"@type":"ListItem","position":3,"name":"Lumaca Lucilla"}]},{"@type":"WebSite","@id":"https:\/\/www.dolomitiprealpi.it\/de\/#website","url":"https:\/\/www.dolomitiprealpi.it\/de\/","name":"Dolomiti Prealpi","description":"","publisher":{"@id":"https:\/\/www.dolomitiprealpi.it\/de\/#organization"},"potentialAction":[{"@type":"SearchAction","target":{"@type":"EntryPoint","urlTemplate":"https:\/\/www.dolomitiprealpi.it\/de\/?s={search_term_string}"},"query-input":{"@type":"PropertyValueSpecification","valueRequired":true,"valueName":"search_term_string"}}],"inLanguage":"de-DE"},{"@type":"Organization","@id":"https:\/\/www.dolomitiprealpi.it\/de\/#organization","name":"Consorzio Dolomiti Prealpi","url":"https:\/\/www.dolomitiprealpi.it\/de\/","logo":{"@type":"ImageObject","inLanguage":"de-DE","@id":"https:\/\/www.dolomitiprealpi.it\/de\/#\/schema\/logo\/image\/","url":"https:\/\/www.dolomitiprealpi.it\/wp-content\/uploads\/2023\/03\/dolomitiprealpi-favicon.jpg","contentUrl":"https:\/\/www.dolomitiprealpi.it\/wp-content\/uploads\/2023\/03\/dolomitiprealpi-favicon.jpg","width":512,"height":512,"caption":"Consorzio Dolomiti Prealpi"},"image":{"@id":"https:\/\/www.dolomitiprealpi.it\/de\/#\/schema\/logo\/image\/"},"sameAs":["https:\/\/www.facebook.com\/dolomitiprealpi.it\/","https:\/\/www.instagram.com\/dolomitiprealpi\/"]}]}},"_links":{"self":[{"href":"https:\/\/www.dolomitiprealpi.it\/de\/wp-json\/wp\/v2\/tribe_events\/84474","targetHints":{"allow":["GET"]}}],"collection":[{"href":"https:\/\/www.dolomitiprealpi.it\/de\/wp-json\/wp\/v2\/tribe_events"}],"about":[{"href":"https:\/\/www.dolomitiprealpi.it\/de\/wp-json\/wp\/v2\/types\/tribe_events"}],"version-history":[{"count":1,"href":"https:\/\/www.dolomitiprealpi.it\/de\/wp-json\/wp\/v2\/tribe_events\/84474\/revisions"}],"predecessor-version":[{"id":87527,"href":"https:\/\/www.dolomitiprealpi.it\/de\/wp-json\/wp\/v2\/tribe_events\/84474\/revisions\/87527"}],"wp:attachment":[{"href":"https:\/\/www.dolomitiprealpi.it\/de\/wp-json\/wp\/v2\/media?parent=84474"}],"wp:term":[{"taxonomy":"post_tag","embeddable":true,"href":"https:\/\/www.dolomitiprealpi.it\/de\/wp-json\/wp\/v2\/tags?post=84474"},{"taxonomy":"tribe_events_cat","embeddable":true,"href":"https:\/\/www.dolomitiprealpi.it\/de\/wp-json\/wp\/v2\/tribe_events_cat?post=84474"}],"curies":[{"name":"wp","href":"https:\/\/api.w.org\/{rel}","templated":true}]}}

<p>Theateraufführung für Kinder und Familien</p>
<p>Schnecke Lucilla, eine unternehmungslustige Figur aus dem Volk der Schnecken,  liebt wie alle anderen die Langsamkeit und möchte allen langsam erklären, dass  Langsamkeit interessant, wunderschön ist und Überraschungen bereithält!</p>
<p>Vom Erzählen, von der Präsenz des Publikums und vor allem von den Kindern  begeistert, wird sie zeigen, dass wer langsam, sehr sehr langsam geht, dann  schnell, ja sogar sehr schnell, sein kann.</p>
<p>Eine Aufführung voller Wendungen, mit komischen Jongliernummern und  einem grandiosen, seifigen Finale.  Die Künstlerin nutzt die Figur der Schnecke als Vorwand, um mit dem  Publikum die Schönheit der Langsamkeit zu teilen, mit kleinen alltäglichen  Dingen zu spielen und Poesie selbst mit einem einfachen Blatt Papier zu  erschaffen.</p>
<p>Der Spaß entsteht im Wechselspiel von Momenten der Süße und  sprudelnder Überraschung.</p>
<p>Theateraufführung und Jonglage  von und mit Gianfranco Gallo, Kostüme von Maria Elena de Villaris.</p>
<p>Die Veranstaltung ist Teil der Reihe „Länder, Geschichten und Kinder“, die  die Gemeinden der Provinzen Treviso, Belluno, Padova und Venedig einbezieht.</p>
<p>Je mehr Aufführungen Sie besuchen, desto mehr Preise gewinnen Sie! Gehen Sie  zum Informationspunkt, den Sie an den Veranstaltungsorten finden, nehmen Sie Ihr  Kärtchen und holen Sie sich Ihren Preis ab.</p>
<p>Bei schlechtem Wetter wird die Vorstellung auf ein noch bekannt zu gebendes  Datum verschoben.</p>
<p>Folgen Sie allen Updates auf unseren Webseiten und sozialen  Medien.</p>
<p>https://live.alcuni.it/rassegna-paesi-storie-e-bambini/</p>
<p>https://www.facebook.com/AlcuniTeatro/</p>
<p>https://www.instagram.com/glialcuniteatro/</p>

<p>Theateraufführung für Kinder und Familien Schnecke Lucilla, eine unternehmungslustige Figur aus dem Volk der Schnecken, liebt wie alle anderen die Langsamkeit und möchte allen langsam erklären, dass Langsamkeit interessant, wunderschön</p>

<!-- This site is optimized with the Yoast SEO plugin v25.7 - https://yoast.com/wordpress/plugins/seo/ -->
<title>Lumaca Lucilla - Dolomiti Prealpi</title>
<meta name="robots" content="index, follow, max-snippet:-1, max-image-preview:large, max-video-preview:-1" />
<link rel="canonical" href="https://www.dolomitiprealpi.it/de/event/lumaca-lucilla/" />
<meta property="og:locale" content="de_DE" />
<meta property="og:type" content="article" />
<meta property="og:title" content="Lumaca Lucilla - Dolomiti Prealpi" />
<meta property="og:description" content="Theateraufführung für Kinder und Familien Schnecke Lucilla, eine unternehmungslustige Figur aus dem Volk der Schnecken, liebt wie alle anderen die Langsamkeit und möchte allen langsam erklären, dass Langsamkeit interessant, wunderschön" />
<meta property="og:url" content="https://www.dolomitiprealpi.it/de/event/lumaca-lucilla/" />
<meta property="og:site_name" content="Dolomiti Prealpi" />
<meta property="article:publisher" content="https://www.facebook.com/dolomitiprealpi.it/" />
<meta property="article:modified_time" content="2026-01-24T19:20:00+00:00" />
<meta property="og:image" content="https://www.dolomitiprealpi.it/wp-content/uploads/2022/11/C.-Timpone-Foto-archivio-Consorzio-turistico-Dolomiti-Prealpi-Nevegal-Belluno-Bike-18-2.jpg" />
	<meta property="og:image:width" content="2048" />
	<meta property="og:image:height" content="1888" />
	<meta property="og:image:type" content="image/jpeg" />
<meta name="twitter:card" content="summary_large_image" />
<meta name="twitter:label1" content="Est. reading time" />
	<meta name="twitter:data1" content="1 minute" />
<script type="application/ld+json" class="yoast-schema-graph">{"@context":"https://schema.org","@graph":[{"@type":"WebPage","@id":"https://www.dolomitiprealpi.it/de/event/lumaca-lucilla/","url":"https://www.dolomitiprealpi.it/de/event/lumaca-lucilla/","name":"Lumaca Lucilla - Dolomiti Prealpi","isPartOf":{"@id":"https://www.dolomitiprealpi.it/de/#website"},"datePublished":"2025-12-29T10:15:53+00:00","dateModified":"2026-01-24T19:20:00+00:00","breadcrumb":{"@id":"https://www.dolomitiprealpi.it/de/event/lumaca-lucilla/#breadcrumb"},"inLanguage":"de-DE","potentialAction":[{"@type":"ReadAction","target":["https://www.dolomitiprealpi.it/de/event/lumaca-lucilla/"]}]},{"@type":"BreadcrumbList","@id":"https://www.dolomitiprealpi.it/de/event/lumaca-lucilla/#breadcrumb","itemListElement":[{"@type":"ListItem","position":1,"name":"Home","item":"https://www.dolomitiprealpi.it/de/"},{"@type":"ListItem","position":2,"name":"Veranstaltungen","item":"https://www.dolomitiprealpi.it/de/events/"},{"@type":"ListItem","position":3,"name":"Lumaca Lucilla"}]},{"@type":"WebSite","@id":"https://www.dolomitiprealpi.it/de/#website","url":"https://www.dolomitiprealpi.it/de/","name":"Dolomiti Prealpi","description":"","publisher":{"@id":"https://www.dolomitiprealpi.it/de/#organization"},"potentialAction":[{"@type":"SearchAction","target":{"@type":"EntryPoint","urlTemplate":"https://www.dolomitiprealpi.it/de/?s={search_term_string}"},"query-input":{"@type":"PropertyValueSpecification","valueRequired":true,"valueName":"search_term_string"}}],"inLanguage":"de-DE"},{"@type":"Organization","@id":"https://www.dolomitiprealpi.it/de/#organization","name":"Consorzio Dolomiti Prealpi","url":"https://www.dolomitiprealpi.it/de/","logo":{"@type":"ImageObject","inLanguage":"de-DE","@id":"https://www.dolomitiprealpi.it/de/#/schema/logo/image/","url":"https://www.dolomitiprealpi.it/wp-content/uploads/2023/03/dolomitiprealpi-favicon.jpg","contentUrl":"https://www.dolomitiprealpi.it/wp-content/uploads/2023/03/dolomitiprealpi-favicon.jpg","width":512,"height":512,"caption":"Consorzio Dolomiti Prealpi"},"image":{"@id":"https://www.dolomitiprealpi.it/de/#/schema/logo/image/"},"sameAs":["https://www.facebook.com/dolomitiprealpi.it/","https://www.instagram.com/dolomitiprealpi/"]}]}</script>
<!-- / Yoast SEO plugin. -->

Theateraufführung für Kinder und Familien Schnecke Lucilla, eine unternehmungslustige Figur aus dem Volk der Schnecken, liebt wie alle anderen die Langsamkeit und möchte allen langsam erklären, dass Langsamkeit interessant, wunderschön
