{"id":84409,"date":"2026-02-15T12:27:34","date_gmt":"2026-02-15T11:27:34","guid":{"rendered":"https:\/\/www.dolomitiprealpi.it\/event\/la-notte-della-luna-rossa\/"},"modified":"2026-02-21T16:46:22","modified_gmt":"2026-02-21T15:46:22","slug":"la-notte-della-luna-rossa","status":"publish","type":"tribe_events","link":"https:\/\/www.dolomitiprealpi.it\/de\/event\/la-notte-della-luna-rossa\/","title":{"rendered":"La notte della luna rossa"},"content":{"rendered":"<p>Endlich, nach sieben Jahren, wird eine totale Mondfinsternis wieder abends an unseren Himmel sichtbar sein. Der Mond wird um 19:31 Uhr in die Totalit\u00e4t eintreten und bereits um 19:52 Uhr, eklipsiert, aufsteigen. Der H\u00f6hepunkt der Finsternis wird um 20:13 Uhr stattfinden, das Ende der Totalit\u00e4t um 20:53 Uhr, das Ende der Finsternis um 21:56 Uhr. Die totale Finsternis ist besonders sch\u00f6n zu sehen, vor allem mit gro\u00dfen astronomischen Teleskopen, die daher intensiv zur Beobachtung des Ph\u00e4nomens eingesetzt werden. Neben dem Einrahmen des Ph\u00e4nomens werden die Teleskope des Zentrums auch auf die Doppelsterne der Saison gerichtet, und w\u00e4hrend der Himmel dunkler wird, wird es auch m\u00f6glich sein, einige der hellsten Objekte des tiefen Himmels zu zeigen, wie offene und Kugelsternhaufen.<\/p>\n<p>Bei schlechtem Wetter findet der Abend im Planetarium statt, mit der Simulation des Ph\u00e4nomens, der Sicht auf den Himmel des Monats und anderen spektakul\u00e4ren Filmen.<\/p>\n<p>Beobachtung der totalen Mondfinsternis<\/p>\n","protected":false},"excerpt":{"rendered":"<p>Endlich, nach sieben Jahren, wird eine totale Mondfinsternis wieder abends an unseren Himmel sichtbar sein. Der Mond wird um 19:31 Uhr in die Totalit\u00e4t eintreten und bereits um 19:52 Uhr,<\/p>\n","protected":false},"author":0,"featured_media":0,"template":"","meta":{"_acf_changed":false,"inline_featured_image":false,"_tribe_events_status":"","_tribe_events_status_reason":"","footnotes":""},"tags":[259],"tribe_events_cat":[],"class_list":["post-84409","tribe_events","type-tribe_events","status-publish","hentry","tag-eventi-feratel"],"acf":[],"yoast_head":"<!-- This site is optimized with the Yoast SEO plugin v25.7 - https:\/\/yoast.com\/wordpress\/plugins\/seo\/ -->\n<title>La notte della luna rossa - Dolomiti Prealpi<\/title>\n<meta name=\"robots\" content=\"index, follow, max-snippet:-1, max-image-preview:large, max-video-preview:-1\" \/>\n<link rel=\"canonical\" href=\"https:\/\/www.dolomitiprealpi.it\/de\/event\/la-notte-della-luna-rossa\/\" \/>\n<meta property=\"og:locale\" content=\"de_DE\" \/>\n<meta property=\"og:type\" content=\"article\" \/>\n<meta property=\"og:title\" content=\"La notte della luna rossa - Dolomiti Prealpi\" \/>\n<meta property=\"og:description\" content=\"Endlich, nach sieben Jahren, wird eine totale Mondfinsternis wieder abends an unseren Himmel sichtbar sein. Der Mond wird um 19:31 Uhr in die Totalit\u00e4t eintreten und bereits um 19:52 Uhr,\" \/>\n<meta property=\"og:url\" content=\"https:\/\/www.dolomitiprealpi.it\/de\/event\/la-notte-della-luna-rossa\/\" \/>\n<meta property=\"og:site_name\" content=\"Dolomiti Prealpi\" \/>\n<meta property=\"article:publisher\" content=\"https:\/\/www.facebook.com\/dolomitiprealpi.it\/\" \/>\n<meta property=\"article:modified_time\" content=\"2026-02-21T15:46:22+00:00\" \/>\n<meta property=\"og:image\" content=\"https:\/\/www.dolomitiprealpi.it\/wp-content\/uploads\/2022\/11\/C.-Timpone-Foto-archivio-Consorzio-turistico-Dolomiti-Prealpi-Nevegal-Belluno-Bike-18-2.jpg\" \/>\n\t<meta property=\"og:image:width\" content=\"2048\" \/>\n\t<meta property=\"og:image:height\" content=\"1888\" \/>\n\t<meta property=\"og:image:type\" content=\"image\/jpeg\" \/>\n<meta name=\"twitter:card\" content=\"summary_large_image\" \/>\n<meta name=\"twitter:label1\" content=\"Est. reading time\" \/>\n\t<meta name=\"twitter:data1\" content=\"1 minute\" \/>\n<script type=\"application\/ld+json\" class=\"yoast-schema-graph\">{\"@context\":\"https:\/\/schema.org\",\"@graph\":[{\"@type\":\"WebPage\",\"@id\":\"https:\/\/www.dolomitiprealpi.it\/de\/event\/la-notte-della-luna-rossa\/\",\"url\":\"https:\/\/www.dolomitiprealpi.it\/de\/event\/la-notte-della-luna-rossa\/\",\"name\":\"La notte della luna rossa - Dolomiti Prealpi\",\"isPartOf\":{\"@id\":\"https:\/\/www.dolomitiprealpi.it\/de\/#website\"},\"datePublished\":\"2026-02-15T11:27:34+00:00\",\"dateModified\":\"2026-02-21T15:46:22+00:00\",\"breadcrumb\":{\"@id\":\"https:\/\/www.dolomitiprealpi.it\/de\/event\/la-notte-della-luna-rossa\/#breadcrumb\"},\"inLanguage\":\"de-DE\",\"potentialAction\":[{\"@type\":\"ReadAction\",\"target\":[\"https:\/\/www.dolomitiprealpi.it\/de\/event\/la-notte-della-luna-rossa\/\"]}]},{\"@type\":\"BreadcrumbList\",\"@id\":\"https:\/\/www.dolomitiprealpi.it\/de\/event\/la-notte-della-luna-rossa\/#breadcrumb\",\"itemListElement\":[{\"@type\":\"ListItem\",\"position\":1,\"name\":\"Home\",\"item\":\"https:\/\/www.dolomitiprealpi.it\/de\/\"},{\"@type\":\"ListItem\",\"position\":2,\"name\":\"Veranstaltungen\",\"item\":\"https:\/\/www.dolomitiprealpi.it\/de\/events\/\"},{\"@type\":\"ListItem\",\"position\":3,\"name\":\"La notte della luna rossa\"}]},{\"@type\":\"WebSite\",\"@id\":\"https:\/\/www.dolomitiprealpi.it\/de\/#website\",\"url\":\"https:\/\/www.dolomitiprealpi.it\/de\/\",\"name\":\"Dolomiti Prealpi\",\"description\":\"\",\"publisher\":{\"@id\":\"https:\/\/www.dolomitiprealpi.it\/de\/#organization\"},\"potentialAction\":[{\"@type\":\"SearchAction\",\"target\":{\"@type\":\"EntryPoint\",\"urlTemplate\":\"https:\/\/www.dolomitiprealpi.it\/de\/?s={search_term_string}\"},\"query-input\":{\"@type\":\"PropertyValueSpecification\",\"valueRequired\":true,\"valueName\":\"search_term_string\"}}],\"inLanguage\":\"de-DE\"},{\"@type\":\"Organization\",\"@id\":\"https:\/\/www.dolomitiprealpi.it\/de\/#organization\",\"name\":\"Consorzio Dolomiti Prealpi\",\"url\":\"https:\/\/www.dolomitiprealpi.it\/de\/\",\"logo\":{\"@type\":\"ImageObject\",\"inLanguage\":\"de-DE\",\"@id\":\"https:\/\/www.dolomitiprealpi.it\/de\/#\/schema\/logo\/image\/\",\"url\":\"https:\/\/www.dolomitiprealpi.it\/wp-content\/uploads\/2023\/03\/dolomitiprealpi-favicon.jpg\",\"contentUrl\":\"https:\/\/www.dolomitiprealpi.it\/wp-content\/uploads\/2023\/03\/dolomitiprealpi-favicon.jpg\",\"width\":512,\"height\":512,\"caption\":\"Consorzio Dolomiti Prealpi\"},\"image\":{\"@id\":\"https:\/\/www.dolomitiprealpi.it\/de\/#\/schema\/logo\/image\/\"},\"sameAs\":[\"https:\/\/www.facebook.com\/dolomitiprealpi.it\/\",\"https:\/\/www.instagram.com\/dolomitiprealpi\/\"]}]}<\/script>\n<!-- \/ Yoast SEO plugin. -->","yoast_head_json":{"title":"La notte della luna rossa - Dolomiti Prealpi","robots":{"index":"index","follow":"follow","max-snippet":"max-snippet:-1","max-image-preview":"max-image-preview:large","max-video-preview":"max-video-preview:-1"},"canonical":"https:\/\/www.dolomitiprealpi.it\/de\/event\/la-notte-della-luna-rossa\/","og_locale":"de_DE","og_type":"article","og_title":"La notte della luna rossa - Dolomiti Prealpi","og_description":"Endlich, nach sieben Jahren, wird eine totale Mondfinsternis wieder abends an unseren Himmel sichtbar sein. Der Mond wird um 19:31 Uhr in die Totalit\u00e4t eintreten und bereits um 19:52 Uhr,","og_url":"https:\/\/www.dolomitiprealpi.it\/de\/event\/la-notte-della-luna-rossa\/","og_site_name":"Dolomiti Prealpi","article_publisher":"https:\/\/www.facebook.com\/dolomitiprealpi.it\/","article_modified_time":"2026-02-21T15:46:22+00:00","og_image":[{"width":2048,"height":1888,"url":"https:\/\/www.dolomitiprealpi.it\/wp-content\/uploads\/2022\/11\/C.-Timpone-Foto-archivio-Consorzio-turistico-Dolomiti-Prealpi-Nevegal-Belluno-Bike-18-2.jpg","type":"image\/jpeg"}],"twitter_card":"summary_large_image","twitter_misc":{"Est. reading time":"1 minute"},"schema":{"@context":"https:\/\/schema.org","@graph":[{"@type":"WebPage","@id":"https:\/\/www.dolomitiprealpi.it\/de\/event\/la-notte-della-luna-rossa\/","url":"https:\/\/www.dolomitiprealpi.it\/de\/event\/la-notte-della-luna-rossa\/","name":"La notte della luna rossa - Dolomiti Prealpi","isPartOf":{"@id":"https:\/\/www.dolomitiprealpi.it\/de\/#website"},"datePublished":"2026-02-15T11:27:34+00:00","dateModified":"2026-02-21T15:46:22+00:00","breadcrumb":{"@id":"https:\/\/www.dolomitiprealpi.it\/de\/event\/la-notte-della-luna-rossa\/#breadcrumb"},"inLanguage":"de-DE","potentialAction":[{"@type":"ReadAction","target":["https:\/\/www.dolomitiprealpi.it\/de\/event\/la-notte-della-luna-rossa\/"]}]},{"@type":"BreadcrumbList","@id":"https:\/\/www.dolomitiprealpi.it\/de\/event\/la-notte-della-luna-rossa\/#breadcrumb","itemListElement":[{"@type":"ListItem","position":1,"name":"Home","item":"https:\/\/www.dolomitiprealpi.it\/de\/"},{"@type":"ListItem","position":2,"name":"Veranstaltungen","item":"https:\/\/www.dolomitiprealpi.it\/de\/events\/"},{"@type":"ListItem","position":3,"name":"La notte della luna rossa"}]},{"@type":"WebSite","@id":"https:\/\/www.dolomitiprealpi.it\/de\/#website","url":"https:\/\/www.dolomitiprealpi.it\/de\/","name":"Dolomiti Prealpi","description":"","publisher":{"@id":"https:\/\/www.dolomitiprealpi.it\/de\/#organization"},"potentialAction":[{"@type":"SearchAction","target":{"@type":"EntryPoint","urlTemplate":"https:\/\/www.dolomitiprealpi.it\/de\/?s={search_term_string}"},"query-input":{"@type":"PropertyValueSpecification","valueRequired":true,"valueName":"search_term_string"}}],"inLanguage":"de-DE"},{"@type":"Organization","@id":"https:\/\/www.dolomitiprealpi.it\/de\/#organization","name":"Consorzio Dolomiti Prealpi","url":"https:\/\/www.dolomitiprealpi.it\/de\/","logo":{"@type":"ImageObject","inLanguage":"de-DE","@id":"https:\/\/www.dolomitiprealpi.it\/de\/#\/schema\/logo\/image\/","url":"https:\/\/www.dolomitiprealpi.it\/wp-content\/uploads\/2023\/03\/dolomitiprealpi-favicon.jpg","contentUrl":"https:\/\/www.dolomitiprealpi.it\/wp-content\/uploads\/2023\/03\/dolomitiprealpi-favicon.jpg","width":512,"height":512,"caption":"Consorzio Dolomiti Prealpi"},"image":{"@id":"https:\/\/www.dolomitiprealpi.it\/de\/#\/schema\/logo\/image\/"},"sameAs":["https:\/\/www.facebook.com\/dolomitiprealpi.it\/","https:\/\/www.instagram.com\/dolomitiprealpi\/"]}]}},"_links":{"self":[{"href":"https:\/\/www.dolomitiprealpi.it\/de\/wp-json\/wp\/v2\/tribe_events\/84409","targetHints":{"allow":["GET"]}}],"collection":[{"href":"https:\/\/www.dolomitiprealpi.it\/de\/wp-json\/wp\/v2\/tribe_events"}],"about":[{"href":"https:\/\/www.dolomitiprealpi.it\/de\/wp-json\/wp\/v2\/types\/tribe_events"}],"version-history":[{"count":1,"href":"https:\/\/www.dolomitiprealpi.it\/de\/wp-json\/wp\/v2\/tribe_events\/84409\/revisions"}],"predecessor-version":[{"id":87501,"href":"https:\/\/www.dolomitiprealpi.it\/de\/wp-json\/wp\/v2\/tribe_events\/84409\/revisions\/87501"}],"wp:attachment":[{"href":"https:\/\/www.dolomitiprealpi.it\/de\/wp-json\/wp\/v2\/media?parent=84409"}],"wp:term":[{"taxonomy":"post_tag","embeddable":true,"href":"https:\/\/www.dolomitiprealpi.it\/de\/wp-json\/wp\/v2\/tags?post=84409"},{"taxonomy":"tribe_events_cat","embeddable":true,"href":"https:\/\/www.dolomitiprealpi.it\/de\/wp-json\/wp\/v2\/tribe_events_cat?post=84409"}],"curies":[{"name":"wp","href":"https:\/\/api.w.org\/{rel}","templated":true}]}}

<p>Endlich, nach sieben Jahren, wird eine totale Mondfinsternis wieder abends an unseren Himmel sichtbar sein. Der Mond wird um 19:31 Uhr in die Totalität eintreten und bereits um 19:52 Uhr, eklipsiert, aufsteigen. Der Höhepunkt der Finsternis wird um 20:13 Uhr stattfinden, das Ende der Totalität um 20:53 Uhr, das Ende der Finsternis um 21:56 Uhr. Die totale Finsternis ist besonders schön zu sehen, vor allem mit großen astronomischen Teleskopen, die daher intensiv zur Beobachtung des Phänomens eingesetzt werden. Neben dem Einrahmen des Phänomens werden die Teleskope des Zentrums auch auf die Doppelsterne der Saison gerichtet, und während der Himmel dunkler wird, wird es auch möglich sein, einige der hellsten Objekte des tiefen Himmels zu zeigen, wie offene und Kugelsternhaufen.</p>
<p>Bei schlechtem Wetter findet der Abend im Planetarium statt, mit der Simulation des Phänomens, der Sicht auf den Himmel des Monats und anderen spektakulären Filmen.</p>
<p>Beobachtung der totalen Mondfinsternis</p>

<p>Endlich, nach sieben Jahren, wird eine totale Mondfinsternis wieder abends an unseren Himmel sichtbar sein. Der Mond wird um 19:31 Uhr in die Totalität eintreten und bereits um 19:52 Uhr,</p>

<!-- This site is optimized with the Yoast SEO plugin v25.7 - https://yoast.com/wordpress/plugins/seo/ -->
<title>La notte della luna rossa - Dolomiti Prealpi</title>
<meta name="robots" content="index, follow, max-snippet:-1, max-image-preview:large, max-video-preview:-1" />
<link rel="canonical" href="https://www.dolomitiprealpi.it/de/event/la-notte-della-luna-rossa/" />
<meta property="og:locale" content="de_DE" />
<meta property="og:type" content="article" />
<meta property="og:title" content="La notte della luna rossa - Dolomiti Prealpi" />
<meta property="og:description" content="Endlich, nach sieben Jahren, wird eine totale Mondfinsternis wieder abends an unseren Himmel sichtbar sein. Der Mond wird um 19:31 Uhr in die Totalität eintreten und bereits um 19:52 Uhr," />
<meta property="og:url" content="https://www.dolomitiprealpi.it/de/event/la-notte-della-luna-rossa/" />
<meta property="og:site_name" content="Dolomiti Prealpi" />
<meta property="article:publisher" content="https://www.facebook.com/dolomitiprealpi.it/" />
<meta property="article:modified_time" content="2026-02-21T15:46:22+00:00" />
<meta property="og:image" content="https://www.dolomitiprealpi.it/wp-content/uploads/2022/11/C.-Timpone-Foto-archivio-Consorzio-turistico-Dolomiti-Prealpi-Nevegal-Belluno-Bike-18-2.jpg" />
	<meta property="og:image:width" content="2048" />
	<meta property="og:image:height" content="1888" />
	<meta property="og:image:type" content="image/jpeg" />
<meta name="twitter:card" content="summary_large_image" />
<meta name="twitter:label1" content="Est. reading time" />
	<meta name="twitter:data1" content="1 minute" />
<script type="application/ld+json" class="yoast-schema-graph">{"@context":"https://schema.org","@graph":[{"@type":"WebPage","@id":"https://www.dolomitiprealpi.it/de/event/la-notte-della-luna-rossa/","url":"https://www.dolomitiprealpi.it/de/event/la-notte-della-luna-rossa/","name":"La notte della luna rossa - Dolomiti Prealpi","isPartOf":{"@id":"https://www.dolomitiprealpi.it/de/#website"},"datePublished":"2026-02-15T11:27:34+00:00","dateModified":"2026-02-21T15:46:22+00:00","breadcrumb":{"@id":"https://www.dolomitiprealpi.it/de/event/la-notte-della-luna-rossa/#breadcrumb"},"inLanguage":"de-DE","potentialAction":[{"@type":"ReadAction","target":["https://www.dolomitiprealpi.it/de/event/la-notte-della-luna-rossa/"]}]},{"@type":"BreadcrumbList","@id":"https://www.dolomitiprealpi.it/de/event/la-notte-della-luna-rossa/#breadcrumb","itemListElement":[{"@type":"ListItem","position":1,"name":"Home","item":"https://www.dolomitiprealpi.it/de/"},{"@type":"ListItem","position":2,"name":"Veranstaltungen","item":"https://www.dolomitiprealpi.it/de/events/"},{"@type":"ListItem","position":3,"name":"La notte della luna rossa"}]},{"@type":"WebSite","@id":"https://www.dolomitiprealpi.it/de/#website","url":"https://www.dolomitiprealpi.it/de/","name":"Dolomiti Prealpi","description":"","publisher":{"@id":"https://www.dolomitiprealpi.it/de/#organization"},"potentialAction":[{"@type":"SearchAction","target":{"@type":"EntryPoint","urlTemplate":"https://www.dolomitiprealpi.it/de/?s={search_term_string}"},"query-input":{"@type":"PropertyValueSpecification","valueRequired":true,"valueName":"search_term_string"}}],"inLanguage":"de-DE"},{"@type":"Organization","@id":"https://www.dolomitiprealpi.it/de/#organization","name":"Consorzio Dolomiti Prealpi","url":"https://www.dolomitiprealpi.it/de/","logo":{"@type":"ImageObject","inLanguage":"de-DE","@id":"https://www.dolomitiprealpi.it/de/#/schema/logo/image/","url":"https://www.dolomitiprealpi.it/wp-content/uploads/2023/03/dolomitiprealpi-favicon.jpg","contentUrl":"https://www.dolomitiprealpi.it/wp-content/uploads/2023/03/dolomitiprealpi-favicon.jpg","width":512,"height":512,"caption":"Consorzio Dolomiti Prealpi"},"image":{"@id":"https://www.dolomitiprealpi.it/de/#/schema/logo/image/"},"sameAs":["https://www.facebook.com/dolomitiprealpi.it/","https://www.instagram.com/dolomitiprealpi/"]}]}</script>
<!-- / Yoast SEO plugin. -->

Endlich, nach sieben Jahren, wird eine totale Mondfinsternis wieder abends an unseren Himmel sichtbar sein. Der Mond wird um 19:31 Uhr in die Totalität eintreten und bereits um 19:52 Uhr,
